CRAN Package Check Results for Package studentlife

Last updated on 2024-06-14 03:57:37 CEST.

Flavor Version Tinstall Tcheck Ttotal Status Flags
r-devel-linux-x86_64-debian-clang 1.1.0 4.03 39.99 44.02 OK
r-devel-linux-x86_64-debian-gcc 1.1.0 0.38 1.59 1.97 ERROR
r-devel-linux-x86_64-fedora-clang 1.1.0 55.04 OK
r-devel-linux-x86_64-fedora-gcc 1.1.0 50.68 OK
r-devel-windows-x86_64 1.1.0 4.00 79.00 83.00 OK
r-patched-linux-x86_64 1.1.0 3.04 39.31 42.35 OK
r-release-linux-x86_64 1.1.0 2.27 38.39 40.66 OK
r-release-macos-arm64 1.1.0 22.00 OK
r-release-macos-x86_64 1.1.0 32.00 OK
r-release-windows-x86_64 1.1.0 5.00 119.00 124.00 OK
r-oldrel-macos-arm64 1.1.0 26.00 OK
r-oldrel-macos-x86_64 1.1.0 31.00 OK
r-oldrel-windows-x86_64 1.1.0 6.00 110.00 116.00 OK

Check Details

Version: 1.1.0
Check: package dependencies
Result: ERROR Packages required but not available: 'purrr', 'readr', 'tidyr', 'dplyr', 'tibble', 'skimr', 'visdat', 'ggplot2' Package suggested but not available for checking: ‘testthat’ See section ‘The DESCRIPTION file’ in the ‘Writing R Extensions’ manual. Flavor: r-devel-linux-x86_64-debian-gcc