CRAN Package Check Results for Package subplex

Last updated on 2016-09-26 08:49:38.

Flavor Version Tinstall Tcheck Ttotal Status Flags
r-devel-linux-x86_64-debian-clang 1.1-6 2.10 8.77 10.87 OK
r-devel-linux-x86_64-debian-gcc 1.1-6 2.17 8.73 10.90 OK
r-devel-linux-x86_64-fedora-clang 1.1-6 18.71 OK
r-devel-linux-x86_64-fedora-gcc 1.1-6 18.22 OK
r-devel-macos-x86_64-clang 1.1-6 17.06 OK
r-devel-windows-ix86+x86_64 1.1-6 23.00 57.00 80.00 ERROR
r-patched-linux-x86_64 1.1-6 2.00 15.96 17.96 OK
r-patched-solaris-sparc 1.1-6 106.70 OK
r-patched-solaris-x86 1.1-6 24.50 OK
r-release-linux-x86_64 1.1-6 1.97 8.71 10.68 OK
r-release-osx-x86_64-mavericks 1.1-6 OK
r-release-windows-ix86+x86_64 1.1-6 10.00 25.00 35.00 OK
r-oldrel-windows-ix86+x86_64 1.1-6 17.00 32.00 49.00 OK

Check Details

Version: 1.1-6
Check: running examples for arch ‘i386’
Result: ERROR
    Running examples in 'subplex-Ex.R' failed
    The error most likely occurred in:
    
    > ### Name: subplex
    > ### Title: Minimization of a function by the subplex algorithm
    > ### Aliases: subplex
    > ### Keywords: optimize
    >
    > ### ** Examples
    >
    > rosen <- function (x) { ## Rosenbrock Banana function
    + x1 <- x[1]
    + x2 <- x[2]
    + 100*(x2-x1*x1)^2+(1-x1)^2
    + }
    > subplex(par=c(11,-33),fn=rosen)
    At line 35 of file dcopy.f
    Fortran runtime error: Index '2' of dimension 1 of array 'dy' above upper bound of 1
Flavor: r-devel-windows-ix86+x86_64

Version: 1.1-6
Check: running examples for arch ‘x64’
Result: ERROR
    Running examples in 'subplex-Ex.R' failed
    The error most likely occurred in:
    
    > ### Name: subplex
    > ### Title: Minimization of a function by the subplex algorithm
    > ### Aliases: subplex
    > ### Keywords: optimize
    >
    > ### ** Examples
    >
    > rosen <- function (x) { ## Rosenbrock Banana function
    + x1 <- x[1]
    + x2 <- x[2]
    + 100*(x2-x1*x1)^2+(1-x1)^2
    + }
    > subplex(par=c(11,-33),fn=rosen)
    At line 35 of file dcopy.f
    Fortran runtime error: Index '2' of dimension 1 of array 'dy' above upper bound of 1
Flavor: r-devel-windows-ix86+x86_64