CRAN Package Check Results for Package subplex

Last updated on 2017-06-29 17:50:35.

Flavor Version Tinstall Tcheck Ttotal Status Flags
r-devel-linux-x86_64-debian-clang 1.2-2 2.12 13.20 15.31 NOTE
r-devel-linux-x86_64-debian-gcc 1.2-2 1.98 12.61 14.58 NOTE
r-devel-linux-x86_64-fedora-clang 1.2-2 24.05 NOTE
r-devel-linux-x86_64-fedora-gcc 1.2-2 22.90 NOTE
r-devel-windows-ix86+x86_64 1.2-2 22.00 39.00 61.00 OK
r-patched-linux-x86_64 1.2-2 1.98 12.08 14.06 NOTE
r-patched-solaris-sparc 1.2-2 147.40 OK
r-patched-solaris-x86 1.2-2 34.00 OK
r-release-linux-x86_64 1.2-2 1.91 12.19 14.09 NOTE
r-release-windows-ix86+x86_64 1.2-2 16.00 37.00 53.00 OK
r-release-osx-x86_64 1.2-2 OK
r-oldrel-windows-ix86+x86_64 1.2-2 17.00 44.00 61.00 OK
r-oldrel-osx-x86_64 1.2-2 OK

Check Details

Version: 1.2-2
Check: compiled code
Result: NOTE
    File ‘subplex/libs/subplex.so’:
     Found no calls to: ‘R_registerRoutines’, ‘R_useDynamicSymbols’
    
    It is good practice to register native routines and to disable symbol
    search.
    
    See ‘Writing portable packages’ in the ‘Writing R Extensions’ manual.
Flavors: r-devel-linux-x86_64-debian-clang, r-devel-linux-x86_64-debian-gcc, r-devel-linux-x86_64-fedora-clang, r-devel-linux-x86_64-fedora-gcc, r-patched-linux-x86_64, r-release-linux-x86_64