CRAN Package Check Results for Package subplex

Last updated on 2014-04-25 05:47:26.

Flavor Version Tinstall Tcheck Ttotal Status Flags
r-devel-linux-x86_64-debian-clang 1.1-3 1.72 9.45 11.17 OK
r-devel-linux-x86_64-debian-gcc 1.1-3 1.76 9.56 11.31 OK
r-devel-linux-x86_64-fedora-clang 1.1-3 22.27 NOTE
r-devel-linux-x86_64-fedora-gcc 1.1-3 20.98 NOTE
r-devel-osx-x86_64-clang 1.1-3 24.89 OK
r-devel-osx-x86_64-gcc 1.1-3 OK
r-devel-windows-ix86+x86_64 1.1-3 17.00 21.00 38.00 OK
r-patched-linux-x86_64 1.1-3 1.73 9.54 11.27 OK
r-patched-solaris-sparc 1.1-3 127.80 OK
r-patched-solaris-x86 1.1-3 33.90 OK
r-release-linux-ix86 1.1-3 4.00 22.00 26.00 OK
r-release-linux-x86_64 1.1-3 1.74 9.71 11.45 OK
r-release-osx-x86_64-mavericks 1.1-3 OK
r-release-windows-ix86+x86_64 1.1-3 30.00 20.00 50.00 OK
r-oldrel-windows-ix86+x86_64 1.1-3 18.00 25.00 43.00 OK

Check Details

Version: 1.1-3
Check: top-level files
Result: NOTE
    Non-standard file/directory found at top level:
     ‘GPL’
Flavors: r-devel-linux-x86_64-fedora-clang, r-devel-linux-x86_64-fedora-gcc