CRAN Package Check Results for Package subplex

Last updated on 2017-05-24 07:50:13.

Flavor Version Tinstall Tcheck Ttotal Status Flags
r-devel-linux-x86_64-debian-clang 1.2-2 1.97 12.57 14.54 NOTE
r-devel-linux-x86_64-debian-gcc 1.2-2 1.92 12.28 14.19 NOTE
r-devel-linux-x86_64-fedora-clang 1.2-2 25.19 NOTE --no-stop-on-test-error
r-devel-linux-x86_64-fedora-gcc 1.2-2 22.87 NOTE --no-stop-on-test-error
r-devel-windows-ix86+x86_64 1.2-2 27.00 37.00 64.00 OK
r-patched-linux-x86_64 1.2-2 1.82 11.87 13.69 NOTE
r-patched-solaris-sparc 1.2-2 147.40 OK
r-patched-solaris-x86 1.2-2 33.70 OK
r-release-linux-x86_64 1.2-2 1.86 11.92 13.79 NOTE
r-release-windows-ix86+x86_64 1.2-2 16.00 37.00 53.00 OK
r-release-osx-x86_64 1.2-2 OK
r-oldrel-windows-ix86+x86_64 1.2-2 17.00 44.00 61.00 OK
r-oldrel-osx-x86_64 1.2-2 OK

Check Details

Version: 1.2-2
Check: compiled code
Result: NOTE
    File ‘subplex/libs/subplex.so’:
     Found no calls to: ‘R_registerRoutines’, ‘R_useDynamicSymbols’
    
    It is good practice to register native routines and to disable symbol
    search.
    
    See ‘Writing portable packages’ in the ‘Writing R Extensions’ manual.
Flavors: r-devel-linux-x86_64-debian-clang, r-devel-linux-x86_64-debian-gcc, r-patched-linux-x86_64, r-release-linux-x86_64

Version: 1.2-2
Flags: --no-stop-on-test-error
Check: compiled code
Result: NOTE
    File ‘subplex/libs/subplex.so’:
     Found no calls to: ‘R_registerRoutines’, ‘R_useDynamicSymbols’
    
    It is good practice to register native routines and to disable symbol
    search.
    
    See ‘Writing portable packages’ in the ‘Writing R Extensions’ manual.
Flavors: r-devel-linux-x86_64-fedora-clang, r-devel-linux-x86_64-fedora-gcc