CRAN Package Check Results for Package subscreen

Last updated on 2019-04-18 14:49:11 CEST.

Flavor Version Tinstall Tcheck Ttotal Status Flags
r-devel-linux-x86_64-debian-clang 2.0.1 2.85 31.44 34.29 OK
r-devel-linux-x86_64-debian-gcc 2.0.1 2.38 24.96 27.34 OK
r-devel-linux-x86_64-fedora-clang 2.0.1 41.12 NOTE
r-devel-linux-x86_64-fedora-gcc 2.0.1 39.61 NOTE
r-devel-windows-ix86+x86_64 2.0.1 13.00 72.00 85.00 OK
r-patched-linux-x86_64 2.0.1 3.06 30.66 33.72 OK
r-patched-solaris-x86 2.0.1 66.80 NOTE
r-release-linux-x86_64 2.0.1 1.89 29.24 31.13 OK
r-release-windows-ix86+x86_64 2.0.1 5.00 47.00 52.00 OK
r-release-osx-x86_64 2.0.1 NOTE
r-oldrel-windows-ix86+x86_64 2.0.1 8.00 68.00 76.00 OK
r-oldrel-osx-x86_64 2.0.1 NOTE

Check Details

Version: 2.0.1
Check: dependencies in R code
Result: NOTE
    Namespaces in Imports field not imported from:
     ‘DT’ ‘V8’ ‘bsplus’ ‘colourpicker’ ‘dplyr’ ‘grDevices’ ‘graphics’
     ‘jsonlite’ ‘shinyjs’
     All declared Imports should be used.
Flavors: r-devel-linux-x86_64-fedora-clang, r-devel-linux-x86_64-fedora-gcc, r-patched-solaris-x86, r-release-osx-x86_64, r-oldrel-osx-x86_64