CRAN Package Check Results for Package subscreen

Last updated on 2019-06-25 11:50:37 CEST.

Flavor Version Tinstall Tcheck Ttotal Status Flags
r-devel-linux-x86_64-debian-clang 2.0.1 2.47 30.47 32.94 OK
r-devel-linux-x86_64-debian-gcc 2.0.1 2.15 25.09 27.24 OK
r-devel-linux-x86_64-fedora-clang 2.0.1 41.06 NOTE
r-devel-linux-x86_64-fedora-gcc 2.0.1 39.67 NOTE
r-devel-windows-ix86+x86_64 2.0.1 14.00 47.00 61.00 OK
r-patched-linux-x86_64 2.0.1 2.62 30.52 33.14 OK
r-patched-solaris-x86 2.0.1 66.30 NOTE
r-release-linux-x86_64 2.0.1 2.87 30.85 33.72 OK
r-release-windows-ix86+x86_64 2.0.1 7.00 76.00 83.00 OK
r-release-osx-x86_64 2.0.1 NOTE
r-oldrel-windows-ix86+x86_64 2.0.1 4.00 40.00 44.00 OK
r-oldrel-osx-x86_64 2.0.1 NOTE

Check Details

Version: 2.0.1
Check: dependencies in R code
Result: NOTE
    Namespaces in Imports field not imported from:
     ‘DT’ ‘V8’ ‘bsplus’ ‘colourpicker’ ‘dplyr’ ‘grDevices’ ‘graphics’
     ‘jsonlite’ ‘shinyjs’
     All declared Imports should be used.
Flavors: r-devel-linux-x86_64-fedora-clang, r-devel-linux-x86_64-fedora-gcc, r-patched-solaris-x86, r-release-osx-x86_64, r-oldrel-osx-x86_64