CRAN Package Check Results for Package subselect

Last updated on 2016-02-11 02:48:21.

Flavor Version Tinstall Tcheck Ttotal Status Flags
r-devel-linux-x86_64-debian-gcc 0.12-5 14.49 19.42 33.92 NOTE
r-devel-linux-x86_64-fedora-clang 0.12-5 70.25 NOTE
r-devel-linux-x86_64-fedora-gcc 0.12-5 63.47 NOTE
r-devel-osx-x86_64-clang 0.12-5 67.93 NOTE
r-devel-windows-ix86+x86_64 0.12-5 79.00 53.00 132.00 NOTE
r-patched-linux-x86_64 0.12-5 14.71 21.85 36.56 OK
r-patched-solaris-sparc 0.12-5 376.40 OK
r-patched-solaris-x86 0.12-5 86.20 OK
r-release-linux-x86_64 0.12-5 16.80 22.23 39.03 OK
r-release-osx-x86_64-mavericks 0.12-5 OK
r-release-windows-ix86+x86_64 0.12-5 74.00 49.00 123.00 OK
r-oldrel-windows-ix86+x86_64 0.12-5 75.00 56.00 131.00 OK

Check Details

Version: 0.12-5
Check: R code for possible problems
Result: NOTE
    gcd.coef: no visible global function definition for ‘cor’
    glhHmat.formula: no visible global function definition for
     ‘model.extract’
    glhHmat.formula: no visible global function definition for
     ‘model.matrix’
    glmHmat.glm: no visible global function definition for ‘coef’
    glmHmat.glm: no visible global function definition for ‘vcov’
    ldaHmat.default: no visible global function definition for ‘cov’
    ldaHmat.default: no visible binding for global variable ‘cov’
    ldaHmat.formula: no visible global function definition for
     ‘model.extract’
    ldaHmat.formula: no visible global function definition for
     ‘model.matrix’
    lmHmat.default: no visible global function definition for ‘var’
    lmHmat.formula: no visible global function definition for
     ‘model.extract’
    lmHmat.formula: no visible global function definition for
     ‘model.matrix’
    rm.coef: no visible global function definition for ‘cor’
    rv.coef: no visible global function definition for ‘cor’
    validmat: no visible global function definition for ‘cor’
    Undefined global functions or variables:
     coef cor cov model.extract model.matrix var vcov
    Consider adding
     importFrom("stats", "coef", "cor", "cov", "model.extract",
     "model.matrix", "var", "vcov")
    to your NAMESPACE file.
Flavors: r-devel-linux-x86_64-debian-gcc, r-devel-linux-x86_64-fedora-clang, r-devel-linux-x86_64-fedora-gcc, r-devel-osx-x86_64-clang, r-devel-windows-ix86+x86_64