CRAN Package Check Results for Package subselect

Last updated on 2017-04-27 15:50:45.

Flavor Version Tinstall Tcheck Ttotal Status Flags
r-devel-linux-x86_64-debian-clang 0.12-6 16.85 26.22 43.08 NOTE
r-devel-linux-x86_64-debian-gcc 0.12-6 15.97 25.15 41.11 NOTE
r-devel-linux-x86_64-fedora-clang 0.12-6 85.85 NOTE --no-stop-on-test-error
r-devel-linux-x86_64-fedora-gcc 0.12-6 72.86 NOTE --no-stop-on-test-error
r-devel-windows-ix86+x86_64 0.12-6 67.00 97.00 164.00 OK
r-patched-linux-x86_64 0.12-6 14.63 25.18 39.81 NOTE
r-patched-solaris-sparc 0.12-6 473.30 NOTE
r-patched-solaris-x86 0.12-6 100.40 NOTE
r-release-linux-x86_64 0.12-6 14.52 25.14 39.66 NOTE
r-release-windows-ix86+x86_64 0.12-6 66.00 67.00 133.00 OK
r-release-osx-x86_64 0.12-6 NOTE
r-oldrel-windows-ix86+x86_64 0.12-6 87.00 61.00 148.00 OK
r-oldrel-osx-x86_64 0.12-6 NOTE

Check Details

Version: 0.12-6
Check: compiled code
Result: NOTE
    File ‘subselect/libs/subselect.so’:
     Found no calls to: ‘R_registerRoutines’, ‘R_useDynamicSymbols’
    
    It is good practice to register native routines and to disable symbol
    search.
    
    See ‘Writing portable packages’ in the ‘Writing R Extensions’ manual.
Flavors: r-devel-linux-x86_64-debian-clang, r-devel-linux-x86_64-debian-gcc, r-patched-linux-x86_64, r-release-linux-x86_64

Version: 0.12-6
Flags: --no-stop-on-test-error
Check: dependencies in R code
Result: NOTE
    Namespaces in Imports field not imported from:
     ‘ISwR’ ‘MASS’ ‘corpcor’
     All declared Imports should be used.
Flavors: r-devel-linux-x86_64-fedora-clang, r-devel-linux-x86_64-fedora-gcc

Version: 0.12-6
Flags: --no-stop-on-test-error
Check: compiled code
Result: NOTE
    File ‘subselect/libs/subselect.so’:
     Found no calls to: ‘R_registerRoutines’, ‘R_useDynamicSymbols’
    
    It is good practice to register native routines and to disable symbol
    search.
    
    See ‘Writing portable packages’ in the ‘Writing R Extensions’ manual.
Flavors: r-devel-linux-x86_64-fedora-clang, r-devel-linux-x86_64-fedora-gcc

Version: 0.12-6
Check: dependencies in R code
Result: NOTE
    Namespaces in Imports field not imported from:
     ‘ISwR’ ‘MASS’ ‘corpcor’
     All declared Imports should be used.
Flavors: r-patched-solaris-sparc, r-patched-solaris-x86, r-release-osx-x86_64, r-oldrel-osx-x86_64