CRAN Package Check Results for Package subselect

Last updated on 2014-07-24 19:49:11.

Flavor Version Tinstall Tcheck Ttotal Status Flags
r-devel-linux-x86_64-debian-clang 0.12-3 10.84 21.01 31.85 NOTE
r-devel-linux-x86_64-debian-gcc 0.12-3 14.93 20.66 35.59 WARN
r-devel-linux-x86_64-fedora-clang 0.12-3 77.57 NOTE
r-devel-linux-x86_64-fedora-gcc 0.12-3 73.35 WARN
r-devel-osx-x86_64-clang 0.12-3 62.01 NOTE
r-devel-windows-ix86+x86_64 0.12-3 54.00 42.00 96.00 WARN
r-patched-linux-x86_64 0.12-3 14.70 21.02 35.71 WARN
r-patched-solaris-sparc 0.12-3 392.10 NOTE
r-patched-solaris-x86 0.12-3 106.50 NOTE
r-release-linux-ix86 0.12-3 20.73 30.29 51.02 WARN
r-release-linux-x86_64 0.12-3 14.67 21.19 35.86 WARN
r-release-osx-x86_64-mavericks 0.12-3 NOTE
r-release-windows-ix86+x86_64 0.12-3 54.00 45.00 99.00 WARN
r-oldrel-windows-ix86+x86_64 0.12-3 57.00 51.00 108.00 NOTE

Check Details

Version: 0.12-3
Check: whether package can be installed
Result: NOTE
    Found the following warnings:
     SR_datatrnsf.cpp:149:1: warning: control may reach end of non-void function [-Wreturn-type]
    See ‘/home/hornik/tmp/R.check/r-devel-clang/Work/PKGS/subselect.Rcheck/00install.out’ for details.
Flavor: r-devel-linux-x86_64-debian-clang

Version: 0.12-3
Check: compilation flags in Makevars
Result: NOTE
    Package has both ‘src/Makevars.in’ and ‘src/Makevars’.
    Installation with --no-configure' is unlikely to work. If you intended
    ‘src/Makevars’ to be used on Windows, rename it to ‘src/Makevars.win’
    otherwise remove it. If ‘configure’ created ‘src/Makevars’, you need a
    ‘cleanup’ script.
Flavors: r-devel-linux-x86_64-debian-clang, r-devel-linux-x86_64-debian-gcc, r-devel-linux-x86_64-fedora-clang, r-devel-linux-x86_64-fedora-gcc, r-devel-osx-x86_64-clang, r-devel-windows-ix86+x86_64, r-patched-linux-x86_64, r-patched-solaris-sparc, r-patched-solaris-x86, r-release-linux-ix86, r-release-linux-x86_64, r-release-osx-x86_64-mavericks, r-release-windows-ix86+x86_64, r-oldrel-windows-ix86+x86_64

Version: 0.12-3
Check: whether package can be installed
Result: WARNING
    Found the following significant warnings:
     ErrMReals.h:70:1: warning: no return statement in function returning non-void [-Wreturn-type]
     SR_datatrnsf.cpp:149:1: warning: control reaches end of non-void function [-Wreturn-type]
    See ‘/home/hornik/tmp/R.check/r-devel-gcc/Work/PKGS/subselect.Rcheck/00install.out’ for details.
Flavor: r-devel-linux-x86_64-debian-gcc

Version: 0.12-3
Check: whether package can be installed
Result: NOTE
    Found the following warnings:
     SR_datatrnsf.cpp:149:1: warning: control may reach end of non-void function [-Wreturn-type]
    See ‘/data/gannet/ripley/R/packages/tests-clang/subselect.Rcheck/00install.out’ for details.
Flavor: r-devel-linux-x86_64-fedora-clang

Version: 0.12-3
Check: whether package can be installed
Result: WARNING
    Found the following significant warnings:
     ErrMReals.h:70:1: warning: no return statement in function returning non-void [-Wreturn-type]
     SR_datatrnsf.cpp:149:1: warning: control reaches end of non-void function [-Wreturn-type]
    See ‘/data/gannet/ripley/R/packages/tests-devel/subselect.Rcheck/00install.out’ for details.
Flavor: r-devel-linux-x86_64-fedora-gcc

Version: 0.12-3
Check: whether package can be installed
Result: NOTE
    Found the following warnings:
     SR_datatrnsf.cpp:149:1: warning: control may reach end of non-void function [-Wreturn-type]
    See ‘/Users/ripley/R/packages/tests-devel/subselect.Rcheck/00install.out’ for details.
Flavor: r-devel-osx-x86_64-clang

Version: 0.12-3
Check: whether package can be installed
Result: WARNING
    Found the following significant warnings:
     ErrMReals.h:70:1: warning: no return statement in function returning non-void [-Wreturn-type]
     SR_datatrnsf.cpp:149:1: warning: control reaches end of non-void function [-Wreturn-type]
    See 'd:/Rcompile/CRANpkg/local/3.2/subselect.Rcheck/00install.out' for details.
Flavor: r-devel-windows-ix86+x86_64

Version: 0.12-3
Check: whether package can be installed
Result: WARNING
    Found the following significant warnings:
     ErrMReals.h:70:1: warning: no return statement in function returning non-void [-Wreturn-type]
     SR_datatrnsf.cpp:149:1: warning: control reaches end of non-void function [-Wreturn-type]
    See ‘/home/hornik/tmp/R.check/r-patched-gcc/Work/PKGS/subselect.Rcheck/00install.out’ for details.
Flavor: r-patched-linux-x86_64

Version: 0.12-3
Check: whether package can be installed
Result: WARNING
    Found the following significant warnings:
     ErrMReals.h:70:1: warning: no return statement in function returning non-void [-Wreturn-type]
     SR_datatrnsf.cpp:149:1: warning: control reaches end of non-void function [-Wreturn-type]
    See ‘/home/hornik/tmp/R.check/r-release-gcc/Work/PKGS/subselect.Rcheck/00install.out’ for details.
Flavors: r-release-linux-ix86, r-release-linux-x86_64

Version: 0.12-3
Check: whether package can be installed
Result: WARNING
    Found the following significant warnings:
     ErrMReals.h:70:1: warning: no return statement in function returning non-void [-Wreturn-type]
     SR_datatrnsf.cpp:149:1: warning: control reaches end of non-void function [-Wreturn-type]
    See 'd:/Rcompile/CRANpkg/local/3.1/subselect.Rcheck/00install.out' for details.
Flavor: r-release-windows-ix86+x86_64