CRAN Package Check Results for Package subselect

Last updated on 2015-08-04 23:48:34.

Flavor Version Tinstall Tcheck Ttotal Status Flags
r-devel-linux-x86_64-debian-clang 0.12-5 11.83 22.10 33.93 NOTE
r-devel-linux-x86_64-debian-gcc 0.12-5 15.42 21.95 37.37 NOTE
r-devel-linux-x86_64-fedora-clang 0.12-5 71.79 NOTE
r-devel-linux-x86_64-fedora-gcc 0.12-5 68.45 NOTE
r-devel-osx-x86_64-clang 0.12-5 61.81 OK
r-devel-windows-ix86+x86_64 0.12-5 79.00 81.00 160.00 NOTE
r-patched-linux-x86_64 0.12-5 14.98 21.26 36.24 OK
r-patched-solaris-sparc 0.12-5 387.10 OK
r-patched-solaris-x86 0.12-5 94.70 OK
r-release-linux-x86_64 0.12-5 15.23 22.24 37.47 OK
r-release-osx-x86_64-mavericks 0.12-5 OK
r-release-windows-ix86+x86_64 0.12-5 71.00 76.00 147.00 OK
r-oldrel-windows-ix86+x86_64 0.12-5 84.00 53.00 137.00 OK

Check Details

Version: 0.12-5
Check: R code for possible problems
Result: NOTE
    gcd.coef: no visible global function definition for ‘cor’
    glhHmat.formula: no visible global function definition for
     ‘model.extract’
    glhHmat.formula: no visible global function definition for
     ‘model.matrix’
    glmHmat.glm: no visible global function definition for ‘coef’
    glmHmat.glm: no visible global function definition for ‘vcov’
    ldaHmat.default: no visible global function definition for ‘cov’
    ldaHmat.default: no visible binding for global variable ‘cov’
    ldaHmat.formula: no visible global function definition for
     ‘model.extract’
    ldaHmat.formula: no visible global function definition for
     ‘model.matrix’
    lmHmat.default: no visible global function definition for ‘var’
    lmHmat.formula: no visible global function definition for
     ‘model.extract’
    lmHmat.formula: no visible global function definition for
     ‘model.matrix’
    rm.coef: no visible global function definition for ‘cor’
    rv.coef: no visible global function definition for ‘cor’
    validmat: no visible global function definition for ‘cor’
    Undefined global functions or variables:
     coef cor cov model.extract model.matrix var vcov
    Consider adding
     importFrom("stats", "coef", "cor", "cov", "model.extract",
     "model.matrix", "var", "vcov")
    to your NAMESPACE.
Flavors: r-devel-linux-x86_64-debian-clang, r-devel-linux-x86_64-debian-gcc, r-devel-linux-x86_64-fedora-clang, r-devel-linux-x86_64-fedora-gcc, r-devel-windows-ix86+x86_64