CRAN Package Check Results for Package subselect

Last updated on 2016-08-31 17:47:59.

Flavor Version Tinstall Tcheck Ttotal Status Flags
r-devel-linux-x86_64-debian-clang 0.12-6 16.09 21.88 37.98 OK
r-devel-linux-x86_64-debian-gcc 0.12-6 15.75 22.08 37.83 OK
r-devel-linux-x86_64-fedora-clang 0.12-6 71.06 NOTE
r-devel-linux-x86_64-fedora-gcc 0.12-6 66.11 NOTE
r-devel-osx-x86_64-clang 0.12-6 53.80 NOTE
r-devel-windows-ix86+x86_64 0.12-6 66.00 63.00 129.00 OK
r-patched-linux-x86_64 0.12-6 14.45 21.72 36.17 OK
r-patched-solaris-sparc 0.12-6 423.30 NOTE
r-patched-solaris-x86 0.12-6 84.40 NOTE
r-release-linux-x86_64 0.12-6 14.71 21.31 36.02 OK
r-release-osx-x86_64-mavericks 0.12-6 NOTE
r-release-windows-ix86+x86_64 0.12-6 75.00 68.00 143.00 OK
r-oldrel-windows-ix86+x86_64 0.12-6 73.00 79.00 152.00 NOTE

Check Details

Version: 0.12-6
Check: dependencies in R code
Result: NOTE
    Namespaces in Imports field not imported from:
     ‘ISwR’ ‘MASS’ ‘corpcor’
     All declared Imports should be used.
Flavors: r-devel-linux-x86_64-fedora-clang, r-devel-linux-x86_64-fedora-gcc, r-devel-osx-x86_64-clang, r-patched-solaris-sparc, r-patched-solaris-x86, r-release-osx-x86_64-mavericks, r-oldrel-windows-ix86+x86_64