CRAN Package Check Results for Package subselect

Last updated on 2016-09-30 23:48:14.

Flavor Version Tinstall Tcheck Ttotal Status Flags
r-devel-linux-x86_64-debian-clang 0.12-6 16.51 22.86 39.36 OK
r-devel-linux-x86_64-debian-gcc 0.12-6 15.99 23.01 38.99 OK
r-devel-linux-x86_64-fedora-clang 0.12-6 73.89 NOTE
r-devel-linux-x86_64-fedora-gcc 0.12-6 67.50 NOTE
r-devel-macos-x86_64-clang 0.12-6 53.58 NOTE
r-devel-windows-ix86+x86_64 0.12-6 54.00 71.00 125.00 OK
r-patched-linux-x86_64 0.12-6 14.89 21.44 36.33 OK
r-patched-solaris-sparc 0.12-6 423.30 NOTE
r-patched-solaris-x86 0.12-6 81.80 NOTE
r-release-linux-x86_64 0.12-6 14.80 22.52 37.32 OK
r-release-osx-x86_64-mavericks 0.12-6 NOTE
r-release-windows-ix86+x86_64 0.12-6 54.00 79.00 133.00 OK
r-oldrel-windows-ix86+x86_64 0.12-6 82.00 80.00 162.00 NOTE

Check Details

Version: 0.12-6
Check: dependencies in R code
Result: NOTE
    Namespaces in Imports field not imported from:
     ‘ISwR’ ‘MASS’ ‘corpcor’
     All declared Imports should be used.
Flavors: r-devel-linux-x86_64-fedora-clang, r-devel-linux-x86_64-fedora-gcc, r-devel-macos-x86_64-clang, r-patched-solaris-sparc, r-patched-solaris-x86, r-release-osx-x86_64-mavericks, r-oldrel-windows-ix86+x86_64