CRAN Package Check Results for Package subselect

Last updated on 2015-07-02 11:48:45.

Flavor Version Tinstall Tcheck Ttotal Status Flags
r-devel-linux-x86_64-debian-clang 0.12-5 12.04 22.07 34.12 NOTE
r-devel-linux-x86_64-debian-gcc 0.12-5 14.61 21.62 36.24 NOTE
r-devel-linux-x86_64-fedora-clang 0.12-5 72.03 NOTE
r-devel-linux-x86_64-fedora-gcc 0.12-5 67.85 NOTE
r-devel-osx-x86_64-clang 0.12-5 55.71 OK
r-devel-windows-ix86+x86_64 0.12-5 56.00 46.00 102.00 NOTE
r-patched-linux-x86_64 0.12-5 14.55 22.13 36.68 OK
r-patched-solaris-sparc 0.12-5 400.60 OK
r-patched-solaris-x86 0.12-5 94.40 OK
r-release-linux-x86_64 0.12-5 14.55 21.96 36.51 OK
r-release-osx-x86_64-mavericks 0.12-5 OK
r-release-windows-ix86+x86_64 0.12-5 62.00 50.00 112.00 OK
r-oldrel-windows-ix86+x86_64 0.12-5 74.00 63.00 137.00 OK

Check Details

Version: 0.12-5
Check: R code for possible problems
Result: NOTE
    gcd.coef: no visible global function definition for ‘cor’
    glhHmat.formula: no visible global function definition for
     ‘model.extract’
    glhHmat.formula: no visible global function definition for
     ‘model.matrix’
    glmHmat.glm: no visible global function definition for ‘coef’
    glmHmat.glm: no visible global function definition for ‘vcov’
    ldaHmat.default: no visible global function definition for ‘cov’
    ldaHmat.default: no visible binding for global variable ‘cov’
    ldaHmat.formula: no visible global function definition for
     ‘model.extract’
    ldaHmat.formula: no visible global function definition for
     ‘model.matrix’
    lmHmat.default: no visible global function definition for ‘var’
    lmHmat.formula: no visible global function definition for
     ‘model.extract’
    lmHmat.formula: no visible global function definition for
     ‘model.matrix’
    rm.coef: no visible global function definition for ‘cor’
    rv.coef: no visible global function definition for ‘cor’
    validmat: no visible global function definition for ‘cor’
Flavors: r-devel-linux-x86_64-debian-clang, r-devel-linux-x86_64-debian-gcc, r-devel-linux-x86_64-fedora-gcc, r-devel-windows-ix86+x86_64

Version: 0.12-5
Check: R code for possible problems
Result: NOTE
    gcd.coef: no visible global function definition for ‘cor’
    glhHmat.formula: no visible global function definition for
     ‘model.extract’
    glhHmat.formula: no visible global function definition for
     ‘model.matrix’
    glmHmat.glm: no visible global function definition for ‘coef’
    glmHmat.glm: no visible global function definition for ‘vcov’
    ldaHmat.default: no visible global function definition for ‘cov’
    ldaHmat.default: no visible binding for global variable ‘cov’
    ldaHmat.formula: no visible global function definition for
     ‘model.extract’
    ldaHmat.formula: no visible global function definition for
     ‘model.matrix’
    lmHmat.default: no visible global function definition for ‘var’
    lmHmat.formula: no visible global function definition for
     ‘model.extract’
    lmHmat.formula: no visible global function definition for
     ‘model.matrix’
    rm.coef: no visible global function definition for ‘cor’
    rv.coef: no visible global function definition for ‘cor’
    validmat: no visible global function definition for ‘cor’
    Undefined global functions or variables:
     coef cor cov model.extract model.matrix var vcov
Flavor: r-devel-linux-x86_64-fedora-clang