CRAN Package Check Results for Package subselect

Last updated on 2017-01-20 13:47:25.

Flavor Version Tinstall Tcheck Ttotal Status Flags
r-devel-linux-x86_64-debian-clang 0.12-6 16.38 26.12 42.49 OK
r-devel-linux-x86_64-debian-gcc 0.12-6 16.31 24.93 41.24 OK
r-devel-linux-x86_64-fedora-clang 0.12-6 78.87 NOTE --no-stop-on-test-error
r-devel-linux-x86_64-fedora-gcc 0.12-6 73.56 NOTE --no-stop-on-test-error
r-devel-macos-x86_64-clang 0.12-6 59.72 NOTE --no-stop-on-test-error
r-devel-windows-ix86+x86_64 0.12-6 73.00 88.00 161.00 OK
r-patched-linux-x86_64 0.12-6 14.61 22.04 36.65 OK
r-patched-solaris-sparc 0.12-6 362.70 NOTE
r-patched-solaris-x86 0.12-6 85.70 NOTE
r-release-linux-x86_64 0.12-6 14.43 22.35 36.78 OK
r-release-osx-x86_64-mavericks 0.12-6 NOTE
r-release-windows-ix86+x86_64 0.12-6 53.00 65.00 118.00 OK
r-oldrel-windows-ix86+x86_64 0.12-6 59.00 83.00 142.00 NOTE

Check Details

Version: 0.12-6
Flags: --no-stop-on-test-error
Check: dependencies in R code
Result: NOTE
    Namespaces in Imports field not imported from:
     ‘ISwR’ ‘MASS’ ‘corpcor’
     All declared Imports should be used.
Flavors: r-devel-linux-x86_64-fedora-clang, r-devel-linux-x86_64-fedora-gcc, r-devel-macos-x86_64-clang

Version: 0.12-6
Check: dependencies in R code
Result: NOTE
    Namespaces in Imports field not imported from:
     ‘ISwR’ ‘MASS’ ‘corpcor’
     All declared Imports should be used.
Flavors: r-patched-solaris-sparc, r-patched-solaris-x86, r-release-osx-x86_64-mavericks, r-oldrel-windows-ix86+x86_64