CRAN Package Check Results for Package subselect

Last updated on 2014-08-02 07:50:28.

Flavor Version Tinstall Tcheck Ttotal Status Flags
r-devel-linux-x86_64-debian-clang 0.12-3 10.84 21.09 31.93 NOTE
r-devel-linux-x86_64-debian-gcc 0.12-3 14.75 20.98 35.73 WARN
r-devel-linux-x86_64-fedora-clang 0.12-3 76.01 NOTE
r-devel-linux-x86_64-fedora-gcc 0.12-3 72.75 WARN
r-devel-osx-x86_64-clang 0.12-3 60.89 NOTE
r-devel-windows-ix86+x86_64 0.12-3 54.00 45.00 99.00 WARN
r-patched-linux-x86_64 0.12-3 14.98 20.55 35.52 WARN
r-patched-solaris-sparc 0.12-3 387.20 NOTE
r-patched-solaris-x86 0.12-3 107.70 NOTE
r-release-linux-ix86 0.12-3 20.52 29.74 50.26 WARN
r-release-linux-x86_64 0.12-3 14.71 21.20 35.90 WARN
r-release-osx-x86_64-mavericks 0.12-3 NOTE
r-release-windows-ix86+x86_64 0.12-3 54.00 45.00 99.00 WARN
r-oldrel-windows-ix86+x86_64 0.12-3 84.00 65.00 149.00 NOTE

Check Details

Version: 0.12-3
Check: whether package can be installed
Result: NOTE
    Found the following warnings:
     SR_datatrnsf.cpp:149:1: warning: control may reach end of non-void function [-Wreturn-type]
Flavors: r-devel-linux-x86_64-debian-clang, r-devel-linux-x86_64-fedora-clang, r-devel-osx-x86_64-clang

Version: 0.12-3
Check: compilation flags in Makevars
Result: NOTE
    Package has both src/Makevars.in and src/Makevars .
    Installation with --no-configure' is unlikely to work. If you intended
     src/Makevars to be used on Windows, rename it to src/Makevars.win
    otherwise remove it. If configure created src/Makevars , you need a
     cleanup script.
Flavors: r-devel-linux-x86_64-debian-clang, r-devel-linux-x86_64-debian-gcc, r-devel-linux-x86_64-fedora-clang, r-devel-linux-x86_64-fedora-gcc, r-devel-osx-x86_64-clang, r-devel-windows-ix86+x86_64, r-patched-linux-x86_64, r-patched-solaris-sparc, r-patched-solaris-x86, r-release-linux-ix86, r-release-linux-x86_64, r-release-osx-x86_64-mavericks, r-release-windows-ix86+x86_64, r-oldrel-windows-ix86+x86_64

Version: 0.12-3
Check: whether package can be installed
Result: WARNING
    Found the following significant warnings:
     ErrMReals.h:70:1: warning: no return statement in function returning non-void [-Wreturn-type]
     SR_datatrnsf.cpp:149:1: warning: control reaches end of non-void function [-Wreturn-type]
Flavors: r-devel-linux-x86_64-debian-gcc, r-devel-linux-x86_64-fedora-gcc, r-devel-windows-ix86+x86_64, r-patched-linux-x86_64, r-release-linux-ix86, r-release-linux-x86_64, r-release-windows-ix86+x86_64