CRAN Package Check Results for Package subselect

Last updated on 2015-03-27 21:48:02.

Flavor Version Tinstall Tcheck Ttotal Status Flags
r-devel-linux-x86_64-debian-clang 0.12-4 11.77 22.26 34.03 NOTE
r-devel-linux-x86_64-debian-gcc 0.12-4 14.58 22.17 36.75 NOTE
r-devel-linux-x86_64-fedora-clang 0.12-4 73.78 NOTE
r-devel-linux-x86_64-fedora-gcc 0.12-4 71.85 NOTE
r-devel-osx-x86_64-clang 0.12-4 70.94 NOTE
r-prerel-windows-ix86+x86_64 0.12-4 57.00 50.00 107.00 OK
r-prerel-linux-x86_64 0.12-4 14.55 21.70 36.25 NOTE
r-prerel-solaris-sparc 0.12-4 384.10 OK
r-prerel-solaris-x86 0.12-4 96.00 OK
r-release-linux-x86_64 0.12-4 14.58 23.34 37.93 OK
r-release-osx-x86_64-mavericks 0.12-4 OK
r-release-osx-x86_64-snowleopard 0.12-4 OK
r-release-windows-ix86+x86_64 0.12-4 56.00 49.00 105.00 OK
r-oldrel-windows-ix86+x86_64 0.12-4 52.00 52.00 104.00 OK

Check Details

Version: 0.12-4
Check: S3 generic/method consistency
Result: NOTE
    Found the following apparent S3 methods exported but not registered:
     glhHmat.data.frame glhHmat.default glhHmat.formula glmHmat.glm
     ldaHmat.data.frame ldaHmat.default ldaHmat.formula lmHmat.data.frame
     lmHmat.default lmHmat.formula
    See section ‘Registering S3 methods’ in the ‘Writing R Extensions’
    manual.
Flavors: r-devel-linux-x86_64-debian-clang, r-devel-linux-x86_64-debian-gcc, r-devel-linux-x86_64-fedora-clang, r-devel-linux-x86_64-fedora-gcc, r-devel-osx-x86_64-clang, r-prerel-linux-x86_64