CRAN Package Check Results for Package subselect

Last updated on 2017-02-26 10:48:28.

Flavor Version Tinstall Tcheck Ttotal Status Flags
r-devel-linux-x86_64-debian-clang 0.12-6 16.36 25.89 42.25 NOTE
r-devel-linux-x86_64-debian-gcc 0.12-6 16.03 25.26 41.28 NOTE
r-devel-linux-x86_64-fedora-clang 0.12-6 79.97 NOTE --no-stop-on-test-error
r-devel-linux-x86_64-fedora-gcc 0.12-6 73.68 NOTE --no-stop-on-test-error
r-devel-macos-x86_64-clang 0.12-6 60.71 NOTE --no-stop-on-test-error
r-devel-windows-ix86+x86_64 0.12-6 92.00 90.00 182.00 OK
r-patched-linux-x86_64 0.12-6 14.54 22.07 36.61 OK
r-patched-solaris-sparc 0.12-6 362.70 NOTE
r-patched-solaris-x86 0.12-6 84.00 NOTE
r-release-linux-x86_64 0.12-6 14.91 22.00 36.91 OK
r-release-osx-x86_64-mavericks 0.12-6 NOTE
r-release-windows-ix86+x86_64 0.12-6 93.00 76.00 169.00 OK
r-oldrel-windows-ix86+x86_64 0.12-6 81.00 58.00 139.00 NOTE

Check Details

Version: 0.12-6
Check: compiled code
Result: NOTE
    File ‘subselect/libs/subselect.so’:
     Found no calls to: ‘R_registerRoutines’, ‘R_useDynamicSymbols’
    
    It is good practice to register native routines and to disable symbol
    search.
    
    See ‘Writing portable packages’ in the ‘Writing R Extensions’ manual.
Flavors: r-devel-linux-x86_64-debian-clang, r-devel-linux-x86_64-debian-gcc

Version: 0.12-6
Flags: --no-stop-on-test-error
Check: dependencies in R code
Result: NOTE
    Namespaces in Imports field not imported from:
     ‘ISwR’ ‘MASS’ ‘corpcor’
     All declared Imports should be used.
Flavors: r-devel-linux-x86_64-fedora-clang, r-devel-linux-x86_64-fedora-gcc, r-devel-macos-x86_64-clang

Version: 0.12-6
Flags: --no-stop-on-test-error
Check: compiled code
Result: NOTE
    File ‘subselect/libs/subselect.so’:
     Found no calls to: ‘R_registerRoutines’, ‘R_useDynamicSymbols’
    
    It is good practice to register native routines and to disable symbol
    search.
    
    See ‘Writing portable packages’ in the ‘Writing R Extensions’ manual.
Flavors: r-devel-linux-x86_64-fedora-clang, r-devel-linux-x86_64-fedora-gcc, r-devel-macos-x86_64-clang

Version: 0.12-6
Check: dependencies in R code
Result: NOTE
    Namespaces in Imports field not imported from:
     ‘ISwR’ ‘MASS’ ‘corpcor’
     All declared Imports should be used.
Flavors: r-patched-solaris-sparc, r-patched-solaris-x86, r-release-osx-x86_64-mavericks, r-oldrel-windows-ix86+x86_64