CRAN Package Check Results for Package subselect

Last updated on 2016-07-30 06:47:58.

Flavor Version Tinstall Tcheck Ttotal Status Flags
r-devel-linux-x86_64-debian-clang 0.12-6 16.54 21.22 37.77 OK
r-devel-linux-x86_64-debian-gcc 0.12-6 17.03 21.22 38.25 OK
r-devel-linux-x86_64-fedora-clang 0.12-6 50.67 NOTE
r-devel-linux-x86_64-fedora-gcc 0.12-6 45.28 NOTE
r-devel-osx-x86_64-clang 0.12-6 53.29 NOTE
r-devel-windows-ix86+x86_64 0.12-6 88.00 43.00 131.00 OK
r-patched-linux-x86_64 0.12-5 17.05 25.71 42.77 NOTE
r-patched-solaris-sparc 0.12-6 423.30 NOTE
r-patched-solaris-x86 0.12-6 76.20 NOTE
r-release-linux-x86_64 0.12-5 16.99 25.48 42.47 NOTE
r-release-osx-x86_64-mavericks 0.12-6 NOTE
r-release-windows-ix86+x86_64 0.12-5 71.00 64.00 135.00 NOTE
r-oldrel-windows-ix86+x86_64 0.12-5 74.00 77.00 151.00 OK

Check Details

Version: 0.12-6
Check: dependencies in R code
Result: NOTE
    Namespaces in Imports field not imported from:
     ‘ISwR’ ‘MASS’ ‘corpcor’
     All declared Imports should be used.
Flavors: r-devel-linux-x86_64-fedora-clang, r-devel-linux-x86_64-fedora-gcc, r-devel-osx-x86_64-clang, r-patched-solaris-sparc, r-patched-solaris-x86, r-release-osx-x86_64-mavericks

Version: 0.12-5
Check: R code for possible problems
Result: NOTE
    gcd.coef: no visible global function definition for ‘cor’
    glhHmat.formula: no visible global function definition for
     ‘model.extract’
    glhHmat.formula: no visible global function definition for
     ‘model.matrix’
    glmHmat.glm: no visible global function definition for ‘coef’
    glmHmat.glm: no visible global function definition for ‘vcov’
    ldaHmat.default: no visible global function definition for ‘cov’
    ldaHmat.default: no visible binding for global variable ‘cov’
    ldaHmat.formula: no visible global function definition for
     ‘model.extract’
    ldaHmat.formula: no visible global function definition for
     ‘model.matrix’
    lmHmat.default: no visible global function definition for ‘var’
    lmHmat.formula: no visible global function definition for
     ‘model.extract’
    lmHmat.formula: no visible global function definition for
     ‘model.matrix’
    rm.coef: no visible global function definition for ‘cor’
    rv.coef: no visible global function definition for ‘cor’
    validmat: no visible global function definition for ‘cor’
    Undefined global functions or variables:
     coef cor cov model.extract model.matrix var vcov
    Consider adding
     importFrom("stats", "coef", "cor", "cov", "model.extract",
     "model.matrix", "var", "vcov")
    to your NAMESPACE file.
Flavors: r-patched-linux-x86_64, r-release-linux-x86_64, r-release-windows-ix86+x86_64