CRAN Package Check Results for Package subselect

Last updated on 2015-09-03 18:47:25.

Flavor Version Tinstall Tcheck Ttotal Status Flags
r-devel-linux-x86_64-debian-clang 0.12-5 11.66 22.13 33.79 NOTE
r-devel-linux-x86_64-debian-gcc 0.12-5 14.68 21.72 36.39 NOTE
r-devel-linux-x86_64-fedora-clang 0.12-5 74.06 NOTE
r-devel-linux-x86_64-fedora-gcc 0.12-5 66.87 NOTE
r-devel-osx-x86_64-clang 0.12-5 55.28 OK
r-devel-windows-ix86+x86_64 0.12-5 82.00 77.00 159.00 NOTE
r-patched-linux-x86_64 0.12-5 15.00 22.19 37.19 OK
r-patched-solaris-sparc 0.12-5 387.10 OK
r-patched-solaris-x86 0.12-5 93.70 OK
r-release-linux-x86_64 0.12-5 14.87 22.08 36.95 OK
r-release-osx-x86_64-mavericks 0.12-5 OK
r-release-windows-ix86+x86_64 0.12-5 70.00 82.00 152.00 OK
r-oldrel-windows-ix86+x86_64 0.12-5 73.00 52.00 125.00 OK

Check Details

Version: 0.12-5
Check: R code for possible problems
Result: NOTE
    gcd.coef: no visible global function definition for ‘cor’
    glhHmat.formula: no visible global function definition for
     ‘model.extract’
    glhHmat.formula: no visible global function definition for
     ‘model.matrix’
    glmHmat.glm: no visible global function definition for ‘coef’
    glmHmat.glm: no visible global function definition for ‘vcov’
    ldaHmat.default: no visible global function definition for ‘cov’
    ldaHmat.default: no visible binding for global variable ‘cov’
    ldaHmat.formula: no visible global function definition for
     ‘model.extract’
    ldaHmat.formula: no visible global function definition for
     ‘model.matrix’
    lmHmat.default: no visible global function definition for ‘var’
    lmHmat.formula: no visible global function definition for
     ‘model.extract’
    lmHmat.formula: no visible global function definition for
     ‘model.matrix’
    rm.coef: no visible global function definition for ‘cor’
    rv.coef: no visible global function definition for ‘cor’
    validmat: no visible global function definition for ‘cor’
    Undefined global functions or variables:
     coef cor cov model.extract model.matrix var vcov
    Consider adding
     importFrom("stats", "coef", "cor", "cov", "model.extract",
     "model.matrix", "var", "vcov")
    to your NAMESPACE.
Flavors: r-devel-linux-x86_64-debian-clang, r-devel-linux-x86_64-debian-gcc, r-devel-linux-x86_64-fedora-clang, r-devel-linux-x86_64-fedora-gcc, r-devel-windows-ix86+x86_64