CRAN Package Check Results for Package subselect

Last updated on 2015-02-28 19:51:21.

Flavor Version Tinstall Tcheck Ttotal Status Flags
r-devel-linux-x86_64-debian-clang 0.12-4 11.90 22.15 34.06 NOTE
r-devel-linux-x86_64-debian-gcc 0.12-4 14.47 22.00 36.47 NOTE
r-devel-linux-x86_64-fedora-clang 0.12-4 74.59 NOTE
r-devel-linux-x86_64-fedora-gcc 0.12-4 66.25 NOTE
r-devel-osx-x86_64-clang 0.12-4 64.67 NOTE
r-devel-windows-ix86+x86_64 0.12-4 74.00 50.00 124.00 OK
r-patched-linux-x86_64 0.12-4 14.39 24.13 38.52 OK
r-patched-solaris-sparc 0.12-4 389.00 OK
r-patched-solaris-x86 0.12-4 102.20 OK
r-release-linux-ix86 0.12-4 25.85 33.38 59.22 OK
r-release-linux-x86_64 0.12-4 14.54 23.02 37.56 OK
r-release-osx-x86_64-mavericks 0.12-4 OK
r-release-osx-x86_64-snowleopard 0.12-4 OK
r-release-windows-ix86+x86_64 0.12-4 55.00 50.00 105.00 OK
r-oldrel-windows-ix86+x86_64 0.12-4 58.00 57.00 115.00 OK

Check Details

Version: 0.12-4
Check: S3 generic/method consistency
Result: NOTE
    Found the following apparent S3 methods exported but not registered:
     glhHmat.data.frame glhHmat.default glhHmat.formula glmHmat.glm
     ldaHmat.data.frame ldaHmat.default ldaHmat.formula lmHmat.data.frame
     lmHmat.default lmHmat.formula
    See section ‘Registering S3 methods’ in the ‘Writing R Extensions’
    manual.
Flavors: r-devel-linux-x86_64-debian-clang, r-devel-linux-x86_64-debian-gcc, r-devel-linux-x86_64-fedora-clang, r-devel-linux-x86_64-fedora-gcc, r-devel-osx-x86_64-clang