CRAN Package Check Results for Package subselect

Last updated on 2016-05-28 03:50:23.

Flavor Version Tinstall Tcheck Ttotal Status Flags
r-devel-linux-x86_64-debian-gcc 0.12-5 17.78 21.15 38.93 NOTE
r-devel-linux-x86_64-fedora-clang 0.12-5 69.72 NOTE
r-devel-linux-x86_64-fedora-gcc 0.12-5 63.80 NOTE
r-devel-osx-x86_64-clang 0.12-5 69.10 NOTE
r-devel-windows-ix86+x86_64 0.12-5 59.00 51.00 110.00 NOTE
r-patched-linux-x86_64 0.12-5 14.64 21.45 36.09 NOTE
r-patched-solaris-sparc 0.12-5 370.60 NOTE
r-patched-solaris-x86 0.12-5 88.70 NOTE
r-release-linux-x86_64 0.12-5 14.40 21.70 36.10 NOTE
r-release-osx-x86_64-mavericks 0.12-5 NOTE
r-release-windows-ix86+x86_64 0.12-5 71.00 53.00 124.00 NOTE

Check Details

Version: 0.12-5
Check: R code for possible problems
Result: NOTE
    gcd.coef: no visible global function definition for ‘cor’
    glhHmat.formula: no visible global function definition for
     ‘model.extract’
    glhHmat.formula: no visible global function definition for
     ‘model.matrix’
    glmHmat.glm: no visible global function definition for ‘coef’
    glmHmat.glm: no visible global function definition for ‘vcov’
    ldaHmat.default: no visible global function definition for ‘cov’
    ldaHmat.default: no visible binding for global variable ‘cov’
    ldaHmat.formula: no visible global function definition for
     ‘model.extract’
    ldaHmat.formula: no visible global function definition for
     ‘model.matrix’
    lmHmat.default: no visible global function definition for ‘var’
    lmHmat.formula: no visible global function definition for
     ‘model.extract’
    lmHmat.formula: no visible global function definition for
     ‘model.matrix’
    rm.coef: no visible global function definition for ‘cor’
    rv.coef: no visible global function definition for ‘cor’
    validmat: no visible global function definition for ‘cor’
    Undefined global functions or variables:
     coef cor cov model.extract model.matrix var vcov
    Consider adding
     importFrom("stats", "coef", "cor", "cov", "model.extract",
     "model.matrix", "var", "vcov")
    to your NAMESPACE file.
Flavors: r-devel-linux-x86_64-debian-gcc, r-devel-linux-x86_64-fedora-clang, r-devel-linux-x86_64-fedora-gcc, r-devel-osx-x86_64-clang, r-devel-windows-ix86+x86_64, r-patched-linux-x86_64, r-patched-solaris-sparc, r-patched-solaris-x86, r-release-linux-x86_64, r-release-osx-x86_64-mavericks, r-release-windows-ix86+x86_64