CRAN Package Check Results for Package subselect

Last updated on 2014-04-17 05:47:19.

Flavor Version Tinstall Tcheck Ttotal Status Flags
r-devel-linux-x86_64-debian-clang 0.12-3 11.65 22.29 33.94 NOTE
r-devel-linux-x86_64-debian-gcc 0.12-3 14.29 22.06 36.36 WARN
r-devel-linux-x86_64-fedora-clang 0.12-3 78.60 NOTE
r-devel-linux-x86_64-fedora-gcc 0.12-3 75.43 WARN
r-devel-macosx-x86_64-clang 0.12-3 67.32 NOTE
r-devel-macosx-x86_64-gcc 0.12-3 NOTE
r-devel-windows-ix86+x86_64 0.12-3 52.00 43.00 95.00 WARN
r-patched-linux-x86_64 0.12-3 16.15 21.89 38.04 WARN
r-patched-solaris-sparc 0.12-3 392.10 NOTE
r-patched-solaris-x86 0.12-3 103.10 NOTE
r-release-linux-ix86 0.12-3 30.00 43.00 73.00 WARN
r-release-linux-x86_64 0.12-3 14.40 21.66 36.07 WARN
r-release-windows-ix86+x86_64 0.12-3 53.00 46.00 99.00 WARN
r-oldrel-windows-ix86+x86_64 0.12-3 53.00 46.00 99.00 NOTE

Check Details

Version: 0.12-3
Check: compilation flags in Makevars
Result: NOTE
    Package has both ‘src/Makevars.in’ and ‘src/Makevars’.
    Installation with --no-configure' is unlikely to work. If you intended
    ‘src/Makevars’ to be used on Windows, rename it to ‘src/Makevars.win’
    otherwise remove it. If ‘configure’ created ‘src/Makevars’, you need a
    ‘cleanup’ script.
Flavors: r-devel-linux-x86_64-debian-clang, r-devel-linux-x86_64-debian-gcc, r-devel-linux-x86_64-fedora-clang, r-devel-linux-x86_64-fedora-gcc, r-devel-macosx-x86_64-clang, r-devel-macosx-x86_64-gcc, r-devel-windows-ix86+x86_64, r-patched-linux-x86_64, r-patched-solaris-sparc, r-patched-solaris-x86, r-release-linux-ix86, r-release-linux-x86_64, r-release-windows-ix86+x86_64, r-oldrel-windows-ix86+x86_64

Version: 0.12-3
Check: whether package can be installed
Result: WARNING
    Found the following significant warnings:
     ErrMReals.h:70:1: warning: no return statement in function returning non-void [-Wreturn-type]
     ErrMReals.h:70:1: warning: no return statement in function returning non-void [-Wreturn-type]
     ErrMReals.h:70:1: warning: no return statement in function returning non-void [-Wreturn-type]
     ErrMReals.h:70:1: warning: no return statement in function returning non-void [-Wreturn-type]
     ErrMReals.h:70:1: warning: no return statement in function returning non-void [-Wreturn-type]
     ErrMReals.h:70:1: warning: no return statement in function returning non-void [-Wreturn-type]
     ErrMReals.h:70:1: warning: no return statement in function returning non-void [-Wreturn-type]
     ErrMReals.h:70:1: warning: no return statement in function returning non-void [-Wreturn-type]
     ErrMReals.h:70:1: warning: no return statement in function returning non-void [-Wreturn-type]
     ErrMReals.h:70:1: warning: no return statement in function returning non-void [-Wreturn-type]
     SR_datatrnsf.cpp:149:1: warning: control reaches end of non-void function [-Wreturn-type]
     ErrMReals.h:70:1: warning: no return statement in function returning non-void [-Wreturn-type]
     ErrMReals.h:70:1: warning: no return statement in function returning non-void [-Wreturn-type]
     ErrMReals.h:70:1: warning: no return statement in function returning non-void [-Wreturn-type]
     ErrMReals.h:70:1: warning: no return statement in function returning non-void [-Wreturn-type]
     ErrMReals.h:70:1: warning: no return statement in function returning non-void [-Wreturn-type]
     ErrMReals.h:70:1: warning: no return statement in function returning non-void [-Wreturn-type]
    See ‘/home/hornik/tmp/R.check/r-devel-gcc/Work/PKGS/subselect.Rcheck/00install.out’ for details.
Flavor: r-devel-linux-x86_64-debian-gcc

Version: 0.12-3
Check: whether package can be installed
Result: WARNING
    Found the following significant warnings:
     ErrMReals.h:70:1: warning: no return statement in function returning non-void [-Wreturn-type]
     ErrMReals.h:70:1: warning: no return statement in function returning non-void [-Wreturn-type]
     ErrMReals.h:70:1: warning: no return statement in function returning non-void [-Wreturn-type]
     ErrMReals.h:70:1: warning: no return statement in function returning non-void [-Wreturn-type]
     ErrMReals.h:70:1: warning: no return statement in function returning non-void [-Wreturn-type]
     ErrMReals.h:70:1: warning: no return statement in function returning non-void [-Wreturn-type]
     ErrMReals.h:70:1: warning: no return statement in function returning non-void [-Wreturn-type]
     ErrMReals.h:70:1: warning: no return statement in function returning non-void [-Wreturn-type]
     ErrMReals.h:70:1: warning: no return statement in function returning non-void [-Wreturn-type]
     ErrMReals.h:70:1: warning: no return statement in function returning non-void [-Wreturn-type]
     SR_datatrnsf.cpp:149:1: warning: control reaches end of non-void function [-Wreturn-type]
     ErrMReals.h:70:1: warning: no return statement in function returning non-void [-Wreturn-type]
     ErrMReals.h:70:1: warning: no return statement in function returning non-void [-Wreturn-type]
     ErrMReals.h:70:1: warning: no return statement in function returning non-void [-Wreturn-type]
     ErrMReals.h:70:1: warning: no return statement in function returning non-void [-Wreturn-type]
     ErrMReals.h:70:1: warning: no return statement in function returning non-void [-Wreturn-type]
     ErrMReals.h:70:1: warning: no return statement in function returning non-void [-Wreturn-type]
    See ‘/data/gannet/ripley/R/packages/tests-devel/subselect.Rcheck/00install.out’ for details.
Flavor: r-devel-linux-x86_64-fedora-gcc

Version: 0.12-3
Check: whether package can be installed
Result: WARNING
    Found the following significant warnings:
     ErrMReals.h:70:1: warning: no return statement in function returning non-void [-Wreturn-type]
     ErrMReals.h:70:1: warning: no return statement in function returning non-void [-Wreturn-type]
     ErrMReals.h:70:1: warning: no return statement in function returning non-void [-Wreturn-type]
     ErrMReals.h:70:1: warning: no return statement in function returning non-void [-Wreturn-type]
     ErrMReals.h:70:1: warning: no return statement in function returning non-void [-Wreturn-type]
     ErrMReals.h:70:1: warning: no return statement in function returning non-void [-Wreturn-type]
     ErrMReals.h:70:1: warning: no return statement in function returning non-void [-Wreturn-type]
     ErrMReals.h:70:1: warning: no return statement in function returning non-void [-Wreturn-type]
     ErrMReals.h:70:1: warning: no return statement in function returning non-void [-Wreturn-type]
     ErrMReals.h:70:1: warning: no return statement in function returning non-void [-Wreturn-type]
     SR_datatrnsf.cpp:149:1: warning: control reaches end of non-void function [-Wreturn-type]
     ErrMReals.h:70:1: warning: no return statement in function returning non-void [-Wreturn-type]
     ErrMReals.h:70:1: warning: no return statement in function returning non-void [-Wreturn-type]
     ErrMReals.h:70:1: warning: no return statement in function returning non-void [-Wreturn-type]
     ErrMReals.h:70:1: warning: no return statement in function returning non-void [-Wreturn-type]
     ErrMReals.h:70:1: warning: no return statement in function returning non-void [-Wreturn-type]
     ErrMReals.h:70:1: warning: no return statement in function returning non-void [-Wreturn-type]
     ErrMReals.h:70:1: warning: no return statement in function returning non-void [-Wreturn-type]
     ErrMReals.h:70:1: warning: no return statement in function returning non-void [-Wreturn-type]
     ErrMReals.h:70:1: warning: no return statement in function returning non-void [-Wreturn-type]
     ErrMReals.h:70:1: warning: no return statement in function returning non-void [-Wreturn-type]
     ErrMReals.h:70:1: warning: no return statement in function returning non-void [-Wreturn-type]
     ErrMReals.h:70:1: warning: no return statement in function returning non-void [-Wreturn-type]
     ErrMReals.h:70:1: warning: no return statement in function returning non-void [-Wreturn-type]
     ErrMReals.h:70:1: warning: no return statement in function returning non-void [-Wreturn-type]
     ErrMReals.h:70:1: warning: no return statement in function returning non-void [-Wreturn-type]
     ErrMReals.h:70:1: warning: no return statement in function returning non-void [-Wreturn-type]
     SR_datatrnsf.cpp:149:1: warning: control reaches end of non-void function [-Wreturn-type]
     ErrMReals.h:70:1: warning: no return statement in function returning non-void [-Wreturn-type]
     ErrMReals.h:70:1: warning: no return statement in function returning non-void [-Wreturn-type]
     ErrMReals.h:70:1: warning: no return statement in function returning non-void [-Wreturn-type]
     ErrMReals.h:70:1: warning: no return statement in function returning non-void [-Wreturn-type]
     ErrMReals.h:70:1: warning: no return statement in function returning non-void [-Wreturn-type]
     ErrMReals.h:70:1: warning: no return statement in function returning non-void [-Wreturn-type]
    See 'd:/Rcompile/CRANpkg/local/3.2/subselect.Rcheck/00install.out' for details.
Flavor: r-devel-windows-ix86+x86_64

Version: 0.12-3
Check: whether package can be installed
Result: WARNING
    Found the following significant warnings:
     ErrMReals.h:70:1: warning: no return statement in function returning non-void [-Wreturn-type]
     ErrMReals.h:70:1: warning: no return statement in function returning non-void [-Wreturn-type]
     ErrMReals.h:70:1: warning: no return statement in function returning non-void [-Wreturn-type]
     ErrMReals.h:70:1: warning: no return statement in function returning non-void [-Wreturn-type]
     ErrMReals.h:70:1: warning: no return statement in function returning non-void [-Wreturn-type]
     ErrMReals.h:70:1: warning: no return statement in function returning non-void [-Wreturn-type]
     ErrMReals.h:70:1: warning: no return statement in function returning non-void [-Wreturn-type]
     ErrMReals.h:70:1: warning: no return statement in function returning non-void [-Wreturn-type]
     ErrMReals.h:70:1: warning: no return statement in function returning non-void [-Wreturn-type]
     ErrMReals.h:70:1: warning: no return statement in function returning non-void [-Wreturn-type]
     SR_datatrnsf.cpp:149:1: warning: control reaches end of non-void function [-Wreturn-type]
     ErrMReals.h:70:1: warning: no return statement in function returning non-void [-Wreturn-type]
     ErrMReals.h:70:1: warning: no return statement in function returning non-void [-Wreturn-type]
     ErrMReals.h:70:1: warning: no return statement in function returning non-void [-Wreturn-type]
     ErrMReals.h:70:1: warning: no return statement in function returning non-void [-Wreturn-type]
     ErrMReals.h:70:1: warning: no return statement in function returning non-void [-Wreturn-type]
     ErrMReals.h:70:1: warning: no return statement in function returning non-void [-Wreturn-type]
    See ‘/home/hornik/tmp/R.check/r-patched-gcc/Work/PKGS/subselect.Rcheck/00install.out’ for details.
Flavor: r-patched-linux-x86_64

Version: 0.12-3
Check: whether package can be installed
Result: WARNING
    Found the following significant warnings:
     ErrMReals.h:70:1: warning: no return statement in function returning non-void [-Wreturn-type]
     ErrMReals.h:70:1: warning: no return statement in function returning non-void [-Wreturn-type]
     ErrMReals.h:70:1: warning: no return statement in function returning non-void [-Wreturn-type]
     ErrMReals.h:70:1: warning: no return statement in function returning non-void [-Wreturn-type]
     ErrMReals.h:70:1: warning: no return statement in function returning non-void [-Wreturn-type]
     ErrMReals.h:70:1: warning: no return statement in function returning non-void [-Wreturn-type]
     ErrMReals.h:70:1: warning: no return statement in function returning non-void [-Wreturn-type]
     ErrMReals.h:70:1: warning: no return statement in function returning non-void [-Wreturn-type]
     ErrMReals.h:70:1: warning: no return statement in function returning non-void [-Wreturn-type]
     ErrMReals.h:70:1: warning: no return statement in function returning non-void [-Wreturn-type]
     SR_datatrnsf.cpp:149:1: warning: control reaches end of non-void function [-Wreturn-type]
     ErrMReals.h:70:1: warning: no return statement in function returning non-void [-Wreturn-type]
     ErrMReals.h:70:1: warning: no return statement in function returning non-void [-Wreturn-type]
     ErrMReals.h:70:1: warning: no return statement in function returning non-void [-Wreturn-type]
     ErrMReals.h:70:1: warning: no return statement in function returning non-void [-Wreturn-type]
     ErrMReals.h:70:1: warning: no return statement in function returning non-void [-Wreturn-type]
     ErrMReals.h:70:1: warning: no return statement in function returning non-void [-Wreturn-type]
    See ‘/home/hornik/tmp/R.check/r-release-gcc/Work/PKGS/subselect.Rcheck/00install.out’ for details.
Flavors: r-release-linux-ix86, r-release-linux-x86_64

Version: 0.12-3
Check: whether package can be installed
Result: WARNING
    Found the following significant warnings:
     ErrMReals.h:70:1: warning: no return statement in function returning non-void [-Wreturn-type]
     ErrMReals.h:70:1: warning: no return statement in function returning non-void [-Wreturn-type]
     ErrMReals.h:70:1: warning: no return statement in function returning non-void [-Wreturn-type]
     ErrMReals.h:70:1: warning: no return statement in function returning non-void [-Wreturn-type]
     ErrMReals.h:70:1: warning: no return statement in function returning non-void [-Wreturn-type]
     ErrMReals.h:70:1: warning: no return statement in function returning non-void [-Wreturn-type]
     ErrMReals.h:70:1: warning: no return statement in function returning non-void [-Wreturn-type]
     ErrMReals.h:70:1: warning: no return statement in function returning non-void [-Wreturn-type]
     ErrMReals.h:70:1: warning: no return statement in function returning non-void [-Wreturn-type]
     ErrMReals.h:70:1: warning: no return statement in function returning non-void [-Wreturn-type]
     SR_datatrnsf.cpp:149:1: warning: control reaches end of non-void function [-Wreturn-type]
     ErrMReals.h:70:1: warning: no return statement in function returning non-void [-Wreturn-type]
     ErrMReals.h:70:1: warning: no return statement in function returning non-void [-Wreturn-type]
     ErrMReals.h:70:1: warning: no return statement in function returning non-void [-Wreturn-type]
     ErrMReals.h:70:1: warning: no return statement in function returning non-void [-Wreturn-type]
     ErrMReals.h:70:1: warning: no return statement in function returning non-void [-Wreturn-type]
     ErrMReals.h:70:1: warning: no return statement in function returning non-void [-Wreturn-type]
     ErrMReals.h:70:1: warning: no return statement in function returning non-void [-Wreturn-type]
     ErrMReals.h:70:1: warning: no return statement in function returning non-void [-Wreturn-type]
     ErrMReals.h:70:1: warning: no return statement in function returning non-void [-Wreturn-type]
     ErrMReals.h:70:1: warning: no return statement in function returning non-void [-Wreturn-type]
     ErrMReals.h:70:1: warning: no return statement in function returning non-void [-Wreturn-type]
     ErrMReals.h:70:1: warning: no return statement in function returning non-void [-Wreturn-type]
     ErrMReals.h:70:1: warning: no return statement in function returning non-void [-Wreturn-type]
     ErrMReals.h:70:1: warning: no return statement in function returning non-void [-Wreturn-type]
     ErrMReals.h:70:1: warning: no return statement in function returning non-void [-Wreturn-type]
     ErrMReals.h:70:1: warning: no return statement in function returning non-void [-Wreturn-type]
     SR_datatrnsf.cpp:149:1: warning: control reaches end of non-void function [-Wreturn-type]
     ErrMReals.h:70:1: warning: no return statement in function returning non-void [-Wreturn-type]
     ErrMReals.h:70:1: warning: no return statement in function returning non-void [-Wreturn-type]
     ErrMReals.h:70:1: warning: no return statement in function returning non-void [-Wreturn-type]
     ErrMReals.h:70:1: warning: no return statement in function returning non-void [-Wreturn-type]
     ErrMReals.h:70:1: warning: no return statement in function returning non-void [-Wreturn-type]
     ErrMReals.h:70:1: warning: no return statement in function returning non-void [-Wreturn-type]
    See 'd:/Rcompile/CRANpkg/local/3.1/subselect.Rcheck/00install.out' for details.
Flavor: r-release-windows-ix86+x86_64