CRAN Package Check Results for Package subselect

Last updated on 2017-06-26 08:48:14.

Flavor Version Tinstall Tcheck Ttotal Status Flags
r-devel-linux-x86_64-debian-clang 0.12-6 16.89 25.48 42.37 NOTE
r-devel-linux-x86_64-debian-gcc 0.12-6 16.22 25.78 42.00 NOTE
r-devel-linux-x86_64-fedora-clang 0.12-6 81.75 NOTE
r-devel-linux-x86_64-fedora-gcc 0.12-6 73.72 NOTE
r-devel-windows-ix86+x86_64 0.12-6 80.00 85.00 165.00 OK
r-patched-linux-x86_64 0.12-6 14.67 26.29 40.96 NOTE
r-patched-solaris-sparc 0.12-6 473.30 NOTE
r-patched-solaris-x86 0.12-6 102.40 NOTE
r-release-linux-x86_64 0.12-6 16.35 24.96 41.31 NOTE
r-release-windows-ix86+x86_64 0.12-6 101.00 94.00 195.00 OK
r-release-osx-x86_64 0.12-6 NOTE
r-oldrel-windows-ix86+x86_64 0.12-6 63.00 74.00 137.00 OK
r-oldrel-osx-x86_64 0.12-6 NOTE

Check Details

Version: 0.12-6
Check: compiled code
Result: NOTE
    File ‘subselect/libs/subselect.so’:
     Found no calls to: ‘R_registerRoutines’, ‘R_useDynamicSymbols’
    
    It is good practice to register native routines and to disable symbol
    search.
    
    See ‘Writing portable packages’ in the ‘Writing R Extensions’ manual.
Flavors: r-devel-linux-x86_64-debian-clang, r-devel-linux-x86_64-debian-gcc, r-devel-linux-x86_64-fedora-clang, r-devel-linux-x86_64-fedora-gcc, r-patched-linux-x86_64, r-release-linux-x86_64

Version: 0.12-6
Check: dependencies in R code
Result: NOTE
    Namespaces in Imports field not imported from:
     ‘ISwR’ ‘MASS’ ‘corpcor’
     All declared Imports should be used.
Flavors: r-devel-linux-x86_64-fedora-clang, r-devel-linux-x86_64-fedora-gcc, r-patched-solaris-sparc, r-patched-solaris-x86, r-release-osx-x86_64, r-oldrel-osx-x86_64