CRAN Package Check Results for Package subselect

Last updated on 2017-12-14 17:48:58 CET.

Flavor Version Tinstall Tcheck Ttotal Status Flags
r-devel-linux-x86_64-debian-clang 0.13 22.19 19.53 41.72 FAIL
r-devel-linux-x86_64-debian-gcc 0.13 17.23 17.49 34.72 FAIL
r-devel-linux-x86_64-fedora-clang 0.13 83.66 OK
r-devel-linux-x86_64-fedora-gcc 0.13 80.50 OK
r-devel-windows-ix86+x86_64 0.13 95.00 68.00 163.00 OK
r-patched-linux-x86_64 0.13 20.96 40.32 61.28 OK
r-patched-solaris-x86 0.13 101.80 OK
r-release-linux-x86_64 0.13 21.49 38.13 59.62 OK
r-release-windows-ix86+x86_64 0.13 74.00 94.00 168.00 OK
r-release-osx-x86_64 0.13 OK
r-oldrel-windows-ix86+x86_64 0.13 90.00 84.00 174.00 OK
r-oldrel-osx-x86_64 0.13 OK

Check Details

Version: 0.13
Check: pragmas in C/C++ headers and code
Result: FAIL
    
Flavors: r-devel-linux-x86_64-debian-clang, r-devel-linux-x86_64-debian-gcc