CRAN Package Check Results for Package subselect

Last updated on 2016-12-11 06:57:49.

Flavor Version Tinstall Tcheck Ttotal Status Flags
r-devel-linux-x86_64-debian-clang 0.12-6 16.09 26.34 42.43 OK
r-devel-linux-x86_64-debian-gcc 0.12-6 16.25 25.06 41.31 OK
r-devel-linux-x86_64-fedora-clang 0.12-6 80.02 NOTE --no-stop-on-test-error
r-devel-linux-x86_64-fedora-gcc 0.12-6 73.79 NOTE --no-stop-on-test-error
r-devel-macos-x86_64-clang 0.12-6 58.60 NOTE --no-stop-on-test-error
r-devel-windows-ix86+x86_64 0.12-6 54.00 82.00 136.00 OK
r-patched-linux-x86_64 0.12-6 14.69 22.30 36.99 OK
r-patched-solaris-sparc 0.12-6 423.30 NOTE
r-patched-solaris-x86 0.12-6 83.60 NOTE
r-release-linux-x86_64 0.12-6 14.49 22.30 36.79 OK
r-release-osx-x86_64-mavericks 0.12-6 NOTE
r-release-windows-ix86+x86_64 0.12-6 72.00 55.00 127.00 OK
r-oldrel-windows-ix86+x86_64 0.12-6 79.00 55.00 134.00 NOTE

Check Details

Version: 0.12-6
Flags: --no-stop-on-test-error
Check: dependencies in R code
Result: NOTE
    Namespaces in Imports field not imported from:
     ‘ISwR’ ‘MASS’ ‘corpcor’
     All declared Imports should be used.
Flavors: r-devel-linux-x86_64-fedora-clang, r-devel-linux-x86_64-fedora-gcc, r-devel-macos-x86_64-clang

Version: 0.12-6
Check: dependencies in R code
Result: NOTE
    Namespaces in Imports field not imported from:
     ‘ISwR’ ‘MASS’ ‘corpcor’
     All declared Imports should be used.
Flavors: r-patched-solaris-sparc, r-patched-solaris-x86, r-release-osx-x86_64-mavericks, r-oldrel-windows-ix86+x86_64