CRAN Package Check Results for Package subselect

Last updated on 2014-09-30 11:48:36.

Flavor Version Tinstall Tcheck Ttotal Status Flags
r-devel-linux-x86_64-debian-clang 0.12-3 12.12 23.38 35.51 WARN
r-devel-linux-x86_64-debian-gcc 0.12-3 15.31 22.80 38.10 WARN
r-devel-linux-x86_64-fedora-clang 0.12-3 77.13 WARN
r-devel-linux-x86_64-fedora-gcc 0.12-3 73.45 WARN
r-devel-osx-x86_64-clang 0.12-3 63.77 WARN
r-devel-windows-ix86+x86_64 0.12-3 52.00 48.00 100.00 WARN
r-patched-linux-x86_64 0.12-3 15.30 23.28 38.58 WARN
r-patched-solaris-sparc 0.12-3 387.20 NOTE
r-patched-solaris-x86 0.12-3 102.10 NOTE
r-release-linux-ix86 0.12-3 20.66 30.82 51.48 WARN
r-release-linux-x86_64 0.12-3 15.74 22.97 38.71 WARN
r-release-osx-x86_64-mavericks 0.12-3 NOTE
r-release-windows-ix86+x86_64 0.12-3 54.00 50.00 104.00 WARN
r-oldrel-windows-ix86+x86_64 0.12-3 55.00 52.00 107.00 NOTE

Check Details

Version: 0.12-3
Check: whether package can be installed
Result: WARN
    Found the following significant warnings:
     SR_datatrnsf.cpp:149:1: warning: control may reach end of non-void function [-Wreturn-type]
    Found the following additional warnings:
     SR_datatrnsf.cpp:149:1: warning: control may reach end of non-void function [-Wreturn-type]
Flavors: r-devel-linux-x86_64-debian-clang, r-devel-linux-x86_64-fedora-clang, r-devel-osx-x86_64-clang

Version: 0.12-3
Check: compilation flags in Makevars
Result: NOTE
    Package has both ‘src/Makevars.in’ and ‘src/Makevars’.
    Installation with --no-configure' is unlikely to work. If you intended
    ‘src/Makevars’ to be used on Windows, rename it to ‘src/Makevars.win’
    otherwise remove it. If ‘configure’ created ‘src/Makevars’, you need a
    ‘cleanup’ script.
Flavors: r-devel-linux-x86_64-debian-clang, r-devel-linux-x86_64-debian-gcc, r-devel-linux-x86_64-fedora-clang, r-devel-linux-x86_64-fedora-gcc, r-devel-osx-x86_64-clang, r-devel-windows-ix86+x86_64, r-patched-linux-x86_64, r-patched-solaris-sparc, r-patched-solaris-x86, r-release-linux-ix86, r-release-linux-x86_64, r-release-osx-x86_64-mavericks, r-release-windows-ix86+x86_64, r-oldrel-windows-ix86+x86_64

Version: 0.12-3
Check: whether package can be installed
Result: WARN
    Found the following significant warnings:
     ErrMReals.h:70:1: warning: no return statement in function returning non-void [-Wreturn-type]
     SR_datatrnsf.cpp:149:1: warning: control reaches end of non-void function [-Wreturn-type]
Flavors: r-devel-linux-x86_64-debian-gcc, r-devel-linux-x86_64-fedora-gcc, r-devel-windows-ix86+x86_64, r-patched-linux-x86_64, r-release-linux-ix86, r-release-linux-x86_64, r-release-windows-ix86+x86_64