CRAN Package Check Results for Package subselect

Last updated on 2017-03-23 03:48:20.

Flavor Version Tinstall Tcheck Ttotal Status Flags
r-devel-linux-x86_64-debian-clang 0.12-6 17.17 25.36 42.53 NOTE
r-devel-linux-x86_64-debian-gcc 0.12-6 15.99 25.04 41.03 NOTE
r-devel-linux-x86_64-fedora-clang 0.12-6 80.37 NOTE --no-stop-on-test-error
r-devel-linux-x86_64-fedora-gcc 0.12-6 72.88 NOTE --no-stop-on-test-error
r-devel-macos-x86_64-clang 0.12-6 58.28 NOTE --no-stop-on-test-error
r-devel-windows-ix86+x86_64 0.12-6 67.00 65.00 132.00 OK
r-patched-linux-x86_64 0.12-6 14.77 21.69 36.47 OK
r-patched-solaris-sparc 0.12-6 473.30 NOTE
r-patched-solaris-x86 0.12-6 116.20 NOTE
r-release-linux-x86_64 0.12-6 14.51 21.95 36.46 OK
r-release-osx-x86_64-mavericks 0.12-6 NOTE
r-release-windows-ix86+x86_64 0.12-6 117.00 63.00 180.00 OK
r-oldrel-windows-ix86+x86_64 0.12-6 80.00 80.00 160.00 NOTE

Check Details

Version: 0.12-6
Check: compiled code
Result: NOTE
    File ‘subselect/libs/subselect.so’:
     Found no calls to: ‘R_registerRoutines’, ‘R_useDynamicSymbols’
    
    It is good practice to register native routines and to disable symbol
    search.
    
    See ‘Writing portable packages’ in the ‘Writing R Extensions’ manual.
Flavors: r-devel-linux-x86_64-debian-clang, r-devel-linux-x86_64-debian-gcc

Version: 0.12-6
Flags: --no-stop-on-test-error
Check: dependencies in R code
Result: NOTE
    Namespaces in Imports field not imported from:
     ‘ISwR’ ‘MASS’ ‘corpcor’
     All declared Imports should be used.
Flavors: r-devel-linux-x86_64-fedora-clang, r-devel-linux-x86_64-fedora-gcc, r-devel-macos-x86_64-clang

Version: 0.12-6
Flags: --no-stop-on-test-error
Check: compiled code
Result: NOTE
    File ‘subselect/libs/subselect.so’:
     Found no calls to: ‘R_registerRoutines’, ‘R_useDynamicSymbols’
    
    It is good practice to register native routines and to disable symbol
    search.
    
    See ‘Writing portable packages’ in the ‘Writing R Extensions’ manual.
Flavors: r-devel-linux-x86_64-fedora-clang, r-devel-linux-x86_64-fedora-gcc, r-devel-macos-x86_64-clang

Version: 0.12-6
Check: dependencies in R code
Result: NOTE
    Namespaces in Imports field not imported from:
     ‘ISwR’ ‘MASS’ ‘corpcor’
     All declared Imports should be used.
Flavors: r-patched-solaris-sparc, r-patched-solaris-x86, r-release-osx-x86_64-mavericks, r-oldrel-windows-ix86+x86_64