Last updated on 2021-04-14 09:49:11 CEST.
Flavor | Version | Tinstall | Tcheck | Ttotal | Status | Flags |
---|---|---|---|---|---|---|
r-devel-linux-x86_64-debian-clang | 0.1.0 | 1.83 | 27.78 | 29.61 | NOTE | |
r-devel-linux-x86_64-debian-gcc | 0.1.0 | 1.58 | 22.19 | 23.77 | NOTE | |
r-devel-linux-x86_64-fedora-clang | 0.1.0 | 49.57 | NOTE | |||
r-devel-linux-x86_64-fedora-gcc | 0.1.0 | 39.59 | NOTE | |||
r-devel-windows-ix86+x86_64 | 0.1.0 | 5.00 | 43.00 | 48.00 | NOTE | |
r-devel-windows-x86_64-gcc10-UCRT | 0.1.0 | NOTE | ||||
r-patched-linux-x86_64 | 0.1.0 | 2.08 | 26.93 | 29.01 | OK | |
r-patched-solaris-x86 | 0.1.0 | 55.40 | NOTE | |||
r-release-linux-x86_64 | 0.1.0 | 2.16 | 27.06 | 29.22 | OK | |
r-release-macos-x86_64 | 0.1.0 | NOTE | ||||
r-release-windows-ix86+x86_64 | 0.1.0 | 13.00 | 44.00 | 57.00 | OK | |
r-oldrel-macos-x86_64 | 0.1.0 | NOTE | ||||
r-oldrel-windows-ix86+x86_64 | 0.1.0 | 3.00 | 32.00 | 35.00 | OK |
Version: 0.1.0
Check: LazyData
Result: NOTE
'LazyData' is specified without a 'data' directory
Flavors: r-devel-linux-x86_64-debian-clang, r-devel-linux-x86_64-debian-gcc, r-devel-linux-x86_64-fedora-clang, r-devel-linux-x86_64-fedora-gcc, r-devel-windows-ix86+x86_64, r-devel-windows-x86_64-gcc10-UCRT
Version: 0.1.0
Check: dependencies in R code
Result: NOTE
Namespace in Imports field not imported from: ‘tidyselect’
All declared Imports should be used.
Flavors: r-devel-linux-x86_64-fedora-clang, r-devel-linux-x86_64-fedora-gcc, r-devel-windows-x86_64-gcc10-UCRT, r-patched-solaris-x86, r-release-macos-x86_64, r-oldrel-macos-x86_64