CRAN Package Check Results for Package sugarbag

Last updated on 2022-05-21 07:55:37 CEST.

Flavor Version Tinstall Tcheck Ttotal Status Flags
r-devel-linux-x86_64-debian-clang 0.1.3 8.44 166.13 174.57 OK
r-devel-linux-x86_64-debian-gcc 0.1.3 5.56 121.74 127.30 OK
r-devel-linux-x86_64-fedora-clang 0.1.3 199.98 NOTE
r-devel-linux-x86_64-fedora-gcc 0.1.3 208.14 NOTE
r-devel-windows-x86_64 0.1.3 31.00 189.00 220.00 OK
r-patched-linux-x86_64 0.1.3 7.93 156.30 164.23 OK
r-release-linux-x86_64 0.1.3 6.19 153.77 159.96 OK
r-release-macos-arm64 0.1.3 51.00 NOTE
r-release-macos-x86_64 0.1.3 92.00 NOTE
r-release-windows-x86_64 0.1.3 22.00 190.00 212.00 OK
r-oldrel-macos-arm64 0.1.3 70.00 NOTE
r-oldrel-macos-x86_64 0.1.3 89.00 NOTE
r-oldrel-windows-ix86+x86_64 0.1.3 20.00 188.00 208.00 OK

Check Details

Version: 0.1.3
Check: dependencies in R code
Result: NOTE
    Namespaces in Imports field not imported from:
     ‘lwgeom’ ‘utf8’
     All declared Imports should be used.
Flavors: r-devel-linux-x86_64-fedora-clang, r-devel-linux-x86_64-fedora-gcc, r-release-macos-arm64, r-release-macos-x86_64, r-oldrel-macos-arm64, r-oldrel-macos-x86_64