CRAN Package Check Results for Package summarytools

Last updated on 2020-02-28 16:48:31 CET.

Flavor Version Tinstall Tcheck Ttotal Status Flags
r-devel-linux-x86_64-debian-clang 0.9.5 17.29 100.75 118.04 OK
r-devel-linux-x86_64-debian-gcc 0.9.5 13.49 77.44 90.93 OK
r-devel-linux-x86_64-fedora-clang 0.9.5 151.80 NOTE
r-devel-linux-x86_64-fedora-gcc 0.9.5 137.84 NOTE
r-devel-windows-ix86+x86_64 0.9.5 24.00 93.00 117.00 OK
r-devel-windows-ix86+x86_64-gcc8 0.9.5 27.00 97.00 124.00 OK
r-patched-linux-x86_64 0.9.5 14.88 90.66 105.54 OK
r-patched-solaris-x86 0.9.5 210.00 NOTE
r-release-linux-x86_64 0.9.5 16.97 91.21 108.18 OK
r-release-windows-ix86+x86_64 0.9.5 21.00 161.00 182.00 OK
r-release-osx-x86_64 0.9.5 WARN
r-oldrel-windows-ix86+x86_64 0.9.5 17.00 86.00 103.00 OK
r-oldrel-osx-x86_64 0.9.5 WARN

Check Details

Version: 0.9.5
Check: data for non-ASCII characters
Result: NOTE
     Note: found 78 marked UTF-8 strings
Flavors: r-devel-linux-x86_64-fedora-clang, r-devel-linux-x86_64-fedora-gcc, r-patched-solaris-x86, r-release-osx-x86_64, r-oldrel-osx-x86_64

Version: 0.9.5
Check: dependencies in R code
Result: NOTE
    No protocol specified
    No protocol specified
    No protocol specified
Flavors: r-release-osx-x86_64, r-oldrel-osx-x86_64

Version: 0.9.5
Check: S3 generic/method consistency
Result: WARN
    No protocol specified
    No protocol specified
    No protocol specified
    See section ‘Generic functions and methods’ in the ‘Writing R
    Extensions’ manual.
Flavors: r-release-osx-x86_64, r-oldrel-osx-x86_64

Version: 0.9.5
Check: replacement functions
Result: WARN
    No protocol specified
    No protocol specified
    No protocol specified
    The argument of a replacement function which corresponds to the right
    hand side must be named ‘value’.
Flavors: r-release-osx-x86_64, r-oldrel-osx-x86_64

Version: 0.9.5
Check: foreign function calls
Result: NOTE
    No protocol specified
    No protocol specified
    No protocol specified
    See chapter ‘System and foreign language interfaces’ in the ‘Writing R
    Extensions’ manual.
Flavors: r-release-osx-x86_64, r-oldrel-osx-x86_64

Version: 0.9.5
Check: R code for possible problems
Result: NOTE
    No protocol specified
    No protocol specified
Flavors: r-release-osx-x86_64, r-oldrel-osx-x86_64

Version: 0.9.5
Check: for missing documentation entries
Result: WARN
    No protocol specified
    No protocol specified
    No protocol specified
    All user-level objects in a package should have documentation entries.
    See chapter ‘Writing R documentation files’ in the ‘Writing R
    Extensions’ manual.
Flavors: r-release-osx-x86_64, r-oldrel-osx-x86_64

Version: 0.9.5
Check: for code/documentation mismatches
Result: WARN
    No protocol specified
    No protocol specified
    No protocol specified
    No protocol specified
    No protocol specified
    No protocol specified
    No protocol specified
    No protocol specified
    No protocol specified
Flavors: r-release-osx-x86_64, r-oldrel-osx-x86_64

Version: 0.9.5
Check: Rd \usage sections
Result: NOTE
    No protocol specified
    No protocol specified
    No protocol specified
    The \usage entries for S3 methods should use the \method markup and not
    their full name.
    See chapter ‘Writing R documentation files’ in the ‘Writing R
    Extensions’ manual.
Flavors: r-release-osx-x86_64, r-oldrel-osx-x86_64