CRAN Package Check Results for Package sundialr

Last updated on 2022-01-28 23:00:53 CET.

Flavor Version Tinstall Tcheck Ttotal Status Flags
r-devel-linux-x86_64-debian-clang 0.1.4.1 84.63 53.78 138.41 OK
r-devel-linux-x86_64-debian-gcc 0.1.4.1 59.72 39.05 98.77 OK
r-devel-linux-x86_64-fedora-clang 0.1.4.1 203.24 NOTE
r-devel-linux-x86_64-fedora-gcc 0.1.4.1 165.85 OK
r-devel-windows-x86_64-new-UL 0.1.4.1 197.00 108.00 305.00 OK
r-devel-windows-x86_64-new-TK 0.1.4.1 OK
r-patched-linux-x86_64 0.1.4.1 68.78 47.98 116.76 OK
r-release-linux-x86_64 0.1.4.1 70.88 47.47 118.35 OK
r-release-macos-arm64 0.1.4.1 NOTE
r-release-macos-x86_64 0.1.4.1 NOTE
r-release-windows-ix86+x86_64 0.1.4.1 208.00 104.00 312.00 OK
r-oldrel-macos-x86_64 0.1.4.1 NOTE
r-oldrel-windows-ix86+x86_64 0.1.4.1 206.00 101.00 307.00 OK

Check Details

Version: 0.1.4.1
Check: installed package size
Result: NOTE
     installed size is 6.3Mb
     sub-directories of 1Mb or more:
     libs 3.1Mb
Flavors: r-devel-linux-x86_64-fedora-clang, r-release-macos-arm64, r-release-macos-x86_64, r-oldrel-macos-x86_64