CRAN Package Check Results for Package supclust

Last updated on 2015-01-27 01:48:16.

Flavor Version Tinstall Tcheck Ttotal Status Flags
r-devel-linux-x86_64-debian-clang 1.0-7 1.37 33.52 34.89 NOTE
r-devel-linux-x86_64-debian-gcc 1.0-7 1.51 33.36 34.87 NOTE
r-devel-linux-x86_64-fedora-clang 1.0-7 75.32 NOTE
r-devel-linux-x86_64-fedora-gcc 1.0-7 73.24 NOTE
r-devel-osx-x86_64-clang 1.0-7 63.61 NOTE
r-devel-windows-ix86+x86_64 1.0-7 8.00 81.00 89.00 NOTE
r-patched-linux-x86_64 1.0-7 1.66 34.75 36.40 NOTE
r-patched-solaris-sparc 1.0-7 538.20 NOTE
r-patched-solaris-x86 1.0-7 81.10 NOTE
r-release-linux-ix86 1.0-7 2.12 48.48 50.60 NOTE
r-release-linux-x86_64 1.0-7 1.63 35.64 37.26 NOTE
r-release-osx-x86_64-mavericks 1.0-7 NOTE
r-release-osx-x86_64-snowleopard 1.0-7 WARN
r-release-windows-ix86+x86_64 1.0-7 9.00 94.00 103.00 NOTE
r-oldrel-windows-ix86+x86_64 1.0-7 11.00 91.00 102.00 NOTE

Check Details

Version: 1.0-7
Check: foreign function calls
Result: NOTE
    Call with DUP:
     .C(R_clusterer, E = as.double(E), X = as.double(X), W = as.double(W),
     P = as.double(P), y = as.double(y), prob = as.double(prob),
     theta = as.double(theta), lambda = as.double(lambda * n),
     n = as.integer(n), g = as.integer(g), m = as.integer(m),
     p = as.integer(p), critflag = as.integer(critflag), penflag = as.integer(penflag),
     blockflag = as.integer(blockflag), valiflag = as.integer(valiflag),
     traceflag = as.integer(trace), genliste = integer(lSize),
     kriterium = double(lSize), DUP = FALSE)
    DUP is no longer supported and will be ignored.
Flavors: r-devel-linux-x86_64-debian-clang, r-devel-linux-x86_64-debian-gcc, r-devel-linux-x86_64-fedora-clang, r-devel-linux-x86_64-fedora-gcc, r-devel-osx-x86_64-clang, r-devel-windows-ix86+x86_64

Version: 1.0-7
Check: R code for possible problems
Result: NOTE
    .p.1gen: warning in formatC(id, wid = 6): partial argument match of
     ‘wid’ to ‘width’
    .p.1gen: warning in formatC(s, wid = 4): partial argument match of
     ‘wid’ to ‘width’
    .p.1gen: warning in formatC(format(c(round(m, digits = digits),
     0.735))[1], wid = 7, dig = 3): partial argument match of ‘dig’ to
     ‘digits’
    .p.1gen: warning in formatC(format(c(round(m, digits = digits),
     0.735))[1], wid = 7, dig = 3): partial argument match of ‘wid’ to
     ‘width’
    predict.pelora: warning in matrix(c((1/(1 + exp(-(X[, 1:(noc[i] + 1)]
     %*% koeff))))), nc = 1): partial argument match of ‘nc’ to ‘ncol’
    ridge.coef: warning in diag(apply(X, 2, var) * lambda * nrow(X), nr =
     ncol(X)): partial argument match of ‘nr’ to ‘nrow’
Flavors: r-devel-linux-x86_64-debian-clang, r-devel-linux-x86_64-debian-gcc, r-devel-linux-x86_64-fedora-clang, r-devel-linux-x86_64-fedora-gcc, r-devel-osx-x86_64-clang, r-devel-windows-ix86+x86_64, r-patched-linux-x86_64, r-patched-solaris-sparc, r-patched-solaris-x86, r-release-linux-ix86, r-release-linux-x86_64, r-release-osx-x86_64-mavericks, r-release-osx-x86_64-snowleopard, r-release-windows-ix86+x86_64, r-oldrel-windows-ix86+x86_64

Version: 1.0-7
Check: foreign function calls
Result: NOTE
    Call with DUP != TRUE:
     .C(R_clusterer, E = as.double(E), X = as.double(X), W = as.double(W),
     P = as.double(P), y = as.double(y), prob = as.double(prob),
     theta = as.double(theta), lambda = as.double(lambda * n),
     n = as.integer(n), g = as.integer(g), m = as.integer(m),
     p = as.integer(p), critflag = as.integer(critflag), penflag = as.integer(penflag),
     blockflag = as.integer(blockflag), valiflag = as.integer(valiflag),
     traceflag = as.integer(trace), genliste = integer(lSize),
     kriterium = double(lSize), DUP = FALSE)
    DUP = FALSE is deprecated and will be disabled in future versions of R.
Flavors: r-patched-linux-x86_64, r-patched-solaris-sparc, r-patched-solaris-x86, r-release-linux-ix86, r-release-linux-x86_64, r-release-osx-x86_64-mavericks, r-release-windows-ix86+x86_64

Version: 1.0-7
Check: examples
Result: WARN
    checking a package with encoding 'UTF-8' in an ASCII locale
    
     OK
Flavor: r-release-osx-x86_64-snowleopard