CRAN Package Check Results for Package supcluster

Last updated on 2020-05-28 16:49:51 CEST.

Flavor Version Tinstall Tcheck Ttotal Status Flags
r-devel-linux-x86_64-debian-clang 1.0 3.13 34.14 37.27 NOTE
r-devel-linux-x86_64-debian-gcc 1.0 2.33 26.53 28.86 NOTE
r-devel-linux-x86_64-fedora-clang 1.0 45.18 NOTE
r-devel-linux-x86_64-fedora-gcc 1.0 43.59 NOTE
r-devel-windows-ix86+x86_64 1.0 10.00 58.00 68.00 NOTE
r-patched-linux-x86_64 1.0 2.59 33.71 36.30 NOTE
r-patched-solaris-x86 1.0 64.70 NOTE
r-release-linux-x86_64 1.0 2.84 33.69 36.53 NOTE
r-release-osx-x86_64 1.0 NOTE
r-release-windows-ix86+x86_64 1.0 6.00 62.00 68.00 NOTE
r-oldrel-osx-x86_64 1.0 NOTE
r-oldrel-windows-ix86+x86_64 1.0 5.00 59.00 64.00 NOTE

Check Details

Version: 1.0
Check: R code for possible problems
Result: NOTE
    supcluster : itgamma: no visible global function definition for
     'rgamma'
    supcluster : itgamma: no visible global function definition for
     'dgamma'
    supcluster : itgamma: no visible global function definition for 'runif'
    supcluster : itbeta: no visible global function definition for 'rnorm'
    supcluster : itbeta: no visible global function definition for 'runif'
    supcluster : itj: no visible global function definition for 'dmultinom'
    supcluster: no visible global function definition for 'kmeans'
    tab1: no visible global function definition for 'image'
    tab1: no visible global function definition for 'gray'
    tab1: no visible global function definition for 'var'
    Undefined global functions or variables:
     dgamma dmultinom gray image kmeans rgamma rnorm runif var
    Consider adding
     importFrom("grDevices", "gray")
     importFrom("graphics", "image")
     importFrom("stats", "dgamma", "dmultinom", "kmeans", "rgamma", "rnorm",
     "runif", "var")
    to your NAMESPACE file.
Flavors: r-devel-linux-x86_64-debian-clang, r-devel-linux-x86_64-debian-gcc, r-devel-linux-x86_64-fedora-clang, r-devel-linux-x86_64-fedora-gcc, r-devel-windows-ix86+x86_64, r-patched-linux-x86_64, r-patched-solaris-x86, r-release-linux-x86_64, r-release-osx-x86_64, r-release-windows-ix86+x86_64, r-oldrel-osx-x86_64, r-oldrel-windows-ix86+x86_64