CRAN Package Check Results for Package supcluster

Last updated on 2019-05-22 06:47:53 CEST.

Flavor Version Tinstall Tcheck Ttotal Status Flags
r-devel-linux-x86_64-debian-clang 1.0 2.74 32.84 35.58 NOTE
r-devel-linux-x86_64-debian-gcc 1.0 2.05 24.44 26.49 NOTE
r-devel-linux-x86_64-fedora-clang 1.0 40.89 NOTE
r-devel-linux-x86_64-fedora-gcc 1.0 39.06 NOTE
r-devel-windows-ix86+x86_64 1.0 15.00 43.00 58.00 NOTE
r-patched-linux-x86_64 1.0 2.07 31.54 33.61 NOTE
r-patched-solaris-x86 1.0 59.20 NOTE
r-release-linux-x86_64 1.0 2.53 31.62 34.15 NOTE
r-release-windows-ix86+x86_64 1.0 9.00 43.00 52.00 NOTE
r-release-osx-x86_64 1.0 NOTE
r-oldrel-windows-ix86+x86_64 1.0 4.00 42.00 46.00 NOTE
r-oldrel-osx-x86_64 1.0 NOTE

Check Details

Version: 1.0
Check: R code for possible problems
Result: NOTE
    supcluster : itgamma: no visible global function definition for
     'rgamma'
    supcluster : itgamma: no visible global function definition for
     'dgamma'
    supcluster : itgamma: no visible global function definition for 'runif'
    supcluster : itbeta: no visible global function definition for 'rnorm'
    supcluster : itbeta: no visible global function definition for 'runif'
    supcluster : itj: no visible global function definition for 'dmultinom'
    supcluster: no visible global function definition for 'kmeans'
    tab1: no visible global function definition for 'image'
    tab1: no visible global function definition for 'gray'
    tab1: no visible global function definition for 'var'
    Undefined global functions or variables:
     dgamma dmultinom gray image kmeans rgamma rnorm runif var
    Consider adding
     importFrom("grDevices", "gray")
     importFrom("graphics", "image")
     importFrom("stats", "dgamma", "dmultinom", "kmeans", "rgamma", "rnorm",
     "runif", "var")
    to your NAMESPACE file.
Flavors: r-devel-linux-x86_64-debian-clang, r-devel-linux-x86_64-debian-gcc, r-devel-linux-x86_64-fedora-clang, r-devel-linux-x86_64-fedora-gcc, r-devel-windows-ix86+x86_64, r-patched-linux-x86_64, r-patched-solaris-x86, r-release-linux-x86_64, r-release-windows-ix86+x86_64, r-release-osx-x86_64, r-oldrel-windows-ix86+x86_64, r-oldrel-osx-x86_64