CRAN Package Check Results for Package superMDS

Last updated on 2018-07-17 06:48:27 CEST.

Flavor Version Tinstall Tcheck Ttotal Status Flags
r-devel-linux-x86_64-debian-clang 1.0.2 1.01 21.44 22.45 NOTE
r-devel-linux-x86_64-debian-gcc 1.0.2 1.06 19.22 20.28 NOTE
r-devel-linux-x86_64-fedora-clang 1.0.2 29.26 NOTE
r-devel-linux-x86_64-fedora-gcc 1.0.2 27.48 NOTE
r-devel-windows-ix86+x86_64 1.0.2 3.00 34.00 37.00 NOTE
r-patched-linux-x86_64 1.0.2 1.42 23.32 24.74 NOTE
r-patched-solaris-x86 1.0.2 44.80 NOTE
r-release-linux-x86_64 1.0.2 1.35 23.28 24.63 NOTE
r-release-windows-ix86+x86_64 1.0.2 4.00 34.00 38.00 NOTE
r-release-osx-x86_64 1.0.2 NOTE
r-oldrel-windows-ix86+x86_64 1.0.2 2.00 31.00 33.00 NOTE
r-oldrel-osx-x86_64 1.0.2 NOTE

Check Details

Version: 1.0.2
Check: R code for possible problems
Result: NOTE
    TrainSuperMDS: no visible global function definition for ‘rnorm’
    TrainSuperMDSOnce: no visible global function definition for ‘cmdscale’
    TrainSuperMDSOnce: no visible global function definition for ‘quantile’
    distmat: no visible global function definition for ‘dist’
    Undefined global functions or variables:
     cmdscale dist quantile rnorm
    Consider adding
     importFrom("stats", "cmdscale", "dist", "quantile", "rnorm")
    to your NAMESPACE file.
Flavors: r-devel-linux-x86_64-debian-clang, r-devel-linux-x86_64-debian-gcc, r-devel-linux-x86_64-fedora-clang, r-devel-linux-x86_64-fedora-gcc, r-devel-windows-ix86+x86_64, r-patched-linux-x86_64, r-patched-solaris-x86, r-release-linux-x86_64, r-release-windows-ix86+x86_64, r-release-osx-x86_64, r-oldrel-windows-ix86+x86_64, r-oldrel-osx-x86_64