CRAN Package Check Results for Package superMDS

Last updated on 2017-10-23 09:50:08.

Flavor Version Tinstall Tcheck Ttotal Status Flags
r-devel-linux-x86_64-debian-clang 1.0.2 0.53 15.13 15.67 NOTE
r-devel-linux-x86_64-debian-gcc 1.0.2 0.46 16.77 17.23 NOTE
r-devel-linux-x86_64-fedora-clang 1.0.2 27.29 NOTE
r-devel-linux-x86_64-fedora-gcc 1.0.2 27.54 NOTE
r-devel-windows-ix86+x86_64 1.0.2 2.00 31.00 33.00 NOTE
r-patched-linux-x86_64 1.0.2 0.56 14.65 15.20 NOTE
r-patched-solaris-x86 1.0.2 34.70 NOTE
r-release-linux-x86_64 1.0.2 0.56 14.95 15.51 NOTE
r-release-windows-ix86+x86_64 1.0.2 2.00 31.00 33.00 NOTE
r-release-osx-x86_64 1.0.2 NOTE
r-oldrel-windows-ix86+x86_64 1.0.2 2.00 31.00 33.00 NOTE
r-oldrel-osx-x86_64 1.0.2 NOTE

Check Details

Version: 1.0.2
Check: R code for possible problems
Result: NOTE
    TrainSuperMDS: no visible global function definition for ‘rnorm’
    TrainSuperMDSOnce: no visible global function definition for ‘cmdscale’
    TrainSuperMDSOnce: no visible global function definition for ‘quantile’
    distmat: no visible global function definition for ‘dist’
    Undefined global functions or variables:
     cmdscale dist quantile rnorm
    Consider adding
     importFrom("stats", "cmdscale", "dist", "quantile", "rnorm")
    to your NAMESPACE file.
Flavors: r-devel-linux-x86_64-debian-clang, r-devel-linux-x86_64-debian-gcc, r-devel-linux-x86_64-fedora-clang, r-devel-linux-x86_64-fedora-gcc, r-devel-windows-ix86+x86_64, r-patched-linux-x86_64, r-patched-solaris-x86, r-release-linux-x86_64, r-release-windows-ix86+x86_64, r-release-osx-x86_64, r-oldrel-windows-ix86+x86_64, r-oldrel-osx-x86_64