CRAN Package Check Results for Package superbiclust

Last updated on 2014-10-25 09:52:18.

Flavor Version Tinstall Tcheck Ttotal Status Flags
r-devel-linux-x86_64-debian-clang 0.1 4.91 54.24 59.15 NOTE
r-devel-linux-x86_64-debian-gcc 0.1 4.72 53.16 57.88 NOTE
r-devel-linux-x86_64-fedora-clang 0.1 147.55 NOTE
r-devel-linux-x86_64-fedora-gcc 0.1 138.39 NOTE
r-devel-osx-x86_64-clang 0.1 114.09 NOTE
r-devel-windows-ix86+x86_64 0.1 14.00 79.00 93.00 NOTE
r-patched-linux-x86_64 0.1 5.04 55.22 60.26 NOTE
r-patched-solaris-sparc 0.1 763.20 NOTE
r-patched-solaris-x86 0.1 189.70 NOTE
r-release-linux-ix86 0.1 6.19 69.58 75.78 NOTE
r-release-linux-x86_64 0.1 5.13 56.29 61.42 NOTE
r-release-osx-x86_64-mavericks 0.1 NOTE
r-release-osx-x86_64-snowleopard 0.1 NOTE
r-release-windows-ix86+x86_64 0.1 14.00 87.00 101.00 NOTE
r-oldrel-windows-ix86+x86_64 0.1 14.00 80.00 94.00 NOTE

Check Details

Version: 0.1
Check: dependencies in R code
Result: NOTE
    'library' or 'require' call to ‘fabia’ which was already attached by Depends.
     Please remove these calls from your code.
    See the information on DESCRIPTION files in the chapter ‘Creating R
    packages’ of the ‘Writing R Extensions’ manual.
Flavors: r-devel-linux-x86_64-debian-clang, r-devel-linux-x86_64-debian-gcc, r-devel-linux-x86_64-fedora-clang, r-devel-linux-x86_64-fedora-gcc, r-devel-osx-x86_64-clang, r-devel-windows-ix86+x86_64, r-patched-linux-x86_64, r-patched-solaris-sparc, r-patched-solaris-x86, r-release-linux-ix86, r-release-linux-x86_64, r-release-osx-x86_64-mavericks, r-release-osx-x86_64-snowleopard, r-release-windows-ix86+x86_64, r-oldrel-windows-ix86+x86_64