CRAN Package Check Results for Package superbiclust

Last updated on 2016-12-09 11:49:24.

Flavor Version Tinstall Tcheck Ttotal Status Flags
r-devel-linux-x86_64-debian-clang 1.1 4.03 45.74 49.77 NOTE
r-devel-linux-x86_64-debian-gcc 1.1 3.84 45.13 48.98 NOTE
r-devel-linux-x86_64-fedora-clang 1.1 113.37 NOTE --no-stop-on-test-error
r-devel-linux-x86_64-fedora-gcc 1.1 112.93 NOTE --no-stop-on-test-error
r-devel-macos-x86_64-clang 1.1 81.99 NOTE
r-devel-windows-ix86+x86_64 1.1 11.00 110.00 121.00 NOTE
r-patched-linux-x86_64 1.1 3.45 41.96 45.41 NOTE
r-patched-solaris-sparc 1.1 570.20 NOTE
r-patched-solaris-x86 1.1 130.50 NOTE
r-release-linux-x86_64 1.1 3.63 41.89 45.52 NOTE
r-release-osx-x86_64-mavericks 1.1 NOTE
r-release-windows-ix86+x86_64 1.1 11.00 78.00 89.00 NOTE
r-oldrel-windows-ix86+x86_64 1.1 15.00 78.00 93.00 OK

Check Details

Version: 1.1
Check: R code for possible problems
Result: NOTE
    HCLtree: no visible global function definition for ‘hclust’
    HCLtree: no visible global function definition for ‘as.dist’
    plotProfilesAcrossAllSamples: no visible global function definition for
     ‘matplot’
    plotProfilesAcrossAllSamples: no visible global function definition for
     ‘matlines’
    plotProfilesAcrossAllSamples: no visible global function definition for
     ‘axis’
    plotProfilesAcrossAllSamples: no visible global function definition for
     ‘box’
    plotProfilesWithinBicluster: no visible global function definition for
     ‘matplot’
    plotProfilesWithinBicluster: no visible global function definition for
     ‘title’
    plotProfilesWithinBicluster: no visible global function definition for
     ‘axis’
    plotProfilesWithinBicluster: no visible global function definition for
     ‘par’
    plotProfilesWithinBicluster: no visible global function definition for
     ‘box’
    plotProfilesWithinBicluster: no visible global function definition for
     ‘matlines’
    plotProfilesWithinBicluster: no visible global function definition for
     ‘legend’
    Undefined global functions or variables:
     as.dist axis box hclust legend matlines matplot par title
    Consider adding
     importFrom("graphics", "axis", "box", "legend", "matlines", "matplot",
     "par", "title")
     importFrom("stats", "as.dist", "hclust")
    to your NAMESPACE file.
Flavors: r-devel-linux-x86_64-debian-clang, r-devel-linux-x86_64-debian-gcc, r-devel-macos-x86_64-clang, r-devel-windows-ix86+x86_64, r-patched-linux-x86_64, r-patched-solaris-sparc, r-patched-solaris-x86, r-release-linux-x86_64, r-release-osx-x86_64-mavericks, r-release-windows-ix86+x86_64

Version: 1.1
Flags: --no-stop-on-test-error
Check: R code for possible problems
Result: NOTE
    HCLtree: no visible global function definition for ‘hclust’
    HCLtree: no visible global function definition for ‘as.dist’
    plotProfilesAcrossAllSamples: no visible global function definition for
     ‘matplot’
    plotProfilesAcrossAllSamples: no visible global function definition for
     ‘matlines’
    plotProfilesAcrossAllSamples: no visible global function definition for
     ‘axis’
    plotProfilesAcrossAllSamples: no visible global function definition for
     ‘box’
    plotProfilesWithinBicluster: no visible global function definition for
     ‘matplot’
    plotProfilesWithinBicluster: no visible global function definition for
     ‘title’
    plotProfilesWithinBicluster: no visible global function definition for
     ‘axis’
    plotProfilesWithinBicluster: no visible global function definition for
     ‘par’
    plotProfilesWithinBicluster: no visible global function definition for
     ‘box’
    plotProfilesWithinBicluster: no visible global function definition for
     ‘matlines’
    plotProfilesWithinBicluster: no visible global function definition for
     ‘legend’
    Undefined global functions or variables:
     as.dist axis box hclust legend matlines matplot par title
    Consider adding
     importFrom("graphics", "axis", "box", "legend", "matlines", "matplot",
     "par", "title")
     importFrom("stats", "as.dist", "hclust")
    to your NAMESPACE file.
Flavors: r-devel-linux-x86_64-fedora-clang, r-devel-linux-x86_64-fedora-gcc