CRAN Package Check Results for Package superbiclust

Last updated on 2014-09-01 21:49:03.

Flavor Version Tinstall Tcheck Ttotal Status Flags
r-devel-linux-x86_64-debian-clang 0.1 4.99 54.11 59.10 NOTE
r-devel-linux-x86_64-debian-gcc 0.1 4.86 52.67 57.53 NOTE
r-devel-linux-x86_64-fedora-clang 0.1 147.01 NOTE
r-devel-linux-x86_64-fedora-gcc 0.1 140.61 NOTE
r-devel-osx-x86_64-clang 0.1 107.71 NOTE
r-devel-windows-ix86+x86_64 0.1 14.00 80.00 94.00 NOTE
r-patched-linux-x86_64 0.1 5.08 56.10 61.19 NOTE
r-patched-solaris-sparc 0.1 763.20 NOTE
r-patched-solaris-x86 0.1 190.60 NOTE
r-release-linux-ix86 0.1 6.04 66.76 72.80 NOTE
r-release-linux-x86_64 0.1 5.67 55.67 61.34 NOTE
r-release-osx-x86_64-mavericks 0.1 NOTE
r-release-osx-x86_64-snowleopard 0.1 NOTE
r-release-windows-ix86+x86_64 0.1 14.00 123.00 137.00 NOTE
r-oldrel-windows-ix86+x86_64 0.1 14.00 73.00 87.00 NOTE

Check Details

Version: 0.1
Check: dependencies in R code
Result: NOTE
    'library' or 'require' call to ‘fabia’ which was already attached by Depends.
     Please remove these calls from your code.
    See the information on DESCRIPTION files in the chapter ‘Creating R
    packages’ of the ‘Writing R Extensions’ manual.
Flavors: r-devel-linux-x86_64-debian-clang, r-devel-linux-x86_64-debian-gcc, r-devel-linux-x86_64-fedora-clang, r-devel-linux-x86_64-fedora-gcc, r-devel-osx-x86_64-clang, r-devel-windows-ix86+x86_64, r-patched-linux-x86_64, r-patched-solaris-sparc, r-patched-solaris-x86, r-release-linux-ix86, r-release-linux-x86_64, r-release-osx-x86_64-mavericks, r-release-osx-x86_64-snowleopard, r-release-windows-ix86+x86_64, r-oldrel-windows-ix86+x86_64