CRAN Package Check Results for Package superbiclust

Last updated on 2015-06-30 12:47:37.

Flavor Version Tinstall Tcheck Ttotal Status Flags
r-devel-linux-x86_64-debian-clang 1.1 4.10 49.37 53.48 NOTE
r-devel-linux-x86_64-debian-gcc 1.1 4.02 46.75 50.77 NOTE
r-devel-linux-x86_64-fedora-clang 1.1 109.81 OK
r-devel-linux-x86_64-fedora-gcc 1.1 100.53 OK
r-devel-osx-x86_64-clang 1.1 78.39 OK
r-devel-windows-ix86+x86_64 1.1 17.00 74.00 91.00 NOTE
r-patched-linux-x86_64 1.1 4.30 46.13 50.44 OK
r-patched-solaris-sparc 1.1 655.00 OK
r-patched-solaris-x86 1.1 147.10 OK
r-release-linux-x86_64 1.1 4.37 48.58 52.95 OK
r-release-osx-x86_64-mavericks 1.1 OK
r-release-windows-ix86+x86_64 1.1 16.00 113.00 129.00 OK
r-oldrel-windows-ix86+x86_64 1.1 16.00 134.00 150.00 OK

Check Details

Version: 1.1
Check: R code for possible problems
Result: NOTE
    HCLtree: no visible global function definition for ‘hclust’
    HCLtree: no visible global function definition for ‘as.dist’
    plotProfilesAcrossAllSamples: no visible global function definition for
     ‘matplot’
    plotProfilesAcrossAllSamples: no visible global function definition for
     ‘matlines’
    plotProfilesAcrossAllSamples: no visible global function definition for
     ‘axis’
    plotProfilesAcrossAllSamples: no visible global function definition for
     ‘box’
    plotProfilesWithinBicluster: no visible global function definition for
     ‘matplot’
    plotProfilesWithinBicluster: no visible global function definition for
     ‘title’
    plotProfilesWithinBicluster: no visible global function definition for
     ‘axis’
    plotProfilesWithinBicluster: no visible global function definition for
     ‘par’
    plotProfilesWithinBicluster: no visible global function definition for
     ‘box’
    plotProfilesWithinBicluster: no visible global function definition for
     ‘matlines’
    plotProfilesWithinBicluster: no visible global function definition for
     ‘legend’
Flavors: r-devel-linux-x86_64-debian-clang, r-devel-linux-x86_64-debian-gcc, r-devel-windows-ix86+x86_64