CRAN Package Check Results for Package superbiclust

Last updated on 2014-04-24 21:47:51.

Flavor Version Tinstall Tcheck Ttotal Status Flags
r-devel-linux-x86_64-debian-clang 0.1 5.35 58.23 63.58 NOTE
r-devel-linux-x86_64-debian-gcc 0.1 5.31 58.28 63.58 NOTE
r-devel-linux-x86_64-fedora-clang 0.1 148.25 NOTE
r-devel-linux-x86_64-fedora-gcc 0.1 144.69 NOTE
r-devel-osx-x86_64-clang 0.1 115.71 NOTE
r-devel-osx-x86_64-gcc 0.1 ERROR
r-devel-windows-ix86+x86_64 0.1 12.00 79.00 91.00 NOTE
r-patched-linux-x86_64 0.1 5.62 57.36 62.98 NOTE
r-patched-solaris-sparc 0.1 768.20 NOTE
r-patched-solaris-x86 0.1 193.40 NOTE
r-release-linux-ix86 0.1 8.00 89.00 97.00 NOTE
r-release-linux-x86_64 0.1 5.35 57.56 62.91 NOTE
r-release-osx-x86_64-mavericks 0.1 ERROR
r-release-osx-x86_64-snowleopard 0.1 NOTE
r-release-windows-ix86+x86_64 0.1 13.00 75.00 88.00 NOTE
r-oldrel-windows-ix86+x86_64 0.1 15.00 77.00 92.00 NOTE

Check Details

Version: 0.1
Check: dependencies in R code
Result: NOTE
    'library' or 'require' call to ‘fabia’ which was already attached by Depends.
     Please remove these calls from your code.
    See the information on DESCRIPTION files in the chapter ‘Creating R
    packages’ of the ‘Writing R Extensions’ manual.
Flavors: r-devel-linux-x86_64-debian-clang, r-devel-linux-x86_64-debian-gcc, r-devel-linux-x86_64-fedora-clang, r-devel-linux-x86_64-fedora-gcc, r-devel-osx-x86_64-clang, r-devel-windows-ix86+x86_64, r-patched-linux-x86_64, r-patched-solaris-sparc, r-patched-solaris-x86, r-release-linux-ix86, r-release-linux-x86_64, r-release-osx-x86_64-snowleopard, r-release-windows-ix86+x86_64, r-oldrel-windows-ix86+x86_64

Version: 0.1
Check: package dependencies
Result: ERROR
    Package required but not available: ‘fabia’
    
    See the information on DESCRIPTION files in the chapter ‘Creating R
    packages’ of the ‘Writing R Extensions’ manual.
Flavors: r-devel-osx-x86_64-gcc, r-release-osx-x86_64-mavericks