CRAN Package Check Results for Package superbiclust

Last updated on 2014-07-26 01:49:53.

Flavor Version Tinstall Tcheck Ttotal Status Flags
r-devel-linux-x86_64-debian-clang 0.1 5.19 55.64 60.83 NOTE
r-devel-linux-x86_64-debian-gcc 0.1 5.03 55.16 60.18 NOTE
r-devel-linux-x86_64-fedora-clang 0.1 148.04 NOTE
r-devel-linux-x86_64-fedora-gcc 0.1 138.88 NOTE
r-devel-osx-x86_64-clang 0.1 110.84 NOTE
r-devel-windows-ix86+x86_64 0.1 15.00 77.00 92.00 NOTE
r-patched-linux-x86_64 0.1 4.99 54.99 59.98 NOTE
r-patched-solaris-sparc 0.1 768.20 NOTE
r-patched-solaris-x86 0.1 188.10 NOTE
r-release-linux-ix86 0.1 6.18 67.13 73.31 NOTE
r-release-linux-x86_64 0.1 5.24 57.48 62.72 NOTE
r-release-osx-x86_64-mavericks 0.1 NOTE
r-release-osx-x86_64-snowleopard 0.1 NOTE
r-release-windows-ix86+x86_64 0.1 15.00 82.00 97.00 NOTE
r-oldrel-windows-ix86+x86_64 0.1 13.00 78.00 91.00 NOTE

Check Details

Version: 0.1
Check: dependencies in R code
Result: NOTE
    'library' or 'require' call to ‘fabia’ which was already attached by Depends.
     Please remove these calls from your code.
    See the information on DESCRIPTION files in the chapter ‘Creating R
    packages’ of the ‘Writing R Extensions’ manual.
Flavors: r-devel-linux-x86_64-debian-clang, r-devel-linux-x86_64-debian-gcc, r-devel-linux-x86_64-fedora-clang, r-devel-linux-x86_64-fedora-gcc, r-devel-osx-x86_64-clang, r-devel-windows-ix86+x86_64, r-patched-linux-x86_64, r-patched-solaris-sparc, r-patched-solaris-x86, r-release-linux-ix86, r-release-linux-x86_64, r-release-osx-x86_64-mavericks, r-release-osx-x86_64-snowleopard, r-release-windows-ix86+x86_64, r-oldrel-windows-ix86+x86_64