CRAN Package Check Results for Package superbiclust

Last updated on 2015-04-27 11:48:54.

Flavor Version Tinstall Tcheck Ttotal Status Flags
r-devel-linux-x86_64-debian-clang 1.1 4.16 49.91 54.07 OK
r-devel-linux-x86_64-debian-gcc 1.1 4.10 47.01 51.11 OK
r-devel-linux-x86_64-fedora-clang 1.1 111.21 OK
r-devel-linux-x86_64-fedora-gcc 1.1 105.74 OK
r-devel-osx-x86_64-clang 1.1 89.89 OK
r-devel-windows-ix86+x86_64 1.1 14.00 116.00 130.00 OK
r-patched-linux-x86_64 1.1 4.29 47.07 51.36 OK
r-patched-solaris-sparc 1.1 567.60 OK
r-patched-solaris-x86 1.1 147.40 OK
r-release-linux-x86_64 1.1 5.70 46.93 52.62 OK
r-release-osx-x86_64-mavericks 1.1 OK
r-release-osx-x86_64-snowleopard 1.1 ERROR
r-release-windows-ix86+x86_64 1.1 16.00 99.00 115.00 OK
r-oldrel-windows-ix86+x86_64 1.1 16.00 86.00 102.00 OK

Check Details

Version: 1.1
Check: package dependencies
Result: ERROR
    Package required but not available: ‘fabia’
    
    See section ‘The DESCRIPTION file’ in the ‘Writing R Extensions’
    manual.
Flavor: r-release-osx-x86_64-snowleopard