CRAN Package Check Results for Package superbiclust

Last updated on 2016-08-30 10:49:30.

Flavor Version Tinstall Tcheck Ttotal Status Flags
r-devel-linux-x86_64-debian-clang 1.1 3.52 42.60 46.12 NOTE
r-devel-linux-x86_64-debian-gcc 1.1 3.79 42.40 46.19 NOTE
r-devel-linux-x86_64-fedora-clang 1.1 100.48 NOTE
r-devel-linux-x86_64-fedora-gcc 1.1 95.55 NOTE
r-devel-osx-x86_64-clang 1.1 77.73 NOTE
r-devel-windows-ix86+x86_64 1.1 13.00 68.00 81.00 NOTE
r-patched-linux-x86_64 1.1 3.85 45.75 49.60 NOTE
r-patched-solaris-sparc 1.1 570.20 NOTE
r-patched-solaris-x86 1.1 132.70 NOTE
r-release-linux-x86_64 1.1 3.50 41.76 45.26 NOTE
r-release-osx-x86_64-mavericks 1.1 NOTE
r-release-windows-ix86+x86_64 1.1 8.00 67.00 75.00 NOTE
r-oldrel-windows-ix86+x86_64 1.1 15.00 110.00 125.00 OK

Check Details

Version: 1.1
Check: R code for possible problems
Result: NOTE
    HCLtree: no visible global function definition for ‘hclust’
    HCLtree: no visible global function definition for ‘as.dist’
    plotProfilesAcrossAllSamples: no visible global function definition for
     ‘matplot’
    plotProfilesAcrossAllSamples: no visible global function definition for
     ‘matlines’
    plotProfilesAcrossAllSamples: no visible global function definition for
     ‘axis’
    plotProfilesAcrossAllSamples: no visible global function definition for
     ‘box’
    plotProfilesWithinBicluster: no visible global function definition for
     ‘matplot’
    plotProfilesWithinBicluster: no visible global function definition for
     ‘title’
    plotProfilesWithinBicluster: no visible global function definition for
     ‘axis’
    plotProfilesWithinBicluster: no visible global function definition for
     ‘par’
    plotProfilesWithinBicluster: no visible global function definition for
     ‘box’
    plotProfilesWithinBicluster: no visible global function definition for
     ‘matlines’
    plotProfilesWithinBicluster: no visible global function definition for
     ‘legend’
    Undefined global functions or variables:
     as.dist axis box hclust legend matlines matplot par title
    Consider adding
     importFrom("graphics", "axis", "box", "legend", "matlines", "matplot",
     "par", "title")
     importFrom("stats", "as.dist", "hclust")
    to your NAMESPACE file.
Flavors: r-devel-linux-x86_64-debian-clang, r-devel-linux-x86_64-debian-gcc, r-devel-linux-x86_64-fedora-clang, r-devel-linux-x86_64-fedora-gcc, r-devel-osx-x86_64-clang, r-devel-windows-ix86+x86_64, r-patched-linux-x86_64, r-patched-solaris-sparc, r-patched-solaris-x86, r-release-linux-x86_64, r-release-osx-x86_64-mavericks, r-release-windows-ix86+x86_64