CRAN Package Check Results for Package superbiclust

Last updated on 2017-11-24 14:50:14 CET.

Flavor Version Tinstall Tcheck Ttotal Status Flags
r-devel-linux-x86_64-debian-clang 1.1 5.30 100.48 105.78 NOTE
r-devel-linux-x86_64-debian-gcc 1.1 3.81 92.71 96.52 NOTE
r-devel-linux-x86_64-fedora-clang 1.1 93.60 NOTE
r-devel-linux-x86_64-fedora-gcc 1.1 89.98 NOTE
r-devel-windows-ix86+x86_64 1.1 10.00 106.00 116.00 NOTE
r-patched-linux-x86_64 1.1 4.95 117.68 122.63 NOTE
r-patched-solaris-x86 1.1 146.20 NOTE
r-release-linux-x86_64 1.1 5.24 113.83 119.07 NOTE
r-release-windows-ix86+x86_64 1.1 11.00 80.00 91.00 NOTE
r-release-osx-x86_64 1.1 ERROR
r-oldrel-windows-ix86+x86_64 1.1 10.00 80.00 90.00 NOTE
r-oldrel-osx-x86_64 1.1 NOTE

Check Details

Version: 1.1
Check: R code for possible problems
Result: NOTE
    HCLtree: no visible global function definition for ‘hclust’
    HCLtree: no visible global function definition for ‘as.dist’
    plotProfilesAcrossAllSamples: no visible global function definition for
     ‘matplot’
    plotProfilesAcrossAllSamples: no visible global function definition for
     ‘matlines’
    plotProfilesAcrossAllSamples: no visible global function definition for
     ‘axis’
    plotProfilesAcrossAllSamples: no visible global function definition for
     ‘box’
    plotProfilesWithinBicluster: no visible global function definition for
     ‘matplot’
    plotProfilesWithinBicluster: no visible global function definition for
     ‘title’
    plotProfilesWithinBicluster: no visible global function definition for
     ‘axis’
    plotProfilesWithinBicluster: no visible global function definition for
     ‘par’
    plotProfilesWithinBicluster: no visible global function definition for
     ‘box’
    plotProfilesWithinBicluster: no visible global function definition for
     ‘matlines’
    plotProfilesWithinBicluster: no visible global function definition for
     ‘legend’
    Undefined global functions or variables:
     as.dist axis box hclust legend matlines matplot par title
    Consider adding
     importFrom("graphics", "axis", "box", "legend", "matlines", "matplot",
     "par", "title")
     importFrom("stats", "as.dist", "hclust")
    to your NAMESPACE file.
Flavors: r-devel-linux-x86_64-debian-clang, r-devel-linux-x86_64-debian-gcc, r-devel-linux-x86_64-fedora-clang, r-devel-linux-x86_64-fedora-gcc, r-devel-windows-ix86+x86_64, r-patched-linux-x86_64, r-patched-solaris-x86, r-release-linux-x86_64, r-release-windows-ix86+x86_64, r-oldrel-windows-ix86+x86_64, r-oldrel-osx-x86_64

Version: 1.1
Check: package dependencies
Result: ERROR
    Package required but not available: ‘fabia’
    
    See section ‘The DESCRIPTION file’ in the ‘Writing R Extensions’
    manual.
Flavor: r-release-osx-x86_64