CRAN Package Check Results for Package superbiclust

Last updated on 2017-07-20 23:51:45.

Flavor Version Tinstall Tcheck Ttotal Status Flags
r-devel-linux-x86_64-debian-clang 1.1 3.78 53.27 57.06 NOTE
r-devel-linux-x86_64-debian-gcc 1.1 3.81 52.14 55.95 NOTE
r-devel-linux-x86_64-fedora-clang 1.1 112.08 NOTE
r-devel-linux-x86_64-fedora-gcc 1.1 110.37 NOTE
r-devel-windows-ix86+x86_64 1.1 17.00 85.00 102.00 NOTE
r-patched-linux-x86_64 1.1 4.13 53.02 57.15 NOTE
r-patched-solaris-x86 1.1 145.00 NOTE
r-release-linux-x86_64 1.1 3.85 53.56 57.40 NOTE
r-release-windows-ix86+x86_64 1.1 9.00 115.00 124.00 NOTE
r-release-osx-x86_64 1.1 ERROR
r-oldrel-windows-ix86+x86_64 1.1 9.00 100.00 109.00 NOTE
r-oldrel-osx-x86_64 1.1 NOTE

Check Details

Version: 1.1
Check: R code for possible problems
Result: NOTE
    HCLtree: no visible global function definition for ‘hclust’
    HCLtree: no visible global function definition for ‘as.dist’
    plotProfilesAcrossAllSamples: no visible global function definition for
     ‘matplot’
    plotProfilesAcrossAllSamples: no visible global function definition for
     ‘matlines’
    plotProfilesAcrossAllSamples: no visible global function definition for
     ‘axis’
    plotProfilesAcrossAllSamples: no visible global function definition for
     ‘box’
    plotProfilesWithinBicluster: no visible global function definition for
     ‘matplot’
    plotProfilesWithinBicluster: no visible global function definition for
     ‘title’
    plotProfilesWithinBicluster: no visible global function definition for
     ‘axis’
    plotProfilesWithinBicluster: no visible global function definition for
     ‘par’
    plotProfilesWithinBicluster: no visible global function definition for
     ‘box’
    plotProfilesWithinBicluster: no visible global function definition for
     ‘matlines’
    plotProfilesWithinBicluster: no visible global function definition for
     ‘legend’
    Undefined global functions or variables:
     as.dist axis box hclust legend matlines matplot par title
    Consider adding
     importFrom("graphics", "axis", "box", "legend", "matlines", "matplot",
     "par", "title")
     importFrom("stats", "as.dist", "hclust")
    to your NAMESPACE file.
Flavors: r-devel-linux-x86_64-debian-clang, r-devel-linux-x86_64-debian-gcc, r-devel-linux-x86_64-fedora-clang, r-devel-linux-x86_64-fedora-gcc, r-devel-windows-ix86+x86_64, r-patched-linux-x86_64, r-patched-solaris-x86, r-release-linux-x86_64, r-release-windows-ix86+x86_64, r-oldrel-windows-ix86+x86_64, r-oldrel-osx-x86_64

Version: 1.1
Check: package dependencies
Result: ERROR
    Package required but not available: ‘fabia’
    
    See section ‘The DESCRIPTION file’ in the ‘Writing R Extensions’
    manual.
Flavor: r-release-osx-x86_64