CRAN Package Check Results for Package superbiclust

Last updated on 2014-08-23 03:48:16.

Flavor Version Tinstall Tcheck Ttotal Status Flags
r-devel-linux-x86_64-debian-clang 0.1 5.46 55.11 60.57 NOTE
r-devel-linux-x86_64-debian-gcc 0.1 4.95 53.20 58.15 NOTE
r-devel-linux-x86_64-fedora-clang 0.1 146.69 NOTE
r-devel-linux-x86_64-fedora-gcc 0.1 137.15 NOTE
r-devel-osx-x86_64-clang 0.1 111.26 NOTE
r-devel-windows-ix86+x86_64 0.1 13.00 77.00 90.00 NOTE
r-patched-linux-x86_64 0.1 5.01 54.92 59.93 NOTE
r-patched-solaris-sparc 0.1 763.20 NOTE
r-patched-solaris-x86 0.1 190.60 NOTE
r-release-linux-ix86 0.1 6.15 67.42 73.57 NOTE
r-release-linux-x86_64 0.1 5.15 55.89 61.04 NOTE
r-release-osx-x86_64-mavericks 0.1 NOTE
r-release-osx-x86_64-snowleopard 0.1 NOTE
r-release-windows-ix86+x86_64 0.1 16.00 83.00 99.00 NOTE
r-oldrel-windows-ix86+x86_64 0.1 16.00 79.00 95.00 NOTE

Check Details

Version: 0.1
Check: dependencies in R code
Result: NOTE
    'library' or 'require' call to ‘fabia’ which was already attached by Depends.
     Please remove these calls from your code.
    See the information on DESCRIPTION files in the chapter ‘Creating R
    packages’ of the ‘Writing R Extensions’ manual.
Flavors: r-devel-linux-x86_64-debian-clang, r-devel-linux-x86_64-debian-gcc, r-devel-linux-x86_64-fedora-clang, r-devel-linux-x86_64-fedora-gcc, r-devel-osx-x86_64-clang, r-devel-windows-ix86+x86_64, r-patched-linux-x86_64, r-patched-solaris-sparc, r-patched-solaris-x86, r-release-linux-ix86, r-release-linux-x86_64, r-release-osx-x86_64-mavericks, r-release-osx-x86_64-snowleopard, r-release-windows-ix86+x86_64, r-oldrel-windows-ix86+x86_64