CRAN Package Check Results for Package superbiclust

Last updated on 2016-02-06 07:48:11.

Flavor Version Tinstall Tcheck Ttotal Status Flags
r-devel-linux-x86_64-debian-gcc 1.1 3.88 43.10 46.98 NOTE
r-devel-linux-x86_64-fedora-clang 1.1 101.34 NOTE
r-devel-linux-x86_64-fedora-gcc 1.1 90.73 NOTE
r-devel-osx-x86_64-clang 1.1 102.30 OK
r-devel-windows-ix86+x86_64 1.1 14.00 82.00 96.00 NOTE
r-patched-linux-x86_64 1.1 4.60 48.09 52.70 OK
r-patched-solaris-sparc 1.1 629.70 OK
r-patched-solaris-x86 1.1 141.50 OK
r-release-linux-x86_64 1.1 4.46 47.91 52.37 OK
r-release-osx-x86_64-mavericks 1.1 OK
r-release-windows-ix86+x86_64 1.1 14.00 83.00 97.00 OK
r-oldrel-windows-ix86+x86_64 1.1 23.00 114.00 137.00 OK

Check Details

Version: 1.1
Check: R code for possible problems
Result: NOTE
    HCLtree: no visible global function definition for ‘hclust’
    HCLtree: no visible global function definition for ‘as.dist’
    plotProfilesAcrossAllSamples: no visible global function definition for
     ‘matplot’
    plotProfilesAcrossAllSamples: no visible global function definition for
     ‘matlines’
    plotProfilesAcrossAllSamples: no visible global function definition for
     ‘axis’
    plotProfilesAcrossAllSamples: no visible global function definition for
     ‘box’
    plotProfilesWithinBicluster: no visible global function definition for
     ‘matplot’
    plotProfilesWithinBicluster: no visible global function definition for
     ‘title’
    plotProfilesWithinBicluster: no visible global function definition for
     ‘axis’
    plotProfilesWithinBicluster: no visible global function definition for
     ‘par’
    plotProfilesWithinBicluster: no visible global function definition for
     ‘box’
    plotProfilesWithinBicluster: no visible global function definition for
     ‘matlines’
    plotProfilesWithinBicluster: no visible global function definition for
     ‘legend’
    Undefined global functions or variables:
     as.dist axis box hclust legend matlines matplot par title
    Consider adding
     importFrom("graphics", "axis", "box", "legend", "matlines", "matplot",
     "par", "title")
     importFrom("stats", "as.dist", "hclust")
    to your NAMESPACE.
Flavors: r-devel-linux-x86_64-debian-gcc, r-devel-linux-x86_64-fedora-clang, r-devel-linux-x86_64-fedora-gcc, r-devel-windows-ix86+x86_64