CRAN Package Check Results for Package superbiclust

Last updated on 2015-05-24 03:48:16.

Flavor Version Tinstall Tcheck Ttotal Status Flags
r-devel-linux-x86_64-debian-clang 1.1 4.26 47.22 51.48 OK
r-devel-linux-x86_64-debian-gcc 1.1 5.39 47.88 53.26 OK
r-devel-linux-x86_64-fedora-clang 1.1 109.25 OK
r-devel-linux-x86_64-fedora-gcc 1.1 103.78 OK
r-devel-osx-x86_64-clang 1.1 90.32 OK
r-devel-windows-ix86+x86_64 1.1 13.00 75.00 88.00 OK
r-patched-linux-x86_64 1.1 5.56 47.44 53.00 OK
r-patched-solaris-sparc 1.1 655.00 OK
r-patched-solaris-x86 1.1 147.90 OK
r-release-linux-x86_64 1.1 5.87 46.39 52.26 OK
r-release-osx-x86_64-mavericks 1.1 OK
r-release-osx-x86_64-snowleopard 1.1 ERROR
r-release-windows-ix86+x86_64 1.1 12.00 74.00 86.00 OK
r-oldrel-windows-ix86+x86_64 1.1 17.00 126.00 143.00 OK

Check Details

Version: 1.1
Check: package dependencies
Result: ERROR
    Package required but not available: ‘fabia’
    
    See section ‘The DESCRIPTION file’ in the ‘Writing R Extensions’
    manual.
Flavor: r-release-osx-x86_64-snowleopard