CRAN Package Check Results for Package superbiclust

Last updated on 2015-08-03 11:49:32.

Flavor Version Tinstall Tcheck Ttotal Status Flags
r-devel-linux-x86_64-debian-clang 1.1 4.12 47.16 51.27 NOTE
r-devel-linux-x86_64-debian-gcc 1.1 4.23 45.99 50.22 NOTE
r-devel-linux-x86_64-fedora-clang 1.1 107.84 NOTE
r-devel-linux-x86_64-fedora-gcc 1.1 101.81 NOTE
r-devel-osx-x86_64-clang 1.1 88.47 OK
r-devel-windows-ix86+x86_64 1.1 13.00 76.00 89.00 NOTE
r-patched-linux-x86_64 1.1 4.92 46.56 51.47 OK
r-patched-solaris-sparc 1.1 662.60 OK
r-patched-solaris-x86 1.1 146.00 OK
r-release-linux-x86_64 1.1 4.07 46.88 50.96 OK
r-release-osx-x86_64-mavericks 1.1 OK
r-release-windows-ix86+x86_64 1.1 14.00 108.00 122.00 OK
r-oldrel-windows-ix86+x86_64 1.1 19.00 100.00 119.00 OK

Check Details

Version: 1.1
Check: R code for possible problems
Result: NOTE
    HCLtree: no visible global function definition for ‘hclust’
    HCLtree: no visible global function definition for ‘as.dist’
    plotProfilesAcrossAllSamples: no visible global function definition for
     ‘matplot’
    plotProfilesAcrossAllSamples: no visible global function definition for
     ‘matlines’
    plotProfilesAcrossAllSamples: no visible global function definition for
     ‘axis’
    plotProfilesAcrossAllSamples: no visible global function definition for
     ‘box’
    plotProfilesWithinBicluster: no visible global function definition for
     ‘matplot’
    plotProfilesWithinBicluster: no visible global function definition for
     ‘title’
    plotProfilesWithinBicluster: no visible global function definition for
     ‘axis’
    plotProfilesWithinBicluster: no visible global function definition for
     ‘par’
    plotProfilesWithinBicluster: no visible global function definition for
     ‘box’
    plotProfilesWithinBicluster: no visible global function definition for
     ‘matlines’
    plotProfilesWithinBicluster: no visible global function definition for
     ‘legend’
    Undefined global functions or variables:
     as.dist axis box hclust legend matlines matplot par title
    Consider adding
     importFrom("graphics", "axis", "box", "legend", "matlines", "matplot",
     "par", "title")
     importFrom("stats", "as.dist", "hclust")
    to your NAMESPACE.
Flavors: r-devel-linux-x86_64-debian-clang, r-devel-linux-x86_64-debian-gcc, r-devel-linux-x86_64-fedora-clang, r-devel-linux-x86_64-fedora-gcc, r-devel-windows-ix86+x86_64