CRAN Package Check Results for Package superbiclust

Last updated on 2016-07-29 15:47:45.

Flavor Version Tinstall Tcheck Ttotal Status Flags
r-devel-linux-x86_64-debian-clang 1.1 3.88 48.13 52.00 NOTE
r-devel-linux-x86_64-debian-gcc 1.1 4.59 48.18 52.76 NOTE
r-devel-linux-x86_64-fedora-clang 1.1 99.38 NOTE
r-devel-linux-x86_64-fedora-gcc 1.1 94.92 NOTE
r-devel-osx-x86_64-clang 1.1 76.98 NOTE
r-devel-windows-ix86+x86_64 1.1 15.00 80.00 95.00 NOTE
r-patched-linux-x86_64 1.1 4.12 50.17 54.28 NOTE
r-patched-solaris-sparc 1.1 570.20 NOTE
r-patched-solaris-x86 1.1 126.70 NOTE
r-release-linux-x86_64 1.1 5.47 49.64 55.12 NOTE
r-release-osx-x86_64-mavericks 1.1 NOTE
r-release-windows-ix86+x86_64 1.1 16.00 99.00 115.00 NOTE
r-oldrel-windows-ix86+x86_64 1.1 18.00 108.00 126.00 OK

Check Details

Version: 1.1
Check: R code for possible problems
Result: NOTE
    HCLtree: no visible global function definition for ‘hclust’
    HCLtree: no visible global function definition for ‘as.dist’
    plotProfilesAcrossAllSamples: no visible global function definition for
     ‘matplot’
    plotProfilesAcrossAllSamples: no visible global function definition for
     ‘matlines’
    plotProfilesAcrossAllSamples: no visible global function definition for
     ‘axis’
    plotProfilesAcrossAllSamples: no visible global function definition for
     ‘box’
    plotProfilesWithinBicluster: no visible global function definition for
     ‘matplot’
    plotProfilesWithinBicluster: no visible global function definition for
     ‘title’
    plotProfilesWithinBicluster: no visible global function definition for
     ‘axis’
    plotProfilesWithinBicluster: no visible global function definition for
     ‘par’
    plotProfilesWithinBicluster: no visible global function definition for
     ‘box’
    plotProfilesWithinBicluster: no visible global function definition for
     ‘matlines’
    plotProfilesWithinBicluster: no visible global function definition for
     ‘legend’
    Undefined global functions or variables:
     as.dist axis box hclust legend matlines matplot par title
    Consider adding
     importFrom("graphics", "axis", "box", "legend", "matlines", "matplot",
     "par", "title")
     importFrom("stats", "as.dist", "hclust")
    to your NAMESPACE file.
Flavors: r-devel-linux-x86_64-debian-clang, r-devel-linux-x86_64-debian-gcc, r-devel-linux-x86_64-fedora-clang, r-devel-linux-x86_64-fedora-gcc, r-devel-osx-x86_64-clang, r-devel-windows-ix86+x86_64, r-patched-linux-x86_64, r-patched-solaris-sparc, r-patched-solaris-x86, r-release-linux-x86_64, r-release-osx-x86_64-mavericks, r-release-windows-ix86+x86_64