CRAN Package Check Results for Package superbiclust

Last updated on 2014-11-24 05:47:44.

Flavor Version Tinstall Tcheck Ttotal Status Flags
r-devel-linux-x86_64-debian-clang 0.1 5.76 55.36 61.11 NOTE
r-devel-linux-x86_64-debian-gcc 0.1 4.69 53.04 57.73 NOTE
r-devel-linux-x86_64-fedora-clang 0.1 144.78 NOTE
r-devel-linux-x86_64-fedora-gcc 0.1 138.18 NOTE
r-devel-osx-x86_64-clang 0.1 115.28 NOTE
r-devel-windows-ix86+x86_64 0.1 13.00 75.00 88.00 NOTE
r-patched-linux-x86_64 0.1 5.14 55.99 61.12 NOTE
r-patched-solaris-sparc 0.1 763.20 NOTE
r-patched-solaris-x86 0.1 187.60 NOTE
r-release-linux-ix86 0.1 5.99 64.54 70.53 NOTE
r-release-linux-x86_64 0.1 4.98 55.78 60.76 NOTE
r-release-osx-x86_64-mavericks 0.1 NOTE
r-release-osx-x86_64-snowleopard 0.1 NOTE
r-release-windows-ix86+x86_64 0.1 16.00 81.00 97.00 NOTE
r-oldrel-windows-ix86+x86_64 0.1 15.00 77.00 92.00 NOTE

Check Details

Version: 0.1
Check: dependencies in R code
Result: NOTE
    'library' or 'require' call to ‘fabia’ which was already attached by Depends.
     Please remove these calls from your code.
    See the information on DESCRIPTION files in the chapter ‘Creating R
    packages’ of the ‘Writing R Extensions’ manual.
Flavors: r-devel-linux-x86_64-debian-clang, r-devel-linux-x86_64-debian-gcc, r-devel-linux-x86_64-fedora-clang, r-devel-linux-x86_64-fedora-gcc, r-devel-osx-x86_64-clang, r-devel-windows-ix86+x86_64, r-patched-linux-x86_64, r-patched-solaris-sparc, r-patched-solaris-x86, r-release-linux-ix86, r-release-linux-x86_64, r-release-osx-x86_64-mavericks, r-release-osx-x86_64-snowleopard, r-release-windows-ix86+x86_64, r-oldrel-windows-ix86+x86_64