CRAN Package Check Results for Package superdiag

Last updated on 2014-10-31 03:48:00.

Flavor Version Tinstall Tcheck Ttotal Status Flags
r-devel-linux-x86_64-debian-clang 1.1 0.88 11.10 11.98 NOTE
r-devel-linux-x86_64-debian-gcc 1.1 0.77 11.06 11.83 NOTE
r-devel-linux-x86_64-fedora-clang 1.1 23.43 NOTE
r-devel-linux-x86_64-fedora-gcc 1.1 22.41 NOTE
r-devel-osx-x86_64-clang 1.1 25.73 NOTE
r-devel-windows-ix86+x86_64 1.1 3.00 22.00 25.00 NOTE
r-patched-linux-x86_64 1.1 0.84 11.10 11.94 NOTE
r-patched-solaris-sparc 1.1 134.80 NOTE
r-patched-solaris-x86 1.1 37.00 NOTE
r-release-linux-ix86 1.1 1.22 18.03 19.25 NOTE
r-release-linux-x86_64 1.1 1.10 11.06 12.16 NOTE
r-release-osx-x86_64-mavericks 1.1 NOTE
r-release-osx-x86_64-snowleopard 1.1 OK
r-release-windows-ix86+x86_64 1.1 3.00 22.00 25.00 NOTE
r-oldrel-windows-ix86+x86_64 1.1 3.00 23.00 26.00 NOTE

Check Details

Version: 1.1
Check: dependencies in R code
Result: NOTE
    Packages in Depends field not imported from:
     ‘boa’ ‘coda’
     These packages need to be imported from (in the NAMESPACE file)
     for when this namespace is loaded but not attached.
    See the information on DESCRIPTION files in the chapter ‘Creating R
    packages’ of the ‘Writing R Extensions’ manual.
Flavors: r-devel-linux-x86_64-debian-clang, r-devel-linux-x86_64-debian-gcc, r-devel-linux-x86_64-fedora-clang, r-devel-linux-x86_64-fedora-gcc, r-devel-osx-x86_64-clang, r-devel-windows-ix86+x86_64, r-patched-linux-x86_64, r-patched-solaris-sparc, r-patched-solaris-x86, r-release-linux-ix86, r-release-linux-x86_64, r-release-osx-x86_64-mavericks, r-release-windows-ix86+x86_64, r-oldrel-windows-ix86+x86_64

Version: 1.1
Check: R code for possible problems
Result: NOTE
    superdiag: no visible global function definition for ‘as.mcmc.list’
    superdiag: no visible global function definition for ‘as.mcmc’
    superdiag: no visible global function definition for ‘geweke.diag’
    superdiag: no visible global function definition for ‘heidel.diag’
    superdiag: no visible global function definition for ‘raftery.diag’
    superdiag: no visible global function definition for ‘gelman.diag’
Flavors: r-devel-linux-x86_64-debian-clang, r-devel-linux-x86_64-debian-gcc, r-devel-linux-x86_64-fedora-clang, r-devel-linux-x86_64-fedora-gcc, r-devel-osx-x86_64-clang, r-devel-windows-ix86+x86_64, r-patched-linux-x86_64, r-patched-solaris-sparc, r-patched-solaris-x86