CRAN Package Check Results for Package superdiag

Last updated on 2015-04-25 17:46:59.

Flavor Version Tinstall Tcheck Ttotal Status Flags
r-devel-linux-x86_64-debian-clang 1.1 0.68 9.85 10.53 NOTE
r-devel-linux-x86_64-debian-gcc 1.1 0.66 9.49 10.16 NOTE
r-devel-linux-x86_64-fedora-clang 1.1 20.90 NOTE
r-devel-linux-x86_64-fedora-gcc 1.1 18.81 NOTE
r-devel-osx-x86_64-clang 1.1 22.80 NOTE
r-devel-windows-ix86+x86_64 1.1 3.00 20.00 23.00 NOTE
r-patched-linux-x86_64 1.1 0.69 9.60 10.29 NOTE
r-patched-solaris-sparc 1.1 115.70 NOTE
r-patched-solaris-x86 1.1 30.60 NOTE
r-release-linux-x86_64 1.1 0.68 9.48 10.16 NOTE
r-release-osx-x86_64-mavericks 1.1 NOTE
r-release-osx-x86_64-snowleopard 1.1 NOTE
r-release-windows-ix86+x86_64 1.1 3.00 21.00 24.00 NOTE
r-oldrel-windows-ix86+x86_64 1.1 2.00 26.00 28.00 NOTE

Check Details

Version: 1.1
Check: dependencies in R code
Result: NOTE
    Packages in Depends field not imported from:
     'boa' 'coda'
     These packages need to be imported from (in the NAMESPACE file)
     for when this namespace is loaded but not attached.
Flavors: r-devel-windows-ix86+x86_64, r-release-windows-ix86+x86_64, r-oldrel-windows-ix86+x86_64

Version: 1.1
Check: R code for possible problems
Result: NOTE
    superdiag: no visible global function definition for 'as.mcmc.list'
    superdiag: no visible global function definition for 'as.mcmc'
    superdiag: no visible global function definition for 'geweke.diag'
    superdiag: no visible global function definition for 'heidel.diag'
    superdiag: no visible global function definition for 'raftery.diag'
    superdiag: no visible global function definition for 'gelman.diag'
Flavors: r-devel-windows-ix86+x86_64, r-release-windows-ix86+x86_64, r-oldrel-windows-ix86+x86_64