CRAN Package Check Results for Package superdiag

Last updated on 2018-05-22 22:48:54 CEST.

Flavor Version Tinstall Tcheck Ttotal Status Flags
r-devel-linux-x86_64-debian-clang 1.1 1.22 18.89 20.11 NOTE
r-devel-linux-x86_64-debian-gcc 1.1 0.99 15.14 16.13 NOTE
r-devel-linux-x86_64-fedora-clang 1.1 23.84 NOTE
r-devel-linux-x86_64-fedora-gcc 1.1 22.35 NOTE
r-devel-windows-ix86+x86_64 1.1 4.00 41.00 45.00 NOTE
r-patched-linux-x86_64 1.1 1.05 18.37 19.42 NOTE
r-patched-solaris-x86 1.1 37.90 NOTE
r-release-linux-x86_64 1.1 1.03 17.89 18.92 NOTE
r-release-windows-ix86+x86_64 1.1 4.00 34.00 38.00 NOTE
r-release-osx-x86_64 1.1 NOTE
r-oldrel-windows-ix86+x86_64 1.1 6.00 42.00 48.00 NOTE
r-oldrel-osx-x86_64 1.1 NOTE

Check Details

Version: 1.1
Check: dependencies in R code
Result: NOTE
    Packages in Depends field not imported from:
     ‘boa’ ‘coda’
     These packages need to be imported from (in the NAMESPACE file)
     for when this namespace is loaded but not attached.
Flavors: r-devel-linux-x86_64-debian-clang, r-devel-linux-x86_64-debian-gcc, r-devel-linux-x86_64-fedora-clang, r-devel-linux-x86_64-fedora-gcc, r-devel-windows-ix86+x86_64, r-patched-linux-x86_64, r-patched-solaris-x86, r-release-linux-x86_64, r-release-windows-ix86+x86_64, r-release-osx-x86_64, r-oldrel-windows-ix86+x86_64, r-oldrel-osx-x86_64

Version: 1.1
Check: R code for possible problems
Result: NOTE
    superdiag: no visible global function definition for ‘as.mcmc.list’
    superdiag: no visible global function definition for ‘as.mcmc’
    superdiag: no visible global function definition for ‘runif’
    superdiag: no visible global function definition for ‘geweke.diag’
    superdiag: no visible global function definition for ‘heidel.diag’
    superdiag: no visible global function definition for ‘raftery.diag’
    superdiag: no visible global function definition for ‘gelman.diag’
    Undefined global functions or variables:
     as.mcmc as.mcmc.list gelman.diag geweke.diag heidel.diag raftery.diag
     runif
    Consider adding
     importFrom("stats", "runif")
    to your NAMESPACE file.
Flavors: r-devel-linux-x86_64-debian-clang, r-devel-linux-x86_64-debian-gcc, r-devel-linux-x86_64-fedora-clang, r-devel-linux-x86_64-fedora-gcc, r-devel-windows-ix86+x86_64, r-patched-linux-x86_64, r-patched-solaris-x86, r-release-linux-x86_64, r-release-windows-ix86+x86_64, r-release-osx-x86_64, r-oldrel-windows-ix86+x86_64, r-oldrel-osx-x86_64