CRAN Package Check Results for Package superdiag

Last updated on 2015-07-04 11:50:05.

Flavor Version Tinstall Tcheck Ttotal Status Flags
r-devel-linux-x86_64-debian-clang 1.1 0.75 8.77 9.52 NOTE
r-devel-linux-x86_64-debian-gcc 1.1 0.64 9.95 10.59 NOTE
r-devel-linux-x86_64-fedora-clang 1.1 18.37 NOTE
r-devel-linux-x86_64-fedora-gcc 1.1 18.27 NOTE
r-devel-osx-x86_64-clang 1.1 17.85 NOTE
r-devel-windows-ix86+x86_64 1.1 5.00 33.00 38.00 NOTE
r-patched-linux-x86_64 1.1 0.72 10.01 10.72 NOTE
r-patched-solaris-sparc 1.1 113.00 NOTE
r-patched-solaris-x86 1.1 30.90 NOTE
r-release-linux-x86_64 1.1 0.67 9.52 10.19 NOTE
r-release-osx-x86_64-mavericks 1.1 NOTE
r-release-windows-ix86+x86_64 1.1 3.00 31.00 34.00 NOTE
r-oldrel-windows-ix86+x86_64 1.1 4.00 21.00 25.00 NOTE

Check Details

Version: 1.1
Check: dependencies in R code
Result: NOTE
    Packages in Depends field not imported from:
     ‘boa’ ‘coda’
     These packages need to be imported from (in the NAMESPACE file)
     for when this namespace is loaded but not attached.
Flavors: r-devel-linux-x86_64-debian-clang, r-devel-linux-x86_64-debian-gcc, r-devel-linux-x86_64-fedora-clang, r-devel-linux-x86_64-fedora-gcc, r-devel-osx-x86_64-clang, r-devel-windows-ix86+x86_64, r-patched-linux-x86_64, r-patched-solaris-sparc, r-patched-solaris-x86, r-release-linux-x86_64, r-release-osx-x86_64-mavericks, r-release-windows-ix86+x86_64, r-oldrel-windows-ix86+x86_64

Version: 1.1
Check: R code for possible problems
Result: NOTE
    superdiag: no visible global function definition for ‘as.mcmc.list’
    superdiag: no visible global function definition for ‘as.mcmc’
    superdiag: no visible global function definition for ‘runif’
    superdiag: no visible global function definition for ‘geweke.diag’
    superdiag: no visible global function definition for ‘heidel.diag’
    superdiag: no visible global function definition for ‘raftery.diag’
    superdiag: no visible global function definition for ‘gelman.diag’
    Undefined global functions or variables:
     as.mcmc as.mcmc.list gelman.diag geweke.diag heidel.diag raftery.diag
     runif
Flavors: r-devel-linux-x86_64-debian-clang, r-devel-linux-x86_64-debian-gcc, r-devel-linux-x86_64-fedora-clang, r-devel-linux-x86_64-fedora-gcc, r-devel-windows-ix86+x86_64

Version: 1.1
Check: R code for possible problems
Result: NOTE
    superdiag: no visible global function definition for ‘as.mcmc.list’
    superdiag: no visible global function definition for ‘as.mcmc’
    superdiag: no visible global function definition for ‘geweke.diag’
    superdiag: no visible global function definition for ‘heidel.diag’
    superdiag: no visible global function definition for ‘raftery.diag’
    superdiag: no visible global function definition for ‘gelman.diag’
    Undefined global functions or variables:
     as.mcmc as.mcmc.list gelman.diag geweke.diag heidel.diag raftery.diag
Flavor: r-devel-osx-x86_64-clang

Version: 1.1
Check: R code for possible problems
Result: NOTE
    superdiag: no visible global function definition for ‘as.mcmc.list’
    superdiag: no visible global function definition for ‘as.mcmc’
    superdiag: no visible global function definition for ‘geweke.diag’
    superdiag: no visible global function definition for ‘heidel.diag’
    superdiag: no visible global function definition for ‘raftery.diag’
    superdiag: no visible global function definition for ‘gelman.diag’
Flavors: r-patched-linux-x86_64, r-patched-solaris-sparc, r-patched-solaris-x86, r-release-linux-x86_64, r-release-osx-x86_64-mavericks, r-release-windows-ix86+x86_64, r-oldrel-windows-ix86+x86_64