CRAN Package Check Results for Package superdiag

Last updated on 2014-04-25 05:47:26.

Flavor Version Tinstall Tcheck Ttotal Status Flags
r-devel-linux-x86_64-debian-clang 1.1 0.83 11.41 12.24 NOTE
r-devel-linux-x86_64-debian-gcc 1.1 0.85 11.41 12.26 NOTE
r-devel-linux-x86_64-fedora-clang 1.1 23.39 NOTE
r-devel-linux-x86_64-fedora-gcc 1.1 22.20 NOTE
r-devel-osx-x86_64-clang 1.1 26.65 NOTE
r-devel-osx-x86_64-gcc 1.1 NOTE
r-devel-windows-ix86+x86_64 1.1 3.00 21.00 24.00 NOTE
r-patched-linux-x86_64 1.1 0.87 11.28 12.15 NOTE
r-patched-solaris-sparc 1.1 135.60 NOTE
r-patched-solaris-x86 1.1 35.10 NOTE
r-release-linux-ix86 1.1 2.00 25.00 27.00 NOTE
r-release-linux-x86_64 1.1 0.88 11.43 12.31 NOTE
r-release-osx-x86_64-mavericks 1.1 WARN
r-release-osx-x86_64-snowleopard 1.1 OK
r-release-windows-ix86+x86_64 1.1 3.00 20.00 23.00 NOTE
r-oldrel-windows-ix86+x86_64 1.1 3.00 22.00 25.00 NOTE

Check Details

Version: 1.1
Check: dependencies in R code
Result: NOTE
    Packages in Depends field not imported from:
     ‘boa’ ‘coda’
     These packages need to be imported from (in the NAMESPACE file)
     for when this namespace is loaded but not attached.
    See the information on DESCRIPTION files in the chapter ‘Creating R
    packages’ of the ‘Writing R Extensions’ manual.
Flavors: r-devel-linux-x86_64-debian-clang, r-devel-linux-x86_64-debian-gcc, r-devel-linux-x86_64-fedora-clang, r-devel-linux-x86_64-fedora-gcc, r-devel-osx-x86_64-clang, r-devel-osx-x86_64-gcc, r-devel-windows-ix86+x86_64, r-patched-linux-x86_64, r-patched-solaris-sparc, r-patched-solaris-x86, r-release-linux-ix86, r-release-linux-x86_64, r-release-osx-x86_64-mavericks, r-release-windows-ix86+x86_64, r-oldrel-windows-ix86+x86_64

Version: 1.1
Check: PDF version of manual
Result: WARNING
    LaTeX errors when creating PDF version.
    This typically indicates Rd problems.
    LaTeX errors found:
    ! LaTeX Error: File `upquote.sty' not found.
    
    Type X to quit or <RETURN> to proceed,
    or enter new name. (Default extension: sty)
    
    be82ad/Rd2.tex:8: ==> Fatal error occurred, no output PDF file produced!
Flavor: r-release-osx-x86_64-mavericks