CRAN Package Check Results for Package superdiag

Last updated on 2016-08-28 23:48:28.

Flavor Version Tinstall Tcheck Ttotal Status Flags
r-devel-linux-x86_64-debian-clang 1.1 0.73 10.25 10.97 NOTE
r-devel-linux-x86_64-debian-gcc 1.1 0.68 9.91 10.58 NOTE
r-devel-linux-x86_64-fedora-clang 1.1 17.52 NOTE
r-devel-linux-x86_64-fedora-gcc 1.1 16.40 NOTE
r-devel-osx-x86_64-clang 1.1 15.86 NOTE
r-devel-windows-ix86+x86_64 1.1 5.00 64.00 69.00 NOTE
r-patched-linux-x86_64 1.1 0.66 9.99 10.65 NOTE
r-patched-solaris-sparc 1.1 104.70 NOTE
r-patched-solaris-x86 1.1 24.90 NOTE
r-release-linux-x86_64 1.1 0.72 9.95 10.67 NOTE
r-release-osx-x86_64-mavericks 1.1 NOTE
r-release-windows-ix86+x86_64 1.1 8.00 36.00 44.00 NOTE
r-oldrel-windows-ix86+x86_64 1.1 4.00 53.00 57.00 NOTE

Check Details

Version: 1.1
Check: dependencies in R code
Result: NOTE
    Packages in Depends field not imported from:
     ‘boa’ ‘coda’
     These packages need to be imported from (in the NAMESPACE file)
     for when this namespace is loaded but not attached.
Flavors: r-devel-linux-x86_64-debian-clang, r-devel-linux-x86_64-debian-gcc, r-devel-linux-x86_64-fedora-clang, r-devel-linux-x86_64-fedora-gcc, r-devel-osx-x86_64-clang, r-devel-windows-ix86+x86_64, r-patched-linux-x86_64, r-patched-solaris-sparc, r-patched-solaris-x86, r-release-linux-x86_64, r-release-osx-x86_64-mavericks, r-release-windows-ix86+x86_64, r-oldrel-windows-ix86+x86_64

Version: 1.1
Check: R code for possible problems
Result: NOTE
    superdiag: no visible global function definition for ‘as.mcmc.list’
    superdiag: no visible global function definition for ‘as.mcmc’
    superdiag: no visible global function definition for ‘runif’
    superdiag: no visible global function definition for ‘geweke.diag’
    superdiag: no visible global function definition for ‘heidel.diag’
    superdiag: no visible global function definition for ‘raftery.diag’
    superdiag: no visible global function definition for ‘gelman.diag’
    Undefined global functions or variables:
     as.mcmc as.mcmc.list gelman.diag geweke.diag heidel.diag raftery.diag
     runif
    Consider adding
     importFrom("stats", "runif")
    to your NAMESPACE file.
Flavors: r-devel-linux-x86_64-debian-clang, r-devel-linux-x86_64-debian-gcc, r-devel-linux-x86_64-fedora-clang, r-devel-linux-x86_64-fedora-gcc, r-devel-osx-x86_64-clang, r-devel-windows-ix86+x86_64, r-patched-linux-x86_64, r-patched-solaris-sparc, r-patched-solaris-x86, r-release-linux-x86_64, r-release-osx-x86_64-mavericks, r-release-windows-ix86+x86_64

Version: 1.1
Check: R code for possible problems
Result: NOTE
    superdiag: no visible global function definition for 'as.mcmc.list'
    superdiag: no visible global function definition for 'as.mcmc'
    superdiag: no visible global function definition for 'geweke.diag'
    superdiag: no visible global function definition for 'heidel.diag'
    superdiag: no visible global function definition for 'raftery.diag'
    superdiag: no visible global function definition for 'gelman.diag'
Flavor: r-oldrel-windows-ix86+x86_64