CRAN Package Check Results for Package superdiag

Last updated on 2017-02-21 15:50:52.

Flavor Version Tinstall Tcheck Ttotal Status Flags
r-devel-linux-x86_64-debian-clang 1.1 0.86 12.35 13.21 NOTE
r-devel-linux-x86_64-debian-gcc 1.1 0.83 12.42 13.25 NOTE
r-devel-linux-x86_64-fedora-clang 1.1 19.45 NOTE --no-stop-on-test-error
r-devel-linux-x86_64-fedora-gcc 1.1 19.01 NOTE --no-stop-on-test-error
r-devel-macos-x86_64-clang 1.1 18.15 NOTE --no-stop-on-test-error
r-devel-windows-ix86+x86_64 1.1 4.00 70.00 74.00 NOTE
r-patched-linux-x86_64 1.1 0.72 9.96 10.68 NOTE
r-patched-solaris-sparc 1.1 106.80 NOTE
r-patched-solaris-x86 1.1 26.00 NOTE
r-release-linux-x86_64 1.1 0.70 9.99 10.68 NOTE
r-release-osx-x86_64-mavericks 1.1 NOTE
r-release-windows-ix86+x86_64 1.1 3.00 59.00 62.00 NOTE
r-oldrel-windows-ix86+x86_64 1.1 5.00 32.00 37.00 NOTE

Check Details

Version: 1.1
Check: dependencies in R code
Result: NOTE
    Packages in Depends field not imported from:
     ‘boa’ ‘coda’
     These packages need to be imported from (in the NAMESPACE file)
     for when this namespace is loaded but not attached.
Flavors: r-devel-linux-x86_64-debian-clang, r-devel-linux-x86_64-debian-gcc, r-devel-windows-ix86+x86_64, r-patched-linux-x86_64, r-patched-solaris-sparc, r-patched-solaris-x86, r-release-linux-x86_64, r-release-osx-x86_64-mavericks, r-release-windows-ix86+x86_64, r-oldrel-windows-ix86+x86_64

Version: 1.1
Check: R code for possible problems
Result: NOTE
    superdiag: no visible global function definition for ‘as.mcmc.list’
    superdiag: no visible global function definition for ‘as.mcmc’
    superdiag: no visible global function definition for ‘runif’
    superdiag: no visible global function definition for ‘geweke.diag’
    superdiag: no visible global function definition for ‘heidel.diag’
    superdiag: no visible global function definition for ‘raftery.diag’
    superdiag: no visible global function definition for ‘gelman.diag’
    Undefined global functions or variables:
     as.mcmc as.mcmc.list gelman.diag geweke.diag heidel.diag raftery.diag
     runif
    Consider adding
     importFrom("stats", "runif")
    to your NAMESPACE file.
Flavors: r-devel-linux-x86_64-debian-clang, r-devel-linux-x86_64-debian-gcc, r-devel-windows-ix86+x86_64, r-patched-linux-x86_64, r-patched-solaris-sparc, r-patched-solaris-x86, r-release-linux-x86_64, r-release-osx-x86_64-mavericks, r-release-windows-ix86+x86_64

Version: 1.1
Flags: --no-stop-on-test-error
Check: dependencies in R code
Result: NOTE
    Packages in Depends field not imported from:
     ‘boa’ ‘coda’
     These packages need to be imported from (in the NAMESPACE file)
     for when this namespace is loaded but not attached.
Flavors: r-devel-linux-x86_64-fedora-clang, r-devel-linux-x86_64-fedora-gcc, r-devel-macos-x86_64-clang

Version: 1.1
Flags: --no-stop-on-test-error
Check: R code for possible problems
Result: NOTE
    superdiag: no visible global function definition for ‘as.mcmc.list’
    superdiag: no visible global function definition for ‘as.mcmc’
    superdiag: no visible global function definition for ‘runif’
    superdiag: no visible global function definition for ‘geweke.diag’
    superdiag: no visible global function definition for ‘heidel.diag’
    superdiag: no visible global function definition for ‘raftery.diag’
    superdiag: no visible global function definition for ‘gelman.diag’
    Undefined global functions or variables:
     as.mcmc as.mcmc.list gelman.diag geweke.diag heidel.diag raftery.diag
     runif
    Consider adding
     importFrom("stats", "runif")
    to your NAMESPACE file.
Flavors: r-devel-linux-x86_64-fedora-clang, r-devel-linux-x86_64-fedora-gcc, r-devel-macos-x86_64-clang

Version: 1.1
Check: R code for possible problems
Result: NOTE
    superdiag: no visible global function definition for 'as.mcmc.list'
    superdiag: no visible global function definition for 'as.mcmc'
    superdiag: no visible global function definition for 'geweke.diag'
    superdiag: no visible global function definition for 'heidel.diag'
    superdiag: no visible global function definition for 'raftery.diag'
    superdiag: no visible global function definition for 'gelman.diag'
Flavor: r-oldrel-windows-ix86+x86_64