CRAN Package Check Results for Package superdiag

Last updated on 2014-07-24 03:48:56.

Flavor Version Tinstall Tcheck Ttotal Status Flags
r-devel-linux-x86_64-debian-clang 1.1 0.77 10.60 11.36 NOTE
r-devel-linux-x86_64-debian-gcc 1.1 0.76 10.53 11.29 NOTE
r-devel-linux-x86_64-fedora-clang 1.1 24.38 NOTE
r-devel-linux-x86_64-fedora-gcc 1.1 22.11 NOTE
r-devel-osx-x86_64-clang 1.1 24.57 NOTE
r-devel-windows-ix86+x86_64 1.1 3.00 19.00 22.00 NOTE
r-patched-linux-x86_64 1.1 0.78 10.62 11.39 NOTE
r-patched-solaris-sparc 1.1 135.60 NOTE
r-patched-solaris-x86 1.1 34.70 NOTE
r-release-linux-ix86 1.1 1.18 17.28 18.47 NOTE
r-release-linux-x86_64 1.1 0.78 11.59 12.37 NOTE
r-release-osx-x86_64-mavericks 1.1 NOTE
r-release-osx-x86_64-snowleopard 1.1 OK
r-release-windows-ix86+x86_64 1.1 3.00 20.00 23.00 NOTE
r-oldrel-windows-ix86+x86_64 1.1 3.00 22.00 25.00 NOTE

Check Details

Version: 1.1
Check: dependencies in R code
Result: NOTE
    Packages in Depends field not imported from:
     ‘boa’ ‘coda’
     These packages need to be imported from (in the NAMESPACE file)
     for when this namespace is loaded but not attached.
    See the information on DESCRIPTION files in the chapter ‘Creating R
    packages’ of the ‘Writing R Extensions’ manual.
Flavors: r-devel-linux-x86_64-debian-clang, r-devel-linux-x86_64-debian-gcc, r-devel-linux-x86_64-fedora-clang, r-devel-linux-x86_64-fedora-gcc, r-devel-osx-x86_64-clang, r-devel-windows-ix86+x86_64, r-patched-linux-x86_64, r-patched-solaris-sparc, r-patched-solaris-x86, r-release-linux-ix86, r-release-linux-x86_64, r-release-osx-x86_64-mavericks, r-release-windows-ix86+x86_64, r-oldrel-windows-ix86+x86_64