CRAN Package Check Results for Package supervisedPRIM

Last updated on 2023-09-26 09:13:29 CEST.

Flavor Version Tinstall Tcheck Ttotal Status Flags
r-devel-linux-x86_64-debian-clang 2.0.0 1.90 205.56 207.46 NOTE
r-devel-linux-x86_64-debian-gcc 2.0.0 1.98 149.23 151.21 NOTE
r-devel-linux-x86_64-fedora-clang 2.0.0 253.84 NOTE
r-devel-linux-x86_64-fedora-gcc 2.0.0 248.46 NOTE
r-devel-windows-x86_64 2.0.0 4.00 180.00 184.00 NOTE
r-patched-linux-x86_64 2.0.0 2.55 199.09 201.64 NOTE
r-release-linux-x86_64 2.0.0 2.34 199.63 201.97 NOTE
r-release-macos-arm64 2.0.0 80.00 NOTE
r-release-macos-x86_64 2.0.0 145.00 NOTE
r-release-windows-x86_64 2.0.0 5.00 197.00 202.00 NOTE
r-oldrel-macos-arm64 2.0.0 125.00 NOTE
r-oldrel-macos-x86_64 2.0.0 132.00 NOTE
r-oldrel-windows-x86_64 2.0.0 4.00 192.00 196.00 NOTE

Check Details

Version: 2.0.0
Check: LazyData
Result: NOTE
     'LazyData' is specified without a 'data' directory
Flavors: r-devel-linux-x86_64-debian-clang, r-devel-linux-x86_64-debian-gcc, r-devel-linux-x86_64-fedora-clang, r-devel-linux-x86_64-fedora-gcc, r-devel-windows-x86_64, r-patched-linux-x86_64, r-release-linux-x86_64, r-release-macos-arm64, r-release-macos-x86_64, r-release-windows-x86_64, r-oldrel-macos-arm64, r-oldrel-macos-x86_64, r-oldrel-windows-x86_64