CRAN Package Check Results for Package support.BWS

Last updated on 2016-12-08 08:47:53.

Flavor Version Tinstall Tcheck Ttotal Status Flags
r-devel-linux-x86_64-debian-clang 0.1-3 0.66 13.57 14.23 NOTE
r-devel-linux-x86_64-debian-gcc 0.1-3 0.85 13.21 14.06 NOTE
r-devel-linux-x86_64-fedora-clang 0.1-3 25.19 NOTE --no-stop-on-test-error
r-devel-linux-x86_64-fedora-gcc 0.1-3 24.36 NOTE --no-stop-on-test-error
r-devel-macos-x86_64-clang 0.1-3 21.25 NOTE
r-devel-windows-ix86+x86_64 0.1-3 2.00 42.00 44.00 NOTE
r-patched-linux-x86_64 0.1-3 0.60 11.50 12.10 NOTE
r-patched-solaris-sparc 0.1-3 128.10 NOTE
r-patched-solaris-x86 0.1-3 29.50 NOTE
r-release-linux-x86_64 0.1-3 0.55 11.46 12.01 NOTE
r-release-osx-x86_64-mavericks 0.1-3 NOTE
r-release-windows-ix86+x86_64 0.1-3 2.00 44.00 46.00 NOTE
r-oldrel-windows-ix86+x86_64 0.1-3 4.00 28.00 32.00 OK

Check Details

Version: 0.1-3
Check: R code for possible problems
Result: NOTE
    print.bws.count: no visible binding for global variable ‘sd’
    Undefined global functions or variables:
     sd
    Consider adding
     importFrom("stats", "sd")
    to your NAMESPACE file.
Flavors: r-devel-linux-x86_64-debian-clang, r-devel-linux-x86_64-debian-gcc, r-devel-macos-x86_64-clang, r-devel-windows-ix86+x86_64, r-patched-linux-x86_64, r-patched-solaris-sparc, r-patched-solaris-x86, r-release-linux-x86_64, r-release-osx-x86_64-mavericks, r-release-windows-ix86+x86_64

Version: 0.1-3
Flags: --no-stop-on-test-error
Check: R code for possible problems
Result: NOTE
    print.bws.count: no visible binding for global variable ‘sd’
    Undefined global functions or variables:
     sd
    Consider adding
     importFrom("stats", "sd")
    to your NAMESPACE file.
Flavors: r-devel-linux-x86_64-fedora-clang, r-devel-linux-x86_64-fedora-gcc