CRAN Package Check Results for Package support.BWS

Last updated on 2014-04-24 19:54:09.

Flavor Version Tinstall Tcheck Ttotal Status Flags
r-devel-linux-x86_64-debian-clang 0.1-1 0.62 11.47 12.09 OK
r-devel-linux-x86_64-debian-gcc 0.1-1 0.63 11.78 12.41 OK
r-devel-linux-x86_64-fedora-clang 0.1-1 24.09 OK
r-devel-linux-x86_64-fedora-gcc 0.1-1 23.15 OK
r-devel-osx-x86_64-clang 0.1-1 26.41 OK
r-devel-osx-x86_64-gcc 0.1-1 OK
r-devel-windows-ix86+x86_64 0.1-1 2.00 18.00 20.00 OK
r-patched-linux-x86_64 0.1-1 0.64 11.55 12.19 OK
r-patched-solaris-sparc 0.1-1 135.80 OK
r-patched-solaris-x86 0.1-1 36.20 OK
r-release-linux-ix86 0.1-1 1.00 26.00 27.00 OK
r-release-linux-x86_64 0.1-1 0.68 11.56 12.24 OK
r-release-osx-x86_64-mavericks 0.1-1 WARN
r-release-osx-x86_64-snowleopard 0.1-1 OK
r-release-windows-ix86+x86_64 0.1-1 2.00 19.00 21.00 OK
r-oldrel-windows-ix86+x86_64 0.1-1 2.00 22.00 24.00 OK

Check Details

Version: 0.1-1
Check: PDF version of manual
Result: WARNING
    LaTeX errors when creating PDF version.
    This typically indicates Rd problems.
    LaTeX errors found:
    ! LaTeX Error: File `upquote.sty' not found.
    
    Type X to quit or <RETURN> to proceed,
    or enter new name. (Default extension: sty)
    
    f5bf4be/Rd2.tex:8: ==> Fatal error occurred, no output PDF file produced!
Flavor: r-release-osx-x86_64-mavericks