CRAN Package Check Results for Package support.BWS

Last updated on 2017-03-24 04:47:57.

Flavor Version Tinstall Tcheck Ttotal Status Flags
r-devel-linux-x86_64-debian-clang 0.1-3 0.71 13.50 14.21 NOTE
r-devel-linux-x86_64-debian-gcc 0.1-3 0.59 13.14 13.73 NOTE
r-devel-linux-x86_64-fedora-clang 0.1-3 24.45 NOTE --no-stop-on-test-error
r-devel-linux-x86_64-fedora-gcc 0.1-3 23.29 NOTE --no-stop-on-test-error
r-devel-macos-x86_64-clang 0.1-3 20.76 NOTE --no-stop-on-test-error
r-devel-windows-ix86+x86_64 0.1-3 3.00 48.00 51.00 NOTE
r-patched-linux-x86_64 0.1-3 0.58 11.53 12.11 NOTE
r-patched-solaris-sparc 0.1-3 148.30 NOTE
r-patched-solaris-x86 0.1-3 35.90 NOTE
r-release-linux-x86_64 0.1-3 0.57 11.87 12.45 NOTE
r-release-osx-x86_64-mavericks 0.1-3 NOTE
r-release-windows-ix86+x86_64 0.1-3 4.00 27.00 31.00 NOTE
r-oldrel-windows-ix86+x86_64 0.1-3 4.00 38.00 42.00 OK

Check Details

Version: 0.1-3
Check: R code for possible problems
Result: NOTE
    print.bws.count: no visible binding for global variable ‘sd’
    Undefined global functions or variables:
     sd
    Consider adding
     importFrom("stats", "sd")
    to your NAMESPACE file.
Flavors: r-devel-linux-x86_64-debian-clang, r-devel-linux-x86_64-debian-gcc, r-devel-windows-ix86+x86_64, r-patched-linux-x86_64, r-patched-solaris-sparc, r-patched-solaris-x86, r-release-linux-x86_64, r-release-osx-x86_64-mavericks, r-release-windows-ix86+x86_64

Version: 0.1-3
Flags: --no-stop-on-test-error
Check: R code for possible problems
Result: NOTE
    print.bws.count: no visible binding for global variable ‘sd’
    Undefined global functions or variables:
     sd
    Consider adding
     importFrom("stats", "sd")
    to your NAMESPACE file.
Flavors: r-devel-linux-x86_64-fedora-clang, r-devel-linux-x86_64-fedora-gcc, r-devel-macos-x86_64-clang