CRAN Package Check Results for Package support.BWS

Last updated on 2015-07-29 17:48:19.

Flavor Version Tinstall Tcheck Ttotal Status Flags
r-devel-linux-x86_64-debian-clang 0.1-3 0.54 10.17 10.70 NOTE
r-devel-linux-x86_64-debian-gcc 0.1-3 0.52 10.08 10.60 NOTE
r-devel-linux-x86_64-fedora-clang 0.1-3 20.85 NOTE
r-devel-linux-x86_64-fedora-gcc 0.1-3 19.69 NOTE
r-devel-osx-x86_64-clang 0.1-3 18.87 OK
r-devel-windows-ix86+x86_64 0.1-3 4.00 30.00 34.00 NOTE
r-patched-linux-x86_64 0.1-3 0.57 10.14 10.70 OK
r-patched-solaris-sparc 0.1-3 146.50 OK
r-patched-solaris-x86 0.1-3 32.10 OK
r-release-linux-x86_64 0.1-3 0.58 10.70 11.28 OK
r-release-osx-x86_64-mavericks 0.1-3 OK
r-release-windows-ix86+x86_64 0.1-3 4.00 19.00 23.00 OK
r-oldrel-windows-ix86+x86_64 0.1-3 4.00 22.00 26.00 OK

Check Details

Version: 0.1-3
Check: R code for possible problems
Result: NOTE
    print.bws.count: no visible binding for global variable ‘sd’
    Undefined global functions or variables:
     sd
    Consider adding
     importFrom("stats", "sd")
    to your NAMESPACE.
Flavors: r-devel-linux-x86_64-debian-clang, r-devel-linux-x86_64-debian-gcc, r-devel-linux-x86_64-fedora-clang, r-devel-linux-x86_64-fedora-gcc, r-devel-windows-ix86+x86_64