CRAN Package Check Results for Package support.BWS

Last updated on 2016-07-26 13:49:16.

Flavor Version Tinstall Tcheck Ttotal Status Flags
r-devel-linux-x86_64-debian-clang 0.1-3 0.75 14.37 15.12 NOTE
r-devel-linux-x86_64-debian-gcc 0.1-3 0.70 13.75 14.45 NOTE
r-devel-linux-x86_64-fedora-clang 0.1-3 20.43 NOTE
r-devel-linux-x86_64-fedora-gcc 0.1-3 19.45 NOTE
r-devel-osx-x86_64-clang 0.1-3 18.43 NOTE
r-devel-windows-ix86+x86_64 0.1-3 3.00 36.00 39.00 NOTE
r-patched-linux-x86_64 0.1-3 0.82 13.22 14.04 NOTE
r-patched-solaris-sparc 0.1-3 128.10 NOTE
r-patched-solaris-x86 0.1-3 27.70 NOTE
r-release-linux-x86_64 0.1-3 0.77 13.74 14.51 NOTE
r-release-osx-x86_64-mavericks 0.1-3 NOTE
r-release-windows-ix86+x86_64 0.1-3 4.00 38.00 42.00 NOTE
r-oldrel-windows-ix86+x86_64 0.1-3 4.00 41.00 45.00 OK

Check Details

Version: 0.1-3
Check: R code for possible problems
Result: NOTE
    print.bws.count: no visible binding for global variable ‘sd’
    Undefined global functions or variables:
     sd
    Consider adding
     importFrom("stats", "sd")
    to your NAMESPACE file.
Flavors: r-devel-linux-x86_64-debian-clang, r-devel-linux-x86_64-debian-gcc, r-devel-linux-x86_64-fedora-clang, r-devel-linux-x86_64-fedora-gcc, r-devel-osx-x86_64-clang, r-devel-windows-ix86+x86_64, r-patched-linux-x86_64, r-patched-solaris-sparc, r-patched-solaris-x86, r-release-linux-x86_64, r-release-osx-x86_64-mavericks, r-release-windows-ix86+x86_64