CRAN Package Check Results for Package support.BWS

Last updated on 2015-08-31 08:47:09.

Flavor Version Tinstall Tcheck Ttotal Status Flags
r-devel-linux-x86_64-debian-clang 0.1-3 0.55 9.80 10.35 NOTE
r-devel-linux-x86_64-debian-gcc 0.1-3 0.50 9.78 10.28 NOTE
r-devel-linux-x86_64-fedora-clang 0.1-3 20.39 NOTE
r-devel-linux-x86_64-fedora-gcc 0.1-3 19.06 NOTE
r-devel-osx-x86_64-clang 0.1-3 18.70 OK
r-devel-windows-ix86+x86_64 0.1-3 3.00 23.00 26.00 NOTE
r-patched-linux-x86_64 0.1-3 0.55 10.02 10.58 OK
r-patched-solaris-sparc 0.1-3 146.50 OK
r-patched-solaris-x86 0.1-3 31.80 OK
r-release-linux-x86_64 0.1-3 0.56 10.65 11.21 OK
r-release-osx-x86_64-mavericks 0.1-3 OK
r-release-windows-ix86+x86_64 0.1-3 4.00 21.00 25.00 OK
r-oldrel-windows-ix86+x86_64 0.1-3 3.00 35.00 38.00 OK

Check Details

Version: 0.1-3
Check: R code for possible problems
Result: NOTE
    print.bws.count: no visible binding for global variable ‘sd’
    Undefined global functions or variables:
     sd
    Consider adding
     importFrom("stats", "sd")
    to your NAMESPACE.
Flavors: r-devel-linux-x86_64-debian-clang, r-devel-linux-x86_64-debian-gcc, r-devel-linux-x86_64-fedora-clang, r-devel-linux-x86_64-fedora-gcc, r-devel-windows-ix86+x86_64