CRAN Package Check Results for Package support.BWS

Last updated on 2016-02-14 13:47:24.

Flavor Version Tinstall Tcheck Ttotal Status Flags
r-devel-linux-x86_64-debian-gcc 0.1-3 0.52 9.56 10.09 NOTE
r-devel-linux-x86_64-fedora-clang 0.1-3 18.90 NOTE
r-devel-linux-x86_64-fedora-gcc 0.1-3 17.53 NOTE
r-devel-osx-x86_64-clang 0.1-3 22.19 NOTE
r-devel-windows-ix86+x86_64 0.1-3 3.00 29.00 32.00 NOTE
r-patched-linux-x86_64 0.1-3 0.60 10.35 10.95 OK
r-patched-solaris-sparc 0.1-3 123.80 OK
r-patched-solaris-x86 0.1-3 27.90 OK
r-release-linux-x86_64 0.1-3 0.59 10.44 11.03 OK
r-release-osx-x86_64-mavericks 0.1-3 OK
r-release-windows-ix86+x86_64 0.1-3 3.00 26.00 29.00 OK
r-oldrel-windows-ix86+x86_64 0.1-3 4.00 22.00 26.00 OK

Check Details

Version: 0.1-3
Check: R code for possible problems
Result: NOTE
    print.bws.count: no visible binding for global variable ‘sd’
    Undefined global functions or variables:
     sd
    Consider adding
     importFrom("stats", "sd")
    to your NAMESPACE file.
Flavors: r-devel-linux-x86_64-debian-gcc, r-devel-linux-x86_64-fedora-clang, r-devel-linux-x86_64-fedora-gcc, r-devel-osx-x86_64-clang, r-devel-windows-ix86+x86_64