CRAN Package Check Results for Package support.BWS

Last updated on 2016-06-30 06:47:20.

Flavor Version Tinstall Tcheck Ttotal Status Flags
r-devel-linux-x86_64-debian-gcc 0.1-3 0.57 12.53 13.11 NOTE
r-devel-linux-x86_64-fedora-clang 0.1-3 20.79 NOTE
r-devel-linux-x86_64-fedora-gcc 0.1-3 20.01 NOTE
r-devel-osx-x86_64-clang 0.1-3 18.40 NOTE
r-devel-windows-ix86+x86_64 0.1-3 3.00 41.00 44.00 NOTE
r-patched-linux-x86_64 0.1-3 0.55 11.95 12.49 NOTE
r-patched-solaris-sparc 0.1-3 128.10 NOTE
r-patched-solaris-x86 0.1-3 29.10 NOTE
r-release-linux-x86_64 0.1-3 0.53 11.25 11.77 NOTE
r-release-osx-x86_64-mavericks 0.1-3 NOTE
r-release-windows-ix86+x86_64 0.1-3 3.00 35.00 38.00 NOTE
r-oldrel-windows-ix86+x86_64 0.1-3 4.00 28.00 32.00 OK

Check Details

Version: 0.1-3
Check: R code for possible problems
Result: NOTE
    print.bws.count: no visible binding for global variable ‘sd’
    Undefined global functions or variables:
     sd
    Consider adding
     importFrom("stats", "sd")
    to your NAMESPACE file.
Flavors: r-devel-linux-x86_64-debian-gcc, r-devel-linux-x86_64-fedora-clang, r-devel-linux-x86_64-fedora-gcc, r-devel-osx-x86_64-clang, r-devel-windows-ix86+x86_64, r-patched-linux-x86_64, r-patched-solaris-sparc, r-patched-solaris-x86, r-release-linux-x86_64, r-release-osx-x86_64-mavericks, r-release-windows-ix86+x86_64