CRAN Package Check Results for Package support.BWS

Last updated on 2016-08-30 10:49:30.

Flavor Version Tinstall Tcheck Ttotal Status Flags
r-devel-linux-x86_64-debian-clang 0.1-3 0.70 11.60 12.29 NOTE
r-devel-linux-x86_64-debian-gcc 0.1-3 0.65 10.92 11.57 NOTE
r-devel-linux-x86_64-fedora-clang 0.1-3 21.40 NOTE
r-devel-linux-x86_64-fedora-gcc 0.1-3 19.97 NOTE
r-devel-osx-x86_64-clang 0.1-3 18.55 NOTE
r-devel-windows-ix86+x86_64 0.1-3 4.00 30.00 34.00 NOTE
r-patched-linux-x86_64 0.1-3 0.56 11.59 12.15 NOTE
r-patched-solaris-sparc 0.1-3 128.10 NOTE
r-patched-solaris-x86 0.1-3 30.00 NOTE
r-release-linux-x86_64 0.1-3 0.55 11.93 12.49 NOTE
r-release-osx-x86_64-mavericks 0.1-3 NOTE
r-release-windows-ix86+x86_64 0.1-3 2.00 29.00 31.00 NOTE
r-oldrel-windows-ix86+x86_64 0.1-3 3.00 35.00 38.00 OK

Check Details

Version: 0.1-3
Check: R code for possible problems
Result: NOTE
    print.bws.count: no visible binding for global variable ‘sd’
    Undefined global functions or variables:
     sd
    Consider adding
     importFrom("stats", "sd")
    to your NAMESPACE file.
Flavors: r-devel-linux-x86_64-debian-clang, r-devel-linux-x86_64-debian-gcc, r-devel-linux-x86_64-fedora-clang, r-devel-linux-x86_64-fedora-gcc, r-devel-osx-x86_64-clang, r-devel-windows-ix86+x86_64, r-patched-linux-x86_64, r-patched-solaris-sparc, r-patched-solaris-x86, r-release-linux-x86_64, r-release-osx-x86_64-mavericks, r-release-windows-ix86+x86_64