CRAN Package Check Results for Package support.BWS

Last updated on 2017-02-21 03:49:54.

Flavor Version Tinstall Tcheck Ttotal Status Flags
r-devel-linux-x86_64-debian-clang 0.1-3 0.60 13.80 14.40 NOTE
r-devel-linux-x86_64-debian-gcc 0.1-3 0.58 13.67 14.25 NOTE
r-devel-linux-x86_64-fedora-clang 0.1-3 24.16 NOTE --no-stop-on-test-error
r-devel-linux-x86_64-fedora-gcc 0.1-3 23.42 NOTE --no-stop-on-test-error
r-devel-macos-x86_64-clang 0.1-3 21.42 NOTE --no-stop-on-test-error
r-devel-windows-ix86+x86_64 0.1-3 2.00 32.00 34.00 NOTE
r-patched-linux-x86_64 0.1-3 0.59 11.69 12.29 NOTE
r-patched-solaris-sparc 0.1-3 127.20 NOTE
r-patched-solaris-x86 0.1-3 31.10 NOTE
r-release-linux-x86_64 0.1-3 0.60 11.42 12.01 NOTE
r-release-osx-x86_64-mavericks 0.1-3 NOTE
r-release-windows-ix86+x86_64 0.1-3 4.00 39.00 43.00 NOTE
r-oldrel-windows-ix86+x86_64 0.1-3 3.00 42.00 45.00 OK

Check Details

Version: 0.1-3
Check: R code for possible problems
Result: NOTE
    print.bws.count: no visible binding for global variable ‘sd’
    Undefined global functions or variables:
     sd
    Consider adding
     importFrom("stats", "sd")
    to your NAMESPACE file.
Flavors: r-devel-linux-x86_64-debian-clang, r-devel-linux-x86_64-debian-gcc, r-devel-windows-ix86+x86_64, r-patched-linux-x86_64, r-patched-solaris-sparc, r-patched-solaris-x86, r-release-linux-x86_64, r-release-osx-x86_64-mavericks, r-release-windows-ix86+x86_64

Version: 0.1-3
Flags: --no-stop-on-test-error
Check: R code for possible problems
Result: NOTE
    print.bws.count: no visible binding for global variable ‘sd’
    Undefined global functions or variables:
     sd
    Consider adding
     importFrom("stats", "sd")
    to your NAMESPACE file.
Flavors: r-devel-linux-x86_64-fedora-clang, r-devel-linux-x86_64-fedora-gcc, r-devel-macos-x86_64-clang