CRAN Package Check Results for Package support.BWS

Last updated on 2017-01-22 23:48:48.

Flavor Version Tinstall Tcheck Ttotal Status Flags
r-devel-linux-x86_64-debian-clang 0.1-3 0.67 13.90 14.57 NOTE
r-devel-linux-x86_64-debian-gcc 0.1-3 0.62 13.27 13.89 NOTE
r-devel-linux-x86_64-fedora-clang 0.1-3 24.07 NOTE --no-stop-on-test-error
r-devel-linux-x86_64-fedora-gcc 0.1-3 23.16 NOTE --no-stop-on-test-error
r-devel-macos-x86_64-clang 0.1-3 20.59 NOTE --no-stop-on-test-error
r-devel-windows-ix86+x86_64 0.1-3 3.00 31.00 34.00 NOTE
r-patched-linux-x86_64 0.1-3 0.59 11.73 12.33 NOTE
r-patched-solaris-sparc 0.1-3 127.20 NOTE
r-patched-solaris-x86 0.1-3 30.20 NOTE
r-release-linux-x86_64 0.1-3 0.53 11.59 12.12 NOTE
r-release-osx-x86_64-mavericks 0.1-3 NOTE
r-release-windows-ix86+x86_64 0.1-3 6.00 32.00 38.00 NOTE
r-oldrel-windows-ix86+x86_64 0.1-3 6.00 57.00 63.00 OK

Check Details

Version: 0.1-3
Check: R code for possible problems
Result: NOTE
    print.bws.count: no visible binding for global variable ‘sd’
    Undefined global functions or variables:
     sd
    Consider adding
     importFrom("stats", "sd")
    to your NAMESPACE file.
Flavors: r-devel-linux-x86_64-debian-clang, r-devel-linux-x86_64-debian-gcc, r-devel-windows-ix86+x86_64, r-patched-linux-x86_64, r-patched-solaris-sparc, r-patched-solaris-x86, r-release-linux-x86_64, r-release-osx-x86_64-mavericks, r-release-windows-ix86+x86_64

Version: 0.1-3
Flags: --no-stop-on-test-error
Check: R code for possible problems
Result: NOTE
    print.bws.count: no visible binding for global variable ‘sd’
    Undefined global functions or variables:
     sd
    Consider adding
     importFrom("stats", "sd")
    to your NAMESPACE file.
Flavors: r-devel-linux-x86_64-fedora-clang, r-devel-linux-x86_64-fedora-gcc, r-devel-macos-x86_64-clang