CRAN Package Check Results for Package support.CEs

Last updated on 2014-04-23 12:48:29.

Flavor Version Tinstall Tcheck Ttotal Status Flags
r-devel-linux-x86_64-debian-clang 0.3-1 1.38 20.74 22.12 OK
r-devel-linux-x86_64-debian-gcc 0.3-1 1.28 21.19 22.47 OK
r-devel-linux-x86_64-fedora-clang 0.3-1 46.47 OK
r-devel-linux-x86_64-fedora-gcc 0.3-1 43.62 OK
r-devel-osx-x86_64-clang 0.3-1 45.83 OK
r-devel-osx-x86_64-gcc 0.3-1 OK
r-devel-windows-ix86+x86_64 0.3-1 5.00 31.00 36.00 OK
r-patched-linux-x86_64 0.3-1 1.28 20.94 22.22 OK
r-patched-solaris-sparc 0.3-1 241.80 OK
r-patched-solaris-x86 0.3-1 64.70 OK
r-release-linux-ix86 0.3-1 2.00 41.00 43.00 OK
r-release-linux-x86_64 0.3-1 1.37 21.15 22.52 OK
r-release-osx-x86_64-mavericks 0.3-1 WARN
r-release-osx-x86_64-snowleopard 0.3-1 OK
r-release-windows-ix86+x86_64 0.3-1 5.00 35.00 40.00 OK
r-oldrel-windows-ix86+x86_64 0.3-1 6.00 48.00 54.00 OK

Check Details

Version: 0.3-1
Check: PDF version of manual
Result: WARNING
    LaTeX errors when creating PDF version.
    This typically indicates Rd problems.
    LaTeX errors found:
    ! LaTeX Error: File `upquote.sty' not found.
    
    Type X to quit or <RETURN> to proceed,
    or enter new name. (Default extension: sty)
    
    cc50bd7/Rd2.tex:8: ==> Fatal error occurred, no output PDF file produced!
Flavor: r-release-osx-x86_64-mavericks