CRAN Package Check Results for Package support.CEs

Last updated on 2015-08-02 06:48:16.

Flavor Version Tinstall Tcheck Ttotal Status Flags
r-devel-linux-x86_64-debian-clang 0.3-3 1.09 18.21 19.30 NOTE
r-devel-linux-x86_64-debian-gcc 0.3-3 1.23 17.66 18.90 NOTE
r-devel-linux-x86_64-fedora-clang 0.3-3 39.59 NOTE
r-devel-linux-x86_64-fedora-gcc 0.3-3 36.14 NOTE
r-devel-osx-x86_64-clang 0.3-3 35.44 OK
r-devel-windows-ix86+x86_64 0.3-3 5.00 33.00 38.00 NOTE
r-patched-linux-x86_64 0.3-3 1.25 18.15 19.40 OK
r-patched-solaris-sparc 0.3-3 253.50 OK
r-patched-solaris-x86 0.3-3 54.80 OK
r-release-linux-x86_64 0.3-3 1.18 17.95 19.13 OK
r-release-osx-x86_64-mavericks 0.3-3 OK
r-release-windows-ix86+x86_64 0.3-3 5.00 48.00 53.00 OK
r-oldrel-windows-ix86+x86_64 0.3-3 11.00 49.00 60.00 OK

Check Details

Version: 0.3-3
Check: R code for possible problems
Result: NOTE
    Lma.design: no visible global function definition for ‘runif’
    gofm: no visible global function definition for ‘logLik’
    make.design.matrix: no visible global function definition for
     ‘model.matrix’
    mwtp: no visible global function definition for ‘vcov’
    mwtp: no visible global function definition for ‘coefficients’
    mwtp: no visible global function definition for ‘qnorm’
    mwtp: no visible binding for global variable ‘quantile’
    rotation.design: no visible global function definition for ‘runif’
    Undefined global functions or variables:
     coefficients logLik model.matrix qnorm quantile runif vcov
    Consider adding
     importFrom("stats", "coefficients", "logLik", "model.matrix", "qnorm",
     "quantile", "runif", "vcov")
    to your NAMESPACE.
Flavors: r-devel-linux-x86_64-debian-clang, r-devel-linux-x86_64-debian-gcc, r-devel-linux-x86_64-fedora-clang, r-devel-linux-x86_64-fedora-gcc, r-devel-windows-ix86+x86_64