Last updated on 2022-06-25 16:52:02 CEST.
Flavor | Version | Tinstall | Tcheck | Ttotal | Status | Flags |
---|---|---|---|---|---|---|
r-devel-linux-x86_64-debian-clang | 1.0.4 | 2.95 | 25.16 | 28.11 | OK | |
r-devel-linux-x86_64-debian-gcc | 1.0.4 | 1.78 | 20.06 | 21.84 | OK | |
r-devel-linux-x86_64-fedora-clang | 1.0.4 | 45.44 | NOTE | |||
r-devel-linux-x86_64-fedora-gcc | 1.0.4 | 44.61 | NOTE | |||
r-devel-windows-x86_64 | 1.0.4 | 30.00 | 53.00 | 83.00 | OK | |
r-patched-linux-x86_64 | 1.0.4 | 3.16 | 24.47 | 27.63 | OK | |
r-release-linux-x86_64 | 1.0.4 | 3.03 | 24.40 | 27.43 | OK | |
r-release-macos-arm64 | 1.0.4 | 17.00 | NOTE | |||
r-release-macos-x86_64 | 1.0.4 | 29.00 | NOTE | |||
r-release-windows-x86_64 | 1.0.4 | 32.00 | 53.00 | 85.00 | OK | |
r-oldrel-macos-arm64 | 1.0.4 | 21.00 | NOTE | |||
r-oldrel-macos-x86_64 | 1.0.4 | 29.00 | NOTE | |||
r-oldrel-windows-ix86+x86_64 | 1.0.4 | 8.00 | 45.00 | 53.00 | OK |
Version: 1.0.4
Check: dependencies in R code
Result: NOTE
Namespace in Imports field not imported from: ‘learnr’
All declared Imports should be used.
Flavors: r-devel-linux-x86_64-fedora-clang, r-devel-linux-x86_64-fedora-gcc, r-release-macos-arm64, r-release-macos-x86_64, r-oldrel-macos-arm64, r-oldrel-macos-x86_64