CRAN Package Check Results for Package surface

Last updated on 2015-08-01 19:48:36.

Flavor Version Tinstall Tcheck Ttotal Status Flags
r-devel-linux-x86_64-debian-clang 0.4-1 1.48 141.86 143.34 NOTE
r-devel-linux-x86_64-debian-gcc 0.4-1 1.54 135.78 137.33 NOTE
r-devel-linux-x86_64-fedora-clang 0.4-1 286.81 NOTE
r-devel-linux-x86_64-fedora-gcc 0.4-1 267.08 NOTE
r-devel-osx-x86_64-clang 0.4-1 222.71 OK
r-devel-windows-ix86+x86_64 0.4-1 10.00 250.00 260.00 NOTE
r-patched-linux-x86_64 0.4-1 1.36 143.30 144.66 OK
r-patched-solaris-sparc 0.4-1 286.50 OK --no-vignettes
r-patched-solaris-x86 0.4-1 322.50 OK
r-release-linux-x86_64 0.4-1 1.35 137.23 138.58 OK
r-release-osx-x86_64-mavericks 0.4-1 OK
r-release-windows-ix86+x86_64 0.4-1 6.00 249.00 255.00 OK
r-oldrel-windows-ix86+x86_64 0.4-1 13.00 290.00 303.00 OK

Check Details

Version: 0.4-1
Check: R code for possible problems
Result: NOTE
    addRegime: no visible global function definition for ‘abline’
    collapseRegimes: no visible global function definition for ‘abline’
    convertBack: no visible global function definition for ‘as’
    convertTreeData: no visible global function definition for ‘as’
    getBranchTimes: no visible global function definition for ‘as’
    propRegMatch: no visible global function definition for ‘as’
    startingModel: no visible global function definition for ‘var’
    surfaceAICMultiPlot: no visible global function definition for ‘points’
    surfaceAICMultiPlot: no visible global function definition for ‘abline’
    surfaceAICPlot: no visible global function definition for ‘rainbow’
    surfaceAICPlot: no visible global function definition for ‘abline’
    surfaceAICPlot: no visible global function definition for ‘points’
    surfaceBackward: no visible global function definition for ‘as’
    surfaceForward: no visible global function definition for ‘as’
    surfaceSimulate : <anonymous>: no visible global function definition
     for ‘sd’
    surfaceSimulate: no visible global function definition for ‘rnorm’
    surfaceSimulate: no visible global function definition for ‘runif’
    surfaceSimulate: no visible global function definition for ‘as’
    surfaceSimulate: no visible global function definition for ‘rmultinom’
    surfaceTraitPlot: no visible global function definition for ‘as’
    surfaceTraitPlot: no visible global function definition for ‘rainbow’
    surfaceTraitPlot: no visible global function definition for ‘grey’
    surfaceTraitPlot: no visible global function definition for ‘polygon’
    surfaceTraitPlot: no visible global function definition for ‘points’
    surfaceTreePlot: no visible global function definition for ‘as’
    surfaceTreePlot: no visible global function definition for ‘rainbow’
    surfaceTreePlot: no visible global function definition for ‘grey’
    Undefined global functions or variables:
     abline as grey points polygon rainbow rmultinom rnorm runif sd var
    Consider adding
     importFrom("grDevices", "grey", "rainbow")
     importFrom("graphics", "abline", "points", "polygon")
     importFrom("methods", "as")
     importFrom("stats", "rmultinom", "rnorm", "runif", "sd", "var")
    to your NAMESPACE.
Flavors: r-devel-linux-x86_64-debian-clang, r-devel-linux-x86_64-debian-gcc, r-devel-linux-x86_64-fedora-clang, r-devel-linux-x86_64-fedora-gcc, r-devel-windows-ix86+x86_64