CRAN Package Check Results for Package surface

Last updated on 2015-07-04 21:46:53.

Flavor Version Tinstall Tcheck Ttotal Status Flags
r-devel-linux-x86_64-debian-clang 0.4-1 1.49 141.14 142.63 NOTE
r-devel-linux-x86_64-debian-gcc 0.4-1 1.32 137.73 139.05 NOTE
r-devel-linux-x86_64-fedora-clang 0.4-1 284.10 NOTE
r-devel-linux-x86_64-fedora-gcc 0.4-1 269.26 NOTE
r-devel-osx-x86_64-clang 0.4-1 198.75 OK
r-devel-windows-ix86+x86_64 0.4-1 9.00 216.00 225.00 NOTE
r-patched-linux-x86_64 0.4-1 1.31 137.24 138.55 OK
r-patched-solaris-sparc 0.4-1 278.30 OK --no-vignettes
r-patched-solaris-x86 0.4-1 328.90 OK
r-release-linux-x86_64 0.4-1 1.83 136.90 138.73 OK
r-release-osx-x86_64-mavericks 0.4-1 OK
r-release-windows-ix86+x86_64 0.4-1 7.00 243.00 250.00 OK
r-oldrel-windows-ix86+x86_64 0.4-1 9.00 382.00 391.00 OK

Check Details

Version: 0.4-1
Check: R code for possible problems
Result: NOTE
    addRegime: no visible global function definition for ‘abline’
    collapseRegimes: no visible global function definition for ‘abline’
    convertBack: no visible global function definition for ‘as’
    convertTreeData: no visible global function definition for ‘as’
    getBranchTimes: no visible global function definition for ‘as’
    propRegMatch: no visible global function definition for ‘as’
    startingModel: no visible global function definition for ‘var’
    surfaceAICMultiPlot: no visible global function definition for ‘points’
    surfaceAICMultiPlot: no visible global function definition for ‘abline’
    surfaceAICPlot: no visible global function definition for ‘rainbow’
    surfaceAICPlot: no visible global function definition for ‘abline’
    surfaceAICPlot: no visible global function definition for ‘points’
    surfaceBackward: no visible global function definition for ‘as’
    surfaceForward: no visible global function definition for ‘as’
    surfaceSimulate : <anonymous>: no visible global function definition
     for ‘sd’
    surfaceSimulate: no visible global function definition for ‘rnorm’
    surfaceSimulate: no visible global function definition for ‘runif’
    surfaceSimulate: no visible global function definition for ‘as’
    surfaceSimulate: no visible global function definition for ‘rmultinom’
    surfaceTraitPlot: no visible global function definition for ‘as’
    surfaceTraitPlot: no visible global function definition for ‘rainbow’
    surfaceTraitPlot: no visible global function definition for ‘grey’
    surfaceTraitPlot: no visible global function definition for ‘polygon’
    surfaceTraitPlot: no visible global function definition for ‘points’
    surfaceTreePlot: no visible global function definition for ‘as’
    surfaceTreePlot: no visible global function definition for ‘rainbow’
    surfaceTreePlot: no visible global function definition for ‘grey’
    Undefined global functions or variables:
     abline as grey points polygon rainbow rmultinom rnorm runif sd var
Flavors: r-devel-linux-x86_64-debian-clang, r-devel-linux-x86_64-debian-gcc, r-devel-linux-x86_64-fedora-clang, r-devel-linux-x86_64-fedora-gcc, r-devel-windows-ix86+x86_64