CRAN Package Check Results for Package surface

Last updated on 2014-04-24 21:47:51.

Flavor Version Tinstall Tcheck Ttotal Status Flags
r-devel-linux-x86_64-debian-clang 0.4-1 2.00 180.72 182.72 OK
r-devel-linux-x86_64-debian-gcc 0.4-1 1.94 179.54 181.49 OK
r-devel-linux-x86_64-fedora-clang 0.4-1 381.04 OK
r-devel-linux-x86_64-fedora-gcc 0.4-1 369.36 OK
r-devel-osx-x86_64-clang 0.4-1 274.46 OK
r-devel-osx-x86_64-gcc 0.4-1 NOTE
r-devel-windows-ix86+x86_64 0.4-1 7.00 280.00 287.00 OK
r-patched-linux-x86_64 0.4-1 2.09 178.84 180.94 OK
r-patched-solaris-sparc 0.4-1 322.50 OK --no-vignettes
r-patched-solaris-x86 0.4-1 392.90 OK
r-release-linux-ix86 0.4-1 4.00 261.00 265.00 OK
r-release-linux-x86_64 0.4-1 2.10 179.72 181.82 OK
r-release-osx-x86_64-mavericks 0.4-1 WARN
r-release-osx-x86_64-snowleopard 0.4-1 OK
r-release-windows-ix86+x86_64 0.4-1 6.00 285.00 291.00 OK
r-oldrel-windows-ix86+x86_64 0.4-1 7.00 253.00 260.00 OK

Check Details

Version: 0.4-1
Check: package dependencies
Result: NOTE
    Package suggested but not available for checking: ‘igraph’
Flavor: r-devel-osx-x86_64-gcc

Version: 0.4-1
Check: PDF version of manual
Result: WARNING
    LaTeX errors when creating PDF version.
    This typically indicates Rd problems.
    LaTeX errors found:
    ! LaTeX Error: File `upquote.sty' not found.
    
    Type X to quit or <RETURN> to proceed,
    or enter new name. (Default extension: sty)
    
    ffec77b/Rd2.tex:8: ==> Fatal error occurred, no output PDF file produced!
Flavor: r-release-osx-x86_64-mavericks