CRAN Package Check Results for Package surface

Last updated on 2015-05-22 15:46:47.

Flavor Version Tinstall Tcheck Ttotal Status Flags
r-devel-linux-x86_64-debian-clang 0.4-1 1.32 142.18 143.50 OK
r-devel-linux-x86_64-debian-gcc 0.4-1 1.70 137.33 139.04 OK
r-devel-linux-x86_64-fedora-gcc 0.4-1 269.39 OK
r-devel-osx-x86_64-clang 0.4-1 223.35 OK
r-devel-windows-ix86+x86_64 0.4-1 7.00 228.00 235.00 OK
r-patched-linux-x86_64 0.4-1 1.30 144.64 145.94 OK
r-patched-solaris-sparc 0.4-1 259.80 OK --no-vignettes
r-patched-solaris-x86 0.4-1 326.60 OK
r-release-linux-x86_64 0.4-1 1.27 146.16 147.43 OK
r-release-osx-x86_64-mavericks 0.4-1 OK
r-release-osx-x86_64-snowleopard 0.4-1 NOTE
r-release-windows-ix86+x86_64 0.4-1 5.00 233.00 238.00 OK
r-oldrel-windows-ix86+x86_64 0.4-1 9.00 240.00 249.00 OK

Check Details

Version: 0.4-1
Check: package dependencies
Result: NOTE
    Package suggested but not available for checking: ‘igraph’
Flavor: r-release-osx-x86_64-snowleopard