CRAN Package Check Results for Package surface

Last updated on 2016-05-03 09:49:07.

Flavor Version Tinstall Tcheck Ttotal Status Flags
r-devel-linux-x86_64-debian-gcc 0.4-1 1.30 96.03 97.32 NOTE
r-devel-linux-x86_64-fedora-clang 0.4-1 178.48 NOTE
r-devel-linux-x86_64-fedora-gcc 0.4-1 169.39 NOTE
r-devel-osx-x86_64-clang 0.4-1 183.64 NOTE
r-devel-windows-ix86+x86_64 0.4-1 6.00 150.00 156.00 NOTE
r-patched-linux-x86_64 0.4-1 1.36 80.81 82.17 NOTE
r-patched-solaris-sparc 0.4-1 243.90 NOTE --no-vignettes
r-patched-solaris-x86 0.4-1 185.70 NOTE
r-release-linux-x86_64 0.4-1 1.52 145.61 147.13 OK
r-release-osx-x86_64-mavericks 0.4-1 OK
r-release-windows-ix86+x86_64 0.4-1 5.00 294.00 299.00 OK
r-oldrel-windows-ix86+x86_64 0.4-1 12.00 319.00 331.00 OK

Check Details

Version: 0.4-1
Check: R code for possible problems
Result: NOTE
    addRegime: no visible global function definition for ‘abline’
    collapseRegimes: no visible global function definition for ‘abline’
    convertBack: no visible global function definition for ‘as’
    convertTreeData: no visible global function definition for ‘as’
    getBranchTimes: no visible global function definition for ‘as’
    propRegMatch: no visible global function definition for ‘as’
    startingModel: no visible global function definition for ‘var’
    surfaceAICMultiPlot: no visible global function definition for ‘points’
    surfaceAICMultiPlot: no visible global function definition for ‘abline’
    surfaceAICPlot: no visible global function definition for ‘rainbow’
    surfaceAICPlot: no visible global function definition for ‘abline’
    surfaceAICPlot: no visible global function definition for ‘points’
    surfaceBackward: no visible global function definition for ‘as’
    surfaceForward: no visible global function definition for ‘as’
    surfaceSimulate : <anonymous>: no visible global function definition
     for ‘sd’
    surfaceSimulate: no visible global function definition for ‘rnorm’
    surfaceSimulate: no visible global function definition for ‘runif’
    surfaceSimulate: no visible global function definition for ‘as’
    surfaceSimulate: no visible global function definition for ‘rmultinom’
    surfaceTraitPlot: no visible global function definition for ‘as’
    surfaceTraitPlot: no visible global function definition for ‘rainbow’
    surfaceTraitPlot: no visible global function definition for ‘grey’
    surfaceTraitPlot: no visible global function definition for ‘polygon’
    surfaceTraitPlot: no visible global function definition for ‘points’
    surfaceTreePlot: no visible global function definition for ‘as’
    surfaceTreePlot: no visible global function definition for ‘rainbow’
    surfaceTreePlot: no visible global function definition for ‘grey’
    Undefined global functions or variables:
     abline as grey points polygon rainbow rmultinom rnorm runif sd var
    Consider adding
     importFrom("grDevices", "grey", "rainbow")
     importFrom("graphics", "abline", "points", "polygon")
     importFrom("methods", "as")
     importFrom("stats", "rmultinom", "rnorm", "runif", "sd", "var")
    to your NAMESPACE file (and ensure that your DESCRIPTION Imports field
    contains 'methods').
Flavors: r-devel-linux-x86_64-debian-gcc, r-devel-linux-x86_64-fedora-clang, r-devel-linux-x86_64-fedora-gcc, r-devel-osx-x86_64-clang, r-devel-windows-ix86+x86_64, r-patched-linux-x86_64, r-patched-solaris-x86

Version: 0.4-1
Flags: --no-vignettes
Check: R code for possible problems
Result: NOTE
    addRegime: no visible global function definition for ‘abline’
    collapseRegimes: no visible global function definition for ‘abline’
    convertBack: no visible global function definition for ‘as’
    convertTreeData: no visible global function definition for ‘as’
    getBranchTimes: no visible global function definition for ‘as’
    propRegMatch: no visible global function definition for ‘as’
    startingModel: no visible global function definition for ‘var’
    surfaceAICMultiPlot: no visible global function definition for ‘points’
    surfaceAICMultiPlot: no visible global function definition for ‘abline’
    surfaceAICPlot: no visible global function definition for ‘rainbow’
    surfaceAICPlot: no visible global function definition for ‘abline’
    surfaceAICPlot: no visible global function definition for ‘points’
    surfaceBackward: no visible global function definition for ‘as’
    surfaceForward: no visible global function definition for ‘as’
    surfaceSimulate : <anonymous>: no visible global function definition
     for ‘sd’
    surfaceSimulate: no visible global function definition for ‘rnorm’
    surfaceSimulate: no visible global function definition for ‘runif’
    surfaceSimulate: no visible global function definition for ‘as’
    surfaceSimulate: no visible global function definition for ‘rmultinom’
    surfaceTraitPlot: no visible global function definition for ‘as’
    surfaceTraitPlot: no visible global function definition for ‘rainbow’
    surfaceTraitPlot: no visible global function definition for ‘grey’
    surfaceTraitPlot: no visible global function definition for ‘polygon’
    surfaceTraitPlot: no visible global function definition for ‘points’
    surfaceTreePlot: no visible global function definition for ‘as’
    surfaceTreePlot: no visible global function definition for ‘rainbow’
    surfaceTreePlot: no visible global function definition for ‘grey’
    Undefined global functions or variables:
     abline as grey points polygon rainbow rmultinom rnorm runif sd var
    Consider adding
     importFrom("grDevices", "grey", "rainbow")
     importFrom("graphics", "abline", "points", "polygon")
     importFrom("methods", "as")
     importFrom("stats", "rmultinom", "rnorm", "runif", "sd", "var")
    to your NAMESPACE file (and ensure that your DESCRIPTION Imports field
    contains 'methods').
Flavor: r-patched-solaris-sparc