Last updated on 2025-01-21 13:49:30 CET.
Flavor | Version | Tinstall | Tcheck | Ttotal | Status | Flags |
---|---|---|---|---|---|---|
r-devel-linux-x86_64-debian-clang | 1.0.0 | 61.54 | 69.54 | 131.08 | OK | |
r-devel-linux-x86_64-debian-gcc | 1.0.0 | 42.73 | 49.44 | 92.17 | OK | |
r-devel-linux-x86_64-fedora-clang | 1.0.0 | 220.70 | OK | |||
r-devel-linux-x86_64-fedora-gcc | 1.0.0 | 235.57 | OK | |||
r-devel-windows-x86_64 | 1.0.0 | 54.00 | 115.00 | 169.00 | OK | |
r-patched-linux-x86_64 | 1.0.0 | 60.39 | 66.51 | 126.90 | OK | |
r-release-linux-x86_64 | 1.0.0 | 60.54 | 66.44 | 126.98 | OK | |
r-release-macos-arm64 | 1.0.0 | 63.00 | NOTE | |||
r-release-macos-x86_64 | 1.0.0 | 83.00 | NOTE | |||
r-release-windows-x86_64 | 1.0.0 | 54.00 | 115.00 | 169.00 | OK | |
r-oldrel-macos-arm64 | 1.0.0 | 49.00 | NOTE | |||
r-oldrel-macos-x86_64 | 1.0.0 | 75.00 | NOTE | |||
r-oldrel-windows-x86_64 | 1.0.0 | 65.00 | 143.00 | 208.00 | OK |
Version: 1.0.0
Check: installed package size
Result: NOTE
installed size is 8.0Mb
sub-directories of 1Mb or more:
libs 7.4Mb
Flavors: r-release-macos-arm64, r-release-macos-x86_64, r-oldrel-macos-arm64, r-oldrel-macos-x86_64