CRAN Package Check Results for Package survAUC

Last updated on 2014-09-16 14:47:43.

Flavor Version Tinstall Tcheck Ttotal Status Flags
r-devel-linux-x86_64-debian-clang 1.0-5 1.97 11.74 13.71 NOTE
r-devel-linux-x86_64-debian-gcc 1.0-5 2.39 11.69 14.08 NOTE
r-devel-linux-x86_64-fedora-clang 1.0-5 26.37 NOTE
r-devel-linux-x86_64-fedora-gcc 1.0-5 25.41 NOTE
r-devel-osx-x86_64-clang 1.0-5 29.26 NOTE
r-devel-windows-ix86+x86_64 1.0-5 13.00 27.00 40.00 NOTE
r-patched-linux-x86_64 1.0-5 2.35 12.44 14.78 NOTE
r-patched-solaris-sparc 1.0-5 167.50 NOTE
r-patched-solaris-x86 1.0-5 44.70 NOTE
r-release-linux-ix86 1.0-5 3.14 19.23 22.36 NOTE
r-release-linux-x86_64 1.0-5 2.76 12.80 15.56 NOTE
r-release-osx-x86_64-mavericks 1.0-5 NOTE
r-release-osx-x86_64-snowleopard 1.0-5 NOTE
r-release-windows-ix86+x86_64 1.0-5 13.00 26.00 39.00 NOTE
r-oldrel-windows-ix86+x86_64 1.0-5 13.00 29.00 42.00 NOTE

Check Details

Version: 1.0-5
Check: dependencies in R code
Result: NOTE
    Package in Depends field not imported from: ‘survival’
     These packages need to be imported from (in the NAMESPACE file)
     for when this namespace is loaded but not attached.
    See the information on DESCRIPTION files in the chapter ‘Creating R
    packages’ of the ‘Writing R Extensions’ manual.
Flavors: r-devel-linux-x86_64-debian-clang, r-devel-linux-x86_64-debian-gcc, r-devel-linux-x86_64-fedora-clang, r-devel-linux-x86_64-fedora-gcc, r-devel-osx-x86_64-clang, r-devel-windows-ix86+x86_64, r-patched-linux-x86_64, r-patched-solaris-sparc, r-patched-solaris-x86, r-release-linux-ix86, r-release-linux-x86_64, r-release-osx-x86_64-mavericks, r-release-windows-ix86+x86_64, r-oldrel-windows-ix86+x86_64

Version: 1.0-5
Check: R code for possible problems
Result: NOTE
    NB: .First.lib is obsolete and will not be used in R >= 3.0.0
    
    schemper: no visible global function definition for ‘survfit’
Flavors: r-devel-linux-x86_64-debian-clang, r-devel-linux-x86_64-debian-gcc, r-devel-linux-x86_64-fedora-clang, r-devel-linux-x86_64-fedora-gcc, r-devel-osx-x86_64-clang, r-devel-windows-ix86+x86_64

Version: 1.0-5
Check: R code for possible problems
Result: NOTE
    NB: .First.lib is obsolete and will not be used in R >= 3.0.0
Flavors: r-patched-linux-x86_64, r-patched-solaris-sparc, r-patched-solaris-x86, r-release-linux-ix86, r-release-linux-x86_64, r-release-osx-x86_64-mavericks, r-release-osx-x86_64-snowleopard, r-release-windows-ix86+x86_64, r-oldrel-windows-ix86+x86_64