CRAN Package Check Results for Package survAUC

Last updated on 2017-02-19 23:48:40.

Flavor Version Tinstall Tcheck Ttotal Status Flags
r-devel-linux-x86_64-debian-clang 1.0-5 4.30 28.47 32.76 NOTE
r-devel-linux-x86_64-debian-gcc 1.0-5 4.68 28.33 33.01 NOTE
r-devel-linux-x86_64-fedora-clang 1.0-5 70.31 NOTE --no-stop-on-test-error
r-devel-linux-x86_64-fedora-gcc 1.0-5 70.83 NOTE --no-stop-on-test-error
r-devel-macos-x86_64-clang 1.0-5 56.35 NOTE --no-stop-on-test-error
r-devel-windows-ix86+x86_64 1.0-5 24.00 60.00 84.00 NOTE
r-patched-linux-x86_64 1.0-5 4.10 25.43 29.54 NOTE
r-patched-solaris-sparc 1.0-5 363.60 NOTE
r-patched-solaris-x86 1.0-5 83.80 NOTE
r-release-linux-x86_64 1.0-5 3.94 25.38 29.32 NOTE
r-release-osx-x86_64-mavericks 1.0-5 NOTE
r-release-windows-ix86+x86_64 1.0-5 11.00 58.00 69.00 NOTE
r-oldrel-windows-ix86+x86_64 1.0-5 25.00 84.00 109.00 NOTE

Check Details

Version: 1.0-5
Check: DESCRIPTION meta-information
Result: NOTE
    Malformed Title field: should not end in a period.
Flavors: r-devel-linux-x86_64-debian-clang, r-devel-linux-x86_64-debian-gcc, r-devel-windows-ix86+x86_64, r-patched-linux-x86_64, r-patched-solaris-sparc, r-patched-solaris-x86, r-release-linux-x86_64, r-release-osx-x86_64-mavericks, r-release-windows-ix86+x86_64, r-oldrel-windows-ix86+x86_64

Version: 1.0-5
Check: dependencies in R code
Result: NOTE
    Package in Depends field not imported from: ‘survival’
     These packages need to be imported from (in the NAMESPACE file)
     for when this namespace is loaded but not attached.
Flavors: r-devel-linux-x86_64-debian-clang, r-devel-linux-x86_64-debian-gcc, r-devel-windows-ix86+x86_64, r-patched-linux-x86_64, r-patched-solaris-sparc, r-patched-solaris-x86, r-release-linux-x86_64, r-release-osx-x86_64-mavericks, r-release-windows-ix86+x86_64, r-oldrel-windows-ix86+x86_64

Version: 1.0-5
Check: R code for possible problems
Result: NOTE
    NB: .First.lib is obsolete and will not be used in R >= 3.0.0
    
    plot.survAUC: no visible global function definition for ‘plot’
    plot.survAUC: no visible global function definition for ‘lines’
    plot.survErr: no visible global function definition for ‘plot’
    plot.survErr: no visible global function definition for ‘lines’
    schemper: no visible global function definition for ‘predict’
    schemper: no visible global function definition for ‘survfit’
    schemper: no visible global function definition for ‘approx’
    Undefined global functions or variables:
     approx lines plot predict survfit
    Consider adding
     importFrom("graphics", "lines", "plot")
     importFrom("stats", "approx", "predict")
    to your NAMESPACE file.
Flavors: r-devel-linux-x86_64-debian-clang, r-devel-linux-x86_64-debian-gcc, r-devel-windows-ix86+x86_64, r-patched-linux-x86_64, r-patched-solaris-sparc, r-patched-solaris-x86, r-release-linux-x86_64, r-release-osx-x86_64-mavericks, r-release-windows-ix86+x86_64

Version: 1.0-5
Check: compiled code
Result: NOTE
    File ‘survAUC/libs/survAUC.so’:
     Found no calls to: ‘R_registerRoutines’, ‘R_useDynamicSymbols’
    
    It is good practice to register native routines and to disable symbol
    search.
    
    See ‘Writing portable packages’ in the ‘Writing R Extensions’ manual.
Flavors: r-devel-linux-x86_64-debian-clang, r-devel-linux-x86_64-debian-gcc

Version: 1.0-5
Flags: --no-stop-on-test-error
Check: DESCRIPTION meta-information
Result: NOTE
    Malformed Title field: should not end in a period.
Flavors: r-devel-linux-x86_64-fedora-clang, r-devel-linux-x86_64-fedora-gcc, r-devel-macos-x86_64-clang

Version: 1.0-5
Flags: --no-stop-on-test-error
Check: dependencies in R code
Result: NOTE
    Package in Depends field not imported from: ‘survival’
     These packages need to be imported from (in the NAMESPACE file)
     for when this namespace is loaded but not attached.
Flavors: r-devel-linux-x86_64-fedora-clang, r-devel-linux-x86_64-fedora-gcc, r-devel-macos-x86_64-clang

Version: 1.0-5
Flags: --no-stop-on-test-error
Check: R code for possible problems
Result: NOTE
    NB: .First.lib is obsolete and will not be used in R >= 3.0.0
    
    plot.survAUC: no visible global function definition for ‘plot’
    plot.survAUC: no visible global function definition for ‘lines’
    plot.survErr: no visible global function definition for ‘plot’
    plot.survErr: no visible global function definition for ‘lines’
    schemper: no visible global function definition for ‘predict’
    schemper: no visible global function definition for ‘survfit’
    schemper: no visible global function definition for ‘approx’
    Undefined global functions or variables:
     approx lines plot predict survfit
    Consider adding
     importFrom("graphics", "lines", "plot")
     importFrom("stats", "approx", "predict")
    to your NAMESPACE file.
Flavors: r-devel-linux-x86_64-fedora-clang, r-devel-linux-x86_64-fedora-gcc, r-devel-macos-x86_64-clang

Version: 1.0-5
Flags: --no-stop-on-test-error
Check: compiled code
Result: NOTE
    File ‘survAUC/libs/survAUC.so’:
     Found no calls to: ‘R_registerRoutines’, ‘R_useDynamicSymbols’
    
    It is good practice to register native routines and to disable symbol
    search.
    
    See ‘Writing portable packages’ in the ‘Writing R Extensions’ manual.
Flavors: r-devel-linux-x86_64-fedora-clang, r-devel-linux-x86_64-fedora-gcc, r-devel-macos-x86_64-clang

Version: 1.0-5
Check: R code for possible problems
Result: NOTE
    NB: .First.lib is obsolete and will not be used in R >= 3.0.0
    
    schemper: no visible global function definition for 'survfit'
Flavor: r-oldrel-windows-ix86+x86_64