CRAN Package Check Results for Package survAUC

Last updated on 2014-08-23 06:48:45.

Flavor Version Tinstall Tcheck Ttotal Status Flags
r-devel-linux-x86_64-debian-clang 1.0-5 1.79 11.75 13.54 NOTE
r-devel-linux-x86_64-debian-gcc 1.0-5 2.30 11.40 13.70 NOTE
r-devel-linux-x86_64-fedora-clang 1.0-5 27.05 NOTE
r-devel-linux-x86_64-fedora-gcc 1.0-5 26.62 NOTE
r-devel-osx-x86_64-clang 1.0-5 28.48 NOTE
r-devel-windows-ix86+x86_64 1.0-5 13.00 27.00 40.00 NOTE
r-patched-linux-x86_64 1.0-5 2.29 12.08 14.37 NOTE
r-patched-solaris-sparc 1.0-5 167.50 NOTE
r-patched-solaris-x86 1.0-5 44.40 NOTE
r-release-linux-ix86 1.0-5 3.16 21.29 24.45 NOTE
r-release-linux-x86_64 1.0-5 2.38 12.75 15.14 NOTE
r-release-osx-x86_64-mavericks 1.0-5 NOTE
r-release-osx-x86_64-snowleopard 1.0-5 NOTE
r-release-windows-ix86+x86_64 1.0-5 13.00 27.00 40.00 NOTE
r-oldrel-windows-ix86+x86_64 1.0-5 15.00 29.00 44.00 NOTE

Check Details

Version: 1.0-5
Check: dependencies in R code
Result: NOTE
    Package in Depends field not imported from: ‘survival’
     These packages need to be imported from (in the NAMESPACE file)
     for when this namespace is loaded but not attached.
    See the information on DESCRIPTION files in the chapter ‘Creating R
    packages’ of the ‘Writing R Extensions’ manual.
Flavors: r-devel-linux-x86_64-debian-clang, r-devel-linux-x86_64-debian-gcc, r-devel-linux-x86_64-fedora-clang, r-devel-linux-x86_64-fedora-gcc, r-devel-osx-x86_64-clang, r-devel-windows-ix86+x86_64, r-patched-linux-x86_64, r-patched-solaris-sparc, r-patched-solaris-x86, r-release-linux-ix86, r-release-linux-x86_64, r-release-osx-x86_64-mavericks, r-release-windows-ix86+x86_64, r-oldrel-windows-ix86+x86_64

Version: 1.0-5
Check: R code for possible problems
Result: NOTE
    NB: .First.lib is obsolete and will not be used in R >= 3.0.0
    
    schemper: no visible global function definition for ‘survfit’
Flavors: r-devel-linux-x86_64-debian-clang, r-devel-linux-x86_64-debian-gcc, r-devel-linux-x86_64-fedora-clang, r-devel-linux-x86_64-fedora-gcc, r-devel-osx-x86_64-clang

Version: 1.0-5
Check: R code for possible problems
Result: NOTE
    NB: .First.lib is obsolete and will not be used in R >= 3.0.0
Flavors: r-devel-windows-ix86+x86_64, r-patched-linux-x86_64, r-patched-solaris-sparc, r-patched-solaris-x86, r-release-linux-ix86, r-release-linux-x86_64, r-release-osx-x86_64-mavericks, r-release-osx-x86_64-snowleopard, r-release-windows-ix86+x86_64, r-oldrel-windows-ix86+x86_64