CRAN Package Check Results for Package survAUC

Last updated on 2014-10-22 15:55:06.

Flavor Version Tinstall Tcheck Ttotal Status Flags
r-devel-linux-x86_64-debian-clang 1.0-5 1.98 12.95 14.94 NOTE
r-devel-linux-x86_64-debian-gcc 1.0-5 2.34 13.36 15.70 NOTE
r-devel-linux-x86_64-fedora-clang 1.0-5 28.76 NOTE
r-devel-linux-x86_64-fedora-gcc 1.0-5 27.45 NOTE
r-devel-osx-x86_64-clang 1.0-5 31.40 NOTE
r-devel-windows-ix86+x86_64 1.0-5 12.00 26.00 38.00 NOTE
r-patched-linux-x86_64 1.0-5 2.32 12.44 14.76 NOTE
r-patched-solaris-sparc 1.0-5 167.60 NOTE
r-patched-solaris-x86 1.0-5 43.60 NOTE
r-release-linux-ix86 1.0-5 3.16 19.99 23.15 NOTE
r-release-linux-x86_64 1.0-5 2.34 13.31 15.65 NOTE
r-release-osx-x86_64-mavericks 1.0-5 NOTE
r-release-osx-x86_64-snowleopard 1.0-5 NOTE
r-release-windows-ix86+x86_64 1.0-5 12.00 27.00 39.00 NOTE
r-oldrel-windows-ix86+x86_64 1.0-5 13.00 29.00 42.00 NOTE

Check Details

Version: 1.0-5
Check: dependencies in R code
Result: NOTE
    Package in Depends field not imported from: ‘survival’
     These packages need to be imported from (in the NAMESPACE file)
     for when this namespace is loaded but not attached.
    See the information on DESCRIPTION files in the chapter ‘Creating R
    packages’ of the ‘Writing R Extensions’ manual.
Flavors: r-devel-linux-x86_64-debian-clang, r-devel-linux-x86_64-debian-gcc, r-devel-linux-x86_64-fedora-clang, r-devel-linux-x86_64-fedora-gcc, r-devel-osx-x86_64-clang, r-devel-windows-ix86+x86_64, r-patched-linux-x86_64, r-patched-solaris-sparc, r-patched-solaris-x86, r-release-linux-ix86, r-release-linux-x86_64, r-release-osx-x86_64-mavericks, r-release-windows-ix86+x86_64, r-oldrel-windows-ix86+x86_64

Version: 1.0-5
Check: R code for possible problems
Result: NOTE
    NB: .First.lib is obsolete and will not be used in R >= 3.0.0
    
    schemper: no visible global function definition for ‘survfit’
Flavors: r-devel-linux-x86_64-debian-clang, r-devel-linux-x86_64-debian-gcc, r-devel-linux-x86_64-fedora-clang, r-devel-linux-x86_64-fedora-gcc, r-devel-osx-x86_64-clang, r-devel-windows-ix86+x86_64, r-patched-linux-x86_64, r-patched-solaris-sparc, r-patched-solaris-x86

Version: 1.0-5
Check: R code for possible problems
Result: NOTE
    NB: .First.lib is obsolete and will not be used in R >= 3.0.0
Flavors: r-release-linux-ix86, r-release-linux-x86_64, r-release-osx-x86_64-mavericks, r-release-osx-x86_64-snowleopard, r-release-windows-ix86+x86_64, r-oldrel-windows-ix86+x86_64