CRAN Package Check Results for Package survAUC

Last updated on 2014-12-20 15:46:37.

Flavor Version Tinstall Tcheck Ttotal Status Flags
r-devel-linux-x86_64-debian-clang 1.0-5 1.95 12.93 14.88 NOTE
r-devel-linux-x86_64-debian-gcc 1.0-5 2.29 12.70 14.99 NOTE
r-devel-linux-x86_64-fedora-clang 1.0-5 30.36 NOTE
r-devel-linux-x86_64-fedora-gcc 1.0-5 28.21 NOTE
r-devel-osx-x86_64-clang 1.0-5 29.88 NOTE
r-devel-windows-ix86+x86_64 1.0-5 14.00 27.00 41.00 NOTE
r-patched-linux-x86_64 1.0-5 2.44 12.49 14.93 NOTE
r-patched-solaris-sparc 1.0-5 167.60 NOTE
r-patched-solaris-x86 1.0-5 42.50 NOTE
r-release-linux-ix86 1.0-5 3.03 18.67 21.70 NOTE
r-release-linux-x86_64 1.0-5 2.35 13.29 15.64 NOTE
r-release-osx-x86_64-mavericks 1.0-5 NOTE
r-release-osx-x86_64-snowleopard 1.0-5 NOTE
r-release-windows-ix86+x86_64 1.0-5 14.00 29.00 43.00 NOTE
r-oldrel-windows-ix86+x86_64 1.0-5 13.00 31.00 44.00 NOTE

Check Details

Version: 1.0-5
Check: dependencies in R code
Result: NOTE
    Package in Depends field not imported from: ‘survival’
     These packages need to be imported from (in the NAMESPACE file)
     for when this namespace is loaded but not attached.
    See the information on DESCRIPTION files in the chapter ‘Creating R
    packages’ of the ‘Writing R Extensions’ manual.
Flavors: r-devel-linux-x86_64-debian-clang, r-devel-linux-x86_64-debian-gcc, r-devel-linux-x86_64-fedora-clang, r-devel-linux-x86_64-fedora-gcc, r-devel-osx-x86_64-clang, r-devel-windows-ix86+x86_64, r-patched-linux-x86_64, r-patched-solaris-sparc, r-patched-solaris-x86, r-release-linux-ix86, r-release-linux-x86_64, r-release-osx-x86_64-mavericks, r-release-windows-ix86+x86_64, r-oldrel-windows-ix86+x86_64

Version: 1.0-5
Check: R code for possible problems
Result: NOTE
    NB: .First.lib is obsolete and will not be used in R >= 3.0.0
    
    schemper: no visible global function definition for ‘survfit’
Flavors: r-devel-linux-x86_64-debian-clang, r-devel-linux-x86_64-debian-gcc, r-devel-linux-x86_64-fedora-clang, r-devel-linux-x86_64-fedora-gcc, r-devel-osx-x86_64-clang, r-devel-windows-ix86+x86_64, r-patched-linux-x86_64, r-patched-solaris-sparc, r-patched-solaris-x86, r-release-linux-ix86, r-release-linux-x86_64, r-release-windows-ix86+x86_64

Version: 1.0-5
Check: R code for possible problems
Result: NOTE
    NB: .First.lib is obsolete and will not be used in R >= 3.0.0
Flavors: r-release-osx-x86_64-mavericks, r-release-osx-x86_64-snowleopard, r-oldrel-windows-ix86+x86_64