CRAN Package Check Results for Package survAUC

Last updated on 2016-06-26 00:47:23.

Flavor Version Tinstall Tcheck Ttotal Status Flags
r-devel-linux-x86_64-debian-gcc 1.0-5 4.83 27.36 32.19 NOTE
r-devel-linux-x86_64-fedora-clang 1.0-5 60.65 NOTE
r-devel-linux-x86_64-fedora-gcc 1.0-5 58.28 NOTE
r-devel-osx-x86_64-clang 1.0-5 48.68 NOTE
r-devel-windows-ix86+x86_64 1.0-5 17.00 95.00 112.00 NOTE
r-patched-linux-x86_64 1.0-5 4.63 28.54 33.17 NOTE
r-patched-solaris-sparc 1.0-5 359.80 NOTE
r-patched-solaris-x86 1.0-5 82.80 NOTE
r-release-linux-x86_64 1.0-5 5.06 28.59 33.65 NOTE
r-release-osx-x86_64-mavericks 1.0-5 NOTE
r-release-windows-ix86+x86_64 1.0-5 20.00 65.00 85.00 NOTE
r-oldrel-windows-ix86+x86_64 1.0-5 24.00 70.00 94.00 NOTE

Check Details

Version: 1.0-5
Check: DESCRIPTION meta-information
Result: NOTE
    Malformed Title field: should not end in a period.
Flavors: r-devel-linux-x86_64-debian-gcc, r-devel-linux-x86_64-fedora-clang, r-devel-linux-x86_64-fedora-gcc, r-devel-osx-x86_64-clang, r-devel-windows-ix86+x86_64, r-patched-linux-x86_64, r-patched-solaris-sparc, r-patched-solaris-x86, r-release-linux-x86_64, r-release-osx-x86_64-mavericks, r-release-windows-ix86+x86_64, r-oldrel-windows-ix86+x86_64

Version: 1.0-5
Check: dependencies in R code
Result: NOTE
    Package in Depends field not imported from: ‘survival’
     These packages need to be imported from (in the NAMESPACE file)
     for when this namespace is loaded but not attached.
Flavors: r-devel-linux-x86_64-debian-gcc, r-devel-linux-x86_64-fedora-clang, r-devel-linux-x86_64-fedora-gcc, r-devel-osx-x86_64-clang, r-devel-windows-ix86+x86_64, r-patched-linux-x86_64, r-patched-solaris-sparc, r-patched-solaris-x86, r-release-linux-x86_64, r-release-osx-x86_64-mavericks, r-release-windows-ix86+x86_64, r-oldrel-windows-ix86+x86_64

Version: 1.0-5
Check: R code for possible problems
Result: NOTE
    NB: .First.lib is obsolete and will not be used in R >= 3.0.0
    
    plot.survAUC: no visible global function definition for ‘plot’
    plot.survAUC: no visible global function definition for ‘lines’
    plot.survErr: no visible global function definition for ‘plot’
    plot.survErr: no visible global function definition for ‘lines’
    schemper: no visible global function definition for ‘predict’
    schemper: no visible global function definition for ‘survfit’
    schemper: no visible global function definition for ‘approx’
    Undefined global functions or variables:
     approx lines plot predict survfit
    Consider adding
     importFrom("graphics", "lines", "plot")
     importFrom("stats", "approx", "predict")
    to your NAMESPACE file.
Flavors: r-devel-linux-x86_64-debian-gcc, r-devel-linux-x86_64-fedora-clang, r-devel-linux-x86_64-fedora-gcc, r-devel-osx-x86_64-clang, r-devel-windows-ix86+x86_64, r-patched-linux-x86_64, r-patched-solaris-sparc, r-patched-solaris-x86, r-release-linux-x86_64, r-release-osx-x86_64-mavericks, r-release-windows-ix86+x86_64

Version: 1.0-5
Check: R code for possible problems
Result: NOTE
    NB: .First.lib is obsolete and will not be used in R >= 3.0.0
    
    schemper: no visible global function definition for 'survfit'
Flavor: r-oldrel-windows-ix86+x86_64