CRAN Package Check Results for Package survAUC

Last updated on 2016-08-30 10:49:30.

Flavor Version Tinstall Tcheck Ttotal Status Flags
r-devel-linux-x86_64-debian-clang 1.0-5 4.16 25.85 30.01 NOTE
r-devel-linux-x86_64-debian-gcc 1.0-5 4.11 25.09 29.20 NOTE
r-devel-linux-x86_64-fedora-clang 1.0-5 62.06 NOTE
r-devel-linux-x86_64-fedora-gcc 1.0-5 60.14 NOTE
r-devel-osx-x86_64-clang 1.0-5 50.08 NOTE
r-devel-windows-ix86+x86_64 1.0-5 21.00 58.00 79.00 NOTE
r-patched-linux-x86_64 1.0-5 4.23 27.33 31.56 NOTE
r-patched-solaris-sparc 1.0-5 359.80 NOTE
r-patched-solaris-x86 1.0-5 85.20 NOTE
r-release-linux-x86_64 1.0-5 3.94 24.67 28.61 NOTE
r-release-osx-x86_64-mavericks 1.0-5 NOTE
r-release-windows-ix86+x86_64 1.0-5 14.00 56.00 70.00 NOTE
r-oldrel-windows-ix86+x86_64 1.0-5 25.00 84.00 109.00 NOTE

Check Details

Version: 1.0-5
Check: DESCRIPTION meta-information
Result: NOTE
    Malformed Title field: should not end in a period.
Flavors: r-devel-linux-x86_64-debian-clang, r-devel-linux-x86_64-debian-gcc, r-devel-linux-x86_64-fedora-clang, r-devel-linux-x86_64-fedora-gcc, r-devel-osx-x86_64-clang, r-devel-windows-ix86+x86_64, r-patched-linux-x86_64, r-patched-solaris-sparc, r-patched-solaris-x86, r-release-linux-x86_64, r-release-osx-x86_64-mavericks, r-release-windows-ix86+x86_64, r-oldrel-windows-ix86+x86_64

Version: 1.0-5
Check: dependencies in R code
Result: NOTE
    Package in Depends field not imported from: ‘survival’
     These packages need to be imported from (in the NAMESPACE file)
     for when this namespace is loaded but not attached.
Flavors: r-devel-linux-x86_64-debian-clang, r-devel-linux-x86_64-debian-gcc, r-devel-linux-x86_64-fedora-clang, r-devel-linux-x86_64-fedora-gcc, r-devel-osx-x86_64-clang, r-devel-windows-ix86+x86_64, r-patched-linux-x86_64, r-patched-solaris-sparc, r-patched-solaris-x86, r-release-linux-x86_64, r-release-osx-x86_64-mavericks, r-release-windows-ix86+x86_64, r-oldrel-windows-ix86+x86_64

Version: 1.0-5
Check: R code for possible problems
Result: NOTE
    NB: .First.lib is obsolete and will not be used in R >= 3.0.0
    
    plot.survAUC: no visible global function definition for ‘plot’
    plot.survAUC: no visible global function definition for ‘lines’
    plot.survErr: no visible global function definition for ‘plot’
    plot.survErr: no visible global function definition for ‘lines’
    schemper: no visible global function definition for ‘predict’
    schemper: no visible global function definition for ‘survfit’
    schemper: no visible global function definition for ‘approx’
    Undefined global functions or variables:
     approx lines plot predict survfit
    Consider adding
     importFrom("graphics", "lines", "plot")
     importFrom("stats", "approx", "predict")
    to your NAMESPACE file.
Flavors: r-devel-linux-x86_64-debian-clang, r-devel-linux-x86_64-debian-gcc, r-devel-linux-x86_64-fedora-clang, r-devel-linux-x86_64-fedora-gcc, r-devel-osx-x86_64-clang, r-devel-windows-ix86+x86_64, r-patched-linux-x86_64, r-patched-solaris-sparc, r-patched-solaris-x86, r-release-linux-x86_64, r-release-osx-x86_64-mavericks, r-release-windows-ix86+x86_64

Version: 1.0-5
Check: R code for possible problems
Result: NOTE
    NB: .First.lib is obsolete and will not be used in R >= 3.0.0
    
    schemper: no visible global function definition for 'survfit'
Flavor: r-oldrel-windows-ix86+x86_64