CRAN Package Check Results for Package survAUC

Last updated on 2014-04-18 20:48:09.

Flavor Version Tinstall Tcheck Ttotal Status Flags
r-devel-linux-x86_64-debian-clang 1.0-5 1.89 13.20 15.09 NOTE
r-devel-linux-x86_64-debian-gcc NOTE
r-devel-linux-x86_64-fedora-clang 1.0-5 28.58 NOTE
r-devel-linux-x86_64-fedora-gcc 1.0-5 27.03 NOTE
r-devel-macosx-x86_64-clang 1.0-5 30.71 NOTE
r-devel-macosx-x86_64-gcc 1.0-5 ERROR
r-devel-windows-ix86+x86_64 1.0-5 12.00 24.00 36.00 NOTE
r-patched-linux-x86_64 1.0-5 2.28 13.30 15.57 NOTE
r-patched-solaris-sparc 1.0-5 169.60 NOTE
r-patched-solaris-x86 1.0-5 44.30 NOTE
r-release-linux-ix86 1.0-5 5.00 28.00 33.00 NOTE
r-release-linux-x86_64 1.0-5 2.34 13.02 15.35 NOTE
r-release-macosx-x86_64 1.0-5 NOTE
r-release-windows-ix86+x86_64 1.0-5 12.00 26.00 38.00 NOTE
r-oldrel-windows-ix86+x86_64 1.0-5 13.00 26.00 39.00 NOTE

Check Details

Version: 1.0-5
Check: dependencies in R code
Result: NOTE
    Package in Depends field not imported from: ‘survival’
     These packages need to be imported from (in the NAMESPACE file)
     for when this namespace is loaded but not attached.
    See the information on DESCRIPTION files in the chapter ‘Creating R
    packages’ of the ‘Writing R Extensions’ manual.
Flavors: r-devel-linux-x86_64-debian-clang, r-devel-linux-x86_64-debian-gcc, r-devel-linux-x86_64-fedora-clang, r-devel-linux-x86_64-fedora-gcc, r-devel-macosx-x86_64-clang, r-devel-macosx-x86_64-gcc, r-devel-windows-ix86+x86_64, r-patched-linux-x86_64, r-patched-solaris-sparc, r-patched-solaris-x86, r-release-linux-ix86, r-release-linux-x86_64, r-release-windows-ix86+x86_64, r-oldrel-windows-ix86+x86_64

Version: 1.0-5
Check: R code for possible problems
Result: NOTE
    NB: .First.lib is obsolete and will not be used in R >= 3.0.0
Flavors: r-devel-linux-x86_64-debian-clang, r-devel-linux-x86_64-debian-gcc, r-devel-linux-x86_64-fedora-clang, r-devel-linux-x86_64-fedora-gcc, r-devel-macosx-x86_64-clang, r-devel-macosx-x86_64-gcc, r-devel-windows-ix86+x86_64, r-patched-linux-x86_64, r-patched-solaris-sparc, r-patched-solaris-x86, r-release-linux-ix86, r-release-linux-x86_64, r-release-macosx-x86_64, r-release-windows-ix86+x86_64, r-oldrel-windows-ix86+x86_64

Version: 1.0-5
Check: package dependencies
Result: NOTE
    Package suggested but not available for checking: ‘rms’
Flavor: r-devel-macosx-x86_64-gcc

Version: 1.0-5
Check: examples
Result: ERROR
    Running examples in ‘survAUC-Ex.R’ failed
    The error most likely occurred in:
    
    > ### Name: schemper
    > ### Title: Distance-based estimator of survival predictive accuracy
    > ### proposed by Schemper and Henderson
    > ### Aliases: schemper
    > ### Keywords: classif
    >
    > ### ** Examples
    >
    >
    > library(rms)
    Error in library(rms) : there is no package called ‘rms’
    Execution halted
Flavor: r-devel-macosx-x86_64-gcc