CRAN Package Check Results for Package survAUC

Last updated on 2015-04-19 23:49:29.

Flavor Version Tinstall Tcheck Ttotal Status Flags
r-devel-linux-x86_64-debian-clang 1.0-5 1.98 11.74 13.71 NOTE
r-devel-linux-x86_64-debian-gcc 1.0-5 2.28 11.80 14.07 NOTE
r-devel-linux-x86_64-fedora-clang 1.0-5 26.55 NOTE
r-devel-linux-x86_64-fedora-gcc 1.0-5 26.40 NOTE
r-devel-osx-x86_64-clang 1.0-5 28.11 NOTE
r-devel-windows-ix86+x86_64 1.0-5 18.00 28.00 46.00 NOTE
r-patched-linux-x86_64 1.0-5 2.29 11.87 14.16 NOTE
r-patched-solaris-sparc 1.0-5 170.30 NOTE
r-patched-solaris-x86 1.0-5 38.40 NOTE
r-release-linux-x86_64 1.0-5 2.29 10.44 12.73 NOTE
r-release-osx-x86_64-mavericks 1.0-5 ERROR
r-release-osx-x86_64-snowleopard 1.0-5 ERROR
r-release-windows-ix86+x86_64 1.0-5 10.00 24.00 34.00 NOTE
r-oldrel-windows-ix86+x86_64 1.0-5 11.00 27.00 38.00 NOTE

Check Details

Version: 1.0-5
Check: DESCRIPTION meta-information
Result: NOTE
    Malformed Title field: should not end in a period.
Flavors: r-devel-linux-x86_64-debian-clang, r-devel-linux-x86_64-debian-gcc, r-devel-linux-x86_64-fedora-clang, r-devel-linux-x86_64-fedora-gcc, r-devel-osx-x86_64-clang, r-devel-windows-ix86+x86_64, r-patched-linux-x86_64, r-patched-solaris-sparc, r-patched-solaris-x86, r-release-linux-x86_64, r-release-osx-x86_64-mavericks, r-release-osx-x86_64-snowleopard, r-release-windows-ix86+x86_64

Version: 1.0-5
Check: dependencies in R code
Result: NOTE
    Package in Depends field not imported from: ‘survival’
     These packages need to be imported from (in the NAMESPACE file)
     for when this namespace is loaded but not attached.
Flavors: r-devel-linux-x86_64-debian-clang, r-devel-linux-x86_64-debian-gcc, r-devel-linux-x86_64-fedora-clang, r-devel-linux-x86_64-fedora-gcc, r-devel-osx-x86_64-clang, r-devel-windows-ix86+x86_64, r-patched-linux-x86_64, r-patched-solaris-sparc, r-patched-solaris-x86, r-release-linux-x86_64, r-release-osx-x86_64-mavericks, r-release-osx-x86_64-snowleopard, r-release-windows-ix86+x86_64, r-oldrel-windows-ix86+x86_64

Version: 1.0-5
Check: R code for possible problems
Result: NOTE
    NB: .First.lib is obsolete and will not be used in R >= 3.0.0
    
    schemper: no visible global function definition for ‘survfit’
Flavors: r-devel-linux-x86_64-debian-clang, r-devel-linux-x86_64-debian-gcc, r-devel-linux-x86_64-fedora-clang, r-devel-linux-x86_64-fedora-gcc, r-devel-osx-x86_64-clang, r-devel-windows-ix86+x86_64, r-patched-linux-x86_64, r-patched-solaris-sparc, r-patched-solaris-x86, r-release-linux-x86_64, r-release-osx-x86_64-mavericks, r-release-osx-x86_64-snowleopard, r-release-windows-ix86+x86_64, r-oldrel-windows-ix86+x86_64

Version: 1.0-5
Check: package dependencies
Result: NOTE
    Package suggested but not available for checking: ‘rms’
Flavors: r-release-osx-x86_64-mavericks, r-release-osx-x86_64-snowleopard

Version: 1.0-5
Check: examples
Result: ERROR
    Running examples in ‘survAUC-Ex.R’ failed
    The error most likely occurred in:
    
    > ### Name: schemper
    > ### Title: Distance-based estimator of survival predictive accuracy
    > ### proposed by Schemper and Henderson
    > ### Aliases: schemper
    > ### Keywords: classif
    >
    > ### ** Examples
    >
    >
    > library(rms)
    Error in library(rms) : there is no package called ‘rms’
    Execution halted
Flavors: r-release-osx-x86_64-mavericks, r-release-osx-x86_64-snowleopard