CRAN Package Check Results for Package survIDINRI

Last updated on 2014-04-23 17:47:55.

Flavor Version Tinstall Tcheck Ttotal Status Flags
r-devel-linux-x86_64-debian-clang 1.1-1 0.95 14.79 15.74 NOTE
r-devel-linux-x86_64-debian-gcc 1.1-1 1.00 14.32 15.32 NOTE
r-devel-linux-x86_64-fedora-clang 1.1-1 30.51 NOTE
r-devel-linux-x86_64-fedora-gcc 1.1-1 29.10 NOTE
r-devel-osx-x86_64-clang 1.1-1 31.13 NOTE
r-devel-osx-x86_64-gcc 1.1-1 NOTE
r-devel-windows-ix86+x86_64 1.1-1 5.00 31.00 36.00 NOTE
r-patched-linux-x86_64 1.1-1 0.95 14.49 15.44 NOTE
r-patched-solaris-sparc 1.1-1 170.00 NOTE
r-patched-solaris-x86 1.1-1 45.30 NOTE
r-release-linux-ix86 1.1-1 2.00 28.00 30.00 NOTE
r-release-linux-x86_64 1.1-1 0.91 14.44 15.35 NOTE
r-release-osx-x86_64-mavericks 1.1-1 WARN
r-release-osx-x86_64-snowleopard 1.1-1 OK
r-release-windows-ix86+x86_64 1.1-1 9.00 32.00 41.00 NOTE
r-oldrel-windows-ix86+x86_64 1.1-1 6.00 34.00 40.00 NOTE

Check Details

Version: 1.1-1
Check: dependencies in R code
Result: NOTE
    Packages in Depends field not imported from:
     ‘survC1’ ‘survival’
     These packages need to be imported from (in the NAMESPACE file)
     for when this namespace is loaded but not attached.
    See the information on DESCRIPTION files in the chapter ‘Creating R
    packages’ of the ‘Writing R Extensions’ manual.
Flavors: r-devel-linux-x86_64-debian-clang, r-devel-linux-x86_64-debian-gcc, r-devel-linux-x86_64-fedora-clang, r-devel-linux-x86_64-fedora-gcc, r-devel-osx-x86_64-clang, r-devel-osx-x86_64-gcc, r-devel-windows-ix86+x86_64, r-patched-linux-x86_64, r-patched-solaris-sparc, r-patched-solaris-x86, r-release-linux-ix86, r-release-linux-x86_64, r-release-osx-x86_64-mavericks, r-release-windows-ix86+x86_64, r-oldrel-windows-ix86+x86_64

Version: 1.1-1
Check: Rd line widths
Result: NOTE
    Rd file 'IDI.INF.GRAPH.Rd':
     \usage lines wider than 90 characters:
     IDI.INF.GRAPH(x, main = NULL, xlab = NULL, ylab = NULL, cex.main = NULL, cex.lab = NULL, ...)
    
    Rd file 'IDI.INF.Rd':
     \usage lines wider than 90 characters:
     IDI.INF(indata, covs0, covs1, t0, npert = 300, npert.rand = NULL, seed1 = NULL, alpha = 0.05)
    
    These lines will be truncated in the PDF manual.
Flavors: r-devel-linux-x86_64-fedora-clang, r-devel-linux-x86_64-fedora-gcc

Version: 1.1-1
Check: PDF version of manual
Result: WARNING
    LaTeX errors when creating PDF version.
    This typically indicates Rd problems.
    LaTeX errors found:
    ! LaTeX Error: File `upquote.sty' not found.
    
    Type X to quit or <RETURN> to proceed,
    or enter new name. (Default extension: sty)
    
    77d094b/Rd2.tex:8: ==> Fatal error occurred, no output PDF file produced!
Flavor: r-release-osx-x86_64-mavericks