CRAN Package Check Results for Package survIDINRI

Last updated on 2015-08-01 14:51:14.

Flavor Version Tinstall Tcheck Ttotal Status Flags
r-devel-linux-x86_64-debian-clang 1.1-1 0.83 12.68 13.51 NOTE
r-devel-linux-x86_64-debian-gcc 1.1-1 0.80 12.66 13.45 NOTE
r-devel-linux-x86_64-fedora-clang 1.1-1 26.16 NOTE
r-devel-linux-x86_64-fedora-gcc 1.1-1 24.39 NOTE
r-devel-osx-x86_64-clang 1.1-1 25.29 NOTE
r-devel-windows-ix86+x86_64 1.1-1 6.00 32.00 38.00 NOTE
r-patched-linux-x86_64 1.1-1 0.83 12.78 13.61 NOTE
r-patched-solaris-sparc 1.1-1 188.50 NOTE
r-patched-solaris-x86 1.1-1 39.30 NOTE
r-release-linux-x86_64 1.1-1 0.81 13.07 13.88 NOTE
r-release-osx-x86_64-mavericks 1.1-1 NOTE
r-release-windows-ix86+x86_64 1.1-1 8.00 31.00 39.00 NOTE
r-oldrel-windows-ix86+x86_64 1.1-1 6.00 34.00 40.00 NOTE

Check Details

Version: 1.1-1
Check: dependencies in R code
Result: NOTE
    Packages in Depends field not imported from:
     ‘survC1’ ‘survival’
     These packages need to be imported from (in the NAMESPACE file)
     for when this namespace is loaded but not attached.
Flavors: r-devel-linux-x86_64-debian-clang, r-devel-linux-x86_64-debian-gcc, r-devel-linux-x86_64-fedora-clang, r-devel-linux-x86_64-fedora-gcc, r-devel-osx-x86_64-clang, r-devel-windows-ix86+x86_64, r-patched-linux-x86_64, r-patched-solaris-sparc, r-patched-solaris-x86, r-release-linux-x86_64, r-release-osx-x86_64-mavericks, r-release-windows-ix86+x86_64, r-oldrel-windows-ix86+x86_64

Version: 1.1-1
Check: R code for possible problems
Result: NOTE
    Est.HR.FUN: no visible global function definition for ‘coxph’
    Est.HR.FUN: no visible global function definition for ‘basehaz’
    Est.HR.FUN: no visible global function definition for ‘approx’
    Ghat.FUN: no visible global function definition for ‘survfit’
    IDI.INF: no visible global function definition for ‘kmcens’
    IDI.INF: no visible global function definition for ‘quantile’
    IDI.INF.GRAPH: no visible global function definition for ‘plot’
    IDI.INF.GRAPH: no visible global function definition for ‘lines’
    IDI.INF.GRAPH: no visible global function definition for ‘abline’
    IDI.INF.GRAPH: no visible global function definition for ‘points’
    IDI.INF.GRAPH: no visible global function definition for ‘title’
    PTB.IDI.FUN: no visible global function definition for ‘rexp’
    shade: no visible global function definition for ‘polygon’
    Undefined global functions or variables:
     abline approx basehaz coxph kmcens lines plot points polygon quantile
     rexp survfit title
    Consider adding
     importFrom("graphics", "abline", "lines", "plot", "points", "polygon",
     "title")
     importFrom("stats", "approx", "quantile", "rexp")
    to your NAMESPACE.
Flavors: r-devel-linux-x86_64-debian-clang, r-devel-linux-x86_64-debian-gcc, r-devel-linux-x86_64-fedora-clang, r-devel-linux-x86_64-fedora-gcc, r-devel-windows-ix86+x86_64

Version: 1.1-1
Check: Rd line widths
Result: NOTE
    Rd file 'IDI.INF.GRAPH.Rd':
     \usage lines wider than 90 characters:
     IDI.INF.GRAPH(x, main = NULL, xlab = NULL, ylab = NULL, cex.main = NULL, cex.lab = NULL, ...)
    
    Rd file 'IDI.INF.Rd':
     \usage lines wider than 90 characters:
     IDI.INF(indata, covs0, covs1, t0, npert = 300, npert.rand = NULL, seed1 = NULL, alpha = 0.05)
    
    These lines will be truncated in the PDF manual.
Flavors: r-devel-linux-x86_64-debian-clang, r-devel-linux-x86_64-debian-gcc, r-devel-linux-x86_64-fedora-clang, r-devel-linux-x86_64-fedora-gcc, r-patched-linux-x86_64, r-release-linux-x86_64

Version: 1.1-1
Check: R code for possible problems
Result: NOTE
    Est.HR.FUN: no visible global function definition for ‘coxph’
    Est.HR.FUN: no visible global function definition for ‘basehaz’
    Ghat.FUN: no visible global function definition for ‘survfit’
    IDI.INF: no visible global function definition for ‘kmcens’
    Undefined global functions or variables:
     basehaz coxph kmcens survfit
Flavor: r-devel-osx-x86_64-clang

Version: 1.1-1
Check: R code for possible problems
Result: NOTE
    Est.HR.FUN: no visible global function definition for ‘coxph’
    Est.HR.FUN: no visible global function definition for ‘basehaz’
    Ghat.FUN: no visible global function definition for ‘survfit’
    IDI.INF: no visible global function definition for ‘kmcens’
Flavors: r-patched-linux-x86_64, r-patched-solaris-sparc, r-patched-solaris-x86, r-release-linux-x86_64, r-release-osx-x86_64-mavericks, r-release-windows-ix86+x86_64, r-oldrel-windows-ix86+x86_64