CRAN Package Check Results for Package survIDINRI

Last updated on 2015-04-26 03:47:40.

Flavor Version Tinstall Tcheck Ttotal Status Flags
r-devel-linux-x86_64-debian-clang 1.1-1 0.81 13.45 14.26 NOTE
r-devel-linux-x86_64-debian-gcc 1.1-1 0.86 12.18 13.04 NOTE
r-devel-linux-x86_64-fedora-clang 1.1-1 26.90 NOTE
r-devel-linux-x86_64-fedora-gcc 1.1-1 24.77 NOTE
r-devel-osx-x86_64-clang 1.1-1 28.03 NOTE
r-devel-windows-ix86+x86_64 1.1-1 6.00 30.00 36.00 NOTE
r-patched-linux-x86_64 1.1-1 0.81 12.37 13.18 NOTE
r-patched-solaris-sparc 1.1-1 159.40 NOTE
r-patched-solaris-x86 1.1-1 37.10 NOTE
r-release-linux-x86_64 1.1-1 0.79 12.53 13.32 NOTE
r-release-osx-x86_64-mavericks 1.1-1 NOTE
r-release-osx-x86_64-snowleopard 1.1-1 NOTE
r-release-windows-ix86+x86_64 1.1-1 4.00 33.00 37.00 NOTE
r-oldrel-windows-ix86+x86_64 1.1-1 10.00 34.00 44.00 NOTE

Check Details

Version: 1.1-1
Check: dependencies in R code
Result: NOTE
    Packages in Depends field not imported from:
     'survC1' 'survival'
     These packages need to be imported from (in the NAMESPACE file)
     for when this namespace is loaded but not attached.
Flavors: r-devel-windows-ix86+x86_64, r-release-windows-ix86+x86_64, r-oldrel-windows-ix86+x86_64

Version: 1.1-1
Check: R code for possible problems
Result: NOTE
    Est.HR.FUN: no visible global function definition for 'coxph'
    Est.HR.FUN: no visible global function definition for 'basehaz'
    Ghat.FUN: no visible global function definition for 'survfit'
    IDI.INF: no visible global function definition for 'kmcens'
Flavors: r-devel-windows-ix86+x86_64, r-release-windows-ix86+x86_64, r-oldrel-windows-ix86+x86_64