CRAN Package Check Results for Package survIDINRI

Last updated on 2015-03-30 21:49:27.

Flavor Version Tinstall Tcheck Ttotal Status Flags
r-devel-linux-x86_64-debian-clang 1.1-1 0.85 12.40 13.24 NOTE
r-devel-linux-x86_64-debian-gcc 1.1-1 0.81 12.20 13.02 NOTE
r-devel-linux-x86_64-fedora-clang 1.1-1 26.77 NOTE
r-devel-linux-x86_64-fedora-gcc 1.1-1 26.32 NOTE
r-devel-osx-x86_64-clang 1.1-1 31.49 NOTE
r-prerel-windows-ix86+x86_64 1.1-1 7.00 28.00 35.00 NOTE
r-prerel-linux-x86_64 1.1-1 0.84 12.34 13.18 NOTE
r-prerel-solaris-sparc 1.1-1 159.40 NOTE
r-prerel-solaris-x86 1.1-1 36.10 NOTE
r-release-linux-x86_64 1.1-1 0.93 14.32 15.25 NOTE
r-release-osx-x86_64-mavericks 1.1-1 NOTE
r-release-osx-x86_64-snowleopard 1.1-1 OK
r-release-windows-ix86+x86_64 1.1-1 10.00 34.00 44.00 NOTE
r-oldrel-windows-ix86+x86_64 1.1-1 6.00 35.00 41.00 NOTE

Check Details

Version: 1.1-1
Check: dependencies in R code
Result: NOTE
    Packages in Depends field not imported from:
     ‘survC1’ ‘survival’
     These packages need to be imported from (in the NAMESPACE file)
     for when this namespace is loaded but not attached.
Flavors: r-devel-linux-x86_64-debian-clang, r-devel-linux-x86_64-debian-gcc, r-devel-linux-x86_64-fedora-clang, r-devel-linux-x86_64-fedora-gcc, r-devel-osx-x86_64-clang, r-prerel-windows-ix86+x86_64, r-prerel-linux-x86_64, r-prerel-solaris-sparc, r-prerel-solaris-x86, r-release-linux-x86_64, r-release-windows-ix86+x86_64

Version: 1.1-1
Check: R code for possible problems
Result: NOTE
    Est.HR.FUN: no visible global function definition for ‘coxph’
    Est.HR.FUN: no visible global function definition for ‘basehaz’
    Ghat.FUN: no visible global function definition for ‘survfit’
    IDI.INF: no visible global function definition for ‘kmcens’
Flavors: r-devel-linux-x86_64-debian-clang, r-devel-linux-x86_64-debian-gcc, r-devel-linux-x86_64-fedora-clang, r-devel-linux-x86_64-fedora-gcc, r-devel-osx-x86_64-clang, r-prerel-windows-ix86+x86_64, r-prerel-linux-x86_64, r-prerel-solaris-sparc, r-prerel-solaris-x86, r-release-linux-x86_64, r-release-osx-x86_64-mavericks, r-release-windows-ix86+x86_64

Version: 1.1-1
Check: Rd line widths
Result: NOTE
    Rd file 'IDI.INF.GRAPH.Rd':
     \usage lines wider than 90 characters:
     IDI.INF.GRAPH(x, main = NULL, xlab = NULL, ylab = NULL, cex.main = NULL, cex.lab = NULL, ...)
    
    Rd file 'IDI.INF.Rd':
     \usage lines wider than 90 characters:
     IDI.INF(indata, covs0, covs1, t0, npert = 300, npert.rand = NULL, seed1 = NULL, alpha = 0.05)
    
    These lines will be truncated in the PDF manual.
Flavors: r-devel-linux-x86_64-debian-clang, r-devel-linux-x86_64-debian-gcc, r-devel-linux-x86_64-fedora-clang, r-devel-linux-x86_64-fedora-gcc, r-prerel-linux-x86_64, r-release-linux-x86_64

Version: 1.1-1
Check: dependencies in R code
Result: NOTE
    Packages in Depends field not imported from:
     ‘survC1’ ‘survival’
     These packages need to be imported from (in the NAMESPACE file)
     for when this namespace is loaded but not attached.
    See the information on DESCRIPTION files in the chapter ‘Creating R
    packages’ of the ‘Writing R Extensions’ manual.
Flavors: r-release-osx-x86_64-mavericks, r-oldrel-windows-ix86+x86_64