CRAN Package Check Results for Package survIDINRI

Last updated on 2014-08-27 15:49:43.

Flavor Version Tinstall Tcheck Ttotal Status Flags
r-devel-linux-x86_64-debian-clang 1.1-1 0.86 13.51 14.38 NOTE
r-devel-linux-x86_64-debian-gcc 1.1-1 0.82 13.45 14.27 NOTE
r-devel-linux-x86_64-fedora-clang 1.1-1 28.94 NOTE
r-devel-linux-x86_64-fedora-gcc 1.1-1 28.57 NOTE
r-devel-osx-x86_64-clang 1.1-1 29.09 NOTE
r-devel-windows-ix86+x86_64 1.1-1 5.00 31.00 36.00 NOTE
r-patched-linux-x86_64 1.1-1 0.86 13.96 14.82 NOTE
r-patched-solaris-sparc 1.1-1 173.00 NOTE
r-patched-solaris-x86 1.1-1 43.80 NOTE
r-release-linux-ix86 1.1-1 1.38 20.15 21.54 NOTE
r-release-linux-x86_64 1.1-1 0.89 14.33 15.22 NOTE
r-release-osx-x86_64-mavericks 1.1-1 NOTE
r-release-osx-x86_64-snowleopard 1.1-1 OK
r-release-windows-ix86+x86_64 1.1-1 7.00 43.00 50.00 NOTE
r-oldrel-windows-ix86+x86_64 1.1-1 6.00 34.00 40.00 NOTE

Check Details

Version: 1.1-1
Check: dependencies in R code
Result: NOTE
    Packages in Depends field not imported from:
     ‘survC1’ ‘survival’
     These packages need to be imported from (in the NAMESPACE file)
     for when this namespace is loaded but not attached.
    See the information on DESCRIPTION files in the chapter ‘Creating R
    packages’ of the ‘Writing R Extensions’ manual.
Flavors: r-devel-linux-x86_64-debian-clang, r-devel-linux-x86_64-debian-gcc, r-devel-linux-x86_64-fedora-clang, r-devel-linux-x86_64-fedora-gcc, r-devel-osx-x86_64-clang, r-devel-windows-ix86+x86_64, r-patched-linux-x86_64, r-patched-solaris-sparc, r-patched-solaris-x86, r-release-linux-ix86, r-release-linux-x86_64, r-release-osx-x86_64-mavericks, r-release-windows-ix86+x86_64, r-oldrel-windows-ix86+x86_64

Version: 1.1-1
Check: R code for possible problems
Result: NOTE
    Est.HR.FUN: no visible global function definition for ‘coxph’
    Est.HR.FUN: no visible global function definition for ‘basehaz’
    Ghat.FUN: no visible global function definition for ‘survfit’
    IDI.INF: no visible global function definition for ‘kmcens’
Flavors: r-devel-linux-x86_64-debian-clang, r-devel-linux-x86_64-debian-gcc, r-devel-linux-x86_64-fedora-clang, r-devel-linux-x86_64-fedora-gcc, r-devel-osx-x86_64-clang, r-devel-windows-ix86+x86_64

Version: 1.1-1
Check: Rd line widths
Result: NOTE
    Rd file 'IDI.INF.GRAPH.Rd':
     \usage lines wider than 90 characters:
     IDI.INF.GRAPH(x, main = NULL, xlab = NULL, ylab = NULL, cex.main = NULL, cex.lab = NULL, ...)
    
    Rd file 'IDI.INF.Rd':
     \usage lines wider than 90 characters:
     IDI.INF(indata, covs0, covs1, t0, npert = 300, npert.rand = NULL, seed1 = NULL, alpha = 0.05)
    
    These lines will be truncated in the PDF manual.
Flavors: r-devel-linux-x86_64-fedora-clang, r-devel-linux-x86_64-fedora-gcc