CRAN Package Check Results for Package survJamda.data

Last updated on 2016-08-27 05:49:01.

Flavor Version Tinstall Tcheck Ttotal Status Flags
r-devel-linux-x86_64-debian-clang 1.0.2 1.16 9.01 10.17 NOTE
r-devel-linux-x86_64-debian-gcc 1.0.2 1.53 11.53 13.06 NOTE
r-devel-linux-x86_64-fedora-clang 1.0.2 15.62 NOTE
r-devel-linux-x86_64-fedora-gcc 1.0.2 15.84 NOTE
r-devel-osx-x86_64-clang 1.0.2 14.77 NOTE
r-devel-windows-ix86+x86_64 1.0.2 5.00 30.00 35.00 NOTE
r-patched-linux-x86_64 1.0.2 1.14 8.81 9.95 NOTE
r-patched-solaris-sparc 1.0.2 111.60 NOTE
r-patched-solaris-x86 1.0.2 25.70 NOTE
r-release-linux-x86_64 1.0.2 1.07 8.91 9.98 NOTE
r-release-osx-x86_64-mavericks 1.0.2 NOTE
r-release-windows-ix86+x86_64 1.0.2 3.00 30.00 33.00 NOTE
r-oldrel-windows-ix86+x86_64 1.0.2 4.00 21.00 25.00 NOTE

Check Details

Version: 1.0.2
Check: installed package size
Result: NOTE
     installed size is 12.2Mb
     sub-directories of 1Mb or more:
     data 12.0Mb
Flavors: r-devel-linux-x86_64-debian-clang, r-devel-linux-x86_64-debian-gcc, r-devel-linux-x86_64-fedora-clang, r-devel-linux-x86_64-fedora-gcc, r-devel-osx-x86_64-clang, r-devel-windows-ix86+x86_64, r-patched-linux-x86_64, r-patched-solaris-sparc, r-patched-solaris-x86, r-release-linux-x86_64, r-release-osx-x86_64-mavericks, r-release-windows-ix86+x86_64, r-oldrel-windows-ix86+x86_64