CRAN Package Check Results for Package survJamda.data

Last updated on 2017-08-18 23:48:05.

Flavor Version Tinstall Tcheck Ttotal Status Flags
r-devel-linux-x86_64-debian-clang 1.0.2 1.33 10.22 11.55 OK
r-devel-linux-x86_64-debian-gcc 1.0.2 1.19 10.36 11.55 OK
r-devel-linux-x86_64-fedora-clang 1.0.2 17.77 NOTE
r-devel-linux-x86_64-fedora-gcc 1.0.2 17.59 NOTE
r-devel-windows-ix86+x86_64 1.0.2 4.00 22.00 26.00 NOTE
r-patched-linux-x86_64 1.0.2 1.13 10.44 11.57 OK
r-patched-solaris-x86 1.0.2 26.20 NOTE
r-release-linux-x86_64 1.0.2 1.12 10.02 11.14 OK
r-release-windows-ix86+x86_64 1.0.2 3.00 23.00 26.00 NOTE
r-release-osx-x86_64 1.0.2 NOTE
r-oldrel-windows-ix86+x86_64 1.0.2 4.00 25.00 29.00 NOTE
r-oldrel-osx-x86_64 1.0.2 NOTE

Check Details

Version: 1.0.2
Check: installed package size
Result: NOTE
     installed size is 12.2Mb
     sub-directories of 1Mb or more:
     data 12.0Mb
Flavors: r-devel-linux-x86_64-fedora-clang, r-devel-linux-x86_64-fedora-gcc, r-devel-windows-ix86+x86_64, r-patched-solaris-x86, r-release-windows-ix86+x86_64, r-release-osx-x86_64, r-oldrel-windows-ix86+x86_64, r-oldrel-osx-x86_64

Version: 1.0.2
Check: Rd cross-references
Result: NOTE
    Package unavailable to check Rd xrefs: ‘survJamda’
Flavor: r-release-osx-x86_64