CRAN Package Check Results for Package survJamda.data

Last updated on 2014-07-31 03:48:41.

Flavor Version Tinstall Tcheck Ttotal Status Flags
r-devel-linux-x86_64-debian-clang 1.0.1 1.40 8.74 10.14 NOTE
r-devel-linux-x86_64-debian-gcc 1.0.1 1.09 8.52 9.61 NOTE
r-devel-linux-x86_64-fedora-clang 1.0.1 18.60 NOTE
r-devel-linux-x86_64-fedora-gcc 1.0.1 17.55 NOTE
r-devel-osx-x86_64-clang 1.0.1 20.52 NOTE
r-devel-windows-ix86+x86_64 1.0.1 3.00 14.00 17.00 NOTE
r-patched-linux-x86_64 1.0.1 1.94 8.14 10.08 NOTE
r-patched-solaris-sparc 1.0.1 114.00 NOTE
r-patched-solaris-x86 1.0.1 29.80 NOTE
r-release-linux-ix86 1.0.1 1.55 12.67 14.22 NOTE
r-release-linux-x86_64 1.0.1 1.14 8.95 10.08 NOTE
r-release-osx-x86_64-mavericks 1.0.1 NOTE
r-release-windows-ix86+x86_64 1.0.1 4.00 18.00 22.00 NOTE
r-oldrel-windows-ix86+x86_64 1.0.1 3.00 16.00 19.00 NOTE

Check Details

Version: 1.0.1
Check: installed package size
Result: NOTE
     installed size is 12.2Mb
     sub-directories of 1Mb or more:
     data 12.0Mb
Flavors: r-devel-linux-x86_64-debian-clang, r-devel-linux-x86_64-debian-gcc, r-devel-linux-x86_64-fedora-clang, r-devel-linux-x86_64-fedora-gcc, r-devel-osx-x86_64-clang, r-devel-windows-ix86+x86_64, r-patched-linux-x86_64, r-patched-solaris-sparc, r-patched-solaris-x86, r-release-linux-ix86, r-release-linux-x86_64, r-release-osx-x86_64-mavericks, r-release-windows-ix86+x86_64, r-oldrel-windows-ix86+x86_64