CRAN Package Check Results for Package survJamda.data

Last updated on 2016-07-26 11:51:09.

Flavor Version Tinstall Tcheck Ttotal Status Flags
r-devel-linux-x86_64-debian-clang 1.0.2 1.68 10.60 12.29 NOTE
r-devel-linux-x86_64-debian-gcc 1.0.2 1.28 10.85 12.13 NOTE
r-devel-linux-x86_64-fedora-clang 1.0.2 15.41 NOTE
r-devel-linux-x86_64-fedora-gcc 1.0.2 15.13 NOTE
r-devel-osx-x86_64-clang 1.0.2 14.62 NOTE
r-devel-windows-ix86+x86_64 1.0.2 3.00 24.00 27.00 NOTE
r-patched-linux-x86_64 1.0.2 1.52 10.58 12.10 NOTE
r-patched-solaris-sparc 1.0.2 111.60 NOTE
r-patched-solaris-x86 1.0.2 24.10 NOTE
r-release-linux-x86_64 1.0.2 1.66 10.19 11.86 NOTE
r-release-osx-x86_64-mavericks 1.0.2 NOTE
r-release-windows-ix86+x86_64 1.0.2 3.00 30.00 33.00 NOTE
r-oldrel-windows-ix86+x86_64 1.0.2 4.00 21.00 25.00 NOTE

Check Details

Version: 1.0.2
Check: installed package size
Result: NOTE
     installed size is 12.1Mb
     sub-directories of 1Mb or more:
     data 12.0Mb
Flavors: r-devel-linux-x86_64-debian-clang, r-devel-linux-x86_64-debian-gcc, r-devel-linux-x86_64-fedora-clang, r-devel-linux-x86_64-fedora-gcc, r-devel-osx-x86_64-clang, r-devel-windows-ix86+x86_64, r-patched-linux-x86_64, r-patched-solaris-sparc, r-patched-solaris-x86, r-release-linux-x86_64, r-release-osx-x86_64-mavericks, r-release-windows-ix86+x86_64, r-oldrel-windows-ix86+x86_64