CRAN Package Check Results for Package survJamda.data

Last updated on 2020-09-19 08:50:15 CEST.

Flavor Version Tinstall Tcheck Ttotal Status Flags
r-devel-linux-x86_64-debian-clang 1.0.2 2.23 21.27 23.50 OK
r-devel-linux-x86_64-debian-gcc 1.0.2 2.16 17.14 19.30 OK
r-devel-linux-x86_64-fedora-clang 1.0.2 38.42 NOTE
r-devel-linux-x86_64-fedora-gcc 1.0.2 27.61 OK
r-devel-windows-ix86+x86_64 1.0.2 5.00 37.00 42.00 NOTE
r-patched-linux-x86_64 1.0.2 2.29 20.92 23.21 OK
r-patched-solaris-x86 1.0.2 45.60 NOTE
r-release-linux-x86_64 1.0.2 2.60 21.08 23.68 OK
r-release-macos-x86_64 1.0.2 NOTE
r-release-windows-ix86+x86_64 1.0.2 5.00 43.00 48.00 NOTE
r-oldrel-macos-x86_64 1.0.2 NOTE
r-oldrel-windows-ix86+x86_64 1.0.2 5.00 42.00 47.00 NOTE

Check Details

Version: 1.0.2
Check: installed package size
Result: NOTE
     installed size is 12.2Mb
     sub-directories of 1Mb or more:
     data 12.0Mb
Flavors: r-devel-linux-x86_64-fedora-clang, r-devel-windows-ix86+x86_64, r-patched-solaris-x86, r-release-macos-x86_64, r-release-windows-ix86+x86_64, r-oldrel-macos-x86_64, r-oldrel-windows-ix86+x86_64

Version: 1.0.2
Check: Rd cross-references
Result: NOTE
    Undeclared package ‘survJamda’ in Rd xrefs
Flavor: r-devel-linux-x86_64-fedora-clang

Version: 1.0.2
Check: Rd cross-references
Result: NOTE
    Package unavailable to check Rd xrefs: ‘survJamda’
Flavor: r-oldrel-macos-x86_64