CRAN Package Check Results for Package survJamda.data

Last updated on 2017-01-24 23:50:15.

Flavor Version Tinstall Tcheck Ttotal Status Flags
r-devel-linux-x86_64-debian-clang 1.0.2 1.33 10.21 11.54 OK
r-devel-linux-x86_64-debian-gcc 1.0.2 1.20 10.36 11.56 OK
r-devel-linux-x86_64-fedora-clang 1.0.2 17.22 NOTE --no-stop-on-test-error
r-devel-linux-x86_64-fedora-gcc 1.0.2 17.08 NOTE --no-stop-on-test-error
r-devel-macos-x86_64-clang 1.0.2 16.15 NOTE --no-stop-on-test-error
r-devel-windows-ix86+x86_64 1.0.2 3.00 25.00 28.00 NOTE
r-patched-linux-x86_64 1.0.2 1.06 9.15 10.21 OK
r-patched-solaris-sparc 1.0.2 112.80 NOTE
r-patched-solaris-x86 1.0.2 23.80 NOTE
r-release-linux-x86_64 1.0.2 1.07 9.14 10.21 OK
r-release-osx-x86_64-mavericks 1.0.2 NOTE
r-release-windows-ix86+x86_64 1.0.2 4.00 25.00 29.00 NOTE
r-oldrel-windows-ix86+x86_64 1.0.2 4.00 32.00 36.00 NOTE

Check Details

Version: 1.0.2
Flags: --no-stop-on-test-error
Check: installed package size
Result: NOTE
     installed size is 12.2Mb
     sub-directories of 1Mb or more:
     data 12.0Mb
Flavors: r-devel-linux-x86_64-fedora-clang, r-devel-linux-x86_64-fedora-gcc, r-devel-macos-x86_64-clang

Version: 1.0.2
Check: installed package size
Result: NOTE
     installed size is 12.1Mb
     sub-directories of 1Mb or more:
     data 12.0Mb
Flavors: r-devel-windows-ix86+x86_64, r-patched-solaris-sparc, r-patched-solaris-x86, r-release-osx-x86_64-mavericks, r-release-windows-ix86+x86_64, r-oldrel-windows-ix86+x86_64