CRAN Package Check Results for Package survJamda.data

Last updated on 2016-12-05 09:51:15.

Flavor Version Tinstall Tcheck Ttotal Status Flags
r-devel-linux-x86_64-debian-clang 1.0.2 1.18 9.58 10.75 OK
r-devel-linux-x86_64-debian-gcc 1.0.2 1.16 9.46 10.62 OK
r-devel-linux-x86_64-fedora-clang 1.0.2 17.58 NOTE --no-stop-on-test-error
r-devel-linux-x86_64-fedora-gcc 1.0.2 17.64 NOTE --no-stop-on-test-error
r-devel-macos-x86_64-clang 1.0.2 16.37 NOTE
r-devel-windows-ix86+x86_64 1.0.2 5.00 23.00 28.00 NOTE
r-patched-linux-x86_64 1.0.2 1.18 9.25 10.44 OK
r-patched-solaris-sparc 1.0.2 111.60 NOTE
r-patched-solaris-x86 1.0.2 24.30 NOTE
r-release-linux-x86_64 1.0.2 1.04 9.12 10.16 OK
r-release-osx-x86_64-mavericks 1.0.2 NOTE
r-release-windows-ix86+x86_64 1.0.2 4.00 25.00 29.00 NOTE
r-oldrel-windows-ix86+x86_64 1.0.2 4.00 32.00 36.00 NOTE

Check Details

Version: 1.0.2
Flags: --no-stop-on-test-error
Check: installed package size
Result: NOTE
     installed size is 12.2Mb
     sub-directories of 1Mb or more:
     data 12.0Mb
Flavors: r-devel-linux-x86_64-fedora-clang, r-devel-linux-x86_64-fedora-gcc

Version: 1.0.2
Check: installed package size
Result: NOTE
     installed size is 12.1Mb
     sub-directories of 1Mb or more:
     data 12.0Mb
Flavors: r-devel-macos-x86_64-clang, r-devel-windows-ix86+x86_64, r-patched-solaris-sparc, r-patched-solaris-x86, r-release-osx-x86_64-mavericks, r-release-windows-ix86+x86_64, r-oldrel-windows-ix86+x86_64