CRAN Package Check Results for Package survJamda.data

Last updated on 2018-05-23 07:50:32 CEST.

Flavor Version Tinstall Tcheck Ttotal Status Flags
r-devel-linux-x86_64-debian-clang 1.0.2 1.55 15.71 17.26 OK
r-devel-linux-x86_64-debian-gcc 1.0.2 1.33 12.65 13.98 OK
r-devel-linux-x86_64-fedora-clang 1.0.2 21.04 NOTE
r-devel-linux-x86_64-fedora-gcc 1.0.2 20.03 NOTE
r-devel-windows-ix86+x86_64 1.0.2 5.00 34.00 39.00 NOTE
r-patched-linux-x86_64 1.0.2 1.19 14.86 16.05 OK
r-patched-solaris-x86 1.0.2 33.20 NOTE
r-release-linux-x86_64 1.0.2 1.12 14.69 15.81 OK
r-release-windows-ix86+x86_64 1.0.2 5.00 24.00 29.00 NOTE
r-release-osx-x86_64 1.0.2 NOTE
r-oldrel-windows-ix86+x86_64 1.0.2 3.00 23.00 26.00 NOTE
r-oldrel-osx-x86_64 1.0.2 NOTE

Check Details

Version: 1.0.2
Check: installed package size
Result: NOTE
     installed size is 12.2Mb
     sub-directories of 1Mb or more:
     data 12.0Mb
Flavors: r-devel-linux-x86_64-fedora-clang, r-devel-linux-x86_64-fedora-gcc, r-devel-windows-ix86+x86_64, r-patched-solaris-x86, r-release-windows-ix86+x86_64, r-release-osx-x86_64, r-oldrel-windows-ix86+x86_64, r-oldrel-osx-x86_64

Version: 1.0.2
Check: Rd cross-references
Result: NOTE
    Package unavailable to check Rd xrefs: ‘survJamda’
Flavor: r-oldrel-osx-x86_64