CRAN Package Check Results for Package survJamda.data

Last updated on 2014-08-28 08:49:07.

Flavor Version Tinstall Tcheck Ttotal Status Flags
r-devel-linux-x86_64-debian-clang 1.0.1 1.31 8.34 9.65 NOTE
r-devel-linux-x86_64-debian-gcc 1.0.1 1.38 8.41 9.79 NOTE
r-devel-linux-x86_64-fedora-clang 1.0.1 17.84 NOTE
r-devel-linux-x86_64-fedora-gcc 1.0.1 17.00 NOTE
r-devel-osx-x86_64-clang 1.0.1 20.18 NOTE
r-devel-windows-ix86+x86_64 1.0.1 3.00 13.00 16.00 NOTE
r-patched-linux-x86_64 1.0.1 1.38 8.20 9.57 NOTE
r-patched-solaris-sparc 1.0.1 114.00 NOTE
r-patched-solaris-x86 1.0.1 29.30 NOTE
r-release-linux-ix86 1.0.1 1.58 12.74 14.33 NOTE
r-release-linux-x86_64 1.0.1 1.14 8.46 9.61 NOTE
r-release-osx-x86_64-mavericks 1.0.1 NOTE
r-release-windows-ix86+x86_64 1.0.1 4.00 18.00 22.00 NOTE
r-oldrel-windows-ix86+x86_64 1.0.1 3.00 16.00 19.00 NOTE

Check Details

Version: 1.0.1
Check: installed package size
Result: NOTE
     installed size is 12.2Mb
     sub-directories of 1Mb or more:
     data 12.0Mb
Flavors: r-devel-linux-x86_64-debian-clang, r-devel-linux-x86_64-debian-gcc, r-devel-linux-x86_64-fedora-clang, r-devel-linux-x86_64-fedora-gcc, r-devel-osx-x86_64-clang, r-devel-windows-ix86+x86_64, r-patched-linux-x86_64, r-patched-solaris-sparc, r-patched-solaris-x86, r-release-linux-ix86, r-release-linux-x86_64, r-release-osx-x86_64-mavericks, r-release-windows-ix86+x86_64, r-oldrel-windows-ix86+x86_64