CRAN Package Check Results for Package survJamda.data

Last updated on 2015-08-04 14:48:21.

Flavor Version Tinstall Tcheck Ttotal Status Flags
r-devel-linux-x86_64-debian-clang 1.0.2 1.07 8.40 9.47 NOTE
r-devel-linux-x86_64-debian-gcc 1.0.2 1.16 8.27 9.43 NOTE
r-devel-linux-x86_64-fedora-clang 1.0.2 17.01 NOTE
r-devel-linux-x86_64-fedora-gcc 1.0.2 15.97 NOTE
r-devel-osx-x86_64-clang 1.0.2 17.97 NOTE
r-devel-windows-ix86+x86_64 1.0.2 4.00 16.00 20.00 NOTE
r-patched-linux-x86_64 1.0.2 1.22 8.58 9.80 NOTE
r-patched-solaris-sparc 1.0.2 129.10 NOTE
r-patched-solaris-x86 1.0.2 27.80 NOTE
r-release-linux-x86_64 1.0.2 1.29 8.70 9.99 NOTE
r-release-osx-x86_64-mavericks 1.0.2 NOTE
r-release-windows-ix86+x86_64 1.0.2 4.00 15.00 19.00 NOTE
r-oldrel-windows-ix86+x86_64 1.0.2 4.00 16.00 20.00 NOTE

Check Details

Version: 1.0.2
Check: installed package size
Result: NOTE
     installed size is 12.1Mb
     sub-directories of 1Mb or more:
     data 12.0Mb
Flavors: r-devel-linux-x86_64-debian-clang, r-devel-linux-x86_64-debian-gcc, r-devel-linux-x86_64-fedora-clang, r-devel-linux-x86_64-fedora-gcc, r-devel-osx-x86_64-clang, r-devel-windows-ix86+x86_64, r-patched-linux-x86_64, r-patched-solaris-sparc, r-patched-solaris-x86, r-release-linux-x86_64, r-release-osx-x86_64-mavericks, r-release-windows-ix86+x86_64, r-oldrel-windows-ix86+x86_64

Version: 1.0.2
Check: Rd cross-references
Result: NOTE
    Package unavailable to check Rd xrefs: ‘survJamda’
Flavor: r-release-osx-x86_64-mavericks