CRAN Package Check Results for Package survJamda.data

Last updated on 2020-02-21 10:48:11 CET.

Flavor Version Tinstall Tcheck Ttotal Status Flags
r-devel-linux-x86_64-debian-clang 1.0.2 2.55 20.14 22.69 OK
r-devel-linux-x86_64-debian-gcc 1.0.2 2.02 16.29 18.31 OK
r-devel-linux-x86_64-fedora-clang 1.0.2 28.04 NOTE
r-devel-linux-x86_64-fedora-gcc 1.0.2 27.78 OK
r-devel-windows-ix86+x86_64 1.0.2 5.00 29.00 34.00 NOTE
r-devel-windows-ix86+x86_64-gcc8 1.0.2 7.00 29.00 36.00 NOTE
r-patched-linux-x86_64 1.0.2 2.06 19.08 21.14 OK
r-patched-solaris-x86 1.0.2 42.60 NOTE
r-release-linux-x86_64 1.0.2 1.68 18.92 20.60 OK
r-release-windows-ix86+x86_64 1.0.2 5.00 42.00 47.00 NOTE
r-release-osx-x86_64 1.0.2 NOTE
r-oldrel-windows-ix86+x86_64 1.0.2 3.00 27.00 30.00 NOTE
r-oldrel-osx-x86_64 1.0.2 NOTE

Check Details

Version: 1.0.2
Check: installed package size
Result: NOTE
     installed size is 12.2Mb
     sub-directories of 1Mb or more:
     data 12.0Mb
Flavors: r-devel-linux-x86_64-fedora-clang, r-devel-windows-ix86+x86_64, r-devel-windows-ix86+x86_64-gcc8, r-patched-solaris-x86, r-release-windows-ix86+x86_64, r-release-osx-x86_64, r-oldrel-windows-ix86+x86_64, r-oldrel-osx-x86_64

Version: 1.0.2
Check: Rd cross-references
Result: NOTE
    Package unavailable to check Rd xrefs: ‘survJamda’
Flavor: r-release-osx-x86_64