CRAN Package Check Results for Package survJamda.data

Last updated on 2014-09-18 15:48:31.

Flavor Version Tinstall Tcheck Ttotal Status Flags
r-devel-linux-x86_64-debian-clang 1.0.1 1.26 8.80 10.07 NOTE
r-devel-linux-x86_64-debian-gcc 1.0.1 1.12 8.71 9.83 NOTE
r-devel-linux-x86_64-fedora-clang 1.0.1 18.27 NOTE
r-devel-linux-x86_64-fedora-gcc 1.0.1 17.05 NOTE
r-devel-osx-x86_64-clang 1.0.1 21.52 NOTE
r-devel-windows-ix86+x86_64 1.0.1 4.00 14.00 18.00 NOTE
r-patched-linux-x86_64 1.0.1 1.12 8.20 9.32 NOTE
r-patched-solaris-sparc 1.0.1 114.00 NOTE
r-patched-solaris-x86 1.0.1 28.30 NOTE
r-release-linux-ix86 1.0.1 1.63 12.77 14.40 NOTE
r-release-linux-x86_64 1.0.1 1.13 8.48 9.61 NOTE
r-release-osx-x86_64-mavericks 1.0.1 NOTE
r-release-windows-ix86+x86_64 1.0.1 4.00 18.00 22.00 NOTE
r-oldrel-windows-ix86+x86_64 1.0.1 3.00 16.00 19.00 NOTE

Check Details

Version: 1.0.1
Check: installed package size
Result: NOTE
     installed size is 12.2Mb
     sub-directories of 1Mb or more:
     data 12.0Mb
Flavors: r-devel-linux-x86_64-debian-clang, r-devel-linux-x86_64-debian-gcc, r-devel-linux-x86_64-fedora-clang, r-devel-linux-x86_64-fedora-gcc, r-devel-osx-x86_64-clang, r-devel-windows-ix86+x86_64, r-patched-linux-x86_64, r-patched-solaris-sparc, r-patched-solaris-x86, r-release-linux-ix86, r-release-linux-x86_64, r-release-osx-x86_64-mavericks, r-release-windows-ix86+x86_64, r-oldrel-windows-ix86+x86_64