CRAN Package Check Results for Package survJamda.data

Last updated on 2017-12-15 08:49:07 CET.

Flavor Version Tinstall Tcheck Ttotal Status Flags
r-devel-linux-x86_64-debian-clang 1.0.2 1.79 13.05 14.84 OK
r-devel-linux-x86_64-debian-gcc 1.0.2 0.98 12.04 13.02 OK
r-devel-linux-x86_64-fedora-clang 1.0.2 18.80 NOTE
r-devel-linux-x86_64-fedora-gcc 1.0.2 18.71 NOTE
r-devel-windows-ix86+x86_64 1.0.2 4.00 23.00 27.00 NOTE
r-patched-linux-x86_64 1.0.2 1.40 12.88 14.28 OK
r-patched-solaris-x86 1.0.2 26.20 NOTE
r-release-linux-x86_64 1.0.2 1.77 13.10 14.87 OK
r-release-windows-ix86+x86_64 1.0.2 3.00 23.00 26.00 NOTE
r-release-osx-x86_64 1.0.2 NOTE
r-oldrel-windows-ix86+x86_64 1.0.2 4.00 25.00 29.00 NOTE
r-oldrel-osx-x86_64 1.0.2 NOTE

Check Details

Version: 1.0.2
Check: installed package size
Result: NOTE
     installed size is 12.2Mb
     sub-directories of 1Mb or more:
     data 12.0Mb
Flavors: r-devel-linux-x86_64-fedora-clang, r-devel-linux-x86_64-fedora-gcc, r-devel-windows-ix86+x86_64, r-patched-solaris-x86, r-release-windows-ix86+x86_64, r-release-osx-x86_64, r-oldrel-windows-ix86+x86_64, r-oldrel-osx-x86_64

Version: 1.0.2
Check: Rd cross-references
Result: NOTE
    Package unavailable to check Rd xrefs: ‘survJamda’
Flavor: r-release-osx-x86_64