CRAN Package Check Results for Package survJamda.data

Last updated on 2015-09-04 06:48:24.

Flavor Version Tinstall Tcheck Ttotal Status Flags
r-devel-linux-x86_64-debian-clang 1.0.2 1.26 8.33 9.59 NOTE
r-devel-linux-x86_64-debian-gcc 1.0.2 0.96 8.15 9.11 NOTE
r-devel-linux-x86_64-fedora-clang 1.0.2 16.55 NOTE
r-devel-linux-x86_64-fedora-gcc 1.0.2 16.17 NOTE
r-devel-osx-x86_64-clang 1.0.2 16.64 NOTE
r-devel-windows-ix86+x86_64 1.0.2 4.00 17.00 21.00 NOTE
r-patched-linux-x86_64 1.0.2 1.16 8.41 9.57 NOTE
r-patched-solaris-sparc 1.0.2 129.10 NOTE
r-patched-solaris-x86 1.0.2 28.10 NOTE
r-release-linux-x86_64 1.0.2 1.30 8.65 9.95 NOTE
r-release-osx-x86_64-mavericks 1.0.2 NOTE
r-release-windows-ix86+x86_64 1.0.2 5.00 16.00 21.00 NOTE
r-oldrel-windows-ix86+x86_64 1.0.2 4.00 16.00 20.00 NOTE

Check Details

Version: 1.0.2
Check: installed package size
Result: NOTE
     installed size is 12.1Mb
     sub-directories of 1Mb or more:
     data 12.0Mb
Flavors: r-devel-linux-x86_64-debian-clang, r-devel-linux-x86_64-debian-gcc, r-devel-linux-x86_64-fedora-clang, r-devel-linux-x86_64-fedora-gcc, r-devel-osx-x86_64-clang, r-devel-windows-ix86+x86_64, r-patched-linux-x86_64, r-patched-solaris-sparc, r-patched-solaris-x86, r-release-linux-x86_64, r-release-osx-x86_64-mavericks, r-release-windows-ix86+x86_64, r-oldrel-windows-ix86+x86_64

Version: 1.0.2
Check: Rd cross-references
Result: NOTE
    Package unavailable to check Rd xrefs: ‘survJamda’
Flavor: r-release-osx-x86_64-mavericks