CRAN Package Check Results for Package survJamda.data

Last updated on 2015-05-05 21:46:54.

Flavor Version Tinstall Tcheck Ttotal Status Flags
r-devel-linux-x86_64-debian-clang 1.0.2 1.35 8.64 9.99 NOTE
r-devel-linux-x86_64-debian-gcc 1.0.2 1.05 8.54 9.59 NOTE
r-devel-linux-x86_64-fedora-clang 1.0.2 11.13 NOTE
r-devel-linux-x86_64-fedora-gcc 1.0.2 10.53 NOTE
r-devel-osx-x86_64-clang 1.0.2 21.91 NOTE
r-devel-windows-ix86+x86_64 1.0.2 4.00 17.00 21.00 NOTE
r-patched-solaris-sparc 1.0.2 104.20 NOTE
r-patched-solaris-x86 1.0.2 24.40 OK
r-release-linux-x86_64 1.0.2 1.10 8.44 9.54 NOTE
r-release-osx-x86_64-mavericks 1.0.2 NOTE
r-release-windows-ix86+x86_64 1.0.2 4.00 17.00 21.00 NOTE
r-oldrel-windows-ix86+x86_64 1.0.2 4.00 16.00 20.00 NOTE

Check Details

Version: 1.0.2
Check: installed package size
Result: NOTE
     installed size is 12.1Mb
     sub-directories of 1Mb or more:
     data 12.0Mb
Flavors: r-devel-linux-x86_64-debian-clang, r-devel-linux-x86_64-debian-gcc, r-devel-linux-x86_64-fedora-clang, r-devel-linux-x86_64-fedora-gcc, r-devel-osx-x86_64-clang, r-devel-windows-ix86+x86_64, r-patched-solaris-sparc, r-release-linux-x86_64, r-release-osx-x86_64-mavericks, r-release-windows-ix86+x86_64, r-oldrel-windows-ix86+x86_64

Version: 1.0.2
Check: Rd cross-references
Result: NOTE
    Package unavailable to check Rd xrefs: ‘survJamda’
Flavor: r-release-osx-x86_64-mavericks