CRAN Package Check Results for Package survJamda.data

Last updated on 2016-05-26 20:20:12.

Flavor Version Tinstall Tcheck Ttotal Status Flags
r-devel-linux-x86_64-debian-gcc 1.0.2 1.05 8.87 9.92 NOTE
r-devel-linux-x86_64-fedora-clang 1.0.2 15.54 NOTE
r-devel-linux-x86_64-fedora-gcc 1.0.2 15.36 NOTE
r-devel-osx-x86_64-clang 1.0.2 19.69 NOTE
r-devel-windows-ix86+x86_64 1.0.2 3.00 24.00 27.00 NOTE
r-patched-linux-x86_64 1.0.2 1.08 9.18 10.26 NOTE
r-patched-solaris-sparc 1.0.2 111.40 NOTE
r-patched-solaris-x86 1.0.2 25.90 NOTE
r-release-linux-x86_64 1.0.2 1.02 9.16 10.18 NOTE
r-release-osx-x86_64-mavericks 1.0.2 NOTE
r-release-windows-ix86+x86_64 1.0.2 3.00 30.00 33.00 NOTE
r-oldrel-windows-ix86+x86_64 1.0.2 4.00 21.00 25.00 NOTE

Check Details

Version: 1.0.2
Check: installed package size
Result: NOTE
     installed size is 12.1Mb
     sub-directories of 1Mb or more:
     data 12.0Mb
Flavors: r-devel-linux-x86_64-debian-gcc, r-devel-linux-x86_64-fedora-clang, r-devel-linux-x86_64-fedora-gcc, r-devel-osx-x86_64-clang, r-devel-windows-ix86+x86_64, r-patched-linux-x86_64, r-patched-solaris-sparc, r-patched-solaris-x86, r-release-linux-x86_64, r-release-osx-x86_64-mavericks, r-release-windows-ix86+x86_64, r-oldrel-windows-ix86+x86_64