CRAN Package Check Results for Package survJamda.data

Last updated on 2017-06-26 23:52:35.

Flavor Version Tinstall Tcheck Ttotal Status Flags
r-devel-linux-x86_64-debian-clang 1.0.2 1.18 10.08 11.27 OK
r-devel-linux-x86_64-debian-gcc 1.0.2 1.22 10.80 12.02 OK
r-devel-linux-x86_64-fedora-clang 1.0.2 17.78 NOTE
r-devel-linux-x86_64-fedora-gcc 1.0.2 18.02 NOTE
r-devel-windows-ix86+x86_64 1.0.2 4.00 28.00 32.00 NOTE
r-patched-linux-x86_64 1.0.2 1.61 10.05 11.65 OK
r-patched-solaris-sparc 1.0.2 120.70 NOTE
r-patched-solaris-x86 1.0.2 26.10 NOTE
r-release-linux-x86_64 1.0.2 1.21 9.99 11.20 OK
r-release-windows-ix86+x86_64 1.0.2 3.00 24.00 27.00 NOTE
r-release-osx-x86_64 1.0.2 NOTE
r-oldrel-windows-ix86+x86_64 1.0.2 4.00 25.00 29.00 NOTE
r-oldrel-osx-x86_64 1.0.2 NOTE

Check Details

Version: 1.0.2
Check: installed package size
Result: NOTE
     installed size is 12.2Mb
     sub-directories of 1Mb or more:
     data 12.0Mb
Flavors: r-devel-linux-x86_64-fedora-clang, r-devel-linux-x86_64-fedora-gcc, r-devel-windows-ix86+x86_64, r-patched-solaris-sparc, r-patched-solaris-x86, r-release-windows-ix86+x86_64, r-release-osx-x86_64, r-oldrel-windows-ix86+x86_64, r-oldrel-osx-x86_64

Version: 1.0.2
Check: Rd cross-references
Result: NOTE
    Package unavailable to check Rd xrefs: ‘survJamda’
Flavor: r-release-osx-x86_64