CRAN Package Check Results for Package survJamda

Last updated on 2017-06-29 06:53:25.

Flavor Version Tinstall Tcheck Ttotal Status Flags
r-devel-linux-x86_64-debian-clang 1.1.4 3.29 52.20 55.49 OK
r-devel-linux-x86_64-debian-gcc 1.1.4 3.34 53.89 57.23 OK
r-devel-linux-x86_64-fedora-clang 1.1.4 114.64 OK
r-devel-linux-x86_64-fedora-gcc 1.1.4 114.40 OK
r-devel-windows-ix86+x86_64 1.1.4 16.00 92.00 108.00 OK
r-patched-linux-x86_64 1.1.4 3.20 50.73 53.93 OK
r-patched-solaris-sparc 1.1.4 680.40 OK
r-patched-solaris-x86 1.1.4 151.40 OK
r-release-linux-x86_64 1.1.4 3.15 51.02 54.17 OK
r-release-windows-ix86+x86_64 1.1.4 14.00 118.00 132.00 OK
r-release-osx-x86_64 1.1.4 ERROR
r-oldrel-windows-ix86+x86_64 1.1.4 12.00 100.00 112.00 OK
r-oldrel-osx-x86_64 1.1.4 OK

Check Details

Version: 1.1.4
Check: package dependencies
Result: ERROR
    Package required but not available: ‘survcomp’
    
    See section ‘The DESCRIPTION file’ in the ‘Writing R Extensions’
    manual.
Flavor: r-release-osx-x86_64