CRAN Package Check Results for Package survJamda

Last updated on 2015-05-25 11:48:37.

Flavor Version Tinstall Tcheck Ttotal Status Flags
r-devel-linux-x86_64-debian-clang 1.1.3 1.53 28.18 29.70 OK
r-devel-linux-x86_64-debian-gcc 1.1.3 1.47 28.35 29.82 OK
r-devel-linux-x86_64-fedora-clang 1.1.3 57.10 OK
r-devel-linux-x86_64-fedora-gcc 1.1.3 54.62 OK
r-devel-osx-x86_64-clang 1.1.3 56.75 OK
r-devel-windows-ix86+x86_64 1.1.3 6.00 42.00 48.00 OK
r-patched-linux-x86_64 1.1.3 1.28 27.54 28.82 OK
r-patched-solaris-sparc 1.1.3 384.40 OK
r-patched-solaris-x86 1.1.3 78.70 OK
r-release-linux-x86_64 1.1.3 1.36 27.57 28.93 OK
r-release-osx-x86_64-mavericks 1.1.3 OK
r-release-osx-x86_64-snowleopard 1.1.3 ERROR
r-release-windows-ix86+x86_64 1.1.3 5.00 49.00 54.00 OK
r-oldrel-windows-ix86+x86_64 1.1.3 9.00 64.00 73.00 OK

Check Details

Version: 1.1.3
Check: package dependencies
Result: ERROR
    Package required but not available: ‘survcomp’
    
    See section ‘The DESCRIPTION file’ in the ‘Writing R Extensions’
    manual.
Flavor: r-release-osx-x86_64-snowleopard