CRAN Package Check Results for Package survJamda

Last updated on 2017-10-23 01:47:05.

Flavor Version Tinstall Tcheck Ttotal Status Flags
r-devel-linux-x86_64-debian-clang 1.1.4 3.25 51.25 54.50 OK
r-devel-linux-x86_64-debian-gcc 1.1.4 3.62 54.38 58.00 OK
r-devel-linux-x86_64-fedora-clang 1.1.4 123.88 OK
r-devel-linux-x86_64-fedora-gcc 1.1.4 118.24 OK
r-devel-windows-ix86+x86_64 1.1.4 9.00 132.00 141.00 OK
r-patched-linux-x86_64 1.1.4 3.55 51.48 55.03 OK
r-patched-solaris-x86 1.1.4 154.90 OK
r-release-linux-x86_64 1.1.4 3.50 51.48 54.98 OK
r-release-windows-ix86+x86_64 1.1.4 13.00 121.00 134.00 OK
r-release-osx-x86_64 1.1.4 ERROR
r-oldrel-windows-ix86+x86_64 1.1.4 7.00 110.00 117.00 OK
r-oldrel-osx-x86_64 1.1.4 OK

Check Details

Version: 1.1.4
Check: package dependencies
Result: ERROR
    Package required but not available: ‘survcomp’
    
    See section ‘The DESCRIPTION file’ in the ‘Writing R Extensions’
    manual.
Flavor: r-release-osx-x86_64