CRAN Package Check Results for Package survJamda

Last updated on 2017-08-17 09:47:28.

Flavor Version Tinstall Tcheck Ttotal Status Flags
r-devel-linux-x86_64-debian-clang 1.1.4 3.55 52.20 55.75 OK
r-devel-linux-x86_64-debian-gcc 1.1.4 3.18 50.85 54.04 OK
r-devel-linux-x86_64-fedora-clang 1.1.4 111.10 OK
r-devel-linux-x86_64-fedora-gcc 1.1.4 111.70 OK
r-devel-windows-ix86+x86_64 1.1.4 9.00 126.00 135.00 OK
r-patched-linux-x86_64 1.1.4 3.46 51.60 55.06 OK
r-patched-solaris-x86 1.1.4 153.60 OK
r-release-linux-x86_64 1.1.4 3.22 51.69 54.92 OK
r-release-windows-ix86+x86_64 1.1.4 11.00 93.00 104.00 OK
r-release-osx-x86_64 1.1.4 ERROR
r-oldrel-windows-ix86+x86_64 1.1.4 9.00 82.00 91.00 OK
r-oldrel-osx-x86_64 1.1.4 OK

Check Details

Version: 1.1.4
Check: package dependencies
Result: ERROR
    Package required but not available: ‘survcomp’
    
    See section ‘The DESCRIPTION file’ in the ‘Writing R Extensions’
    manual.
Flavor: r-release-osx-x86_64