CRAN Package Check Results for Package survJamda

Last updated on 2017-04-28 05:48:57.

Flavor Version Tinstall Tcheck Ttotal Status Flags
r-devel-linux-x86_64-debian-clang 1.1.4 3.50 50.79 54.29 OK
r-devel-linux-x86_64-debian-gcc 1.1.4 4.46 50.48 54.94 OK
r-devel-linux-x86_64-fedora-clang 1.1.4 117.68 OK --no-stop-on-test-error
r-devel-linux-x86_64-fedora-gcc 1.1.4 111.33 OK --no-stop-on-test-error
r-devel-windows-ix86+x86_64 1.1.4 11.00 114.00 125.00 OK
r-patched-linux-x86_64 1.1.4 3.29 50.68 53.96 OK
r-patched-solaris-sparc 1.1.4 680.40 OK
r-patched-solaris-x86 1.1.4 151.70 OK
r-release-linux-x86_64 1.1.4 3.18 50.54 53.72 OK
r-release-windows-ix86+x86_64 1.1.4 12.00 94.00 106.00 OK
r-release-osx-x86_64 1.1.4 ERROR
r-oldrel-windows-ix86+x86_64 1.1.4 13.00 84.00 97.00 OK
r-oldrel-osx-x86_64 1.1.4 OK

Check Details

Version: 1.1.4
Check: package dependencies
Result: ERROR
    Package required but not available: ‘survcomp’
    
    See section ‘The DESCRIPTION file’ in the ‘Writing R Extensions’
    manual.
Flavor: r-release-osx-x86_64