CRAN Package Check Results for Package survMisc

Last updated on 2015-04-19 11:51:23.

Flavor Version Tinstall Tcheck Ttotal Status Flags
r-devel-linux-x86_64-debian-clang 0.4.6 2.82 44.06 46.88 OK
r-devel-linux-x86_64-debian-gcc 0.4.6 2.93 43.60 46.53 OK
r-devel-linux-x86_64-fedora-clang 0.4.6 94.04 OK
r-devel-linux-x86_64-fedora-gcc 0.4.6 89.51 OK
r-devel-osx-x86_64-clang 0.4.6 78.82 OK
r-devel-windows-ix86+x86_64 0.4.5 18.00 126.00 144.00 OK
r-patched-linux-x86_64 0.4.6 2.89 43.74 46.63 OK
r-patched-solaris-sparc 0.4.6 472.60 OK
r-patched-solaris-x86 0.4.6 109.80 OK
r-release-linux-x86_64 0.4.6 2.82 39.72 42.54 OK
r-release-osx-x86_64-mavericks 0.4.6 OK
r-release-osx-x86_64-snowleopard 0.4.6 ERROR
r-release-windows-ix86+x86_64 0.4.6 7.00 85.00 92.00 OK
r-oldrel-windows-ix86+x86_64 0.4.6 23.00 195.00 218.00 OK

Check Details

Version: 0.4.6
Check: package dependencies
Result: ERROR
    Packages required but not available: ‘Hmisc’ ‘zoo’ ‘ggplot2’ ‘gridExtra’
    
    See section ‘The DESCRIPTION file’ in the ‘Writing R Extensions’
    manual.
Flavor: r-release-osx-x86_64-snowleopard