CRAN Package Check Results for Package survMisc

Last updated on 2017-11-20 00:54:50.

Flavor Version Tinstall Tcheck Ttotal Status Flags
r-devel-linux-x86_64-debian-clang 0.5.4 3.06 67.23 70.29 OK
r-devel-linux-x86_64-debian-gcc 0.5.4 3.31 132.81 136.11 OK
r-devel-linux-x86_64-fedora-clang 0.5.4 168.66 OK
r-devel-linux-x86_64-fedora-gcc 0.5.4 191.07 OK
r-devel-windows-ix86+x86_64 0.5.4 9.00 132.00 141.00 OK
r-patched-linux-x86_64 0.5.4 3.52 73.88 77.40 OK
r-patched-solaris-x86 0.5.4 195.40 OK
r-release-linux-x86_64 0.5.4 3.63 72.79 76.43 OK
r-release-windows-ix86+x86_64 0.5.4 19.00 170.00 189.00 OK
r-release-osx-x86_64 0.5.4 WARN
r-oldrel-windows-ix86+x86_64 0.5.4 8.00 153.00 161.00 OK
r-oldrel-osx-x86_64 0.5.4 OK

Check Details

Version: 0.5.4
Check: re-building of vignette outputs
Result: WARN
    Error in re-building vignettes:
     ...
    Warning: running command 'kpsewhich framed.sty' had status 1
    Warning in test_latex_pkg("framed", system.file("misc", "framed.sty", package = "knitr")) :
     unable to find LaTeX package 'framed'; will use a copy from knitr
    Error in texi2dvi(file = file, pdf = TRUE, clean = clean, quiet = quiet, :
     Running 'texi2dvi' on 'plots.tex' failed.
    LaTeX errors:
    ! LaTeX Error: File `morefloats.sty' not found.
    
    Type X to quit or <RETURN> to proceed,
    or enter new name. (Default extension: sty)
    
    ! Emergency stop.
    <read *>
    
    l.67 \usepackage
     [section]{placeins}^^M
    ! ==> Fatal error occurred, no output PDF file produced!
    Calls: buildVignettes -> texi2pdf -> texi2dvi
    Execution halted
Flavor: r-release-osx-x86_64