CRAN Package Check Results for Package survMisc

Last updated on 2014-07-30 20:48:54.

Flavor Version Tinstall Tcheck Ttotal Status Flags
r-devel-linux-x86_64-debian-clang 0.4.2 3.84 44.84 48.68 NOTE
r-devel-linux-x86_64-debian-gcc 0.4.2 2.56 44.57 47.13 NOTE
r-devel-linux-x86_64-fedora-clang 0.4.2 101.49 NOTE
r-devel-linux-x86_64-fedora-gcc 0.4.2 96.69 NOTE
r-devel-osx-x86_64-clang 0.4.2 83.18 NOTE
r-devel-windows-ix86+x86_64 0.4.2 9.00 67.00 76.00 NOTE
r-patched-linux-x86_64 0.4.2 2.60 45.06 47.65 NOTE
r-patched-solaris-sparc 0.4.2 541.70 NOTE
r-patched-solaris-x86 0.4.2 121.10 NOTE
r-release-linux-ix86 0.4.2 3.17 55.53 58.70 NOTE
r-release-linux-x86_64 0.4.2 2.62 46.62 49.24 NOTE
r-release-osx-x86_64-mavericks 0.4.2 NOTE
r-release-osx-x86_64-snowleopard 0.4.2 NOTE
r-release-windows-ix86+x86_64 0.4.2 10.00 71.00 81.00 NOTE
r-oldrel-windows-ix86+x86_64 0.4.2 11.00 101.00 112.00 NOTE

Check Details

Version: 0.4.2
Check: foreign function calls
Result: NOTE
    Foreign function call to a different package:
     .Call("coxfit6", ..., PACKAGE = "survival")
    See the chapter System and foreign language interfaces of the
     Writing R Extensions manual.
Flavors: r-devel-linux-x86_64-debian-clang, r-devel-linux-x86_64-debian-gcc, r-devel-linux-x86_64-fedora-clang, r-devel-linux-x86_64-fedora-gcc, r-devel-osx-x86_64-clang, r-devel-windows-ix86+x86_64, r-patched-linux-x86_64, r-patched-solaris-sparc, r-patched-solaris-x86, r-release-linux-ix86, r-release-linux-x86_64, r-release-osx-x86_64-mavericks, r-release-osx-x86_64-snowleopard, r-release-windows-ix86+x86_64, r-oldrel-windows-ix86+x86_64