CRAN Package Check Results for Package survMisc

Last updated on 2015-01-28 22:47:51.

Flavor Version Tinstall Tcheck Ttotal Status Flags
r-devel-linux-x86_64-debian-clang 0.4.4 3.15 47.29 50.44 OK
r-devel-linux-x86_64-debian-gcc 0.4.4 3.04 46.62 49.67 OK
r-devel-linux-x86_64-fedora-clang 0.4.4 134.72 OK
r-devel-linux-x86_64-fedora-gcc 0.4.4 104.99 OK
r-devel-osx-x86_64-clang 0.4.4 105.95 OK
r-devel-windows-ix86+x86_64 0.4.4 13.00 87.00 100.00 OK
r-patched-linux-x86_64 0.4.4 4.25 59.26 63.51 OK
r-patched-solaris-sparc 0.4.4 636.70 OK
r-patched-solaris-x86 0.4.4 151.10 OK
r-release-linux-ix86 0.4.4 4.95 67.69 72.64 OK
r-release-linux-x86_64 0.4.4 4.26 60.24 64.50 OK
r-release-osx-x86_64-mavericks 0.4.4 OK
r-release-osx-x86_64-snowleopard 0.4.4 WARN
r-release-windows-ix86+x86_64 0.4.4 19.00 136.00 155.00 OK
r-oldrel-windows-ix86+x86_64 0.4.4 18.00 132.00 150.00 OK

Check Details

Version: 0.4.4
Check: PDF version of manual
Result: WARN
    LaTeX errors when creating PDF version.
    This typically indicates Rd problems.
Flavor: r-release-osx-x86_64-snowleopard