CRAN Package Check Results for Package survMisc

Last updated on 2014-12-18 11:50:17.

Flavor Version Tinstall Tcheck Ttotal Status Flags
r-devel-linux-x86_64-debian-clang 0.4.2 2.78 44.55 47.33 NOTE
r-devel-linux-x86_64-debian-gcc 0.4.2 2.53 43.23 45.76 NOTE
r-devel-linux-x86_64-fedora-clang 0.4.2 102.42 NOTE
r-devel-linux-x86_64-fedora-gcc 0.4.2 91.83 NOTE
r-devel-osx-x86_64-clang 0.4.2 87.88 NOTE
r-devel-windows-ix86+x86_64 0.4.2 10.00 82.00 92.00 NOTE
r-patched-linux-x86_64 0.4.2 2.77 46.11 48.88 NOTE
r-patched-solaris-sparc 0.4.2 542.70 NOTE
r-patched-solaris-x86 0.4.2 122.80 NOTE
r-release-linux-ix86 0.4.2 3.30 55.09 58.38 NOTE
r-release-linux-x86_64 0.4.2 2.88 45.89 48.76 NOTE
r-release-osx-x86_64-mavericks 0.4.2 NOTE
r-release-osx-x86_64-snowleopard 0.4.2 NOTE
r-release-windows-ix86+x86_64 0.4.2 11.00 76.00 87.00 NOTE
r-oldrel-windows-ix86+x86_64 0.4.2 11.00 75.00 86.00 NOTE

Check Details

Version: 0.4.2
Check: foreign function calls
Result: NOTE
    Foreign function call to a different package:
     .Call("coxfit6", ..., PACKAGE = "survival")
    See the chapter ‘System and foreign language interfaces’ of the
    ‘Writing R Extensions’ manual.
Flavors: r-devel-linux-x86_64-debian-clang, r-devel-linux-x86_64-debian-gcc, r-devel-linux-x86_64-fedora-clang, r-devel-linux-x86_64-fedora-gcc, r-devel-osx-x86_64-clang, r-devel-windows-ix86+x86_64, r-patched-linux-x86_64, r-patched-solaris-sparc, r-patched-solaris-x86, r-release-linux-ix86, r-release-linux-x86_64, r-release-osx-x86_64-mavericks, r-release-osx-x86_64-snowleopard, r-release-windows-ix86+x86_64, r-oldrel-windows-ix86+x86_64

Version: 0.4.2
Check: R code for possible problems
Result: NOTE
    .getTne: no visible binding for global variable ‘ns’
Flavors: r-devel-linux-x86_64-debian-clang, r-devel-linux-x86_64-debian-gcc, r-devel-linux-x86_64-fedora-clang, r-devel-linux-x86_64-fedora-gcc, r-devel-osx-x86_64-clang, r-devel-windows-ix86+x86_64, r-patched-linux-x86_64, r-patched-solaris-sparc, r-patched-solaris-x86, r-release-linux-ix86, r-release-linux-x86_64, r-release-windows-ix86+x86_64