CRAN Package Check Results for Package survMisc

Last updated on 2017-05-29 14:50:33.

Flavor Version Tinstall Tcheck Ttotal Status Flags
r-devel-linux-x86_64-debian-clang 0.5.4 3.82 76.36 80.18 OK
r-devel-linux-x86_64-debian-gcc 0.5.4 3.22 74.44 77.66 OK
r-devel-linux-x86_64-fedora-clang 0.5.4 170.17 OK
r-devel-linux-x86_64-fedora-gcc 0.5.4 156.91 OK
r-devel-windows-ix86+x86_64 0.5.4 10.00 168.00 178.00 OK
r-patched-linux-x86_64 0.5.4 3.48 73.00 76.48 OK
r-patched-solaris-sparc 0.5.4 917.50 OK
r-patched-solaris-x86 0.5.4 193.80 OK
r-release-linux-x86_64 0.5.4 3.48 73.42 76.90 OK
r-release-windows-ix86+x86_64 0.5.4 14.00 166.00 180.00 OK
r-release-osx-x86_64 0.5.4 WARN
r-oldrel-windows-ix86+x86_64 0.5.4 7.00 104.00 111.00 OK
r-oldrel-osx-x86_64 0.5.4 OK

Check Details

Version: 0.5.4
Check: re-building of vignette outputs
Result: WARN
    Error in re-building vignettes:
     ...
    Warning: running command 'kpsewhich framed.sty' had status 1
    Warning in test_latex_pkg("framed", system.file("misc", "framed.sty", package = "knitr")) :
     unable to find LaTeX package 'framed'; will use a copy from knitr
    Error in texi2dvi(file = file, pdf = TRUE, clean = clean, quiet = quiet, :
     Running 'texi2dvi' on 'plots.tex' failed.
    LaTeX errors:
    ! LaTeX Error: File `morefloats.sty' not found.
    
    Type X to quit or <RETURN> to proceed,
    or enter new name. (Default extension: sty)
    
    ! Emergency stop.
    <read *>
    
    l.67 \usepackage
     [section]{placeins}^^M
    ! ==> Fatal error occurred, no output PDF file produced!
    Calls: buildVignettes -> texi2pdf -> texi2dvi
    Execution halted
Flavor: r-release-osx-x86_64