CRAN Package Check Results for Package survMisc

Last updated on 2017-07-22 21:48:47.

Flavor Version Tinstall Tcheck Ttotal Status Flags
r-devel-linux-x86_64-debian-clang 0.5.4 3.31 85.58 88.89 OK
r-devel-linux-x86_64-debian-gcc 0.5.4 3.15 84.26 87.41 OK
r-devel-linux-x86_64-fedora-clang 0.5.4 168.08 OK
r-devel-linux-x86_64-fedora-gcc 0.5.4 157.42 OK
r-devel-windows-ix86+x86_64 0.5.4 14.00 179.00 193.00 OK
r-patched-linux-x86_64 0.5.4 3.41 85.52 88.93 OK
r-patched-solaris-x86 0.5.4 200.20 OK
r-release-linux-x86_64 0.5.4 3.59 85.79 89.38 OK
r-release-windows-ix86+x86_64 0.5.4 10.00 167.00 177.00 OK
r-release-osx-x86_64 0.5.4 WARN
r-oldrel-windows-ix86+x86_64 0.5.4 14.00 157.00 171.00 OK
r-oldrel-osx-x86_64 0.5.4 OK

Check Details

Version: 0.5.4
Check: re-building of vignette outputs
Result: WARN
    Error in re-building vignettes:
     ...
    Warning: running command 'kpsewhich framed.sty' had status 1
    Warning in test_latex_pkg("framed", system.file("misc", "framed.sty", package = "knitr")) :
     unable to find LaTeX package 'framed'; will use a copy from knitr
    Error in texi2dvi(file = file, pdf = TRUE, clean = clean, quiet = quiet, :
     Running 'texi2dvi' on 'plots.tex' failed.
    LaTeX errors:
    ! LaTeX Error: File `morefloats.sty' not found.
    
    Type X to quit or <RETURN> to proceed,
    or enter new name. (Default extension: sty)
    
    ! Emergency stop.
    <read *>
    
    l.67 \usepackage
     [section]{placeins}^^M
    ! ==> Fatal error occurred, no output PDF file produced!
    Calls: buildVignettes -> texi2pdf -> texi2dvi
    Execution halted
Flavor: r-release-osx-x86_64