CRAN Package Check Results for Package survMisc

Last updated on 2017-04-23 15:48:51.

Flavor Version Tinstall Tcheck Ttotal Status Flags
r-devel-linux-x86_64-debian-clang 0.5.4 3.41 73.22 76.63 OK
r-devel-linux-x86_64-debian-gcc 0.5.4 3.29 71.48 74.77 OK
r-devel-linux-x86_64-fedora-clang 0.5.4 185.19 OK --no-stop-on-test-error
r-devel-linux-x86_64-fedora-gcc 0.5.4 158.20 OK --no-stop-on-test-error
r-devel-windows-ix86+x86_64 0.5.4 16.00 180.00 196.00 OK
r-patched-linux-x86_64 0.5.4 3.29 71.95 75.23 OK
r-patched-solaris-sparc 0.5.4 917.50 OK
r-patched-solaris-x86 0.5.4 197.20 OK
r-release-linux-x86_64 0.5.4 3.39 72.06 75.45 OK
r-release-windows-ix86+x86_64 0.5.4 12.00 123.00 135.00 OK
r-release-osx-x86_64 0.5.4 WARN
r-oldrel-windows-ix86+x86_64 0.5.4 9.00 106.00 115.00 OK
r-oldrel-osx-x86_64 0.5.4 OK

Check Details

Version: 0.5.4
Check: re-building of vignette outputs
Result: WARN
    Error in re-building vignettes:
     ...
    Warning: running command 'kpsewhich framed.sty' had status 1
    Warning in test_latex_pkg("framed", system.file("misc", "framed.sty", package = "knitr")) :
     unable to find LaTeX package 'framed'; will use a copy from knitr
    Error in texi2dvi(file = file, pdf = TRUE, clean = clean, quiet = quiet, :
     Running 'texi2dvi' on 'plots.tex' failed.
    LaTeX errors:
    ! LaTeX Error: File `morefloats.sty' not found.
    
    Type X to quit or <RETURN> to proceed,
    or enter new name. (Default extension: sty)
    
    ! Emergency stop.
    <read *>
    
    l.67 \usepackage
     [section]{placeins}^^M
    ! ==> Fatal error occurred, no output PDF file produced!
    Calls: buildVignettes -> texi2pdf -> texi2dvi
    Execution halted
Flavor: r-release-osx-x86_64