CRAN Package Check Results for Package survMisc

Last updated on 2014-08-27 19:48:43.

Flavor Version Tinstall Tcheck Ttotal Status Flags
r-devel-linux-x86_64-debian-clang 0.4.2 3.87 44.52 48.39 NOTE
r-devel-linux-x86_64-debian-gcc 0.4.2 2.62 42.83 45.45 NOTE
r-devel-linux-x86_64-fedora-clang 0.4.2 98.66 NOTE
r-devel-linux-x86_64-fedora-gcc 0.4.2 94.55 NOTE
r-devel-osx-x86_64-clang 0.4.2 79.82 NOTE
r-devel-windows-ix86+x86_64 0.4.2 10.00 71.00 81.00 NOTE
r-patched-linux-x86_64 0.4.2 2.60 44.86 47.46 NOTE
r-patched-solaris-sparc 0.4.2 541.70 NOTE
r-patched-solaris-x86 0.4.2 119.40 NOTE
r-release-linux-ix86 0.4.2 3.23 56.23 59.46 NOTE
r-release-linux-x86_64 0.4.2 2.60 46.02 48.62 NOTE
r-release-osx-x86_64-mavericks 0.4.2 NOTE
r-release-osx-x86_64-snowleopard 0.4.2 NOTE
r-release-windows-ix86+x86_64 0.4.2 9.00 80.00 89.00 NOTE
r-oldrel-windows-ix86+x86_64 0.4.2 10.00 70.00 80.00 NOTE

Check Details

Version: 0.4.2
Check: foreign function calls
Result: NOTE
    Foreign function call to a different package:
     .Call("coxfit6", ..., PACKAGE = "survival")
    See the chapter ‘System and foreign language interfaces’ of the
    ‘Writing R Extensions’ manual.
Flavors: r-devel-linux-x86_64-debian-clang, r-devel-linux-x86_64-debian-gcc, r-devel-linux-x86_64-fedora-clang, r-devel-linux-x86_64-fedora-gcc, r-devel-osx-x86_64-clang, r-devel-windows-ix86+x86_64, r-patched-linux-x86_64, r-patched-solaris-sparc, r-patched-solaris-x86, r-release-linux-ix86, r-release-linux-x86_64, r-release-osx-x86_64-mavericks, r-release-osx-x86_64-snowleopard, r-release-windows-ix86+x86_64, r-oldrel-windows-ix86+x86_64

Version: 0.4.2
Check: R code for possible problems
Result: NOTE
    .getTne: no visible binding for global variable ‘ns’
Flavors: r-devel-linux-x86_64-debian-clang, r-devel-linux-x86_64-debian-gcc, r-devel-linux-x86_64-fedora-clang, r-devel-linux-x86_64-fedora-gcc, r-devel-osx-x86_64-clang, r-devel-windows-ix86+x86_64