CRAN Package Check Results for Package survMisc

Last updated on 2014-04-19 15:49:52.

Flavor Version Tinstall Tcheck Ttotal Status Flags
r-devel-linux-x86_64-debian-clang 0.4 2.78 39.72 42.49 NOTE
r-devel-linux-x86_64-debian-gcc 0.4 2.58 39.86 42.44 NOTE
r-devel-linux-x86_64-fedora-clang 0.4 88.48 NOTE
r-devel-linux-x86_64-fedora-gcc 0.4 83.61 NOTE
r-devel-macosx-x86_64-clang 0.4 82.17 NOTE
r-devel-macosx-x86_64-gcc 0.4 ERROR
r-devel-windows-ix86+x86_64 0.4 8.00 59.00 67.00 NOTE
r-patched-linux-x86_64 0.4 2.58 40.35 42.93 NOTE
r-patched-solaris-sparc 0.4 463.60 NOTE
r-patched-solaris-x86 0.4 106.10 NOTE
r-release-linux-ix86 NOTE
r-release-linux-x86_64 0.4 2.56 39.77 42.33 NOTE
r-release-macosx-x86_64 0.4 OK
r-release-windows-ix86+x86_64 0.4 13.00 67.00 80.00 NOTE
r-oldrel-windows-ix86+x86_64 0.4 9.00 62.00 71.00 NOTE

Check Details

Version: 0.4
Check: dependencies in R code
Result: NOTE
    Namespaces in Imports field not imported from:
     ‘KMsurv’ ‘gam’
     All declared Imports should be used.
    Packages in Depends field not imported from:
     ‘data.table’ ‘ggplot2’ ‘gridExtra’ ‘km.ci’ ‘survival’
     These packages need to be imported from (in the NAMESPACE file)
     for when this namespace is loaded but not attached.
    See the information on DESCRIPTION files in the chapter ‘Creating R
    packages’ of the ‘Writing R Extensions’ manual.
Flavors: r-devel-linux-x86_64-debian-clang, r-devel-linux-x86_64-debian-gcc, r-devel-linux-x86_64-fedora-clang, r-devel-linux-x86_64-fedora-gcc, r-devel-macosx-x86_64-clang, r-devel-windows-ix86+x86_64, r-patched-linux-x86_64, r-patched-solaris-sparc, r-patched-solaris-x86, r-release-linux-ix86, r-release-linux-x86_64, r-release-windows-ix86+x86_64, r-oldrel-windows-ix86+x86_64

Version: 0.4
Check: package dependencies
Result: ERROR
    Packages required but not available: ‘ggplot2’ ‘gridExtra’ ‘Hmisc’ ‘zoo’
    
    See the information on DESCRIPTION files in the chapter ‘Creating R
    packages’ of the ‘Writing R Extensions’ manual.
Flavor: r-devel-macosx-x86_64-gcc