CRAN Package Check Results for Package survMisc

Last updated on 2015-05-28 19:47:45.

Flavor Version Tinstall Tcheck Ttotal Status Flags
r-devel-linux-x86_64-debian-clang 0.4.6 2.85 45.29 48.14 OK
r-devel-linux-x86_64-debian-gcc 0.4.6 2.90 43.00 45.90 OK
r-devel-linux-x86_64-fedora-clang 0.4.6 97.31 OK
r-devel-linux-x86_64-fedora-gcc 0.4.6 90.52 OK
r-devel-osx-x86_64-clang 0.4.6 80.63 OK
r-devel-windows-ix86+x86_64 0.4.6 15.00 94.00 109.00 OK
r-patched-linux-x86_64 0.4.6 2.92 43.38 46.30 OK
r-patched-solaris-sparc 0.4.6 571.90 OK
r-patched-solaris-x86 0.4.6 119.20 OK
r-release-linux-x86_64 0.4.6 2.97 44.55 47.52 OK
r-release-osx-x86_64-mavericks 0.4.6 OK
r-release-osx-x86_64-snowleopard 0.4.6 ERROR
r-release-windows-ix86+x86_64 0.4.6 15.00 96.00 111.00 OK
r-oldrel-windows-ix86+x86_64 0.4.6 24.00 151.00 175.00 OK

Check Details

Version: 0.4.6
Check: package dependencies
Result: ERROR
    Packages required but not available: ‘Hmisc’ ‘zoo’ ‘ggplot2’ ‘gridExtra’
    
    See section ‘The DESCRIPTION file’ in the ‘Writing R Extensions’
    manual.
Flavor: r-release-osx-x86_64-snowleopard