CRAN Package Check Results for Package survPresmooth

Last updated on 2015-08-29 20:48:20.

Flavor Version Tinstall Tcheck Ttotal Status Flags
r-devel-linux-x86_64-debian-clang 1.1-8 2.45 10.08 12.53 NOTE
r-devel-linux-x86_64-debian-gcc 1.1-8 2.71 10.02 12.74 NOTE
r-devel-linux-x86_64-fedora-clang 1.1-8 23.24 NOTE
r-devel-linux-x86_64-fedora-gcc 1.1-8 22.76 NOTE
r-devel-osx-x86_64-clang 1.1-8 23.43 NOTE
r-devel-windows-ix86+x86_64 1.1-8 42.00 28.00 70.00 NOTE
r-patched-linux-x86_64 1.1-8 2.80 10.52 13.32 NOTE
r-patched-solaris-sparc 1.1-8 165.50 NOTE
r-patched-solaris-x86 1.1-8 41.20 NOTE
r-release-linux-x86_64 1.1-8 2.85 10.81 13.66 NOTE
r-release-osx-x86_64-mavericks 1.1-8 NOTE
r-release-windows-ix86+x86_64 1.1-8 41.00 24.00 65.00 NOTE
r-oldrel-windows-ix86+x86_64 1.1-8 40.00 24.00 64.00 OK

Check Details

Version: 1.1-8
Check: DESCRIPTION meta-information
Result: NOTE
    Malformed Description field: should contain one or more complete sentences.
Flavors: r-devel-linux-x86_64-debian-clang, r-devel-linux-x86_64-debian-gcc, r-devel-linux-x86_64-fedora-clang, r-devel-linux-x86_64-fedora-gcc, r-devel-osx-x86_64-clang, r-devel-windows-ix86+x86_64, r-patched-linux-x86_64, r-patched-solaris-sparc, r-patched-solaris-x86, r-release-linux-x86_64, r-release-osx-x86_64-mavericks, r-release-windows-ix86+x86_64

Version: 1.1-8
Check: R code for possible problems
Result: NOTE
    print.survPresmooth: no visible global function definition for ‘head’
    Undefined global functions or variables:
     head
    Consider adding
     importFrom("utils", "head")
    to your NAMESPACE.
Flavors: r-devel-linux-x86_64-debian-clang, r-devel-linux-x86_64-debian-gcc, r-devel-linux-x86_64-fedora-clang, r-devel-linux-x86_64-fedora-gcc, r-devel-windows-ix86+x86_64