CRAN Package Check Results for Package survPresmooth

Last updated on 2015-03-01 03:48:49.

Flavor Version Tinstall Tcheck Ttotal Status Flags
r-devel-linux-x86_64-debian-clang 1.1-8 2.36 10.86 13.22 NOTE
r-devel-linux-x86_64-debian-gcc 1.1-8 2.84 10.70 13.54 NOTE
r-devel-linux-x86_64-fedora-clang 1.1-8 25.66 NOTE
r-devel-linux-x86_64-fedora-gcc 1.1-8 23.98 NOTE
r-devel-osx-x86_64-clang 1.1-8 27.92 NOTE
r-devel-windows-ix86+x86_64 1.1-8 28.00 22.00 50.00 NOTE
r-patched-linux-x86_64 1.1-8 2.82 12.36 15.18 OK
r-patched-solaris-sparc 1.1-8 153.70 OK
r-patched-solaris-x86 1.1-8 39.40 OK
r-release-linux-ix86 1.1-8 4.94 17.98 22.92 OK
r-release-linux-x86_64 1.1-8 2.76 11.64 14.40 OK
r-release-osx-x86_64-mavericks 1.1-8 OK
r-release-windows-ix86+x86_64 1.1-8 28.00 29.00 57.00 OK
r-oldrel-windows-ix86+x86_64 1.1-8 29.00 23.00 52.00 OK

Check Details

Version: 1.1-8
Check: DESCRIPTION meta-information
Result: NOTE
    Malformed Description field: should contain one or more complete sentences.
Flavors: r-devel-linux-x86_64-debian-clang, r-devel-linux-x86_64-debian-gcc, r-devel-linux-x86_64-fedora-clang, r-devel-linux-x86_64-fedora-gcc, r-devel-osx-x86_64-clang, r-devel-windows-ix86+x86_64