CRAN Package Check Results for Package survPresmooth

Last updated on 2016-02-12 12:47:35.

Flavor Version Tinstall Tcheck Ttotal Status Flags
r-devel-linux-x86_64-debian-gcc 1.1-8 2.91 9.75 12.66 NOTE
r-devel-linux-x86_64-fedora-clang 1.1-8 21.81 NOTE
r-devel-linux-x86_64-fedora-gcc 1.1-8 20.95 NOTE
r-devel-osx-x86_64-clang 1.1-8 25.93 NOTE
r-devel-windows-ix86+x86_64 1.1-8 41.00 30.00 71.00 NOTE
r-patched-linux-x86_64 1.1-8 2.75 10.92 13.67 NOTE
r-patched-solaris-sparc 1.1-8 139.80 NOTE
r-patched-solaris-x86 1.1-8 32.40 NOTE
r-release-linux-x86_64 1.1-8 2.92 10.72 13.64 NOTE
r-release-osx-x86_64-mavericks 1.1-8 NOTE
r-release-windows-ix86+x86_64 1.1-8 30.00 35.00 65.00 NOTE
r-oldrel-windows-ix86+x86_64 1.1-8 40.00 24.00 64.00 OK

Check Details

Version: 1.1-8
Check: DESCRIPTION meta-information
Result: NOTE
    Malformed Description field: should contain one or more complete sentences.
Flavors: r-devel-linux-x86_64-debian-gcc, r-devel-linux-x86_64-fedora-clang, r-devel-linux-x86_64-fedora-gcc, r-devel-osx-x86_64-clang, r-devel-windows-ix86+x86_64, r-patched-linux-x86_64, r-patched-solaris-sparc, r-patched-solaris-x86, r-release-linux-x86_64, r-release-osx-x86_64-mavericks, r-release-windows-ix86+x86_64

Version: 1.1-8
Check: R code for possible problems
Result: NOTE
    print.survPresmooth: no visible global function definition for ‘head’
    Undefined global functions or variables:
     head
    Consider adding
     importFrom("utils", "head")
    to your NAMESPACE file.
Flavors: r-devel-linux-x86_64-debian-gcc, r-devel-linux-x86_64-fedora-clang, r-devel-linux-x86_64-fedora-gcc, r-devel-osx-x86_64-clang, r-devel-windows-ix86+x86_64