CRAN Package Check Results for Package survPresmooth

Last updated on 2015-04-19 05:50:05.

Flavor Version Tinstall Tcheck Ttotal Status Flags
r-devel-linux-x86_64-debian-clang 1.1-8 2.38 10.91 13.29 NOTE
r-devel-linux-x86_64-debian-gcc 1.1-8 2.66 10.75 13.42 NOTE
r-devel-linux-x86_64-fedora-clang 1.1-8 25.44 NOTE
r-devel-linux-x86_64-fedora-gcc 1.1-8 24.93 NOTE
r-devel-osx-x86_64-clang 1.1-8 27.69 NOTE
r-patched-linux-x86_64 1.1-8 2.75 11.70 14.45 NOTE
r-patched-solaris-sparc 1.1-8 152.00 NOTE
r-patched-solaris-x86 1.1-8 37.30 NOTE
r-release-linux-x86_64 1.1-8 2.70 9.76 12.46 NOTE
r-release-osx-x86_64-mavericks 1.1-8 NOTE
r-release-osx-x86_64-snowleopard 1.1-8 NOTE
r-release-windows-ix86+x86_64 1.1-8 22.00 24.00 46.00 NOTE
r-oldrel-windows-ix86+x86_64 1.1-8 29.00 23.00 52.00 OK

Check Details

Version: 1.1-8
Check: DESCRIPTION meta-information
Result: NOTE
    Malformed Description field: should contain one or more complete sentences.
Flavors: r-devel-linux-x86_64-debian-clang, r-devel-linux-x86_64-debian-gcc, r-devel-linux-x86_64-fedora-clang, r-devel-linux-x86_64-fedora-gcc, r-devel-osx-x86_64-clang, r-patched-linux-x86_64, r-patched-solaris-sparc, r-patched-solaris-x86, r-release-linux-x86_64, r-release-osx-x86_64-mavericks, r-release-osx-x86_64-snowleopard, r-release-windows-ix86+x86_64