CRAN Package Check Results for Package survPresmooth

Last updated on 2017-03-25 15:48:16.

Flavor Version Tinstall Tcheck Ttotal Status Flags
r-devel-linux-x86_64-debian-clang 1.1-9 3.52 12.56 16.08 NOTE
r-devel-linux-x86_64-debian-gcc 1.1-9 3.25 12.52 15.77 NOTE
r-devel-linux-x86_64-fedora-clang 1.1-9 26.30 NOTE --no-stop-on-test-error
r-devel-linux-x86_64-fedora-gcc 1.1-9 25.78 NOTE --no-stop-on-test-error
r-devel-macos-x86_64-clang 1.1-9 22.83 NOTE --no-stop-on-test-error
r-devel-windows-ix86+x86_64 1.1-9 29.00 32.00 61.00 OK
r-patched-linux-x86_64 1.1-9 2.96 12.48 15.44 NOTE
r-patched-solaris-sparc 1.1-9 156.70 OK
r-patched-solaris-x86 1.1-9 39.60 OK
r-release-linux-x86_64 1.1-9 2.78 10.80 13.58 OK
r-release-osx-x86_64-mavericks 1.1-9 OK
r-release-windows-ix86+x86_64 1.1-9 17.00 31.00 48.00 OK
r-oldrel-windows-ix86+x86_64 1.1-9 26.00 45.00 71.00 OK

Check Details

Version: 1.1-9
Check: compiled code
Result: NOTE
    File ‘survPresmooth/libs/survPresmooth.so’:
     Found no calls to: ‘R_registerRoutines’, ‘R_useDynamicSymbols’
    
    It is good practice to register native routines and to disable symbol
    search.
    
    See ‘Writing portable packages’ in the ‘Writing R Extensions’ manual.
Flavors: r-devel-linux-x86_64-debian-clang, r-devel-linux-x86_64-debian-gcc, r-patched-linux-x86_64

Version: 1.1-9
Flags: --no-stop-on-test-error
Check: compiled code
Result: NOTE
    File ‘survPresmooth/libs/survPresmooth.so’:
     Found no calls to: ‘R_registerRoutines’, ‘R_useDynamicSymbols’
    
    It is good practice to register native routines and to disable symbol
    search.
    
    See ‘Writing portable packages’ in the ‘Writing R Extensions’ manual.
Flavors: r-devel-linux-x86_64-fedora-clang, r-devel-linux-x86_64-fedora-gcc, r-devel-macos-x86_64-clang