CRAN Package Check Results for Package survPresmooth

Last updated on 2015-07-02 11:48:46.

Flavor Version Tinstall Tcheck Ttotal Status Flags
r-devel-linux-x86_64-debian-clang 1.1-8 2.43 10.57 13.00 NOTE
r-devel-linux-x86_64-debian-gcc 1.1-8 2.66 9.88 12.53 NOTE
r-devel-linux-x86_64-fedora-clang 1.1-8 23.82 NOTE
r-devel-linux-x86_64-fedora-gcc 1.1-8 23.08 NOTE
r-devel-osx-x86_64-clang 1.1-8 22.10 NOTE
r-devel-windows-ix86+x86_64 1.1-8 28.00 22.00 50.00 NOTE
r-patched-linux-x86_64 1.1-8 2.68 10.93 13.60 NOTE
r-patched-solaris-sparc 1.1-8 185.00 NOTE
r-patched-solaris-x86 1.1-8 36.00 NOTE
r-release-linux-x86_64 1.1-8 2.75 10.74 13.50 NOTE
r-release-osx-x86_64-mavericks 1.1-8 NOTE
r-release-windows-ix86+x86_64 1.1-8 30.00 22.00 52.00 NOTE
r-oldrel-windows-ix86+x86_64 1.1-8 40.00 24.00 64.00 OK

Check Details

Version: 1.1-8
Check: DESCRIPTION meta-information
Result: NOTE
    Malformed Description field: should contain one or more complete sentences.
Flavors: r-devel-linux-x86_64-debian-clang, r-devel-linux-x86_64-debian-gcc, r-devel-linux-x86_64-fedora-clang, r-devel-linux-x86_64-fedora-gcc, r-devel-osx-x86_64-clang, r-devel-windows-ix86+x86_64, r-patched-linux-x86_64, r-patched-solaris-sparc, r-patched-solaris-x86, r-release-linux-x86_64, r-release-osx-x86_64-mavericks, r-release-windows-ix86+x86_64

Version: 1.1-8
Check: R code for possible problems
Result: NOTE
    print.survPresmooth: no visible global function definition for ‘head’
Flavors: r-devel-linux-x86_64-debian-clang, r-devel-linux-x86_64-debian-gcc, r-devel-linux-x86_64-fedora-gcc

Version: 1.1-8
Check: R code for possible problems
Result: NOTE
    print.survPresmooth: no visible global function definition for ‘head’
    Undefined global functions or variables:
     head
Flavor: r-devel-linux-x86_64-fedora-clang