CRAN Package Check Results for Package survPresmooth

Last updated on 2017-02-20 20:48:21.

Flavor Version Tinstall Tcheck Ttotal Status Flags
r-devel-linux-x86_64-debian-clang 1.1-9 3.34 13.15 16.49 NOTE
r-devel-linux-x86_64-debian-gcc 1.1-9 3.20 13.24 16.45 NOTE
r-devel-linux-x86_64-fedora-clang 1.1-9 25.63 NOTE --no-stop-on-test-error
r-devel-linux-x86_64-fedora-gcc 1.1-9 24.95 NOTE --no-stop-on-test-error
r-devel-macos-x86_64-clang 1.1-9 23.49 NOTE --no-stop-on-test-error
r-devel-windows-ix86+x86_64 1.1-9 18.00 30.00 48.00 OK
r-patched-linux-x86_64 1.1-9 3.06 10.94 13.99 OK
r-patched-solaris-sparc 1.1-9 133.60 OK
r-patched-solaris-x86 1.1-9 28.90 OK
r-release-linux-x86_64 1.1-9 3.00 11.15 14.15 OK
r-release-osx-x86_64-mavericks 1.1-9 OK
r-release-windows-ix86+x86_64 1.1-9 17.00 31.00 48.00 OK
r-oldrel-windows-ix86+x86_64 1.1-9 26.00 45.00 71.00 OK

Check Details

Version: 1.1-9
Check: compiled code
Result: NOTE
    File ‘survPresmooth/libs/survPresmooth.so’:
     Found no calls to: ‘R_registerRoutines’, ‘R_useDynamicSymbols’
    
    It is good practice to register native routines and to disable symbol
    search.
    
    See ‘Writing portable packages’ in the ‘Writing R Extensions’ manual.
Flavors: r-devel-linux-x86_64-debian-clang, r-devel-linux-x86_64-debian-gcc

Version: 1.1-9
Flags: --no-stop-on-test-error
Check: compiled code
Result: NOTE
    File ‘survPresmooth/libs/survPresmooth.so’:
     Found no calls to: ‘R_registerRoutines’, ‘R_useDynamicSymbols’
    
    It is good practice to register native routines and to disable symbol
    search.
    
    See ‘Writing portable packages’ in the ‘Writing R Extensions’ manual.
Flavors: r-devel-linux-x86_64-fedora-clang, r-devel-linux-x86_64-fedora-gcc, r-devel-macos-x86_64-clang