CRAN Package Check Results for Package survPresmooth

Last updated on 2017-06-24 13:47:27.

Flavor Version Tinstall Tcheck Ttotal Status Flags
r-devel-linux-x86_64-debian-clang 1.1-9 3.48 12.60 16.08 NOTE
r-devel-linux-x86_64-debian-gcc 1.1-9 3.20 12.51 15.71 NOTE
r-devel-linux-x86_64-fedora-clang 1.1-9 27.02 NOTE
r-devel-linux-x86_64-fedora-gcc 1.1-9 25.76 NOTE
r-devel-windows-ix86+x86_64 1.1-9 26.00 40.00 66.00 OK
r-patched-linux-x86_64 1.1-9 2.90 12.54 15.45 NOTE
r-patched-solaris-sparc 1.1-9 156.70 OK
r-patched-solaris-x86 1.1-9 34.80 OK
r-release-linux-x86_64 1.1-9 3.02 12.77 15.79 NOTE
r-release-windows-ix86+x86_64 1.1-9 27.00 29.00 56.00 OK
r-release-osx-x86_64 1.1-9 OK
r-oldrel-windows-ix86+x86_64 1.1-9 17.00 31.00 48.00 OK
r-oldrel-osx-x86_64 1.1-9 OK

Check Details

Version: 1.1-9
Check: compiled code
Result: NOTE
    File ‘survPresmooth/libs/survPresmooth.so’:
     Found no calls to: ‘R_registerRoutines’, ‘R_useDynamicSymbols’
    
    It is good practice to register native routines and to disable symbol
    search.
    
    See ‘Writing portable packages’ in the ‘Writing R Extensions’ manual.
Flavors: r-devel-linux-x86_64-debian-clang, r-devel-linux-x86_64-debian-gcc, r-devel-linux-x86_64-fedora-clang, r-devel-linux-x86_64-fedora-gcc, r-patched-linux-x86_64, r-release-linux-x86_64