CRAN Package Check Results for Package survPresmooth

Last updated on 2017-08-22 02:48:05.

Flavor Version Tinstall Tcheck Ttotal Status Flags
r-devel-linux-x86_64-debian-clang 1.1-9 3.61 13.40 17.01 NOTE
r-devel-linux-x86_64-debian-gcc 1.1-9 3.12 12.81 15.92 NOTE
r-devel-linux-x86_64-fedora-clang 1.1-9 26.09 NOTE
r-devel-linux-x86_64-fedora-gcc 1.1-9 25.37 NOTE
r-devel-windows-ix86+x86_64 1.1-9 27.00 28.00 55.00 OK
r-patched-linux-x86_64 1.1-9 3.10 12.77 15.87 NOTE
r-patched-solaris-x86 1.1-9 35.00 OK
r-release-linux-x86_64 1.1-9 3.46 12.92 16.38 NOTE
r-release-windows-ix86+x86_64 1.1-9 28.00 32.00 60.00 OK
r-release-osx-x86_64 1.1-9 OK
r-oldrel-windows-ix86+x86_64 1.1-9 17.00 31.00 48.00 OK
r-oldrel-osx-x86_64 1.1-9 OK

Check Details

Version: 1.1-9
Check: compiled code
Result: NOTE
    File ‘survPresmooth/libs/survPresmooth.so’:
     Found no calls to: ‘R_registerRoutines’, ‘R_useDynamicSymbols’
    
    It is good practice to register native routines and to disable symbol
    search.
    
    See ‘Writing portable packages’ in the ‘Writing R Extensions’ manual.
Flavors: r-devel-linux-x86_64-debian-clang, r-devel-linux-x86_64-debian-gcc, r-devel-linux-x86_64-fedora-clang, r-devel-linux-x86_64-fedora-gcc, r-patched-linux-x86_64, r-release-linux-x86_64