CRAN Package Check Results for Package survRM2perm

Last updated on 2024-06-12 20:59:17 CEST.

Flavor Version Tinstall Tcheck Ttotal Status Flags
r-devel-linux-x86_64-debian-clang 0.1.0 7.88 72.02 79.90 NOTE
r-devel-linux-x86_64-debian-gcc 0.1.0 6.79 52.74 59.53 NOTE
r-devel-linux-x86_64-fedora-clang 0.1.0 96.70 NOTE
r-devel-linux-x86_64-fedora-gcc 0.1.0 91.30 NOTE
r-devel-windows-x86_64 0.1.0 7.00 67.00 74.00 NOTE
r-patched-linux-x86_64 0.1.0 7.05 68.31 75.36 NOTE
r-release-linux-x86_64 0.1.0 6.26 67.95 74.21 NOTE
r-release-macos-arm64 0.1.0 31.00 NOTE
r-release-macos-x86_64 0.1.0 44.00 NOTE
r-release-windows-x86_64 0.1.0 8.00 66.00 74.00 NOTE
r-oldrel-macos-arm64 0.1.0 33.00 NOTE
r-oldrel-macos-x86_64 0.1.0 50.00 NOTE
r-oldrel-windows-x86_64 0.1.0 9.00 73.00 82.00 NOTE

Check Details

Version: 0.1.0
Check: LazyData
Result: NOTE 'LazyData' is specified without a 'data' directory Flavors: r-devel-linux-x86_64-debian-clang, r-devel-linux-x86_64-debian-gcc, r-devel-linux-x86_64-fedora-clang, r-devel-linux-x86_64-fedora-gcc, r-devel-windows-x86_64, r-patched-linux-x86_64, r-release-linux-x86_64, r-release-macos-arm64, r-release-macos-x86_64, r-release-windows-x86_64, r-oldrel-macos-arm64, r-oldrel-macos-x86_64, r-oldrel-windows-x86_64