CRAN Package Check Results for Package survSNP

Last updated on 2017-04-28 06:49:12.

Flavor Version Tinstall Tcheck Ttotal Status Flags
r-devel-linux-x86_64-debian-clang 0.24 7.53 85.49 93.02 NOTE
r-devel-linux-x86_64-debian-gcc 0.24 8.10 84.50 92.60 NOTE
r-devel-linux-x86_64-fedora-clang 0.24 210.19 NOTE --no-stop-on-test-error
r-devel-linux-x86_64-fedora-gcc 0.24 193.16 NOTE --no-stop-on-test-error
r-devel-windows-ix86+x86_64 0.24 22.00 234.00 256.00 OK
r-patched-linux-x86_64 0.24 7.25 79.85 87.11 NOTE
r-patched-solaris-sparc 0.24 1027.60 OK
r-patched-solaris-x86 0.24 225.20 OK
r-release-linux-x86_64 0.24 7.83 85.59 93.42 NOTE
r-release-windows-ix86+x86_64 0.24 25.00 179.00 204.00 OK
r-release-osx-x86_64 0.24 OK
r-oldrel-windows-ix86+x86_64 0.24 31.00 147.00 178.00 OK
r-oldrel-osx-x86_64 0.24 OK

Check Details

Version: 0.24
Check: compiled code
Result: NOTE
    File ‘survSNP/libs/survSNP.so’:
     Found no calls to: ‘R_registerRoutines’, ‘R_useDynamicSymbols’
    
    It is good practice to register native routines and to disable symbol
    search.
    
    See ‘Writing portable packages’ in the ‘Writing R Extensions’ manual.
Flavors: r-devel-linux-x86_64-debian-clang, r-devel-linux-x86_64-debian-gcc, r-patched-linux-x86_64, r-release-linux-x86_64

Version: 0.24
Flags: --no-stop-on-test-error
Check: compiled code
Result: NOTE
    File ‘survSNP/libs/survSNP.so’:
     Found no calls to: ‘R_registerRoutines’, ‘R_useDynamicSymbols’
    
    It is good practice to register native routines and to disable symbol
    search.
    
    See ‘Writing portable packages’ in the ‘Writing R Extensions’ manual.
Flavors: r-devel-linux-x86_64-fedora-clang, r-devel-linux-x86_64-fedora-gcc