CRAN Package Check Results for Package survSNP

Last updated on 2016-06-26 22:48:03.

Flavor Version Tinstall Tcheck Ttotal Status Flags
r-devel-linux-x86_64-debian-gcc 0.23.2 8.61 84.62 93.23 NOTE
r-devel-linux-x86_64-fedora-clang 0.23.2 179.54 NOTE
r-devel-linux-x86_64-fedora-gcc 0.23.2 174.15 NOTE
r-devel-osx-x86_64-clang 0.23.2 65.18 NOTE
r-devel-windows-ix86+x86_64 0.23.2 21.00 159.00 180.00 NOTE
r-patched-linux-x86_64 0.23.2 7.61 83.44 91.05 NOTE
r-patched-solaris-sparc 0.23.2 1014.00 NOTE
r-patched-solaris-x86 0.23.2 216.60 NOTE
r-release-linux-x86_64 0.23.2 7.38 82.20 89.58 NOTE
r-release-osx-x86_64-mavericks 0.23.2 NOTE
r-release-windows-ix86+x86_64 0.23.2 25.00 156.00 181.00 NOTE
r-oldrel-windows-ix86+x86_64 0.23.2 32.00 183.00 215.00 NOTE

Check Details

Version: 0.23.2
Check: DESCRIPTION meta-information
Result: NOTE
    Malformed Description field: should contain one or more complete sentences.
Flavors: r-devel-linux-x86_64-debian-gcc, r-devel-linux-x86_64-fedora-clang, r-devel-linux-x86_64-fedora-gcc, r-devel-osx-x86_64-clang, r-devel-windows-ix86+x86_64, r-patched-linux-x86_64, r-patched-solaris-sparc, r-patched-solaris-x86, r-release-linux-x86_64, r-release-osx-x86_64-mavericks, r-release-windows-ix86+x86_64, r-oldrel-windows-ix86+x86_64

Version: 0.23.2
Check: R code for possible problems
Result: NOTE
    censbnd: no visible global function definition for ‘uniroot’
    sim.snp.expsurv.sctest: no visible global function definition for
     ‘rmultinom’
    sim.snp.expsurv.sctest: no visible global function definition for
     ‘rexp’
    sim.snp.expsurv.sctest: no visible global function definition for
     ‘runif’
    surv.exp.gt.model: no visible global function definition for ‘uniroot’
    Undefined global functions or variables:
     rexp rmultinom runif uniroot
    Consider adding
     importFrom("stats", "rexp", "rmultinom", "runif", "uniroot")
    to your NAMESPACE file.
Flavors: r-devel-linux-x86_64-debian-gcc, r-devel-linux-x86_64-fedora-clang, r-devel-linux-x86_64-fedora-gcc, r-devel-osx-x86_64-clang, r-devel-windows-ix86+x86_64, r-patched-linux-x86_64, r-patched-solaris-sparc, r-patched-solaris-x86, r-release-linux-x86_64, r-release-osx-x86_64-mavericks, r-release-windows-ix86+x86_64

Version: 0.23.2
Check: installed package size
Result: NOTE
     installed size is 5.2Mb
     sub-directories of 1Mb or more:
     libs 5.0Mb
Flavor: r-patched-solaris-sparc