CRAN Package Check Results for Package survSNP

Last updated on 2014-09-20 08:51:56.

Flavor Version Tinstall Tcheck Ttotal Status Flags
r-devel-linux-x86_64-debian-clang 0.21-7 5.22 102.51 107.73 NOTE
r-devel-linux-x86_64-debian-gcc 0.21-7 7.28 99.74 107.02 NOTE
r-devel-linux-x86_64-fedora-clang 0.21-7 240.48 NOTE
r-devel-linux-x86_64-fedora-gcc 0.21-7 227.85 NOTE
r-devel-osx-x86_64-clang 0.21-7 171.76 NOTE
r-devel-windows-ix86+x86_64 0.21-7 23.00 165.00 188.00 NOTE
r-patched-linux-x86_64 0.21-7 6.42 106.74 113.16 NOTE
r-patched-solaris-sparc 0.21-7 1230.50 NOTE
r-patched-solaris-x86 0.21-7 283.50 NOTE
r-release-linux-ix86 0.21-7 8.48 140.80 149.28 NOTE
r-release-linux-x86_64 0.21-7 6.52 105.95 112.47 NOTE
r-release-osx-x86_64-mavericks 0.21-7 ERROR
r-release-osx-x86_64-snowleopard 0.21-7 OK
r-release-windows-ix86+x86_64 0.21-7 29.00 177.00 206.00 NOTE
r-oldrel-windows-ix86+x86_64 0.21-7 28.00 184.00 212.00 NOTE

Check Details

Version: 0.21-7
Check: dependencies in R code
Result: NOTE
    Packages in Depends field not imported from:
     ‘Rcpp’ ‘foreach’ ‘lattice’ ‘survival’ ‘xtable’
     These packages need to be imported from (in the NAMESPACE file)
     for when this namespace is loaded but not attached.
    See the information on DESCRIPTION files in the chapter ‘Creating R
    packages’ of the ‘Writing R Extensions’ manual.
Flavors: r-devel-linux-x86_64-debian-clang, r-devel-linux-x86_64-debian-gcc, r-devel-linux-x86_64-fedora-clang, r-devel-linux-x86_64-fedora-gcc, r-devel-osx-x86_64-clang, r-devel-windows-ix86+x86_64, r-patched-linux-x86_64, r-patched-solaris-sparc, r-patched-solaris-x86, r-release-linux-ix86, r-release-linux-x86_64, r-release-windows-ix86+x86_64, r-oldrel-windows-ix86+x86_64

Version: 0.21-7
Check: R code for possible problems
Result: NOTE
    sim.snp.expsurv.sctest: no visible global function definition for
     ‘coxph’
    survSNP.power.table: no visible global function definition for ‘%do%’
    survSNP.power.table: no visible global function definition for ‘%:%’
    survSNP.power.table: no visible global function definition for
     ‘foreach’
Flavors: r-devel-linux-x86_64-debian-clang, r-devel-linux-x86_64-debian-gcc, r-devel-linux-x86_64-fedora-clang, r-devel-linux-x86_64-fedora-gcc, r-devel-osx-x86_64-clang, r-devel-windows-ix86+x86_64

Version: 0.21-7
Check: whether package can be installed
Result: ERROR
    Installation failed.
Flavor: r-release-osx-x86_64-mavericks