CRAN Package Check Results for Package survSNP

Last updated on 2015-03-02 13:47:18.

Flavor Version Tinstall Tcheck Ttotal Status Flags
r-devel-linux-x86_64-debian-clang 0.23.2 4.52 111.42 115.94 NOTE
r-devel-linux-x86_64-debian-gcc 0.23.2 5.45 109.28 114.73 NOTE
r-devel-linux-x86_64-fedora-clang 0.23.2 244.11 NOTE
r-devel-linux-x86_64-fedora-gcc 0.23.2 233.29 NOTE
r-devel-osx-x86_64-clang 0.23.2 194.58 NOTE
r-devel-windows-ix86+x86_64 0.23.2 32.00 247.00 279.00 NOTE
r-patched-linux-x86_64 0.23.2 6.39 136.32 142.71 OK
r-patched-solaris-sparc 0.23.2 1271.10 OK
r-patched-solaris-x86 0.23.2 305.40 OK
r-release-linux-ix86 0.23.2 7.52 150.92 158.44 OK
r-release-linux-x86_64 0.23.2 5.93 125.66 131.59 OK
r-release-osx-x86_64-mavericks 0.23.2 OK
r-release-osx-x86_64-snowleopard 0.23.2 OK
r-release-windows-ix86+x86_64 0.23.2 33.00 294.00 327.00 OK
r-oldrel-windows-ix86+x86_64 0.23.2 20.00 222.00 242.00 OK

Check Details

Version: 0.23.2
Check: DESCRIPTION meta-information
Result: NOTE
    Malformed Description field: should contain one or more complete sentences.
Flavors: r-devel-linux-x86_64-debian-clang, r-devel-linux-x86_64-debian-gcc, r-devel-linux-x86_64-fedora-clang, r-devel-linux-x86_64-fedora-gcc, r-devel-osx-x86_64-clang, r-devel-windows-ix86+x86_64