CRAN Package Check Results for Package survSNP

Last updated on 2019-10-24 03:58:44 CEST.

Flavor Version Tinstall Tcheck Ttotal Status Flags
r-devel-linux-x86_64-debian-clang 0.24 16.16 157.16 173.32 OK
r-devel-linux-x86_64-debian-gcc 0.24 12.74 118.72 131.46 OK
r-devel-linux-x86_64-fedora-clang 0.24 204.34 NOTE
r-devel-linux-x86_64-fedora-gcc 0.24 204.54 NOTE
r-devel-windows-ix86+x86_64 0.24 30.00 242.00 272.00 OK
r-patched-linux-x86_64 0.24 14.00 151.92 165.92 OK
r-patched-solaris-x86 0.24 293.40 OK
r-release-linux-x86_64 0.24 14.52 152.34 166.86 OK
r-release-windows-ix86+x86_64 0.24 43.00 188.00 231.00 OK
r-release-osx-x86_64 0.24 OK
r-oldrel-windows-ix86+x86_64 0.24 33.00 255.00 288.00 OK
r-oldrel-osx-x86_64 0.24 OK

Check Details

Version: 0.24
Check: compiled code
Result: NOTE
    File ‘survSNP/libs/survSNP.so’:
     Found no calls to: ‘R_registerRoutines’, ‘R_useDynamicSymbols’
    
    It is good practice to register native routines and to disable symbol
    search.
    
    See ‘Writing portable packages’ in the ‘Writing R Extensions’ manual.
Flavors: r-devel-linux-x86_64-fedora-clang, r-devel-linux-x86_64-fedora-gcc