CRAN Package Check Results for Package survSNP

Last updated on 2015-04-01 23:49:27.

Flavor Version Tinstall Tcheck Ttotal Status Flags
r-devel-linux-x86_64-debian-clang 0.23.2 4.47 111.60 116.07 NOTE
r-devel-linux-x86_64-debian-gcc 0.23.2 5.54 108.62 114.16 NOTE
r-devel-linux-x86_64-fedora-clang 0.23.2 243.37 NOTE
r-devel-linux-x86_64-fedora-gcc 0.23.2 229.25 NOTE
r-devel-osx-x86_64-clang 0.23.2 199.51 NOTE
r-prerel-windows-ix86+x86_64 0.23.2 24.00 175.00 199.00 NOTE
r-prerel-linux-x86_64 0.23.2 5.45 108.60 114.05 NOTE
r-prerel-solaris-sparc 0.23.2 1307.60 NOTE
r-prerel-solaris-x86 0.23.2 280.90 NOTE
r-release-linux-x86_64 0.23.2 5.99 133.02 139.02 OK
r-release-osx-x86_64-mavericks 0.23.2 OK
r-release-osx-x86_64-snowleopard 0.23.2 OK
r-release-windows-ix86+x86_64 0.23.2 21.00 224.00 245.00 OK
r-oldrel-windows-ix86+x86_64 0.23.2 21.00 229.00 250.00 OK

Check Details

Version: 0.23.2
Check: DESCRIPTION meta-information
Result: NOTE
    Malformed Description field: should contain one or more complete sentences.
Flavors: r-devel-linux-x86_64-debian-clang, r-devel-linux-x86_64-debian-gcc, r-devel-linux-x86_64-fedora-clang, r-devel-linux-x86_64-fedora-gcc, r-devel-osx-x86_64-clang, r-prerel-windows-ix86+x86_64, r-prerel-linux-x86_64, r-prerel-solaris-sparc, r-prerel-solaris-x86