CRAN Package Check Results for Package survSNP

Last updated on 2016-05-24 13:47:28.

Flavor Version Tinstall Tcheck Ttotal Status Flags
r-devel-linux-x86_64-debian-gcc 0.23.2 8.51 79.45 87.96 NOTE
r-devel-linux-x86_64-fedora-clang 0.23.2 176.72 NOTE
r-devel-linux-x86_64-fedora-gcc 0.23.2 170.46 NOTE
r-devel-osx-x86_64-clang 0.23.2 180.87 NOTE
r-devel-windows-ix86+x86_64 0.23.2 20.00 144.00 164.00 NOTE
r-patched-linux-x86_64 0.23.2 7.65 83.44 91.10 NOTE
r-patched-solaris-sparc 0.23.2 1004.90 NOTE
r-patched-solaris-x86 0.23.2 214.20 NOTE
r-release-linux-x86_64 0.23.2 7.37 80.17 87.54 NOTE
r-release-osx-x86_64-mavericks 0.23.2 NOTE
r-release-windows-ix86+x86_64 0.23.2 20.00 144.00 164.00 NOTE
r-oldrel-windows-ix86+x86_64 0.23.2 31.00 158.00 189.00 NOTE

Check Details

Version: 0.23.2
Check: DESCRIPTION meta-information
Result: NOTE
    Malformed Description field: should contain one or more complete sentences.
Flavors: r-devel-linux-x86_64-debian-gcc, r-devel-linux-x86_64-fedora-clang, r-devel-linux-x86_64-fedora-gcc, r-devel-osx-x86_64-clang, r-devel-windows-ix86+x86_64, r-patched-linux-x86_64, r-patched-solaris-sparc, r-patched-solaris-x86, r-release-linux-x86_64, r-release-osx-x86_64-mavericks, r-release-windows-ix86+x86_64, r-oldrel-windows-ix86+x86_64

Version: 0.23.2
Check: R code for possible problems
Result: NOTE
    censbnd: no visible global function definition for ‘uniroot’
    sim.snp.expsurv.sctest: no visible global function definition for
     ‘rmultinom’
    sim.snp.expsurv.sctest: no visible global function definition for
     ‘rexp’
    sim.snp.expsurv.sctest: no visible global function definition for
     ‘runif’
    surv.exp.gt.model: no visible global function definition for ‘uniroot’
    Undefined global functions or variables:
     rexp rmultinom runif uniroot
    Consider adding
     importFrom("stats", "rexp", "rmultinom", "runif", "uniroot")
    to your NAMESPACE file.
Flavors: r-devel-linux-x86_64-debian-gcc, r-devel-linux-x86_64-fedora-clang, r-devel-linux-x86_64-fedora-gcc, r-devel-osx-x86_64-clang, r-devel-windows-ix86+x86_64, r-patched-linux-x86_64, r-patched-solaris-sparc, r-patched-solaris-x86, r-release-linux-x86_64, r-release-osx-x86_64-mavericks, r-release-windows-ix86+x86_64