CRAN Package Check Results for Package survSNP

Last updated on 2018-05-27 00:46:59 CEST.

Flavor Version Tinstall Tcheck Ttotal Status Flags
r-devel-linux-x86_64-debian-clang 0.24 10.43 124.52 134.95 NOTE
r-devel-linux-x86_64-debian-gcc 0.24 11.60 98.85 110.45 NOTE
r-devel-linux-x86_64-fedora-clang 0.24 168.54 NOTE
r-devel-linux-x86_64-fedora-gcc 0.24 167.05 NOTE
r-devel-windows-ix86+x86_64 0.24 22.00 156.00 178.00 OK
r-patched-linux-x86_64 0.24 13.71 112.36 126.07 NOTE
r-patched-solaris-x86 0.24 215.10 OK
r-release-linux-x86_64 0.24 14.69 115.33 130.02 NOTE
r-release-windows-ix86+x86_64 0.24 35.00 193.00 228.00 OK
r-release-osx-x86_64 0.24 OK
r-oldrel-windows-ix86+x86_64 0.24 31.00 158.00 189.00 OK
r-oldrel-osx-x86_64 0.24 OK

Check Details

Version: 0.24
Check: compiled code
Result: NOTE
    File ‘survSNP/libs/survSNP.so’:
     Found no calls to: ‘R_registerRoutines’, ‘R_useDynamicSymbols’
    
    It is good practice to register native routines and to disable symbol
    search.
    
    See ‘Writing portable packages’ in the ‘Writing R Extensions’ manual.
Flavors: r-devel-linux-x86_64-debian-clang, r-devel-linux-x86_64-debian-gcc, r-devel-linux-x86_64-fedora-clang, r-devel-linux-x86_64-fedora-gcc, r-patched-linux-x86_64, r-release-linux-x86_64