CRAN Package Check Results for Package survSNP

Last updated on 2014-07-25 14:47:44.

Flavor Version Tinstall Tcheck Ttotal Status Flags
r-devel-linux-x86_64-debian-clang 0.21-7 5.10 108.52 113.61 NOTE
r-devel-linux-x86_64-debian-gcc 0.21-7 8.28 108.25 116.53 NOTE
r-devel-linux-x86_64-fedora-clang 0.21-7 253.27 NOTE
r-devel-linux-x86_64-fedora-gcc 0.21-7 250.07 NOTE
r-devel-osx-x86_64-clang 0.21-7 179.29 NOTE
r-devel-windows-ix86+x86_64 0.21-7 26.00 186.00 212.00 NOTE
r-patched-linux-x86_64 0.21-7 6.43 104.98 111.40 NOTE
r-patched-solaris-sparc 0.21-7 1241.80 NOTE
r-patched-solaris-x86 0.21-7 269.70 NOTE
r-release-linux-ix86 0.21-7 8.42 130.91 139.34 NOTE
r-release-linux-x86_64 0.21-7 6.48 106.39 112.88 NOTE
r-release-osx-x86_64-mavericks 0.21-7 ERROR
r-release-osx-x86_64-snowleopard 0.21-7 OK
r-release-windows-ix86+x86_64 0.21-7 26.00 185.00 211.00 NOTE
r-oldrel-windows-ix86+x86_64 0.21-7 27.00 179.00 206.00 NOTE

Check Details

Version: 0.21-7
Check: dependencies in R code
Result: NOTE
    Packages in Depends field not imported from:
     ‘Rcpp’ ‘foreach’ ‘lattice’ ‘survival’ ‘xtable’
     These packages need to be imported from (in the NAMESPACE file)
     for when this namespace is loaded but not attached.
    See the information on DESCRIPTION files in the chapter ‘Creating R
    packages’ of the ‘Writing R Extensions’ manual.
Flavors: r-devel-linux-x86_64-debian-clang, r-devel-linux-x86_64-debian-gcc, r-devel-linux-x86_64-fedora-clang, r-devel-linux-x86_64-fedora-gcc, r-devel-osx-x86_64-clang, r-devel-windows-ix86+x86_64, r-patched-linux-x86_64, r-patched-solaris-sparc, r-patched-solaris-x86, r-release-linux-ix86, r-release-linux-x86_64, r-release-windows-ix86+x86_64, r-oldrel-windows-ix86+x86_64

Version: 0.21-7
Check: whether package can be installed
Result: ERROR
    Installation failed.
    See ‘/Builds/CRAN-QA-Simon/packages/mavericks-x86_64/results/3.1/survSNP.Rcheck/00install.out’ for details.
Flavor: r-release-osx-x86_64-mavericks