CRAN Package Check Results for Package survSNP

Last updated on 2014-04-24 17:49:55.

Flavor Version Tinstall Tcheck Ttotal Status Flags
r-devel-linux-x86_64-debian-clang 0.21-7 5.26 109.02 114.28 NOTE
r-devel-linux-x86_64-debian-gcc 0.21-7 6.32 110.90 117.21 NOTE
r-devel-linux-x86_64-fedora-clang 0.21-7 250.38 NOTE
r-devel-linux-x86_64-fedora-gcc 0.21-7 236.77 NOTE
r-devel-osx-x86_64-clang 0.21-7 183.35 NOTE
r-devel-osx-x86_64-gcc 0.21-7 NOTE
r-devel-windows-ix86+x86_64 0.21-7 25.00 182.00 207.00 NOTE
r-patched-linux-x86_64 0.21-7 6.30 108.38 114.68 NOTE
r-patched-solaris-sparc 0.21-7 1241.80 NOTE
r-patched-solaris-x86 0.21-7 275.60 NOTE
r-release-linux-ix86 0.21-7 11.00 164.00 175.00 NOTE
r-release-linux-x86_64 0.21-7 6.30 110.12 116.42 NOTE
r-release-osx-x86_64-mavericks 0.21-7 ERROR
r-release-osx-x86_64-snowleopard 0.21-7 OK
r-release-windows-ix86+x86_64 0.21-7 26.00 184.00 210.00 NOTE
r-oldrel-windows-ix86+x86_64 0.21-7 28.00 169.00 197.00 NOTE

Check Details

Version: 0.21-7
Check: dependencies in R code
Result: NOTE
    Packages in Depends field not imported from:
     ‘Rcpp’ ‘foreach’ ‘lattice’ ‘survival’ ‘xtable’
     These packages need to be imported from (in the NAMESPACE file)
     for when this namespace is loaded but not attached.
    See the information on DESCRIPTION files in the chapter ‘Creating R
    packages’ of the ‘Writing R Extensions’ manual.
Flavors: r-devel-linux-x86_64-debian-clang, r-devel-linux-x86_64-debian-gcc, r-devel-linux-x86_64-fedora-clang, r-devel-linux-x86_64-fedora-gcc, r-devel-osx-x86_64-clang, r-devel-osx-x86_64-gcc, r-devel-windows-ix86+x86_64, r-patched-linux-x86_64, r-patched-solaris-sparc, r-patched-solaris-x86, r-release-linux-ix86, r-release-linux-x86_64, r-release-windows-ix86+x86_64, r-oldrel-windows-ix86+x86_64

Version: 0.21-7
Check: package dependencies
Result: NOTE
    Packages suggested but not available for checking: ‘latticeExtra’ ‘knitr’
    
    Files named as vignettes but with no recognized vignette engine:
     ‘inst/doc/survSNP-knitr.Rnw’
    (Is a VignetteBuilder field missing?)
Flavor: r-devel-osx-x86_64-gcc

Version: 0.21-7
Check: whether package can be installed
Result: ERROR
    Installation failed.
    See ‘/Builds/CRAN-QA-Simon/packages/mavericks-x86_64/results/3.1/survSNP.Rcheck/00install.out’ for details.
Flavor: r-release-osx-x86_64-mavericks