CRAN Package Check Results for Package survSNP

Last updated on 2015-07-04 11:50:05.

Flavor Version Tinstall Tcheck Ttotal Status Flags
r-devel-linux-x86_64-debian-clang 0.23.2 4.43 63.34 67.77 NOTE
r-devel-linux-x86_64-debian-gcc 0.23.2 5.46 62.38 67.84 NOTE
r-devel-linux-x86_64-fedora-clang 0.23.2 144.56 NOTE
r-devel-linux-x86_64-fedora-gcc 0.23.2 140.91 NOTE
r-devel-osx-x86_64-clang 0.23.2 102.20 NOTE
r-devel-windows-ix86+x86_64 0.23.2 30.00 119.00 149.00 NOTE
r-patched-linux-x86_64 0.23.2 5.73 62.86 68.59 NOTE
r-patched-solaris-sparc 0.23.2 824.50 NOTE
r-patched-solaris-x86 0.23.2 174.90 NOTE
r-release-linux-x86_64 0.23.2 5.50 62.03 67.53 NOTE
r-release-osx-x86_64-mavericks 0.23.2 NOTE
r-release-windows-ix86+x86_64 0.23.2 28.00 122.00 150.00 NOTE
r-oldrel-windows-ix86+x86_64 0.23.2 30.00 141.00 171.00 OK

Check Details

Version: 0.23.2
Check: DESCRIPTION meta-information
Result: NOTE
    Malformed Description field: should contain one or more complete sentences.
Flavors: r-devel-linux-x86_64-debian-clang, r-devel-linux-x86_64-debian-gcc, r-devel-linux-x86_64-fedora-clang, r-devel-linux-x86_64-fedora-gcc, r-devel-osx-x86_64-clang, r-devel-windows-ix86+x86_64, r-patched-linux-x86_64, r-patched-solaris-sparc, r-patched-solaris-x86, r-release-linux-x86_64, r-release-osx-x86_64-mavericks, r-release-windows-ix86+x86_64

Version: 0.23.2
Check: R code for possible problems
Result: NOTE
    censbnd: no visible global function definition for ‘uniroot’
    sim.snp.expsurv.sctest: no visible global function definition for
     ‘rmultinom’
    sim.snp.expsurv.sctest: no visible global function definition for
     ‘rexp’
    sim.snp.expsurv.sctest: no visible global function definition for
     ‘runif’
    surv.exp.gt.model: no visible global function definition for ‘uniroot’
    Undefined global functions or variables:
     rexp rmultinom runif uniroot
Flavors: r-devel-linux-x86_64-debian-clang, r-devel-linux-x86_64-debian-gcc, r-devel-linux-x86_64-fedora-clang, r-devel-linux-x86_64-fedora-gcc, r-devel-windows-ix86+x86_64