CRAN Package Check Results for Package survSNP

Last updated on 2017-02-20 11:51:06.

Flavor Version Tinstall Tcheck Ttotal Status Flags
r-devel-linux-x86_64-debian-clang 0.24 7.18 82.17 89.35 NOTE
r-devel-linux-x86_64-debian-gcc 0.24 7.80 82.15 89.95 NOTE
r-devel-linux-x86_64-fedora-clang 0.24 192.75 NOTE --no-stop-on-test-error
r-devel-linux-x86_64-fedora-gcc 0.24 190.84 NOTE --no-stop-on-test-error
r-devel-macos-x86_64-clang 0.24 137.05 NOTE --no-stop-on-test-error
r-devel-windows-ix86+x86_64 0.24 32.00 159.00 191.00 OK
r-patched-linux-x86_64 0.24 7.06 72.04 79.10 OK
r-patched-solaris-sparc 0.24 958.80 OK
r-patched-solaris-x86 0.24 209.30 OK
r-release-linux-x86_64 0.24 7.09 75.20 82.29 OK
r-release-osx-x86_64-mavericks 0.24 OK
r-release-windows-ix86+x86_64 0.24 22.00 158.00 180.00 OK
r-oldrel-windows-ix86+x86_64 0.24 23.00 179.00 202.00 OK

Check Details

Version: 0.24
Check: compiled code
Result: NOTE
    File ‘survSNP/libs/survSNP.so’:
     Found no calls to: ‘R_registerRoutines’, ‘R_useDynamicSymbols’
    
    It is good practice to register native routines and to disable symbol
    search.
    
    See ‘Writing portable packages’ in the ‘Writing R Extensions’ manual.
Flavors: r-devel-linux-x86_64-debian-clang, r-devel-linux-x86_64-debian-gcc

Version: 0.24
Flags: --no-stop-on-test-error
Check: compiled code
Result: NOTE
    File ‘survSNP/libs/survSNP.so’:
     Found no calls to: ‘R_registerRoutines’, ‘R_useDynamicSymbols’
    
    It is good practice to register native routines and to disable symbol
    search.
    
    See ‘Writing portable packages’ in the ‘Writing R Extensions’ manual.
Flavors: r-devel-linux-x86_64-fedora-clang, r-devel-linux-x86_64-fedora-gcc, r-devel-macos-x86_64-clang