CRAN Package Check Results for Package survSNP

Last updated on 2017-06-22 13:47:18.

Flavor Version Tinstall Tcheck Ttotal Status Flags
r-devel-linux-x86_64-debian-clang 0.24 7.75 83.32 91.07 NOTE
r-devel-linux-x86_64-debian-gcc 0.24 8.30 84.90 93.20 NOTE
r-devel-linux-x86_64-fedora-clang 0.24 199.14 NOTE
r-devel-linux-x86_64-fedora-gcc 0.24 190.67 NOTE
r-devel-windows-ix86+x86_64 0.24 35.00 215.00 250.00 OK
r-patched-linux-x86_64 0.24 7.89 82.80 90.70 NOTE
r-patched-solaris-sparc 0.24 1027.60 OK
r-patched-solaris-x86 0.24 228.30 OK
r-release-linux-x86_64 0.24 7.83 82.01 89.84 NOTE
r-release-windows-ix86+x86_64 0.24 32.00 198.00 230.00 OK
r-release-osx-x86_64 0.24 OK
r-oldrel-windows-ix86+x86_64 0.24 33.00 159.00 192.00 OK
r-oldrel-osx-x86_64 0.24 OK

Check Details

Version: 0.24
Check: compiled code
Result: NOTE
    File ‘survSNP/libs/survSNP.so’:
     Found no calls to: ‘R_registerRoutines’, ‘R_useDynamicSymbols’
    
    It is good practice to register native routines and to disable symbol
    search.
    
    See ‘Writing portable packages’ in the ‘Writing R Extensions’ manual.
Flavors: r-devel-linux-x86_64-debian-clang, r-devel-linux-x86_64-debian-gcc, r-devel-linux-x86_64-fedora-clang, r-devel-linux-x86_64-fedora-gcc, r-patched-linux-x86_64, r-release-linux-x86_64