CRAN Package Check Results for Package survSNP

Last updated on 2017-08-21 09:48:25.

Flavor Version Tinstall Tcheck Ttotal Status Flags
r-devel-linux-x86_64-debian-clang 0.24 7.44 84.46 91.90 NOTE
r-devel-linux-x86_64-debian-gcc 0.24 8.35 83.14 91.49 NOTE
r-devel-linux-x86_64-fedora-clang 0.24 195.64 NOTE
r-devel-linux-x86_64-fedora-gcc 0.24 190.63 NOTE
r-devel-windows-ix86+x86_64 0.24 25.00 148.00 173.00 OK
r-patched-linux-x86_64 0.24 8.19 82.39 90.58 NOTE
r-patched-solaris-x86 0.24 226.60 OK
r-release-linux-x86_64 0.24 8.04 86.85 94.89 NOTE
r-release-windows-ix86+x86_64 0.24 33.00 161.00 194.00 OK
r-release-osx-x86_64 0.24 OK
r-oldrel-windows-ix86+x86_64 0.24 26.00 141.00 167.00 OK
r-oldrel-osx-x86_64 0.24 OK

Check Details

Version: 0.24
Check: compiled code
Result: NOTE
    File ‘survSNP/libs/survSNP.so’:
     Found no calls to: ‘R_registerRoutines’, ‘R_useDynamicSymbols’
    
    It is good practice to register native routines and to disable symbol
    search.
    
    See ‘Writing portable packages’ in the ‘Writing R Extensions’ manual.
Flavors: r-devel-linux-x86_64-debian-clang, r-devel-linux-x86_64-debian-gcc, r-devel-linux-x86_64-fedora-clang, r-devel-linux-x86_64-fedora-gcc, r-patched-linux-x86_64, r-release-linux-x86_64