CRAN Package Check Results for Package survSNP

Last updated on 2015-05-05 23:48:01.

Flavor Version Tinstall Tcheck Ttotal Status Flags
r-devel-linux-x86_64-debian-clang 0.23.2 4.60 65.58 70.19 NOTE
r-devel-linux-x86_64-debian-gcc 0.23.2 5.56 63.07 68.62 NOTE
r-devel-linux-x86_64-fedora-clang 0.23.2 146.70 NOTE
r-devel-linux-x86_64-fedora-gcc 0.23.2 141.01 NOTE
r-devel-osx-x86_64-clang 0.23.2 117.16 NOTE
r-devel-windows-ix86+x86_64 0.23.2 18.00 129.00 147.00 NOTE
r-patched-linux-x86_64 0.23.2 5.58 63.63 69.21 NOTE
r-patched-solaris-sparc 0.23.2 1307.60 NOTE
r-patched-solaris-x86 0.23.2 172.30 NOTE
r-release-linux-x86_64 0.23.2 5.65 63.08 68.72 NOTE
r-release-osx-x86_64-mavericks 0.23.2 NOTE
r-release-osx-x86_64-snowleopard 0.23.2 ERROR
r-release-windows-ix86+x86_64 0.23.2 17.00 153.00 170.00 NOTE
r-oldrel-windows-ix86+x86_64 0.23.2 21.00 142.00 163.00 OK

Check Details

Version: 0.23.2
Check: DESCRIPTION meta-information
Result: NOTE
    Malformed Description field: should contain one or more complete sentences.
Flavors: r-devel-linux-x86_64-debian-clang, r-devel-linux-x86_64-debian-gcc, r-devel-linux-x86_64-fedora-clang, r-devel-linux-x86_64-fedora-gcc, r-devel-osx-x86_64-clang, r-devel-windows-ix86+x86_64, r-patched-linux-x86_64, r-patched-solaris-sparc, r-patched-solaris-x86, r-release-linux-x86_64, r-release-osx-x86_64-mavericks, r-release-windows-ix86+x86_64

Version: 0.23.2
Check: package dependencies
Result: ERROR
    Packages suggested but not available for checking: ‘latticeExtra’ ‘knitr’
    
    VignetteBuilder package required for checking but not installed: ‘knitr’
    
    Files named as vignettes but with no recognized vignette engine:
     ‘inst/doc/survSNP-knitr.Rnw’
    (Is a VignetteBuilder field missing?)
    
    See section ‘The DESCRIPTION file’ in the ‘Writing R Extensions’
    manual.
Flavor: r-release-osx-x86_64-snowleopard