CRAN Package Check Results for Package survSNP

Last updated on 2019-07-20 11:47:33 CEST.

Flavor Version Tinstall Tcheck Ttotal Status Flags
r-devel-linux-x86_64-debian-clang 0.24 13.84 155.26 169.10 OK
r-devel-linux-x86_64-debian-gcc 0.24 13.15 120.36 133.51 OK
r-devel-linux-x86_64-fedora-clang 0.24 200.10 NOTE
r-devel-linux-x86_64-fedora-gcc 0.24 202.67 NOTE
r-devel-windows-ix86+x86_64 0.24 40.00 189.00 229.00 OK
r-patched-linux-x86_64 0.24 15.67 155.03 170.70 OK
r-patched-solaris-x86 0.24 293.00 OK
r-release-linux-x86_64 0.24 16.08 154.11 170.19 OK
r-release-windows-ix86+x86_64 0.24 26.00 196.00 222.00 OK
r-release-osx-x86_64 0.24 OK
r-oldrel-windows-ix86+x86_64 0.24 23.00 251.00 274.00 OK
r-oldrel-osx-x86_64 0.24 OK

Check Details

Version: 0.24
Check: compiled code
Result: NOTE
    File ‘survSNP/libs/survSNP.so’:
     Found no calls to: ‘R_registerRoutines’, ‘R_useDynamicSymbols’
    
    It is good practice to register native routines and to disable symbol
    search.
    
    See ‘Writing portable packages’ in the ‘Writing R Extensions’ manual.
Flavors: r-devel-linux-x86_64-fedora-clang, r-devel-linux-x86_64-fedora-gcc