CRAN Package Check Results for Package survSNP

Last updated on 2015-09-02 16:49:45.

Flavor Version Tinstall Tcheck Ttotal Status Flags
r-devel-linux-x86_64-debian-clang 0.23.2 4.40 65.36 69.75 NOTE
r-devel-linux-x86_64-debian-gcc 0.23.2 5.52 61.95 67.46 NOTE
r-devel-linux-x86_64-fedora-clang 0.23.2 139.95 NOTE
r-devel-linux-x86_64-fedora-gcc 0.23.2 135.36 NOTE
r-devel-osx-x86_64-clang 0.23.2 99.97 NOTE
r-devel-windows-ix86+x86_64 0.23.2 27.00 138.00 165.00 NOTE
r-patched-linux-x86_64 0.23.2 5.50 64.00 69.50 NOTE
r-patched-solaris-sparc 0.23.2 934.50 NOTE
r-patched-solaris-x86 0.23.2 174.30 NOTE
r-release-linux-x86_64 0.23.2 5.70 67.28 72.98 NOTE
r-release-osx-x86_64-mavericks 0.23.2 NOTE
r-release-windows-ix86+x86_64 0.23.2 25.00 139.00 164.00 NOTE
r-oldrel-windows-ix86+x86_64 0.23.2 30.00 171.00 201.00 OK

Check Details

Version: 0.23.2
Check: DESCRIPTION meta-information
Result: NOTE
    Malformed Description field: should contain one or more complete sentences.
Flavors: r-devel-linux-x86_64-debian-clang, r-devel-linux-x86_64-debian-gcc, r-devel-linux-x86_64-fedora-clang, r-devel-linux-x86_64-fedora-gcc, r-devel-osx-x86_64-clang, r-devel-windows-ix86+x86_64, r-patched-linux-x86_64, r-patched-solaris-sparc, r-patched-solaris-x86, r-release-linux-x86_64, r-release-osx-x86_64-mavericks, r-release-windows-ix86+x86_64

Version: 0.23.2
Check: R code for possible problems
Result: NOTE
    censbnd: no visible global function definition for ‘uniroot’
    sim.snp.expsurv.sctest: no visible global function definition for
     ‘rmultinom’
    sim.snp.expsurv.sctest: no visible global function definition for
     ‘rexp’
    sim.snp.expsurv.sctest: no visible global function definition for
     ‘runif’
    surv.exp.gt.model: no visible global function definition for ‘uniroot’
    Undefined global functions or variables:
     rexp rmultinom runif uniroot
    Consider adding
     importFrom("stats", "rexp", "rmultinom", "runif", "uniroot")
    to your NAMESPACE.
Flavors: r-devel-linux-x86_64-debian-clang, r-devel-linux-x86_64-debian-gcc, r-devel-linux-x86_64-fedora-clang, r-devel-linux-x86_64-fedora-gcc, r-devel-windows-ix86+x86_64