CRAN Package Check Results for Package survSNP

Last updated on 2017-10-21 22:47:04.

Flavor Version Tinstall Tcheck Ttotal Status Flags
r-devel-linux-x86_64-debian-clang 0.24 7.86 83.11 90.97 NOTE
r-devel-linux-x86_64-debian-gcc 0.24 9.85 86.94 96.79 NOTE
r-devel-linux-x86_64-fedora-clang 0.24 203.03 NOTE
r-devel-linux-x86_64-fedora-gcc 0.24 187.28 NOTE
r-devel-windows-ix86+x86_64 0.24 21.00 225.00 246.00 OK
r-patched-linux-x86_64 0.24 8.20 82.42 90.62 NOTE
r-patched-solaris-x86 0.24 227.90 OK
r-release-linux-x86_64 0.24 8.77 81.75 90.52 NOTE
r-release-windows-ix86+x86_64 0.24 31.00 217.00 248.00 OK
r-release-osx-x86_64 0.24 OK
r-oldrel-windows-ix86+x86_64 0.24 24.00 203.00 227.00 OK
r-oldrel-osx-x86_64 0.24 OK

Check Details

Version: 0.24
Check: compiled code
Result: NOTE
    File ‘survSNP/libs/survSNP.so’:
     Found no calls to: ‘R_registerRoutines’, ‘R_useDynamicSymbols’
    
    It is good practice to register native routines and to disable symbol
    search.
    
    See ‘Writing portable packages’ in the ‘Writing R Extensions’ manual.
Flavors: r-devel-linux-x86_64-debian-clang, r-devel-linux-x86_64-debian-gcc, r-devel-linux-x86_64-fedora-clang, r-devel-linux-x86_64-fedora-gcc, r-patched-linux-x86_64, r-release-linux-x86_64