CRAN Package Check Results for Package surveillance

Last updated on 2016-06-28 06:47:23.

Flavor Version Tinstall Tcheck Ttotal Status Flags
r-devel-linux-x86_64-debian-gcc 1.12.1 15.47 296.11 311.59 NOTE
r-devel-linux-x86_64-fedora-clang 1.12.1 588.96 NOTE
r-devel-linux-x86_64-fedora-gcc 1.12.1 568.22 NOTE
r-devel-osx-x86_64-clang 1.12.1 472.14 NOTE
r-devel-windows-ix86+x86_64 1.12.1 63.00 613.00 676.00 NOTE
r-patched-linux-x86_64 1.12.1 15.24 301.24 316.47 NOTE
r-patched-solaris-sparc 1.12.1 3528.00 NOTE
r-patched-solaris-x86 1.12.1 721.10 NOTE
r-release-linux-x86_64 1.12.1 13.82 293.68 307.50 NOTE
r-release-osx-x86_64-mavericks 1.12.1 NOTE
r-release-windows-ix86+x86_64 1.12.1 62.00 546.00 608.00 NOTE
r-oldrel-windows-ix86+x86_64 1.12.1 61.00 996.00 1057.00 NOTE

Check Details

Version: 1.12.1
Check: package dependencies
Result: NOTE
    Package suggested but not available for checking: ‘INLA’
Flavors: r-devel-linux-x86_64-debian-gcc, r-patched-linux-x86_64, r-patched-solaris-sparc, r-patched-solaris-x86, r-release-linux-x86_64, r-release-osx-x86_64-mavericks

Version: 1.12.1
Check: installed package size
Result: NOTE
     installed size is 6.3Mb
     sub-directories of 1Mb or more:
     doc 2.3Mb
Flavors: r-devel-linux-x86_64-debian-gcc, r-devel-linux-x86_64-fedora-clang, r-devel-linux-x86_64-fedora-gcc, r-devel-osx-x86_64-clang, r-devel-windows-ix86+x86_64, r-patched-linux-x86_64, r-patched-solaris-sparc, r-patched-solaris-x86, r-release-linux-x86_64, r-release-osx-x86_64-mavericks, r-release-windows-ix86+x86_64, r-oldrel-windows-ix86+x86_64

Version: 1.12.1
Check: package dependencies
Result: NOTE
    Package suggested but not available for checking: 'gpclib'
Flavor: r-oldrel-windows-ix86+x86_64

Version: 1.12.1
Check: Rd cross-references
Result: NOTE
    Package unavailable to check Rd xrefs: 'gpclib'
Flavor: r-oldrel-windows-ix86+x86_64