CRAN Package Check Results for Package surveillance

Last updated on 2015-07-02 06:48:33.

Flavor Version Tinstall Tcheck Ttotal Status Flags
r-devel-linux-x86_64-debian-clang 1.9-1 13.57 216.96 230.53 NOTE
r-devel-linux-x86_64-debian-gcc 1.9-1 14.12 213.84 227.95 NOTE
r-devel-linux-x86_64-fedora-clang 1.9-1 448.61 NOTE
r-devel-linux-x86_64-fedora-gcc 1.9-1 416.33 NOTE
r-devel-osx-x86_64-clang 1.9-1 337.97 OK
r-devel-windows-ix86+x86_64 1.9-1 47.00 464.00 511.00 NOTE
r-patched-linux-x86_64 1.9-1 13.78 213.86 227.64 NOTE
r-patched-solaris-sparc 1.9-1 2424.90 NOTE
r-patched-solaris-x86 1.9-1 568.90 NOTE
r-release-linux-x86_64 1.9-1 13.85 209.06 222.92 NOTE
r-release-osx-x86_64-mavericks 1.9-1 NOTE
r-release-windows-ix86+x86_64 1.9-1 44.00 485.00 529.00 NOTE
r-oldrel-windows-ix86+x86_64 1.9-1 51.00 560.00 611.00 NOTE

Check Details

Version: 1.9-1
Check: package dependencies
Result: NOTE
    Package suggested but not available for checking: ‘INLA’
Flavors: r-devel-linux-x86_64-debian-clang, r-devel-linux-x86_64-debian-gcc, r-patched-linux-x86_64, r-patched-solaris-sparc, r-patched-solaris-x86, r-release-linux-x86_64, r-release-osx-x86_64-mavericks

Version: 1.9-1
Check: R code for possible problems
Result: NOTE
    checksiaf.Deriv: Error while checking: invalid ‘envir’ argument
    checksiaf.F: Error while checking: invalid ‘envir’ argument
    formatDate: no visible global function definition for ‘as.roman’
    tail.epidataCS: no visible binding for global variable ‘tail.matrix’
Flavors: r-devel-linux-x86_64-debian-clang, r-devel-linux-x86_64-debian-gcc, r-devel-linux-x86_64-fedora-clang, r-devel-linux-x86_64-fedora-gcc, r-devel-windows-ix86+x86_64

Version: 1.9-1
Check: package dependencies
Result: NOTE
    Package suggested but not available for checking: 'gpclib'
Flavors: r-devel-windows-ix86+x86_64, r-release-windows-ix86+x86_64

Version: 1.9-1
Check: installed package size
Result: NOTE
     installed size is 5.3Mb
     sub-directories of 1Mb or more:
     libs 1.4Mb
Flavors: r-devel-windows-ix86+x86_64, r-release-windows-ix86+x86_64, r-oldrel-windows-ix86+x86_64

Version: 1.9-1
Check: Rd cross-references
Result: NOTE
    Package unavailable to check Rd xrefs: 'gpclib'
Flavors: r-devel-windows-ix86+x86_64, r-release-windows-ix86+x86_64