CRAN Package Check Results for Package surveillance

Last updated on 2016-08-25 03:47:25.

Flavor Version Tinstall Tcheck Ttotal Status Flags
r-devel-linux-x86_64-debian-clang 1.12.1 16.31 317.69 334.00 NOTE
r-devel-linux-x86_64-debian-gcc 1.12.1 15.07 304.44 319.51 NOTE
r-devel-linux-x86_64-fedora-clang 1.12.1 605.81 NOTE
r-devel-linux-x86_64-fedora-gcc 1.12.1 571.69 NOTE
r-devel-osx-x86_64-clang 1.12.1 480.52 NOTE
r-devel-windows-ix86+x86_64 1.12.1 62.00 855.00 917.00 NOTE
r-patched-linux-x86_64 1.12.1 15.35 309.80 325.15 NOTE
r-patched-solaris-sparc 1.12.1 3554.40 NOTE
r-patched-solaris-x86 1.12.1 719.00 NOTE
r-release-linux-x86_64 1.12.1 14.16 303.39 317.54 NOTE
r-release-osx-x86_64-mavericks 1.12.1 NOTE
r-release-windows-ix86+x86_64 1.12.1 60.00 843.00 903.00 NOTE
r-oldrel-windows-ix86+x86_64 1.12.1 47.00 727.00 774.00 NOTE

Check Details

Version: 1.12.1
Check: package dependencies
Result: NOTE
    Package suggested but not available for checking: ‘INLA’
Flavors: r-devel-linux-x86_64-debian-clang, r-devel-linux-x86_64-debian-gcc, r-patched-linux-x86_64, r-patched-solaris-sparc, r-patched-solaris-x86, r-release-linux-x86_64, r-release-osx-x86_64-mavericks

Version: 1.12.1
Check: installed package size
Result: NOTE
     installed size is 6.1Mb
     sub-directories of 1Mb or more:
     doc 2.3Mb
Flavors: r-devel-linux-x86_64-debian-clang, r-devel-linux-x86_64-debian-gcc, r-devel-linux-x86_64-fedora-clang, r-devel-linux-x86_64-fedora-gcc, r-devel-osx-x86_64-clang, r-devel-windows-ix86+x86_64, r-patched-linux-x86_64, r-patched-solaris-sparc, r-patched-solaris-x86, r-release-linux-x86_64, r-release-osx-x86_64-mavericks, r-release-windows-ix86+x86_64, r-oldrel-windows-ix86+x86_64

Version: 1.12.1
Check: package dependencies
Result: NOTE
    Package suggested but not available for checking: 'gpclib'
Flavor: r-oldrel-windows-ix86+x86_64

Version: 1.12.1
Check: Rd cross-references
Result: NOTE
    Package unavailable to check Rd xrefs: 'gpclib'
Flavor: r-oldrel-windows-ix86+x86_64