CRAN Package Check Results for Package surveillance

Last updated on 2017-02-23 05:49:31.

Flavor Version Tinstall Tcheck Ttotal Status Flags
r-devel-linux-x86_64-debian-clang 1.13.0 23.17 333.36 356.53 NOTE
r-devel-linux-x86_64-debian-gcc 1.13.0 22.64 320.49 343.13 NOTE
r-devel-linux-x86_64-fedora-clang 1.13.0 679.76 NOTE --no-stop-on-test-error
r-devel-linux-x86_64-fedora-gcc 1.13.0 673.15 NOTE --no-stop-on-test-error
r-devel-macos-x86_64-clang 1.13.0 530.56 NOTE --no-stop-on-test-error
r-devel-windows-ix86+x86_64 1.13.0 92.00 1013.00 1105.00 NOTE
r-patched-linux-x86_64 1.13.0 19.73 300.08 319.81 NOTE
r-patched-solaris-sparc 1.13.0 3574.70 NOTE
r-patched-solaris-x86 1.13.0 681.50 NOTE
r-release-linux-x86_64 1.13.0 20.30 303.77 324.08 NOTE
r-release-osx-x86_64-mavericks 1.13.0 NOTE
r-release-windows-ix86+x86_64 1.13.0 91.00 880.00 971.00 NOTE
r-oldrel-windows-ix86+x86_64 1.13.0 92.00 734.00 826.00 NOTE

Check Details

Version: 1.13.0
Check: package dependencies
Result: NOTE
    Package suggested but not available for checking: ‘INLA’
Flavors: r-devel-linux-x86_64-debian-clang, r-devel-linux-x86_64-debian-gcc, r-patched-linux-x86_64, r-patched-solaris-sparc, r-patched-solaris-x86, r-release-linux-x86_64, r-release-osx-x86_64-mavericks

Version: 1.13.0
Check: compiled code
Result: NOTE
    File ‘surveillance/libs/surveillance.so’:
     Found no calls to: ‘R_registerRoutines’, ‘R_useDynamicSymbols’
    
    It is good practice to register native routines and to disable symbol
    search.
    
    See ‘Writing portable packages’ in the ‘Writing R Extensions’ manual.
Flavors: r-devel-linux-x86_64-debian-clang, r-devel-linux-x86_64-debian-gcc

Version: 1.13.0
Flags: --no-stop-on-test-error
Check: installed package size
Result: NOTE
     installed size is 6.8Mb
     sub-directories of 1Mb or more:
     doc 2.3Mb
     libs 1.2Mb
Flavors: r-devel-linux-x86_64-fedora-clang, r-devel-linux-x86_64-fedora-gcc, r-devel-macos-x86_64-clang

Version: 1.13.0
Flags: --no-stop-on-test-error
Check: compiled code
Result: NOTE
    File ‘surveillance/libs/surveillance.so’:
     Found no calls to: ‘R_registerRoutines’, ‘R_useDynamicSymbols’
    
    It is good practice to register native routines and to disable symbol
    search.
    
    See ‘Writing portable packages’ in the ‘Writing R Extensions’ manual.
Flavors: r-devel-linux-x86_64-fedora-clang, r-devel-linux-x86_64-fedora-gcc, r-devel-macos-x86_64-clang

Version: 1.13.0
Check: installed package size
Result: NOTE
     installed size is 7.0Mb
     sub-directories of 1Mb or more:
     doc 2.3Mb
     libs 1.6Mb
Flavors: r-devel-windows-ix86+x86_64, r-patched-solaris-sparc, r-patched-solaris-x86, r-release-osx-x86_64-mavericks, r-release-windows-ix86+x86_64, r-oldrel-windows-ix86+x86_64

Version: 1.13.0
Check: package dependencies
Result: NOTE
    Package suggested but not available for checking: 'gpclib'
Flavor: r-oldrel-windows-ix86+x86_64

Version: 1.13.0
Check: Rd cross-references
Result: NOTE
    Package unavailable to check Rd xrefs: 'gpclib'
Flavor: r-oldrel-windows-ix86+x86_64