CRAN Package Check Results for Package surveillance

Last updated on 2018-06-18 10:49:07 CEST.

Flavor Version Tinstall Tcheck Ttotal Status Flags
r-devel-linux-x86_64-debian-clang 1.16.1 57.36 419.40 476.76 NOTE
r-devel-linux-x86_64-debian-gcc 1.16.1 51.91 355.70 407.61 NOTE
r-devel-linux-x86_64-fedora-clang 1.16.1 646.16 NOTE
r-devel-linux-x86_64-fedora-gcc 1.16.1 612.53 OK
r-devel-windows-ix86+x86_64 1.16.1 137.00 384.00 521.00 NOTE --no-vignettes
r-patched-linux-x86_64 1.16.1 57.63 441.29 498.92 NOTE
r-patched-solaris-x86 1.16.1 768.10 NOTE
r-release-linux-x86_64 1.16.1 62.37 429.97 492.34 NOTE
r-release-windows-ix86+x86_64 1.16.1 139.00 429.00 568.00 NOTE --no-vignettes
r-release-osx-x86_64 1.16.1 NOTE
r-oldrel-windows-ix86+x86_64 1.16.1 69.00 693.00 762.00 NOTE --no-vignettes
r-oldrel-osx-x86_64 1.16.1 NOTE

Check Details

Version: 1.16.1
Check: package dependencies
Result: NOTE
    Package suggested but not available for checking: ‘INLA’
Flavors: r-devel-linux-x86_64-debian-clang, r-devel-linux-x86_64-debian-gcc, r-patched-linux-x86_64, r-patched-solaris-x86, r-release-linux-x86_64, r-release-osx-x86_64, r-oldrel-osx-x86_64

Version: 1.16.1
Check: installed package size
Result: NOTE
     installed size is 8.3Mb
     sub-directories of 1Mb or more:
     R 1.8Mb
     doc 2.3Mb
     help 1.0Mb
     libs 1.5Mb
Flavors: r-devel-linux-x86_64-fedora-clang, r-patched-solaris-x86, r-release-osx-x86_64, r-oldrel-osx-x86_64

Version: 1.16.1
Flags: --no-vignettes
Check: installed package size
Result: NOTE
     installed size is 8.4Mb
     sub-directories of 1Mb or more:
     R 1.8Mb
     doc 2.3Mb
     help 1.0Mb
     libs 1.7Mb
Flavors: r-devel-windows-ix86+x86_64, r-release-windows-ix86+x86_64, r-oldrel-windows-ix86+x86_64