CRAN Package Check Results for Package surveillance

Last updated on 2015-08-02 11:47:42.

Flavor Version Tinstall Tcheck Ttotal Status Flags
r-devel-linux-x86_64-debian-clang 1.9-1 13.53 215.92 229.45 NOTE
r-devel-linux-x86_64-debian-gcc 1.9-1 13.90 214.45 228.35 NOTE
r-devel-linux-x86_64-fedora-clang 1.9-1 445.08 NOTE
r-devel-linux-x86_64-fedora-gcc 1.9-1 419.19 NOTE
r-devel-osx-x86_64-clang 1.9-1 373.82 NOTE
r-devel-windows-ix86+x86_64 1.9-1 48.00 499.00 547.00 NOTE
r-patched-linux-x86_64 1.9-1 13.92 216.60 230.52 NOTE
r-patched-solaris-sparc 1.9-1 2495.60 NOTE
r-patched-solaris-x86 1.9-1 561.30 NOTE
r-release-linux-x86_64 1.9-1 14.16 223.88 238.04 NOTE
r-release-osx-x86_64-mavericks 1.9-1 NOTE
r-release-windows-ix86+x86_64 1.9-1 56.00 536.00 592.00 NOTE
r-oldrel-windows-ix86+x86_64 1.9-1 72.00 564.00 636.00 NOTE

Check Details

Version: 1.9-1
Check: package dependencies
Result: NOTE
    Package suggested but not available for checking: ‘INLA’
Flavors: r-devel-linux-x86_64-debian-clang, r-devel-linux-x86_64-debian-gcc, r-patched-linux-x86_64, r-patched-solaris-sparc, r-patched-solaris-x86, r-release-linux-x86_64, r-release-osx-x86_64-mavericks

Version: 1.9-1
Check: R code for possible problems
Result: NOTE
    checksiaf.Deriv: no visible global function definition for ‘data’
    checksiaf.F: no visible global function definition for ‘data’
    formatDate: no visible global function definition for ‘as.roman’
    tail.epidataCS: no visible binding for global variable ‘tail.matrix’
    plot,stsNC-missing : nowcastPlotHook: no visible binding for global
     variable ‘lwd’
    plot,stsNC-missing : nowcastPlotHook: no visible binding for global
     variable ‘lty’
    plot,stsNC-missing : nowcastPlotHook: no visible binding for global
     variable ‘legend.opts’
    plot,stsNC-missing: no visible binding for global variable ‘y’
    Undefined global functions or variables:
     as.roman data legend.opts lty lwd tail.matrix y
    Consider adding
     importFrom("utils", "as.roman", "data", "tail.matrix")
    to your NAMESPACE.
Flavors: r-devel-linux-x86_64-debian-clang, r-devel-linux-x86_64-debian-gcc, r-devel-linux-x86_64-fedora-clang, r-devel-linux-x86_64-fedora-gcc, r-devel-windows-ix86+x86_64

Version: 1.9-1
Check: R code for possible problems
Result: NOTE
    plot,stsNC-missing : nowcastPlotHook: no visible binding for global
     variable ‘lwd’
    plot,stsNC-missing : nowcastPlotHook: no visible binding for global
     variable ‘lty’
    plot,stsNC-missing : nowcastPlotHook: no visible binding for global
     variable ‘legend.opts’
    plot,stsNC-missing: no visible binding for global variable ‘y’
    Undefined global functions or variables:
     legend.opts lty lwd y
Flavor: r-devel-osx-x86_64-clang

Version: 1.9-1
Check: package dependencies
Result: NOTE
    Package suggested but not available for checking: 'gpclib'
Flavors: r-devel-windows-ix86+x86_64, r-release-windows-ix86+x86_64

Version: 1.9-1
Check: installed package size
Result: NOTE
     installed size is 5.3Mb
     sub-directories of 1Mb or more:
     libs 1.4Mb
Flavors: r-devel-windows-ix86+x86_64, r-release-windows-ix86+x86_64, r-oldrel-windows-ix86+x86_64

Version: 1.9-1
Check: Rd cross-references
Result: NOTE
    Package unavailable to check Rd xrefs: 'gpclib'
Flavors: r-devel-windows-ix86+x86_64, r-release-windows-ix86+x86_64

Version: 1.9-1
Check: R code for possible problems
Result: NOTE
    plot,stsNC-missing : .local : nowcastPlotHook: no visible binding for
     global variable ‘lwd’
    plot,stsNC-missing : .local : nowcastPlotHook: no visible binding for
     global variable ‘lty’
    plot,stsNC-missing : .local : nowcastPlotHook: no visible binding for
     global variable ‘legend.opts’
    plot,stsNC-missing : .local: no visible binding for global variable ‘y’
Flavors: r-patched-linux-x86_64, r-patched-solaris-sparc, r-patched-solaris-x86, r-release-linux-x86_64, r-release-windows-ix86+x86_64, r-oldrel-windows-ix86+x86_64