CRAN Package Check Results for Package surveillance

Last updated on 2017-01-20 07:50:06.

Flavor Version Tinstall Tcheck Ttotal Status Flags
r-devel-linux-x86_64-debian-clang 1.13.0 23.18 341.42 364.60 NOTE
r-devel-linux-x86_64-debian-gcc 1.13.0 22.27 325.15 347.41 NOTE
r-devel-linux-x86_64-fedora-clang 1.13.0 690.48 NOTE --no-stop-on-test-error
r-devel-linux-x86_64-fedora-gcc 1.13.0 555.29 NOTE --no-stop-on-test-error
r-devel-macos-x86_64-clang 1.13.0 520.69 NOTE --no-stop-on-test-error
r-devel-windows-ix86+x86_64 1.13.0 88.00 951.00 1039.00 NOTE
r-patched-linux-x86_64 1.13.0 20.03 306.07 326.10 NOTE
r-patched-solaris-sparc 1.13.0 3574.70 NOTE
r-patched-solaris-x86 1.13.0 743.40 NOTE
r-release-linux-x86_64 1.13.0 20.48 313.62 334.10 NOTE
r-release-osx-x86_64-mavericks 1.13.0 NOTE
r-release-windows-ix86+x86_64 1.13.0 65.00 680.00 745.00 NOTE
r-oldrel-windows-ix86+x86_64 1.13.0 65.00 751.00 816.00 NOTE

Check Details

Version: 1.13.0
Check: package dependencies
Result: NOTE
    Package suggested but not available for checking: ‘INLA’
Flavors: r-devel-linux-x86_64-debian-clang, r-devel-linux-x86_64-debian-gcc, r-patched-linux-x86_64, r-patched-solaris-sparc, r-patched-solaris-x86, r-release-linux-x86_64, r-release-osx-x86_64-mavericks

Version: 1.13.0
Flags: --no-stop-on-test-error
Check: installed package size
Result: NOTE
     installed size is 6.8Mb
     sub-directories of 1Mb or more:
     doc 2.3Mb
     libs 1.2Mb
Flavors: r-devel-linux-x86_64-fedora-clang, r-devel-linux-x86_64-fedora-gcc, r-devel-macos-x86_64-clang

Version: 1.13.0
Check: installed package size
Result: NOTE
     installed size is 7.0Mb
     sub-directories of 1Mb or more:
     doc 2.3Mb
     libs 1.6Mb
Flavors: r-devel-windows-ix86+x86_64, r-patched-solaris-sparc, r-patched-solaris-x86, r-release-osx-x86_64-mavericks, r-release-windows-ix86+x86_64, r-oldrel-windows-ix86+x86_64

Version: 1.13.0
Check: package dependencies
Result: NOTE
    Package suggested but not available for checking: 'gpclib'
Flavor: r-oldrel-windows-ix86+x86_64

Version: 1.13.0
Check: Rd cross-references
Result: NOTE
    Package unavailable to check Rd xrefs: 'gpclib'
Flavor: r-oldrel-windows-ix86+x86_64