CRAN Package Check Results for Package surveillance

Last updated on 2018-09-21 15:49:43 CEST.

Flavor Version Tinstall Tcheck Ttotal Status Flags
r-devel-linux-x86_64-debian-clang 1.16.2 59.08 465.09 524.17 NOTE
r-devel-linux-x86_64-debian-gcc 1.16.2 51.54 361.32 412.86 NOTE
r-devel-linux-x86_64-fedora-clang 1.16.2 642.38 NOTE
r-devel-linux-x86_64-fedora-gcc 1.16.2 623.45 OK
r-devel-windows-ix86+x86_64 1.16.2 131.00 519.00 650.00 NOTE --no-vignettes
r-patched-linux-x86_64 1.16.2 57.86 437.06 494.92 NOTE
r-patched-solaris-x86 1.16.2 771.40 NOTE
r-release-linux-x86_64 1.16.2 55.81 434.77 490.58 NOTE
r-release-windows-ix86+x86_64 1.16.2 127.00 430.00 557.00 NOTE --no-vignettes
r-release-osx-x86_64 1.16.2 NOTE
r-oldrel-windows-ix86+x86_64 1.16.2 66.00 703.00 769.00 NOTE --no-vignettes
r-oldrel-osx-x86_64 1.16.2 NOTE

Additional issues

ATLAS MKL OpenBLAS

Check Details

Version: 1.16.2
Check: package dependencies
Result: NOTE
    Package suggested but not available for checking: ‘INLA’
Flavors: r-devel-linux-x86_64-debian-clang, r-devel-linux-x86_64-debian-gcc, r-patched-linux-x86_64, r-patched-solaris-x86, r-release-linux-x86_64, r-release-osx-x86_64, r-oldrel-osx-x86_64

Version: 1.16.2
Check: installed package size
Result: NOTE
     installed size is 8.4Mb
     sub-directories of 1Mb or more:
     R 1.8Mb
     doc 2.3Mb
     help 1.0Mb
     libs 1.6Mb
Flavors: r-devel-linux-x86_64-fedora-clang, r-patched-solaris-x86, r-release-osx-x86_64, r-oldrel-osx-x86_64

Version: 1.16.2
Flags: --no-vignettes
Check: installed package size
Result: NOTE
     installed size is 8.4Mb
     sub-directories of 1Mb or more:
     R 1.8Mb
     doc 2.3Mb
     help 1.0Mb
     libs 1.7Mb
Flavors: r-devel-windows-ix86+x86_64, r-release-windows-ix86+x86_64, r-oldrel-windows-ix86+x86_64