CRAN Package Check Results for Package surveillance

Last updated on 2014-11-26 23:48:53.

Flavor Version Tinstall Tcheck Ttotal Status Flags
r-devel-linux-x86_64-debian-clang 1.8-1 15.53 217.79 233.32 NOTE
r-devel-linux-x86_64-debian-gcc 1.8-1 15.77 212.57 228.34 NOTE
r-devel-linux-x86_64-fedora-clang 1.8-1 506.84 NOTE
r-devel-linux-x86_64-fedora-gcc 1.8-1 483.75 NOTE
r-devel-osx-x86_64-clang 1.8-1 412.66 NOTE
r-devel-windows-ix86+x86_64 1.8-1 48.00 638.00 686.00 NOTE
r-patched-linux-x86_64 1.8-1 16.32 233.11 249.44 NOTE
r-patched-solaris-sparc 1.8-1 2682.70 NOTE
r-patched-solaris-x86 1.8-1 639.20 NOTE
r-release-linux-ix86 1.8-1 19.36 263.48 282.84 NOTE
r-release-linux-x86_64 1.8-1 17.19 224.74 241.93 NOTE
r-release-osx-x86_64-snowleopard 1.7-0 WARN
r-release-windows-ix86+x86_64 1.8-1 45.00 722.00 767.00 NOTE
r-oldrel-windows-ix86+x86_64 1.8-1 48.00 878.00 926.00 WARN

Memtest notes: valgrind

Check Details

Version: 1.8-1
Check: package dependencies
Result: NOTE
    Package suggested but not available for checking: ‘INLA’
Flavors: r-devel-linux-x86_64-debian-clang, r-devel-linux-x86_64-debian-gcc, r-devel-linux-x86_64-fedora-clang, r-devel-linux-x86_64-fedora-gcc, r-devel-osx-x86_64-clang, r-patched-linux-x86_64, r-patched-solaris-sparc, r-patched-solaris-x86, r-release-linux-ix86, r-release-linux-x86_64, r-release-windows-ix86+x86_64, r-oldrel-windows-ix86+x86_64

Version: 1.8-1
Check: installed package size
Result: NOTE
     installed size is 5.0Mb
     sub-directories of 1Mb or more:
     doc 1.2Mb
Flavors: r-devel-linux-x86_64-debian-gcc, r-devel-linux-x86_64-fedora-clang, r-devel-linux-x86_64-fedora-gcc, r-devel-windows-ix86+x86_64, r-patched-linux-x86_64, r-patched-solaris-sparc, r-patched-solaris-x86, r-release-linux-x86_64, r-release-windows-ix86+x86_64, r-oldrel-windows-ix86+x86_64

Version: 1.8-1
Check: package dependencies
Result: NOTE
    Packages suggested but not available for checking: 'gpclib' 'INLA'
Flavor: r-devel-windows-ix86+x86_64

Version: 1.8-1
Check: Rd cross-references
Result: NOTE
    Package unavailable to check Rd xrefs: 'gpclib'
Flavor: r-devel-windows-ix86+x86_64

Version: 1.7-0
Check: installed package size
Result: NOTE
     installed size is 5.1Mb
     sub-directories of 1Mb or more:
     doc 1.2Mb
     libs 1.2Mb
Flavor: r-release-osx-x86_64-snowleopard

Version: 1.7-0
Check: examples
Result: WARN
    checking a package with encoding 'latin1' in an ASCII locale
    
     OK
Flavor: r-release-osx-x86_64-snowleopard

Version: 1.7-0
Check: re-building of vignette outputs
Result: NOTE
    Error in re-building vignettes:
     ...
    Loading required package: Rcpp
    Loading required package: sp
    Loading required package: xtable
    Loading required package: polyCub
    This is surveillance 1.7.0. For overview type 'help(surveillance)'.
    Error in texi2dvi(file = file, pdf = TRUE, clean = clean, quiet = quiet, :
     Running 'texi2dvi' on 'glrnb.tex' failed.
    LaTeX errors:
    ! LaTeX Error: File `pdftricks.sty' not found.
    
    Type X to quit or <RETURN> to proceed,
    or enter new name. (Default extension: sty)
    Calls: buildVignettes -> texi2pdf -> texi2dvi
    Execution halted
Flavor: r-release-osx-x86_64-snowleopard

Version: 1.8-1
Check: whether package can be installed
Result: WARN
    Found the following significant warnings:
     Warning: D:/temp/Rtmpiab27d/R.INSTALL32ac25841660/surveillance/man/marks.Rd: docType 'import' is unrecognized
     Warning: D:/temp/Rtmpiab27d/R.INSTALL32ac25841660/surveillance/man/multiplicity.Rd: docType 'import' is unrecognized
Flavor: r-oldrel-windows-ix86+x86_64

Version: 1.8-1
Check: Rd files
Result: WARN
    prepare_Rd: marks.Rd: docType 'import' is unrecognized
    prepare_Rd: multiplicity.Rd: docType 'import' is unrecognized
Flavor: r-oldrel-windows-ix86+x86_64