CRAN Package Check Results for Package surveillance

Last updated on 2018-12-12 01:46:45 CET.

Flavor Version Tinstall Tcheck Ttotal Status Flags
r-devel-linux-x86_64-debian-clang 1.16.2 59.95 455.58 515.53 NOTE
r-devel-linux-x86_64-debian-gcc 1.16.2 48.69 346.50 395.19 NOTE
r-devel-linux-x86_64-fedora-clang 1.16.2 639.80 NOTE
r-devel-linux-x86_64-fedora-gcc 1.16.2 612.69 OK
r-devel-windows-ix86+x86_64 1.16.2 130.00 363.00 493.00 NOTE --no-vignettes
r-patched-linux-x86_64 1.16.2 56.64 435.13 491.77 NOTE
r-patched-solaris-x86 1.16.2 742.00 NOTE
r-release-linux-x86_64 1.16.2 56.91 438.39 495.30 NOTE
r-release-windows-ix86+x86_64 1.16.2 131.00 497.00 628.00 NOTE --no-vignettes
r-release-osx-x86_64 1.16.2 NOTE
r-oldrel-windows-ix86+x86_64 1.16.2 70.00 633.00 703.00 NOTE --no-vignettes
r-oldrel-osx-x86_64 1.16.2 NOTE

Additional issues

ATLAS MKL OpenBLAS

Check Details

Version: 1.16.2
Check: package dependencies
Result: NOTE
    Package suggested but not available for checking: ‘INLA’
Flavors: r-devel-linux-x86_64-debian-clang, r-devel-linux-x86_64-debian-gcc, r-patched-linux-x86_64, r-patched-solaris-x86, r-release-linux-x86_64, r-release-osx-x86_64, r-oldrel-osx-x86_64

Version: 1.16.2
Check: installed package size
Result: NOTE
     installed size is 8.4Mb
     sub-directories of 1Mb or more:
     R 1.8Mb
     doc 2.3Mb
     help 1.0Mb
     libs 1.6Mb
Flavors: r-devel-linux-x86_64-fedora-clang, r-patched-solaris-x86, r-release-osx-x86_64, r-oldrel-osx-x86_64

Version: 1.16.2
Flags: --no-vignettes
Check: installed package size
Result: NOTE
     installed size is 8.4Mb
     sub-directories of 1Mb or more:
     R 1.8Mb
     doc 2.3Mb
     help 1.0Mb
     libs 1.7Mb
Flavors: r-devel-windows-ix86+x86_64, r-release-windows-ix86+x86_64, r-oldrel-windows-ix86+x86_64