CRAN Package Check Results for Package surveillance

Last updated on 2017-04-27 05:52:12.

Flavor Version Tinstall Tcheck Ttotal Status Flags
r-devel-linux-x86_64-debian-clang 1.13.0 24.44 335.16 359.59 NOTE
r-devel-linux-x86_64-debian-gcc 1.13.0 22.23 324.79 347.02 NOTE
r-devel-linux-x86_64-fedora-clang 1.13.0 728.55 NOTE --no-stop-on-test-error
r-devel-linux-x86_64-fedora-gcc 1.13.0 667.22 NOTE --no-stop-on-test-error
r-devel-windows-ix86+x86_64 1.13.0 64.00 657.00 721.00 NOTE --no-vignettes
r-patched-linux-x86_64 1.13.0 20.31 320.25 340.56 NOTE
r-patched-solaris-sparc 1.13.0 3989.90 NOTE
r-patched-solaris-x86 1.13.0 812.40 NOTE
r-release-linux-x86_64 1.13.0 19.62 320.84 340.46 NOTE
r-release-windows-ix86+x86_64 1.13.0 69.00 489.00 558.00 NOTE --no-vignettes
r-release-osx-x86_64 1.13.0 NOTE
r-oldrel-windows-ix86+x86_64 1.13.0 71.00 613.00 684.00 NOTE --no-vignettes
r-oldrel-osx-x86_64 1.13.0 NOTE

Check Details

Version: 1.13.0
Check: package dependencies
Result: NOTE
    Package suggested but not available for checking: ‘INLA’
Flavors: r-devel-linux-x86_64-debian-clang, r-devel-linux-x86_64-debian-gcc, r-patched-linux-x86_64, r-patched-solaris-sparc, r-patched-solaris-x86, r-release-linux-x86_64, r-oldrel-osx-x86_64

Version: 1.13.0
Check: compiled code
Result: NOTE
    File ‘surveillance/libs/surveillance.so’:
     Found no calls to: ‘R_registerRoutines’, ‘R_useDynamicSymbols’
    
    It is good practice to register native routines and to disable symbol
    search.
    
    See ‘Writing portable packages’ in the ‘Writing R Extensions’ manual.
Flavors: r-devel-linux-x86_64-debian-clang, r-devel-linux-x86_64-debian-gcc, r-patched-linux-x86_64, r-release-linux-x86_64

Version: 1.13.0
Flags: --no-stop-on-test-error
Check: installed package size
Result: NOTE
     installed size is 6.8Mb
     sub-directories of 1Mb or more:
     doc 2.3Mb
     libs 1.2Mb
Flavors: r-devel-linux-x86_64-fedora-clang, r-devel-linux-x86_64-fedora-gcc

Version: 1.13.0
Flags: --no-stop-on-test-error
Check: compiled code
Result: NOTE
    File ‘surveillance/libs/surveillance.so’:
     Found no calls to: ‘R_registerRoutines’, ‘R_useDynamicSymbols’
    
    It is good practice to register native routines and to disable symbol
    search.
    
    See ‘Writing portable packages’ in the ‘Writing R Extensions’ manual.
Flavors: r-devel-linux-x86_64-fedora-clang, r-devel-linux-x86_64-fedora-gcc

Version: 1.13.0
Flags: --no-vignettes
Check: installed package size
Result: NOTE
     installed size is 7.0Mb
     sub-directories of 1Mb or more:
     doc 2.3Mb
     libs 1.6Mb
Flavors: r-devel-windows-ix86+x86_64, r-release-windows-ix86+x86_64, r-oldrel-windows-ix86+x86_64

Version: 1.13.0
Check: installed package size
Result: NOTE
     installed size is 6.5Mb
     sub-directories of 1Mb or more:
     doc 2.8Mb
     help 1.0Mb
Flavors: r-patched-solaris-sparc, r-patched-solaris-x86, r-release-osx-x86_64, r-oldrel-osx-x86_64

Version: 1.13.0
Check: package dependencies
Result: NOTE
    Packages suggested but not available for checking:
     ‘rgeos’ ‘gsl’ ‘INLA’ ‘runjags’
Flavor: r-release-osx-x86_64

Version: 1.13.0
Check: Rd cross-references
Result: NOTE
    Packages unavailable to check Rd xrefs: ‘rgeos’, ‘runjags’
Flavor: r-release-osx-x86_64

Version: 1.13.0
Check: re-building of vignette outputs
Result: NOTE
    Error in re-building vignettes:
     ...
    glrnb: Fitting Poisson model because alpha == 0
    glrnb: Fitting Poisson model because alpha == 0
    glrnb: Fitting Poisson model because alpha == 0
    glrnb: Fitting Poisson model because alpha == 0
    glrnb: Fitting Poisson model because alpha == 0
    glrnb: Fitting Poisson model because alpha == 0
    glrnb: Fitting Poisson model because alpha == 0
    glrnb: Fitting Poisson model because alpha == 0
    glrnb: Fitting Poisson model because alpha == 0
    Error in texi2dvi(file = file, pdf = TRUE, clean = clean, quiet = quiet, :
     Running 'texi2dvi' on 'glrnb.tex' failed.
    LaTeX errors:
    ! LaTeX Error: File `relsize.sty' not found.
    
    Type X to quit or <RETURN> to proceed,
    or enter new name. (Default extension: sty)
    
    ! Emergency stop.
    <read *>
    
    l.14 \setlength
     {\parindent}{0pt}^^M
    ! ==> Fatal error occurred, no output PDF file produced!
    Calls: buildVignettes -> texi2pdf -> texi2dvi
    Execution halted
Flavor: r-release-osx-x86_64