CRAN Package Check Results for Package surveillance

Last updated on 2015-04-26 03:47:39.

Flavor Version Tinstall Tcheck Ttotal Status Flags
r-devel-linux-x86_64-debian-clang 1.8-3 13.54 202.76 216.30 NOTE
r-devel-linux-x86_64-debian-gcc 1.8-3 13.42 199.15 212.57 NOTE
r-devel-linux-x86_64-fedora-clang 1.8-3 432.94 OK
r-devel-linux-x86_64-fedora-gcc 1.8-3 321.02 OK
r-devel-osx-x86_64-clang 1.8-3 363.49 OK
r-devel-windows-ix86+x86_64 1.8-3 44.00 663.00 707.00 NOTE
r-patched-linux-x86_64 1.8-3 14.62 197.67 212.29 NOTE
r-patched-solaris-sparc 1.8-3 2386.60 NOTE
r-patched-solaris-x86 1.8-3 534.60 NOTE
r-release-linux-x86_64 1.8-3 13.54 203.36 216.90 NOTE
r-release-osx-x86_64-mavericks 1.8-3 NOTE
r-release-osx-x86_64-snowleopard 1.8-3 NOTE
r-release-windows-ix86+x86_64 1.8-3 47.00 652.00 699.00 NOTE
r-oldrel-windows-ix86+x86_64 1.8-3 42.00 671.00 713.00 NOTE

Check Details

Version: 1.8-3
Check: package dependencies
Result: NOTE
    Package suggested but not available for checking: 'gpclib'
Flavors: r-devel-windows-ix86+x86_64, r-release-windows-ix86+x86_64

Version: 1.8-3
Check: installed package size
Result: NOTE
     installed size is 5.1Mb
     sub-directories of 1Mb or more:
     libs 1.4Mb
Flavors: r-devel-windows-ix86+x86_64, r-release-windows-ix86+x86_64, r-oldrel-windows-ix86+x86_64

Version: 1.8-3
Check: Rd cross-references
Result: NOTE
    Package unavailable to check Rd xrefs: 'gpclib'
Flavors: r-devel-windows-ix86+x86_64, r-release-windows-ix86+x86_64