CRAN Package Check Results for Package surveillance

Last updated on 2016-07-26 23:48:35.

Flavor Version Tinstall Tcheck Ttotal Status Flags
r-devel-linux-x86_64-debian-clang 1.12.1 19.54 358.67 378.21 WARN
r-devel-linux-x86_64-debian-gcc 1.12.1 18.10 340.79 358.89 NOTE
r-devel-linux-x86_64-fedora-clang 1.12.1 583.17 NOTE
r-devel-linux-x86_64-fedora-gcc 1.12.1 554.74 NOTE
r-devel-osx-x86_64-clang 1.12.1 474.85 NOTE
r-devel-windows-ix86+x86_64 1.12.1 57.00 737.00 794.00 NOTE
r-patched-linux-x86_64 1.12.1 16.11 337.18 353.29 NOTE
r-patched-solaris-sparc 1.12.1 3554.40 NOTE
r-patched-solaris-x86 1.12.1 712.60 NOTE
r-release-linux-x86_64 1.12.1 16.16 333.71 349.87 NOTE
r-release-osx-x86_64-mavericks 1.12.1 NOTE
r-release-windows-ix86+x86_64 1.12.1 61.00 858.00 919.00 NOTE
r-oldrel-windows-ix86+x86_64 1.12.1 64.00 967.00 1031.00 NOTE

Check Details

Version: 1.12.1
Check: package dependencies
Result: NOTE
    Package suggested but not available for checking: ‘INLA’
Flavors: r-devel-linux-x86_64-debian-clang, r-devel-linux-x86_64-debian-gcc, r-patched-linux-x86_64, r-patched-solaris-sparc, r-patched-solaris-x86, r-release-linux-x86_64, r-release-osx-x86_64-mavericks

Version: 1.12.1
Check: whether package can be installed
Result: WARN
    Found the following significant warnings:
     twins.cc:224:8: warning: 'register' storage class specifier is deprecated and incompatible with C++1z [-Wdeprecated-register]
     twins.cc:225:10: warning: 'register' storage class specifier is deprecated and incompatible with C++1z [-Wdeprecated-register]
     twins.cc:243:8: warning: 'register' storage class specifier is deprecated and incompatible with C++1z [-Wdeprecated-register]
     twins.cc:244:10: warning: 'register' storage class specifier is deprecated and incompatible with C++1z [-Wdeprecated-register]
     twins.cc:261:8: warning: 'register' storage class specifier is deprecated and incompatible with C++1z [-Wdeprecated-register]
     twins.cc:262:10: warning: 'register' storage class specifier is deprecated and incompatible with C++1z [-Wdeprecated-register]
     twins.cc:281:8: warning: 'register' storage class specifier is deprecated and incompatible with C++1z [-Wdeprecated-register]
     twins.cc:282:10: warning: 'register' storage class specifier is deprecated and incompatible with C++1z [-Wdeprecated-register]
     twins.cc:300:8: warning: 'register' storage class specifier is deprecated and incompatible with C++1z [-Wdeprecated-register]
     twins.cc:315:8: warning: 'register' storage class specifier is deprecated and incompatible with C++1z [-Wdeprecated-register]
     twins.cc:1917:8: warning: 'register' storage class specifier is deprecated and incompatible with C++1z [-Wdeprecated-register]
     twins.cc:1918:8: warning: 'register' storage class specifier is deprecated and incompatible with C++1z [-Wdeprecated-register]
     twins.cc:1921:8: warning: 'register' storage class specifier is deprecated and incompatible with C++1z [-Wdeprecated-register]
     twins.cc:1922:10: warning: 'register' storage class specifier is deprecated and incompatible with C++1z [-Wdeprecated-register]
     twins.cc:2006:8: warning: 'register' storage class specifier is deprecated and incompatible with C++1z [-Wdeprecated-register]
     twins.cc:2007:10: warning: 'register' storage class specifier is deprecated and incompatible with C++1z [-Wdeprecated-register]
     twins.cc:2051:8: warning: 'register' storage class specifier is deprecated and incompatible with C++1z [-Wdeprecated-register]
     twins.cc:2052:10: warning: 'register' storage class specifier is deprecated and incompatible with C++1z [-Wdeprecated-register]
     twins.cc:2077:8: warning: 'register' storage class specifier is deprecated and incompatible with C++1z [-Wdeprecated-register]
     twins.cc:2078:10: warning: 'register' storage class specifier is deprecated and incompatible with C++1z [-Wdeprecated-register]
     twins.cc:2243:10: warning: 'register' storage class specifier is deprecated and incompatible with C++1z [-Wdeprecated-register]
     twins.cc:2244:12: warning: 'register' storage class specifier is deprecated and incompatible with C++1z [-Wdeprecated-register]
     twins.cc:2250:8: warning: 'register' storage class specifier is deprecated and incompatible with C++1z [-Wdeprecated-register]
     twins.cc:2251:10: warning: 'register' storage class specifier is deprecated and incompatible with C++1z [-Wdeprecated-register]
     twins.cc:2256:8: warning: 'register' storage class specifier is deprecated and incompatible with C++1z [-Wdeprecated-register]
     twins.cc:2257:10: warning: 'register' storage class specifier is deprecated and incompatible with C++1z [-Wdeprecated-register]
     twins.cc:2415:10: warning: 'register' storage class specifier is deprecated and incompatible with C++1z [-Wdeprecated-register]
     twins.cc:2419:10: warning: 'register' storage class specifier is deprecated and incompatible with C++1z [-Wdeprecated-register]
     twins.cc:2422:10: warning: 'register' storage class specifier is deprecated and incompatible with C++1z [-Wdeprecated-register]
     twins.cc:2444:8: warning: 'register' storage class specifier is deprecated and incompatible with C++1z [-Wdeprecated-register]
     twins.cc:2486:10: warning: 'register' storage class specifier is deprecated and incompatible with C++1z [-Wdeprecated-register]
     twins.cc:2491:12: warning: 'register' storage class specifier is deprecated and incompatible with C++1z [-Wdeprecated-register]
     twins.cc:2499:10: warning: 'register' storage class specifier is deprecated and incompatible with C++1z [-Wdeprecated-register]
     twins.cc:2519:8: warning: 'register' storage class specifier is deprecated and incompatible with C++1z [-Wdeprecated-register]
     twins.cc:2540:3: warning: 'register' storage class specifier is deprecated and incompatible with C++1z [-Wdeprecated-register]
     twins.cc:2590:10: warning: 'register' storage class specifier is deprecated and incompatible with C++1z [-Wdeprecated-register]
     twins.cc:2595:12: warning: 'register' storage class specifier is deprecated and incompatible with C++1z [-Wdeprecated-register]
     twins.cc:2596:7: warning: 'register' storage class specifier is deprecated and incompatible with C++1z [-Wdeprecated-register]
     twins.cc:2617:9: warning: 'register' storage class specifier is deprecated and incompatible with C++1z [-Wdeprecated-register]
     twins.cc:2618:11: warning: 'register' storage class specifier is deprecated and incompatible with C++1z [-Wdeprecated-register]
     twins.cc:2626:9: warning: 'register' storage class specifier is deprecated and incompatible with C++1z [-Wdeprecated-register]
     twins.cc:2627:11: warning: 'register' storage class specifier is deprecated and incompatible with C++1z [-Wdeprecated-register]
     twins.cc:2637:12: warning: 'register' storage class specifier is deprecated and incompatible with C++1z [-Wdeprecated-register]
     twins.cc:2638:7: warning: 'register' storage class specifier is deprecated and incompatible with C++1z [-Wdeprecated-register]
     twins.cc:2647:12: warning: 'register' storage class specifier is deprecated and incompatible with C++1z [-Wdeprecated-register]
     twins.cc:2648:7: warning: 'register' storage class specifier is deprecated and incompatible with C++1z [-Wdeprecated-register]
     twins.cc:2671:12: warning: 'register' storage class specifier is deprecated and incompatible with C++1z [-Wdeprecated-register]
     twins.cc:2672:7: warning: 'register' storage class specifier is deprecated and incompatible with C++1z [-Wdeprecated-register]
     twins.cc:2681:12: warning: 'register' storage class specifier is deprecated and incompatible with C++1z [-Wdeprecated-register]
     twins.cc:2682:7: warning: 'register' storage class specifier is deprecated and incompatible with C++1z [-Wdeprecated-register]
     twins.cc:2821:7: warning: 'register' storage class specifier is deprecated and incompatible with C++1z [-Wdeprecated-register]
     twins.cc:2827:11: warning: 'register' storage class specifier is deprecated and incompatible with C++1z [-Wdeprecated-register]
     twins.cc:2833:11: warning: 'register' storage class specifier is deprecated and incompatible with C++1z [-Wdeprecated-register]
     twins.cc:2834:13: warning: 'register' storage class specifier is deprecated and incompatible with C++1z [-Wdeprecated-register]
     twins.cc:2852:7: warning: 'register' storage class specifier is deprecated and incompatible with C++1z [-Wdeprecated-register]
     twins.cc:2858:14: warning: 'register' storage class specifier is deprecated and incompatible with C++1z [-Wdeprecated-register]
     twins.cc:2859:16: warning: 'register' storage class specifier is deprecated and incompatible with C++1z [-Wdeprecated-register]
     twins.cc:2878:11: warning: 'register' storage class specifier is deprecated and incompatible with C++1z [-Wdeprecated-register]
     twins.cc:2882:9: warning: 'register' storage class specifier is deprecated and incompatible with C++1z [-Wdeprecated-register]
     twins.cc:2884:13: warning: 'register' storage class specifier is deprecated and incompatible with C++1z [-Wdeprecated-register]
     twins.cc:2885:8: warning: 'register' storage class specifier is deprecated and incompatible with C++1z [-Wdeprecated-register]
     twins.cc:2898:10: warning: 'register' storage class specifier is deprecated and incompatible with C++1z [-Wdeprecated-register]
     twins.cc:2899:12: warning: 'register' storage class specifier is deprecated and incompatible with C++1z [-Wdeprecated-register]
     twins.cc:2937:10: warning: 'register' storage class specifier is deprecated and incompatible with C++1z [-Wdeprecated-register]
     twins.cc:3072:8: warning: 'register' storage class specifier is deprecated and incompatible with C++1z [-Wdeprecated-register]
Flavor: r-devel-linux-x86_64-debian-clang

Version: 1.12.1
Check: installed package size
Result: NOTE
     installed size is 6.1Mb
     sub-directories of 1Mb or more:
     doc 2.3Mb
Flavors: r-devel-linux-x86_64-debian-clang, r-devel-linux-x86_64-debian-gcc, r-devel-linux-x86_64-fedora-clang, r-devel-linux-x86_64-fedora-gcc, r-devel-osx-x86_64-clang, r-devel-windows-ix86+x86_64, r-patched-linux-x86_64, r-patched-solaris-sparc, r-patched-solaris-x86, r-release-linux-x86_64, r-release-osx-x86_64-mavericks, r-release-windows-ix86+x86_64, r-oldrel-windows-ix86+x86_64

Version: 1.12.1
Check: package dependencies
Result: NOTE
    Package suggested but not available for checking: 'gpclib'
Flavor: r-oldrel-windows-ix86+x86_64

Version: 1.12.1
Check: Rd cross-references
Result: NOTE
    Package unavailable to check Rd xrefs: 'gpclib'
Flavor: r-oldrel-windows-ix86+x86_64