CRAN Package Check Results for Package surveillance

Last updated on 2015-03-05 12:48:14.

Flavor Version Tinstall Tcheck Ttotal Status Flags
r-devel-linux-x86_64-debian-clang 1.8-3 12.92 204.84 217.76 NOTE
r-devel-linux-x86_64-debian-gcc 1.8-3 13.22 202.33 215.55 NOTE
r-devel-linux-x86_64-fedora-clang 1.8-3 430.62 OK
r-devel-linux-x86_64-fedora-gcc 1.8-3 408.11 OK
r-devel-osx-x86_64-clang 1.8-3 413.11 OK
r-devel-windows-ix86+x86_64 1.8-3 46.00 625.00 671.00 NOTE
r-patched-linux-x86_64 1.8-3 16.19 232.52 248.71 NOTE
r-patched-solaris-sparc 1.8-3 2915.70 NOTE
r-patched-solaris-x86 1.8-3 660.40 NOTE
r-release-linux-ix86 1.8-3 19.06 275.35 294.40 NOTE
r-release-linux-x86_64 1.8-3 17.06 239.31 256.37 NOTE
r-release-osx-x86_64-mavericks 1.8-3 NOTE
r-release-osx-x86_64-snowleopard 1.8-3 WARN
r-release-windows-ix86+x86_64 1.8-3 44.00 733.00 777.00 NOTE
r-oldrel-windows-ix86+x86_64 1.8-3 46.00 889.00 935.00 WARN

Check Details

Version: 1.8-3
Check: package dependencies
Result: NOTE
    Package suggested but not available for checking: ‘INLA’
Flavors: r-devel-linux-x86_64-debian-clang, r-devel-linux-x86_64-debian-gcc, r-patched-linux-x86_64, r-patched-solaris-sparc, r-patched-solaris-x86, r-release-linux-ix86, r-release-linux-x86_64, r-release-osx-x86_64-snowleopard

Version: 1.8-3
Check: package dependencies
Result: NOTE
    Package suggested but not available for checking: 'gpclib'
Flavor: r-devel-windows-ix86+x86_64

Version: 1.8-3
Check: installed package size
Result: NOTE
     installed size is 5.1Mb
     sub-directories of 1Mb or more:
     libs 1.4Mb
Flavors: r-devel-windows-ix86+x86_64, r-release-windows-ix86+x86_64, r-oldrel-windows-ix86+x86_64

Version: 1.8-3
Check: Rd cross-references
Result: NOTE
    Package unavailable to check Rd xrefs: 'gpclib'
Flavor: r-devel-windows-ix86+x86_64

Version: 1.8-3
Check: package dependencies
Result: NOTE
    Packages suggested but not available for checking: ‘rgeos’ ‘INLA’
Flavor: r-release-osx-x86_64-mavericks

Version: 1.8-3
Check: Rd cross-references
Result: NOTE
    Package unavailable to check Rd xrefs: ‘rgeos’
Flavor: r-release-osx-x86_64-mavericks

Version: 1.8-3
Check: re-building of vignette outputs
Result: NOTE
    Error in re-building vignettes:
     ...
    Loading required package: sp
    Loading required package: xtable
    Loading required package: polyCub
    This is surveillance 1.8.3. For overview type ‘help(surveillance)’.
    Error in texi2dvi(file = file, pdf = TRUE, clean = clean, quiet = quiet, :
     Running 'texi2dvi' on 'glrnb.tex' failed.
    Messages:
    sh: /opt/texinfo/bin/texi2dvi: No such file or directory
    Calls: buildVignettes -> texi2pdf -> texi2dvi
    Execution halted
Flavor: r-release-osx-x86_64-snowleopard

Version: 1.8-3
Check: PDF version of manual
Result: WARN
    LaTeX errors when creating PDF version.
    This typically indicates Rd problems.
Flavor: r-release-osx-x86_64-snowleopard

Version: 1.8-3
Check: whether package can be installed
Result: WARN
    Found the following significant warnings:
     Warning: D:/temp/Rtmp0gidT9/R.INSTALL1f20109f48b/surveillance/man/marks.Rd: docType 'import' is unrecognized
     Warning: D:/temp/Rtmp0gidT9/R.INSTALL1f20109f48b/surveillance/man/multiplicity.Rd: docType 'import' is unrecognized
Flavor: r-oldrel-windows-ix86+x86_64

Version: 1.8-3
Check: Rd files
Result: WARN
    prepare_Rd: marks.Rd: docType 'import' is unrecognized
    prepare_Rd: multiplicity.Rd: docType 'import' is unrecognized
Flavor: r-oldrel-windows-ix86+x86_64