CRAN Package Check Results for Package surveillance

Last updated on 2015-05-25 08:48:40.

Flavor Version Tinstall Tcheck Ttotal Status Flags
r-devel-linux-x86_64-debian-clang 1.8-3 12.87 202.54 215.40 NOTE
r-devel-linux-x86_64-debian-gcc 1.8-3 15.35 202.02 217.37 NOTE
r-devel-linux-x86_64-fedora-clang 1.8-3 429.76 OK
r-devel-linux-x86_64-fedora-gcc 1.8-3 283.05 OK
r-devel-osx-x86_64-clang 1.8-3 361.45 OK
r-devel-windows-ix86+x86_64 1.8-3 47.00 641.00 688.00 NOTE
r-patched-linux-x86_64 1.8-3 13.58 201.76 215.34 NOTE
r-patched-solaris-sparc 1.8-3 2476.40 NOTE
r-patched-solaris-x86 1.8-3 526.40 NOTE
r-release-linux-x86_64 1.8-3 13.68 199.75 213.42 NOTE
r-release-osx-x86_64-mavericks 1.8-3 NOTE
r-release-osx-x86_64-snowleopard 1.8-3 NOTE
r-release-windows-ix86+x86_64 1.8-3 51.00 691.00 742.00 NOTE
r-oldrel-windows-ix86+x86_64 1.8-3 51.00 711.00 762.00 NOTE

Check Details

Version: 1.8-3
Check: package dependencies
Result: NOTE
    Package suggested but not available for checking: ‘INLA’
Flavors: r-devel-linux-x86_64-debian-clang, r-devel-linux-x86_64-debian-gcc, r-patched-linux-x86_64, r-patched-solaris-sparc, r-patched-solaris-x86, r-release-linux-x86_64

Version: 1.8-3
Check: package dependencies
Result: NOTE
    Package suggested but not available for checking: 'gpclib'
Flavors: r-devel-windows-ix86+x86_64, r-release-windows-ix86+x86_64

Version: 1.8-3
Check: installed package size
Result: NOTE
     installed size is 5.1Mb
     sub-directories of 1Mb or more:
     libs 1.4Mb
Flavors: r-devel-windows-ix86+x86_64, r-release-windows-ix86+x86_64, r-oldrel-windows-ix86+x86_64

Version: 1.8-3
Check: Rd cross-references
Result: NOTE
    Package unavailable to check Rd xrefs: 'gpclib'
Flavors: r-devel-windows-ix86+x86_64, r-release-windows-ix86+x86_64

Version: 1.8-3
Check: package dependencies
Result: NOTE
    Packages suggested but not available for checking: ‘rgeos’ ‘INLA’
Flavor: r-release-osx-x86_64-mavericks

Version: 1.8-3
Check: Rd cross-references
Result: NOTE
    Package unavailable to check Rd xrefs: ‘rgeos’
Flavor: r-release-osx-x86_64-mavericks

Version: 1.8-3
Check: package dependencies
Result: NOTE
    Packages suggested but not available for checking:
     ‘gridExtra’ ‘scales’ ‘rgeos’ ‘spdep’ ‘maxLik’ ‘INLA’
Flavor: r-release-osx-x86_64-snowleopard

Version: 1.8-3
Check: Rd cross-references
Result: NOTE
    Packages unavailable to check Rd xrefs: ‘rgeos’, ‘spdep’, ‘gridExtra’, ‘scales’
Flavor: r-release-osx-x86_64-snowleopard