CRAN Package Check Results for Package surveillance

Last updated on 2016-02-06 09:48:18.

Flavor Version Tinstall Tcheck Ttotal Status Flags
r-devel-linux-x86_64-debian-gcc 1.10-0 13.46 215.07 228.53 NOTE
r-devel-linux-x86_64-fedora-clang 1.10-0 453.45 OK
r-devel-linux-x86_64-fedora-gcc 1.10-0 324.72 OK
r-devel-osx-x86_64-clang 1.10-0 470.03 OK
r-devel-windows-ix86+x86_64 1.10-0 64.00 566.00 630.00 NOTE
r-patched-linux-x86_64 1.10-0 14.51 237.65 252.16 NOTE
r-patched-solaris-sparc 1.10-0 2787.40 NOTE
r-patched-solaris-x86 1.10-0 584.00 NOTE
r-release-linux-x86_64 1.10-0 14.45 235.64 250.09 NOTE
r-release-osx-x86_64-mavericks 1.10-0 NOTE
r-release-windows-ix86+x86_64 1.10-0 61.00 573.00 634.00 NOTE
r-oldrel-windows-ix86+x86_64 1.10-0 67.00 671.00 738.00 NOTE

Check Details

Version: 1.10-0
Check: package dependencies
Result: NOTE
    Package suggested but not available for checking: ‘INLA’
Flavors: r-devel-linux-x86_64-debian-gcc, r-patched-linux-x86_64, r-patched-solaris-sparc, r-patched-solaris-x86, r-release-linux-x86_64, r-release-osx-x86_64-mavericks

Version: 1.10-0
Check: package dependencies
Result: NOTE
    Package suggested but not available for checking: 'gpclib'
Flavors: r-devel-windows-ix86+x86_64, r-release-windows-ix86+x86_64

Version: 1.10-0
Check: installed package size
Result: NOTE
     installed size is 5.3Mb
     sub-directories of 1Mb or more:
     libs 1.4Mb
Flavors: r-devel-windows-ix86+x86_64, r-release-windows-ix86+x86_64, r-oldrel-windows-ix86+x86_64

Version: 1.10-0
Check: Rd cross-references
Result: NOTE
    Package unavailable to check Rd xrefs: 'gpclib'
Flavors: r-devel-windows-ix86+x86_64, r-release-windows-ix86+x86_64