CRAN Package Check Results for Package surveillance

Last updated on 2016-05-03 16:47:18.

Flavor Version Tinstall Tcheck Ttotal Status Flags
r-devel-linux-x86_64-debian-gcc 1.12.0 13.65 281.50 295.15 NOTE
r-devel-linux-x86_64-fedora-clang 1.12.0 568.07 NOTE
r-devel-linux-x86_64-fedora-gcc 1.12.0 533.59 NOTE
r-devel-osx-x86_64-clang 1.12.0 608.73 NOTE
r-devel-windows-ix86+x86_64 1.12.0 52.00 674.00 726.00 NOTE
r-patched-linux-x86_64 1.12.0 13.92 277.53 291.45 NOTE
r-patched-solaris-sparc 1.12.0 3142.00 NOTE
r-patched-solaris-x86 1.12.0 694.50 NOTE
r-release-linux-x86_64 1.12.0 14.53 305.46 319.99 NOTE
r-release-osx-x86_64-mavericks 1.12.0 NOTE
r-release-windows-ix86+x86_64 1.12.0 46.00 738.00 784.00 NOTE
r-oldrel-windows-ix86+x86_64 1.11.0 82.00 573.00 655.00 ERROR

Check Details

Version: 1.12.0
Check: package dependencies
Result: NOTE
    Package suggested but not available for checking: ‘INLA’
Flavors: r-devel-linux-x86_64-debian-gcc, r-patched-linux-x86_64, r-patched-solaris-sparc, r-patched-solaris-x86, r-release-linux-x86_64, r-release-osx-x86_64-mavericks

Version: 1.12.0
Check: installed package size
Result: NOTE
     installed size is 5.6Mb
     sub-directories of 1Mb or more:
     doc 1.7Mb
Flavors: r-devel-linux-x86_64-debian-gcc, r-devel-linux-x86_64-fedora-clang, r-devel-linux-x86_64-fedora-gcc, r-devel-osx-x86_64-clang, r-devel-windows-ix86+x86_64, r-patched-linux-x86_64, r-patched-solaris-sparc, r-patched-solaris-x86, r-release-linux-x86_64, r-release-osx-x86_64-mavericks, r-release-windows-ix86+x86_64

Version: 1.12.0
Check: package dependencies
Result: NOTE
    Package suggested but not available for checking: 'gpclib'
Flavor: r-release-windows-ix86+x86_64

Version: 1.12.0
Check: Rd cross-references
Result: NOTE
    Package unavailable to check Rd xrefs: 'gpclib'
Flavor: r-release-windows-ix86+x86_64

Version: 1.11.0
Check: installed package size
Result: NOTE
     installed size is 5.2Mb
     sub-directories of 1Mb or more:
     libs 1.4Mb
Flavor: r-oldrel-windows-ix86+x86_64

Version: 1.11.0
Check: running R code from vignettes
Result: ERROR
    Errors in running code in vignettes:
    when running code in 'glrnb.Rnw'
     ...
    
    > options(width = 70)
    
    > set.seed(247)
    
    > if (!dir.exists("plots")) dir.create("plots")
    
     When sourcing 'glrnb.R':
    Error: could not find function "dir.exists"
    Execution halted
    when running code in 'hhh4.Rnw'
     ...
    Loading required package: polyCub
    This is surveillance 1.11.0. For overview type 'help(surveillance)'.
    
    > options(width = 75)
    
    > if (!dir.exists("plots")) dir.create("plots")
    
     When sourcing 'hhh4.R':
    Error: could not find function "dir.exists"
    Execution halted
    when running code in 'surveillance.Rnw'
     ...
    
    > options(width = 70)
    
    > set.seed(1234)
    
    > if (!dir.exists("plots")) dir.create("plots")
    
     When sourcing 'surveillance.R':
    Error: could not find function "dir.exists"
    Execution halted
Flavor: r-oldrel-windows-ix86+x86_64