CRAN Package Check Results for Package surveillance

Last updated on 2017-10-21 18:47:39.

Flavor Version Tinstall Tcheck Ttotal Status Flags
r-devel-linux-x86_64-debian-clang 1.15.0 23.91 320.16 344.07 NOTE
r-devel-linux-x86_64-debian-gcc 1.15.0 24.73 332.15 356.89 NOTE
r-devel-linux-x86_64-fedora-clang 1.15.0 708.97 NOTE
r-devel-linux-x86_64-fedora-gcc 1.15.0 675.14 NOTE
r-devel-windows-ix86+x86_64 1.15.0 69.00 678.00 747.00 NOTE --no-vignettes
r-patched-linux-x86_64 1.15.0 23.43 320.70 344.13 NOTE
r-patched-solaris-x86 1.15.0 801.80 NOTE
r-release-linux-x86_64 1.15.0 24.08 324.00 348.08 NOTE
r-release-windows-ix86+x86_64 1.15.0 94.00 670.00 764.00 NOTE --no-vignettes
r-release-osx-x86_64 1.15.0 NOTE
r-oldrel-windows-ix86+x86_64 1.15.0 71.00 652.00 723.00 NOTE --no-vignettes
r-oldrel-osx-x86_64 1.15.0 NOTE

Check Details

Version: 1.15.0
Check: package dependencies
Result: NOTE
    Package suggested but not available for checking: ‘INLA’
Flavors: r-devel-linux-x86_64-debian-clang, r-devel-linux-x86_64-debian-gcc, r-patched-linux-x86_64, r-patched-solaris-x86, r-release-linux-x86_64, r-release-osx-x86_64, r-oldrel-osx-x86_64

Version: 1.15.0
Check: installed package size
Result: NOTE
     installed size is 7.2Mb
     sub-directories of 1Mb or more:
     doc 2.3Mb
     libs 1.5Mb
Flavors: r-devel-linux-x86_64-fedora-clang, r-devel-linux-x86_64-fedora-gcc, r-patched-solaris-x86, r-release-osx-x86_64, r-oldrel-osx-x86_64

Version: 1.15.0
Flags: --no-vignettes
Check: installed package size
Result: NOTE
     installed size is 7.2Mb
     sub-directories of 1Mb or more:
     doc 2.3Mb
     libs 1.7Mb
Flavors: r-devel-windows-ix86+x86_64, r-release-windows-ix86+x86_64, r-oldrel-windows-ix86+x86_64

Version: 1.15.0
Check: re-building of vignette outputs
Result: NOTE
    Error in re-building vignettes:
     ...
     Set the 'reverse' argument explicitly to avoid this warning.
    Warning in scores.oneStepAhead(X[[i]], ...) :
     Time points are reversed in the result (historical default).
     Note that this will change with the next version of "surveillance".
     Set the 'reverse' argument explicitly to avoid this warning.
    Warning in scores.oneStepAhead(X[[i]], ...) :
     Time points are reversed in the result (historical default).
     Note that this will change with the next version of "surveillance".
     Set the 'reverse' argument explicitly to avoid this warning.
    Error in texi2dvi(file = file, pdf = TRUE, clean = clean, quiet = quiet, :
     Running 'texi2dvi' on 'hhh4_spacetime.tex' failed.
    LaTeX errors:
    ! LaTeX Error: File `bbm.sty' not found.
    
    Type X to quit or <RETURN> to proceed,
    or enter new name. (Default extension: sty)
    
    ! Emergency stop.
    <read *>
    
    l.53 ^^M
    
    ! ==> Fatal error occurred, no output PDF file produced!
    Calls: buildVignettes -> texi2pdf -> texi2dvi
    Execution halted
Flavor: r-release-osx-x86_64