CRAN Package Check Results for Package surveillance

Last updated on 2017-03-27 05:48:20.

Flavor Version Tinstall Tcheck Ttotal Status Flags
r-devel-linux-x86_64-debian-clang 1.13.0 23.89 334.96 358.85 NOTE
r-devel-linux-x86_64-debian-gcc 1.13.0 22.75 323.96 346.71 NOTE
r-devel-linux-x86_64-fedora-clang 1.13.0 693.71 NOTE --no-stop-on-test-error
r-devel-linux-x86_64-fedora-gcc 1.13.0 667.70 NOTE --no-stop-on-test-error
r-devel-macos-x86_64-clang 1.13.0 524.45 NOTE --no-stop-on-test-error
r-patched-linux-x86_64 1.13.0 20.82 321.21 342.02 NOTE
r-patched-solaris-sparc 1.13.0 3989.90 NOTE
r-patched-solaris-x86 1.13.0 817.80 NOTE
r-release-linux-x86_64 1.13.0 20.01 298.33 318.34 NOTE
r-release-osx-x86_64-mavericks 1.13.0 NOTE
r-release-windows-ix86+x86_64 1.13.0 91.00 873.00 964.00 NOTE
r-oldrel-windows-ix86+x86_64 1.13.0 70.00 715.00 785.00 NOTE

Check Details

Version: 1.13.0
Check: package dependencies
Result: NOTE
    Package suggested but not available for checking: ‘INLA’
Flavors: r-devel-linux-x86_64-debian-clang, r-devel-linux-x86_64-debian-gcc, r-patched-linux-x86_64, r-patched-solaris-sparc, r-patched-solaris-x86, r-release-linux-x86_64, r-release-osx-x86_64-mavericks

Version: 1.13.0
Check: compiled code
Result: NOTE
    File ‘surveillance/libs/surveillance.so’:
     Found no calls to: ‘R_registerRoutines’, ‘R_useDynamicSymbols’
    
    It is good practice to register native routines and to disable symbol
    search.
    
    See ‘Writing portable packages’ in the ‘Writing R Extensions’ manual.
Flavors: r-devel-linux-x86_64-debian-clang, r-devel-linux-x86_64-debian-gcc, r-patched-linux-x86_64

Version: 1.13.0
Flags: --no-stop-on-test-error
Check: installed package size
Result: NOTE
     installed size is 6.8Mb
     sub-directories of 1Mb or more:
     doc 2.3Mb
     libs 1.2Mb
Flavors: r-devel-linux-x86_64-fedora-clang, r-devel-linux-x86_64-fedora-gcc, r-devel-macos-x86_64-clang

Version: 1.13.0
Flags: --no-stop-on-test-error
Check: compiled code
Result: NOTE
    File ‘surveillance/libs/surveillance.so’:
     Found no calls to: ‘R_registerRoutines’, ‘R_useDynamicSymbols’
    
    It is good practice to register native routines and to disable symbol
    search.
    
    See ‘Writing portable packages’ in the ‘Writing R Extensions’ manual.
Flavors: r-devel-linux-x86_64-fedora-clang, r-devel-linux-x86_64-fedora-gcc, r-devel-macos-x86_64-clang

Version: 1.13.0
Check: installed package size
Result: NOTE
     installed size is 6.5Mb
     sub-directories of 1Mb or more:
     doc 2.8Mb
     help 1.0Mb
Flavors: r-patched-solaris-sparc, r-patched-solaris-x86, r-release-osx-x86_64-mavericks, r-release-windows-ix86+x86_64, r-oldrel-windows-ix86+x86_64

Version: 1.13.0
Check: package dependencies
Result: NOTE
    Package suggested but not available for checking: 'gpclib'
Flavor: r-oldrel-windows-ix86+x86_64

Version: 1.13.0
Check: Rd cross-references
Result: NOTE
    Package unavailable to check Rd xrefs: 'gpclib'
Flavor: r-oldrel-windows-ix86+x86_64