CRAN Package Check Results for Package surveillance

Last updated on 2018-02-25 00:49:03 CET.

Flavor Version Tinstall Tcheck Ttotal Status Flags
r-devel-linux-x86_64-debian-clang 1.16.0 57.43 460.20 517.63 NOTE
r-devel-linux-x86_64-debian-gcc 1.16.0 46.86 346.83 393.69 NOTE
r-devel-linux-x86_64-fedora-clang 1.16.0 628.39 NOTE
r-devel-linux-x86_64-fedora-gcc 1.16.0 603.45 NOTE
r-devel-windows-ix86+x86_64 1.16.0 101.00 450.00 551.00 NOTE --no-vignettes
r-patched-linux-x86_64 1.16.0 31.18 535.51 566.69 NOTE
r-patched-solaris-x86 1.16.0 805.20 NOTE
r-release-linux-x86_64 1.16.0 33.81 542.94 576.75 NOTE
r-release-windows-ix86+x86_64 1.16.0 103.00 683.00 786.00 NOTE --no-vignettes
r-release-osx-x86_64 1.16.0 NOTE
r-oldrel-windows-ix86+x86_64 1.16.0 75.00 595.00 670.00 NOTE --no-vignettes
r-oldrel-osx-x86_64 1.15.0 NOTE

Check Details

Version: 1.16.0
Check: package dependencies
Result: NOTE
    Package suggested but not available for checking: ‘INLA’
Flavors: r-devel-linux-x86_64-debian-clang, r-devel-linux-x86_64-debian-gcc, r-patched-linux-x86_64, r-patched-solaris-x86, r-release-linux-x86_64, r-release-osx-x86_64

Version: 1.16.0
Check: installed package size
Result: NOTE
     installed size is 8.3Mb
     sub-directories of 1Mb or more:
     R 1.8Mb
     doc 2.3Mb
     help 1.0Mb
     libs 1.5Mb
Flavors: r-devel-linux-x86_64-fedora-clang, r-devel-linux-x86_64-fedora-gcc, r-patched-solaris-x86, r-release-osx-x86_64

Version: 1.16.0
Flags: --no-vignettes
Check: installed package size
Result: NOTE
     installed size is 8.3Mb
     sub-directories of 1Mb or more:
     R 1.8Mb
     doc 2.3Mb
     help 1.0Mb
     libs 1.7Mb
Flavors: r-devel-windows-ix86+x86_64, r-release-windows-ix86+x86_64, r-oldrel-windows-ix86+x86_64

Version: 1.15.0
Check: package dependencies
Result: NOTE
    Package suggested but not available for checking: ‘INLA’
Flavor: r-oldrel-osx-x86_64

Version: 1.15.0
Check: installed package size
Result: NOTE
     installed size is 6.9Mb
     sub-directories of 1Mb or more:
     doc 2.3Mb
     help 1.0Mb
     libs 1.3Mb
Flavor: r-oldrel-osx-x86_64