CRAN Package Check Results for Package survexp.fr

Last updated on 2015-08-01 23:47:36.

Flavor Version Tinstall Tcheck Ttotal Status Flags
r-devel-linux-x86_64-debian-clang 1.0 0.57 11.04 11.61 NOTE
r-devel-linux-x86_64-debian-gcc 1.0 0.56 10.08 10.64 NOTE
r-devel-linux-x86_64-fedora-clang 1.0 21.57 NOTE
r-devel-linux-x86_64-fedora-gcc 1.0 20.28 NOTE
r-devel-osx-x86_64-clang 1.0 22.38 NOTE
r-devel-windows-ix86+x86_64 1.0 3.00 19.00 22.00 NOTE
r-patched-linux-x86_64 1.0 0.57 10.30 10.87 NOTE
r-patched-solaris-sparc 1.0 152.70 NOTE
r-patched-solaris-x86 1.0 33.10 NOTE
r-release-linux-x86_64 1.0 0.60 10.26 10.86 NOTE
r-release-osx-x86_64-mavericks 1.0 NOTE
r-release-windows-ix86+x86_64 1.0 5.00 20.00 25.00 NOTE
r-oldrel-windows-ix86+x86_64 1.0 4.00 22.00 26.00 NOTE

Check Details

Version: 1.0
Check: DESCRIPTION meta-information
Result: NOTE
    Malformed Description field: should contain one or more complete sentences.
Flavors: r-devel-linux-x86_64-debian-clang, r-devel-linux-x86_64-debian-gcc, r-devel-linux-x86_64-fedora-clang, r-devel-linux-x86_64-fedora-gcc, r-devel-osx-x86_64-clang, r-devel-windows-ix86+x86_64, r-patched-linux-x86_64, r-patched-solaris-sparc, r-patched-solaris-x86, r-release-linux-x86_64, r-release-osx-x86_64-mavericks, r-release-windows-ix86+x86_64

Version: 1.0
Check: dependencies in R code
Result: NOTE
    Package in Depends field not imported from: ‘survival’
     These packages need to be imported from (in the NAMESPACE file)
     for when this namespace is loaded but not attached.
Flavors: r-devel-linux-x86_64-debian-clang, r-devel-linux-x86_64-debian-gcc, r-devel-linux-x86_64-fedora-clang, r-devel-linux-x86_64-fedora-gcc, r-devel-osx-x86_64-clang, r-devel-windows-ix86+x86_64, r-patched-linux-x86_64, r-patched-solaris-sparc, r-patched-solaris-x86, r-release-linux-x86_64, r-release-osx-x86_64-mavericks, r-release-windows-ix86+x86_64, r-oldrel-windows-ix86+x86_64

Version: 1.0
Check: R code for possible problems
Result: NOTE
    AER: no visible binding for global variable ‘survexp.fr’
    AER: no visible global function definition for ‘na.omit’
    AER: no visible global function definition for ‘survexp’
    AER: no visible global function definition for ‘poisson’
    AER: no visible global function definition for ‘glm’
    AER: no visible global function definition for ‘qnorm’
    LR: no visible binding for global variable ‘survexp.fr’
    LR: no visible global function definition for ‘na.omit’
    LR: no visible global function definition for ‘survexp’
    LR: no visible global function definition for ‘pchisq’
    SMR: no visible binding for global variable ‘survexp.fr’
    SMR: no visible global function definition for ‘na.omit’
    SMR: no visible global function definition for ‘survexp’
    SMR: no visible global function definition for ‘qnorm’
    SMR: no visible global function definition for ‘pchisq’
    SMR: no visible global function definition for ‘glm’
    SMR: no visible binding for global variable ‘poisson’
    survexp_plot: no visible binding for global variable ‘survexp.fr’
    survexp_plot: no visible global function definition for ‘na.omit’
    survexp_plot: no visible global function definition for ‘par’
    survexp_plot: no visible global function definition for ‘survfit’
    survexp_plot: no visible global function definition for ‘plot’
    survexp_plot: no visible global function definition for ‘survexp’
    survexp_plot: no visible global function definition for ‘lines’
    survexp_plot: no visible global function definition for ‘legend’
    survexp_plot: no visible global function definition for ‘curve’
    survexp_plot: no visible global function definition for ‘arrows’
    survexp_plot: no visible global function definition for ‘points’
    Undefined global functions or variables:
     arrows curve glm legend lines na.omit par pchisq plot points poisson
     qnorm survexp survexp.fr survfit
    Consider adding
     importFrom("graphics", "arrows", "curve", "legend", "lines", "par",
     "plot", "points")
     importFrom("stats", "glm", "na.omit", "pchisq", "poisson", "qnorm")
    to your NAMESPACE.
Flavors: r-devel-linux-x86_64-debian-clang, r-devel-linux-x86_64-debian-gcc, r-devel-linux-x86_64-fedora-clang, r-devel-linux-x86_64-fedora-gcc, r-devel-windows-ix86+x86_64

Version: 1.0
Check: R code for possible problems
Result: NOTE
    AER: no visible binding for global variable ‘survexp.fr’
    AER: no visible global function definition for ‘survexp’
    LR: no visible binding for global variable ‘survexp.fr’
    LR: no visible global function definition for ‘survexp’
    SMR: no visible binding for global variable ‘survexp.fr’
    SMR: no visible global function definition for ‘survexp’
    survexp_plot: no visible binding for global variable ‘survexp.fr’
    survexp_plot: no visible global function definition for ‘survfit’
    survexp_plot: no visible global function definition for ‘survexp’
    Undefined global functions or variables:
     survexp survexp.fr survfit
Flavor: r-devel-osx-x86_64-clang

Version: 1.0
Check: R code for possible problems
Result: NOTE
    AER: no visible binding for global variable ‘survexp.fr’
    AER: no visible global function definition for ‘survexp’
    LR: no visible binding for global variable ‘survexp.fr’
    LR: no visible global function definition for ‘survexp’
    SMR: no visible binding for global variable ‘survexp.fr’
    SMR: no visible global function definition for ‘survexp’
    survexp_plot: no visible binding for global variable ‘survexp.fr’
    survexp_plot: no visible global function definition for ‘survfit’
    survexp_plot: no visible global function definition for ‘survexp’
Flavors: r-patched-linux-x86_64, r-patched-solaris-sparc, r-patched-solaris-x86, r-release-linux-x86_64, r-release-osx-x86_64-mavericks, r-release-windows-ix86+x86_64, r-oldrel-windows-ix86+x86_64