CRAN Package Check Results for Package survexp.fr

Last updated on 2014-12-18 21:47:21.

Flavor Version Tinstall Tcheck Ttotal Status Flags
r-devel-linux-x86_64-debian-clang 1.0 0.67 11.12 11.80 NOTE
r-devel-linux-x86_64-debian-gcc 1.0 0.76 11.45 12.21 NOTE
r-devel-linux-x86_64-fedora-clang 1.0 24.43 NOTE
r-devel-linux-x86_64-fedora-gcc 1.0 22.60 NOTE
r-devel-osx-x86_64-clang 1.0 27.40 NOTE
r-devel-windows-ix86+x86_64 1.0 3.00 25.00 28.00 NOTE
r-patched-linux-x86_64 1.0 0.71 10.89 11.60 NOTE
r-patched-solaris-sparc 1.0 146.80 NOTE
r-patched-solaris-x86 1.0 36.20 NOTE
r-release-linux-ix86 1.0 0.97 16.97 17.94 NOTE
r-release-linux-x86_64 1.0 0.72 11.16 11.88 NOTE
r-release-osx-x86_64-mavericks 1.0 NOTE
r-release-osx-x86_64-snowleopard 1.0 OK
r-release-windows-ix86+x86_64 1.0 3.00 25.00 28.00 NOTE
r-oldrel-windows-ix86+x86_64 1.0 3.00 20.00 23.00 NOTE

Check Details

Version: 1.0
Check: dependencies in R code
Result: NOTE
    Package in Depends field not imported from: ‘survival’
     These packages need to be imported from (in the NAMESPACE file)
     for when this namespace is loaded but not attached.
    See the information on DESCRIPTION files in the chapter ‘Creating R
    packages’ of the ‘Writing R Extensions’ manual.
Flavors: r-devel-linux-x86_64-debian-clang, r-devel-linux-x86_64-debian-gcc, r-devel-linux-x86_64-fedora-clang, r-devel-linux-x86_64-fedora-gcc, r-devel-osx-x86_64-clang, r-devel-windows-ix86+x86_64, r-patched-linux-x86_64, r-patched-solaris-sparc, r-patched-solaris-x86, r-release-linux-ix86, r-release-linux-x86_64, r-release-osx-x86_64-mavericks, r-release-windows-ix86+x86_64, r-oldrel-windows-ix86+x86_64

Version: 1.0
Check: R code for possible problems
Result: NOTE
    AER: no visible binding for global variable ‘survexp.fr’
    AER: no visible global function definition for ‘survexp’
    LR: no visible binding for global variable ‘survexp.fr’
    LR: no visible global function definition for ‘survexp’
    SMR: no visible binding for global variable ‘survexp.fr’
    SMR: no visible global function definition for ‘survexp’
    survexp_plot: no visible binding for global variable ‘survexp.fr’
    survexp_plot: no visible global function definition for ‘survfit’
    survexp_plot: no visible global function definition for ‘survexp’
Flavors: r-devel-linux-x86_64-debian-clang, r-devel-linux-x86_64-debian-gcc, r-devel-linux-x86_64-fedora-clang, r-devel-linux-x86_64-fedora-gcc, r-devel-osx-x86_64-clang, r-devel-windows-ix86+x86_64, r-patched-linux-x86_64, r-patched-solaris-x86, r-release-linux-ix86, r-release-linux-x86_64, r-release-windows-ix86+x86_64