CRAN Package Check Results for Package survexp.fr

Last updated on 2015-03-06 14:47:10.

Flavor Version Tinstall Tcheck Ttotal Status Flags
r-devel-linux-x86_64-debian-clang 1.0 0.70 9.80 10.50 NOTE
r-devel-linux-x86_64-debian-gcc 1.0 0.60 10.66 11.26 NOTE
r-devel-linux-x86_64-fedora-clang 1.0 20.38 NOTE
r-devel-linux-x86_64-fedora-gcc 1.0 19.25 NOTE
r-devel-osx-x86_64-clang 1.0 26.54 NOTE
r-devel-windows-ix86+x86_64 1.0 3.00 19.00 22.00 NOTE
r-patched-linux-x86_64 1.0 0.68 11.56 12.25 NOTE
r-patched-solaris-sparc 1.0 144.90 NOTE
r-patched-solaris-x86 1.0 34.10 NOTE
r-release-linux-ix86 1.0 0.95 17.39 18.34 NOTE
r-release-linux-x86_64 1.0 0.73 11.02 11.75 NOTE
r-release-osx-x86_64-mavericks 1.0 NOTE
r-release-osx-x86_64-snowleopard 1.0 OK
r-release-windows-ix86+x86_64 1.0 4.00 20.00 24.00 NOTE
r-oldrel-windows-ix86+x86_64 1.0 3.00 21.00 24.00 NOTE

Check Details

Version: 1.0
Check: DESCRIPTION meta-information
Result: NOTE
    Malformed Description field: should contain one or more complete sentences.
Flavors: r-devel-linux-x86_64-debian-clang, r-devel-linux-x86_64-debian-gcc, r-devel-linux-x86_64-fedora-clang, r-devel-linux-x86_64-fedora-gcc, r-devel-osx-x86_64-clang, r-devel-windows-ix86+x86_64

Version: 1.0
Check: dependencies in R code
Result: NOTE
    Package in Depends field not imported from: ‘survival’
     These packages need to be imported from (in the NAMESPACE file)
     for when this namespace is loaded but not attached.
Flavors: r-devel-linux-x86_64-debian-clang, r-devel-linux-x86_64-debian-gcc, r-devel-linux-x86_64-fedora-clang, r-devel-linux-x86_64-fedora-gcc, r-devel-osx-x86_64-clang, r-devel-windows-ix86+x86_64, r-patched-linux-x86_64, r-patched-solaris-sparc, r-patched-solaris-x86

Version: 1.0
Check: R code for possible problems
Result: NOTE
    AER: no visible binding for global variable ‘survexp.fr’
    AER: no visible global function definition for ‘survexp’
    LR: no visible binding for global variable ‘survexp.fr’
    LR: no visible global function definition for ‘survexp’
    SMR: no visible binding for global variable ‘survexp.fr’
    SMR: no visible global function definition for ‘survexp’
    survexp_plot: no visible binding for global variable ‘survexp.fr’
    survexp_plot: no visible global function definition for ‘survfit’
    survexp_plot: no visible global function definition for ‘survexp’
Flavors: r-devel-linux-x86_64-debian-clang, r-devel-linux-x86_64-debian-gcc, r-devel-linux-x86_64-fedora-clang, r-devel-linux-x86_64-fedora-gcc, r-devel-osx-x86_64-clang, r-devel-windows-ix86+x86_64, r-patched-linux-x86_64, r-patched-solaris-sparc, r-patched-solaris-x86, r-release-linux-ix86, r-release-linux-x86_64, r-release-osx-x86_64-mavericks, r-release-windows-ix86+x86_64

Version: 1.0
Check: dependencies in R code
Result: NOTE
    Package in Depends field not imported from: ‘survival’
     These packages need to be imported from (in the NAMESPACE file)
     for when this namespace is loaded but not attached.
    See the information on DESCRIPTION files in the chapter ‘Creating R
    packages’ of the ‘Writing R Extensions’ manual.
Flavors: r-release-linux-ix86, r-release-linux-x86_64, r-release-osx-x86_64-mavericks, r-release-windows-ix86+x86_64, r-oldrel-windows-ix86+x86_64