CRAN Package Check Results for Package survexp.fr

Last updated on 2014-04-17 10:47:58.

Flavor Version Tinstall Tcheck Ttotal Status Flags
r-devel-linux-x86_64-debian-clang 1.0 0.66 10.83 11.49 NOTE
r-devel-linux-x86_64-debian-gcc 1.0 0.72 11.19 11.90 NOTE
r-devel-linux-x86_64-fedora-clang 1.0 22.93 NOTE
r-devel-linux-x86_64-fedora-gcc 1.0 21.44 NOTE
r-devel-macosx-x86_64-clang 1.0 27.43 NOTE
r-devel-macosx-x86_64-gcc 1.0 NOTE
r-devel-windows-ix86+x86_64 1.0 3.00 18.00 21.00 NOTE
r-patched-linux-x86_64 1.0 0.76 11.22 11.98 NOTE
r-patched-solaris-sparc 1.0 131.20 NOTE
r-patched-solaris-x86 1.0 35.00 NOTE
r-release-linux-ix86 1.0 2.00 24.00 26.00 NOTE
r-release-linux-x86_64 1.0 0.70 10.90 11.60 NOTE
r-release-macosx-x86_64 1.0 OK
r-release-windows-ix86+x86_64 1.0 4.00 19.00 23.00 NOTE
r-oldrel-windows-ix86+x86_64 1.0 3.00 20.00 23.00 NOTE

Check Details

Version: 1.0
Check: dependencies in R code
Result: NOTE
    Package in Depends field not imported from: ‘survival’
     These packages need to be imported from (in the NAMESPACE file)
     for when this namespace is loaded but not attached.
    See the information on DESCRIPTION files in the chapter ‘Creating R
    packages’ of the ‘Writing R Extensions’ manual.
Flavors: r-devel-linux-x86_64-debian-clang, r-devel-linux-x86_64-debian-gcc, r-devel-linux-x86_64-fedora-clang, r-devel-linux-x86_64-fedora-gcc, r-devel-macosx-x86_64-clang, r-devel-macosx-x86_64-gcc, r-devel-windows-ix86+x86_64, r-patched-linux-x86_64, r-patched-solaris-sparc, r-patched-solaris-x86, r-release-linux-ix86, r-release-linux-x86_64, r-release-windows-ix86+x86_64, r-oldrel-windows-ix86+x86_64