CRAN Package Check Results for Package survey

Last updated on 2017-01-20 19:47:27.

Flavor Version Tinstall Tcheck Ttotal Status Flags
r-devel-linux-x86_64-debian-clang 3.31-5 3.52 167.24 170.76 OK
r-devel-linux-x86_64-debian-gcc 3.31-5 4.06 162.28 166.35 OK
r-devel-linux-x86_64-fedora-clang 3.31-5 344.86 OK --no-stop-on-test-error
r-devel-linux-x86_64-fedora-gcc 3.31-5 346.83 OK --no-stop-on-test-error
r-devel-macos-x86_64-clang 3.31-5 257.28 OK --no-stop-on-test-error
r-devel-windows-ix86+x86_64 3.31-5 17.00 353.00 370.00 OK
r-patched-linux-x86_64 3.31-5 3.35 136.59 139.94 OK
r-patched-solaris-sparc 3.31-5 1726.80 OK
r-patched-solaris-x86 3.31-5 354.50 OK
r-release-linux-x86_64 3.31-5 3.60 139.98 143.58 OK
r-release-osx-x86_64-mavericks 3.31-5 NOTE
r-release-windows-ix86+x86_64 3.31-5 10.00 219.00 229.00 OK
r-oldrel-windows-ix86+x86_64 3.31-5 14.00 343.00 357.00 OK

Check Details

Version: 3.31-5
Check: package dependencies
Result: NOTE
    Package suggested but not available for checking: ‘RODBC’
Flavor: r-release-osx-x86_64-mavericks