CRAN Package Check Results for Package survey

Last updated on 2017-04-27 23:50:21.

Flavor Version Tinstall Tcheck Ttotal Status Flags
r-devel-linux-x86_64-debian-clang 3.31-5 3.96 171.68 175.64 OK
r-devel-linux-x86_64-debian-gcc 3.31-5 3.84 168.82 172.66 OK
r-devel-linux-x86_64-fedora-clang 3.31-5 380.70 OK --no-stop-on-test-error
r-devel-linux-x86_64-fedora-gcc 3.31-5 346.72 OK --no-stop-on-test-error
r-devel-windows-ix86+x86_64 3.31-5 11.00 261.00 272.00 OK
r-patched-linux-x86_64 3.31-5 3.64 163.21 166.86 OK
r-patched-solaris-sparc 3.31-5 2046.90 OK
r-patched-solaris-x86 3.31-5 428.40 OK
r-release-linux-x86_64 3.31-5 3.96 166.25 170.22 OK
r-release-windows-ix86+x86_64 3.31-5 11.00 289.00 300.00 OK
r-release-osx-x86_64 3.31-5 NOTE
r-oldrel-windows-ix86+x86_64 3.31-5 14.00 294.00 308.00 OK
r-oldrel-osx-x86_64 3.31-5 NOTE

Check Details

Version: 3.31-5
Check: package dependencies
Result: NOTE
    Package suggested but not available for checking: ‘RODBC’
Flavors: r-release-osx-x86_64, r-oldrel-osx-x86_64