CRAN Package Check Results for Package survey

Last updated on 2017-06-28 15:49:10.

Flavor Version Tinstall Tcheck Ttotal Status Flags
r-devel-linux-x86_64-debian-clang 3.32-1 3.74 171.00 174.74 OK
r-devel-linux-x86_64-debian-gcc 3.32-1 3.84 170.01 173.85 OK
r-devel-linux-x86_64-fedora-clang 3.32-1 360.93 OK
r-devel-linux-x86_64-fedora-gcc 3.32-1 351.38 OK
r-devel-windows-ix86+x86_64 3.32-1 11.00 294.00 305.00 OK
r-patched-linux-x86_64 3.32-1 4.51 166.79 171.30 OK
r-patched-solaris-sparc 3.32 1975.90 OK
r-patched-solaris-x86 3.32-1 427.80 OK
r-release-linux-x86_64 3.32-1 4.09 165.95 170.04 OK
r-release-windows-ix86+x86_64 3.32-1 11.00 368.00 379.00 OK
r-release-osx-x86_64 3.32 OK
r-oldrel-windows-ix86+x86_64 3.32-1 16.00 303.00 319.00 OK
r-oldrel-osx-x86_64 3.32-1 NOTE

Check Details

Version: 3.32-1
Check: package dependencies
Result: NOTE
    Package suggested but not available for checking: ‘RODBC’
Flavor: r-oldrel-osx-x86_64