CRAN Package Check Results for Package survey

Last updated on 2016-09-28 03:47:23.

Flavor Version Tinstall Tcheck Ttotal Status Flags
r-devel-linux-x86_64-debian-clang 3.31-2 3.31 138.26 141.57 OK
r-devel-linux-x86_64-debian-gcc 3.31-2 3.60 135.59 139.19 OK
r-devel-linux-x86_64-fedora-clang 3.31-2 286.29 OK
r-devel-linux-x86_64-fedora-gcc 3.31-2 188.20 OK
r-devel-macos-x86_64-clang 3.31-2 212.39 OK
r-devel-windows-ix86+x86_64 3.31-2 12.00 280.00 292.00 OK
r-patched-linux-x86_64 3.31-2 3.30 135.74 139.04 OK
r-patched-solaris-sparc 3.31-2 1608.60 OK
r-patched-solaris-x86 3.31-2 300.90 OK
r-release-linux-x86_64 3.31-2 3.45 138.61 142.06 OK
r-release-osx-x86_64-mavericks 3.31-2 NOTE
r-release-windows-ix86+x86_64 3.31-2 15.00 299.00 314.00 OK
r-oldrel-windows-ix86+x86_64 3.31-2 17.00 322.00 339.00 OK

Check Details

Version: 3.31-2
Check: package dependencies
Result: NOTE
    Package suggested but not available for checking: ‘RODBC’
Flavor: r-release-osx-x86_64-mavericks