CRAN Package Check Results for Package survey

Last updated on 2014-10-22 21:47:36.

Flavor Version Tinstall Tcheck Ttotal Status Flags
r-devel-linux-x86_64-debian-clang 3.30-3 2.02 128.44 130.47 NOTE
r-devel-linux-x86_64-debian-gcc 3.30-3 1.89 126.26 128.15 NOTE
r-devel-linux-x86_64-fedora-clang 3.30-3 285.25 NOTE
r-devel-linux-x86_64-fedora-gcc 3.30-3 271.42 NOTE
r-devel-osx-x86_64-clang 3.30-3 239.57 NOTE
r-devel-windows-ix86+x86_64 3.30-3 6.00 165.00 171.00 NOTE
r-patched-linux-x86_64 3.30-3 2.13 135.32 137.46 NOTE
r-patched-solaris-sparc 3.30-3 1650.70 NOTE
r-patched-solaris-x86 3.30-3 365.80 NOTE
r-release-linux-ix86 3.30-3 2.63 170.90 173.52 OK
r-release-linux-x86_64 3.30-3 3.03 137.03 140.06 OK
r-release-osx-x86_64-mavericks 3.30-3 NOTE
r-release-osx-x86_64-snowleopard 3.30-3 OK
r-release-windows-ix86+x86_64 3.30-3 5.00 198.00 203.00 OK
r-oldrel-windows-ix86+x86_64 3.30-3 6.00 173.00 179.00 OK

Check Details

Version: 3.30-3
Check: dependencies in R code
Result: NOTE
    Package in Depends field not imported from: ‘grid’
     These packages need to be imported from (in the NAMESPACE file)
     for when this namespace is loaded but not attached.
    See the information on DESCRIPTION files in the chapter ‘Creating R
    packages’ of the ‘Writing R Extensions’ manual.
Flavors: r-devel-linux-x86_64-debian-clang, r-devel-linux-x86_64-debian-gcc, r-devel-linux-x86_64-fedora-clang, r-devel-linux-x86_64-fedora-gcc, r-devel-osx-x86_64-clang, r-devel-windows-ix86+x86_64, r-patched-linux-x86_64, r-patched-solaris-sparc, r-patched-solaris-x86, r-release-osx-x86_64-mavericks

Version: 3.30-3
Check: R code for possible problems
Result: NOTE
    .biglogrank: no visible global function definition for ‘coxph’
    .biglogrank: no visible global function definition for ‘coxph.detail’
    .logrank: no visible global function definition for ‘coxph’
    .logrank: no visible global function definition for ‘coxph.detail’
    [.pps : <anonymous>: no visible global function definition for ‘Matrix’
    [.twophase2 : <anonymous>: no visible global function definition for
     ‘Matrix’
    checkConnection: no visible global function definition for
     ‘isIdCurrent’
    close.DBIsvydesign: no visible global function definition for
     ‘dbDisconnect’
    close.svyDBimputationList: no visible global function definition for
     ‘dbDisconnect’
    dim.DBIrepdesign: no visible global function definition for
     ‘dbGetQuery’
    dim.DBIsvydesign: no visible global function definition for
     ‘dbGetQuery’
    dim.ODBCsvydesign: no visible global function definition for ‘sqlQuery’
    dimnames.DBIrepdesign: no visible global function definition for
     ‘dbGetQuery’
    dimnames.DBIsvydesign: no visible global function definition for
     ‘dbGetQuery’
    dimnames.ODBCsvydesign: no visible global function definition for
     ‘sqlQuery’
    expandlogrank: no visible global function definition for ‘coxph’
    expandlogrank: no visible global function definition for ‘coxph.detail’
    expandlogrank: no visible global function definition for ‘survSplit’
    expandlogrank: no visible global function definition for
     ‘untangle.specials’
    getvars: no visible global function definition for ‘dbGetQuery’
    getvars: no visible global function definition for ‘sqlQuery’
    grake: no visible global function definition for ‘ginv’
    model.matrix.svycoxph: no visible global function definition for
     ‘untangle.specials’
    mrbweights: no visible binding for global variable ‘mclapply’
    open.DBIsvydesign: no visible global function definition for ‘dbDriver’
    open.DBIsvydesign: no visible global function definition for
     ‘dbConnect’
    open.ODBCsvydesign: no visible global function definition for
     ‘odbcReConnect’
    open.svyDBimputationList: no visible global function definition for
     ‘odbcReConnect’
    open.svyDBimputationList: no visible global function definition for
     ‘dbDriver’
    open.svyDBimputationList: no visible global function definition for
     ‘dbConnect’
    pFsum: no visible global function definition for ‘davies’
    pchisqsum: no visible global function definition for ‘davies’
    pchisqsum: no visible global function definition for ‘farebrother’
    predict.svycoxph: no visible global function definition for
     ‘coxph.detail’
    svrepdesign.character: no visible global function definition for
     ‘odbcDriverConnect’
    svrepdesign.character: no visible global function definition for
     ‘odbcConnect’
    svrepdesign.character: no visible global function definition for
     ‘dbDriver’
    svrepdesign.character: no visible global function definition for
     ‘dbConnect’
    svrepdesign.character: no visible global function definition for
     ‘dbGetQuery’
    svrepdesign.character: no visible global function definition for
     ‘sqlQuery’
    svrepglm: no visible global function definition for ‘mclapply’
    svyby.default: no visible binding for global variable ‘mclapply’
    svycoplot.default: no visible global function definition for ‘xyplot’
    svycoplot.default : <anonymous>: no visible global function definition
     for ‘panel.xyplot’
    svycoplot.default : <anonymous>: no visible global function definition
     for ‘current.viewport’
    svycoplot.default : <anonymous>: no visible global function definition
     for ‘convertWidth’
    svycoplot.default : <anonymous>: no visible global function definition
     for ‘convertHeight’
    svycoplot.default : <anonymous>: no visible global function definition
     for ‘hexbin’
    svycoplot.default : <anonymous>: no visible global function definition
     for ‘grid.hexagons’
    svycoxph.svyrep.design: no visible binding for global variable
     ‘coxph.fit’
    svycoxph.svyrep.design: no visible global function definition for
     ‘mclapply’
    svycoxph.svyrep.design : <anonymous>: no visible global function
     definition for ‘coxph.control’
    svycoxph.svyrep.design: no visible global function definition for
     ‘coxph.control’
    svydesign.DBimputationList: no visible global function definition for
     ‘sqlQuery’
    svydesign.DBimputationList: no visible global function definition for
     ‘dbGetQuery’
    svydesign.character: no visible global function definition for
     ‘odbcDriverConnect’
    svydesign.character: no visible global function definition for
     ‘odbcConnect’
    svydesign.character: no visible global function definition for
     ‘dbDriver’
    svydesign.character: no visible global function definition for
     ‘dbConnect’
    svydesign.character: no visible global function definition for
     ‘sqlQuery’
    svydesign.character: no visible global function definition for
     ‘dbGetQuery’
    svyglm.svyrep.design: no visible global function definition for
     ‘mclapply’
    svykm.survey.design: no visible global function definition for
     ‘is.Surv’
    svykm.svyrep.design: no visible global function definition for
     ‘is.Surv’
    svylocpoly: no visible global function definition for ‘dpik’
    svylocpoly: no visible global function definition for ‘dpill’
    svylocpoly: no visible global function definition for ‘locpoly’
    svylogrank.survey.design2: no visible global function definition for
     ‘untangle.specials’
    svylogrank.svyrep.design: no visible global function definition for
     ‘untangle.specials’
    svylogrank.svyrep.design : <anonymous>: no visible global function
     definition for ‘coxph’
    svylogrank.twophase: no visible global function definition for
     ‘untangle.specials’
    svylogrank.twophase2: no visible global function definition for
     ‘untangle.specials’
    svyolr.svyrep.design: no visible global function definition for ‘polr’
    svyolr.svyrep.design: no visible global function definition for
     ‘mclapply’
    svyolr.svyrep.design : <anonymous>: no visible global function
     definition for ‘polr’
    svyplot.default: no visible global function definition for ‘hexbin’
    svyplot.default: no visible global function definition for
     ‘gplot.hexbin’
    svyrqss: no visible global function definition for ‘rq’
    with.svyDBimputationList: no visible global function definition for
     ‘mclapply’
    with.svyimputationList: no visible global function definition for
     ‘mclapply’
Flavors: r-devel-linux-x86_64-debian-clang, r-devel-linux-x86_64-debian-gcc, r-devel-linux-x86_64-fedora-clang, r-devel-linux-x86_64-fedora-gcc, r-devel-osx-x86_64-clang, r-devel-windows-ix86+x86_64, r-patched-linux-x86_64, r-patched-solaris-sparc, r-patched-solaris-x86

Version: 3.30-3
Check: package dependencies
Result: NOTE
    Package suggested but not available for checking: ‘RODBC’
Flavor: r-release-osx-x86_64-mavericks

Version: 3.30-3
Check: R code for possible problems
Result: NOTE
    dim.ODBCsvydesign: no visible global function definition for ‘sqlQuery’
    dimnames.ODBCsvydesign: no visible global function definition for
     ‘sqlQuery’
    getvars: no visible global function definition for ‘sqlQuery’
    open.ODBCsvydesign: no visible global function definition for
     ‘odbcReConnect’
    open.svyDBimputationList: no visible global function definition for
     ‘odbcReConnect’
    svrepdesign.character: no visible global function definition for
     ‘odbcDriverConnect’
    svrepdesign.character: no visible global function definition for
     ‘odbcConnect’
    svrepdesign.character: no visible global function definition for
     ‘sqlQuery’
    svydesign.DBimputationList: no visible global function definition for
     ‘sqlQuery’
    svydesign.character: no visible global function definition for
     ‘odbcDriverConnect’
    svydesign.character: no visible global function definition for
     ‘odbcConnect’
    svydesign.character: no visible global function definition for
     ‘sqlQuery’
Flavor: r-release-osx-x86_64-mavericks