CRAN Package Check Results for Package survey

Last updated on 2017-12-16 13:48:36 CET.

Flavor Version Tinstall Tcheck Ttotal Status Flags
r-devel-linux-x86_64-debian-clang 3.32-1 4.26 271.93 276.19 OK
r-devel-linux-x86_64-debian-gcc 3.32-1 4.44 205.57 210.01 OK
r-devel-linux-x86_64-fedora-clang 3.32-1 313.73 OK
r-devel-linux-x86_64-fedora-gcc 3.32-1 313.56 OK
r-devel-windows-ix86+x86_64 3.32-1 14.00 280.00 294.00 OK
r-patched-linux-x86_64 3.32-1 4.79 283.88 288.67 OK
r-patched-solaris-x86 3.32-1 430.30 OK
r-release-linux-x86_64 3.32-1 5.94 283.76 289.70 OK
r-release-windows-ix86+x86_64 3.32-1 10.00 260.00 270.00 OK
r-release-osx-x86_64 3.32-1 OK
r-oldrel-windows-ix86+x86_64 3.32-1 18.00 286.00 304.00 OK
r-oldrel-osx-x86_64 3.32-1 NOTE

Check Details

Version: 3.32-1
Check: package dependencies
Result: NOTE
    Package suggested but not available for checking: ‘RODBC’
Flavor: r-oldrel-osx-x86_64