CRAN Package Check Results for Package survey

Last updated on 2014-07-25 14:47:44.

Flavor Version Tinstall Tcheck Ttotal Status Flags
r-devel-linux-x86_64-debian-clang 3.29-5 2.31 107.10 109.41 NOTE
r-devel-linux-x86_64-debian-gcc 3.29-5 1.97 104.71 106.68 NOTE
r-devel-linux-x86_64-fedora-clang 3.29-5 240.54 NOTE
r-devel-linux-x86_64-fedora-gcc 3.29-5 233.75 NOTE
r-devel-osx-x86_64-clang 3.29-5 178.48 NOTE
r-devel-windows-ix86+x86_64 3.29-5 6.00 149.00 155.00 NOTE
r-patched-linux-x86_64 3.29-5 1.91 104.54 106.45 NOTE
r-patched-solaris-sparc 3.29-5 1269.80 NOTE
r-patched-solaris-x86 3.29-5 277.60 NOTE
r-release-linux-ix86 3.29-5 2.57 129.19 131.76 NOTE
r-release-linux-x86_64 3.29-5 2.28 105.78 108.06 NOTE
r-release-osx-x86_64-mavericks 3.29-5 NOTE
r-release-windows-ix86+x86_64 3.29-5 5.00 143.00 148.00 NOTE
r-oldrel-windows-ix86+x86_64 3.29-5 5.00 179.00 184.00 NOTE

Check Details

Version: 3.29-5
Check: dependencies in R code
Result: NOTE
    ':::' calls which should be '::':
     ‘survival:::agexact.fit’ ‘survival:::agreg.fit’
     See the note in ?`:::` about the use of this operator.
    Unexported objects imported by ':::' calls:
     ‘RODBC:::odbcValidChannel’ ‘parallel:::closeAll’
     ‘survival:::predict.coxph’
     See the note in ?`:::` about the use of this operator.
    See the information on DESCRIPTION files in the chapter ‘Creating R
    packages’ of the ‘Writing R Extensions’ manual.
Flavors: r-devel-linux-x86_64-debian-clang, r-devel-linux-x86_64-debian-gcc, r-devel-linux-x86_64-fedora-clang, r-devel-linux-x86_64-fedora-gcc, r-devel-osx-x86_64-clang, r-patched-linux-x86_64, r-patched-solaris-sparc, r-patched-solaris-x86, r-release-linux-ix86, r-release-linux-x86_64

Version: 3.29-5
Check: R code for possible problems
Result: NOTE
    svyplot.default: no visible global function definition for ‘hcell’
Flavors: r-devel-linux-x86_64-debian-clang, r-devel-linux-x86_64-debian-gcc, r-devel-linux-x86_64-fedora-clang, r-devel-linux-x86_64-fedora-gcc, r-devel-osx-x86_64-clang, r-devel-windows-ix86+x86_64, r-patched-linux-x86_64, r-patched-solaris-sparc, r-patched-solaris-x86, r-release-linux-ix86, r-release-linux-x86_64, r-release-windows-ix86+x86_64, r-oldrel-windows-ix86+x86_64

Version: 3.29-5
Check: for old-style vignette sources
Result: NOTE
    Vignette sources only in ‘inst/doc’:
     ‘domain.Rnw’, ‘epi.Rnw’, ‘phase1.Rnw’, ‘pps.Rnw’, ‘survey.Rnw’
    A ‘vignettes’ directory is required as from R 3.1.0
    and these will not be indexed nor checked
Flavors: r-devel-linux-x86_64-debian-clang, r-devel-linux-x86_64-debian-gcc, r-devel-linux-x86_64-fedora-clang, r-devel-linux-x86_64-fedora-gcc, r-devel-osx-x86_64-clang, r-devel-windows-ix86+x86_64, r-patched-linux-x86_64, r-patched-solaris-sparc, r-patched-solaris-x86, r-release-linux-ix86, r-release-linux-x86_64, r-release-osx-x86_64-mavericks, r-release-windows-ix86+x86_64

Version: 3.29-5
Check: Rd line widths
Result: NOTE
    Rd file 'anova.svyglm.Rd':
     \usage lines wider than 90 characters:
     anova(object, object2 = NULL, test = c("F", "Chisq"), method = c("LRT", "Wald"), tolerance = 1e-05, ..., force = FALSE)
     \examples lines wider than 100 characters:
     model1<-svyglm(I(sch.wide=="Yes")~ell+meals+mobility+as.numeric(stype), design=dclus2, family=quasibinomial())
    
    Rd file 'as.svrepdesign.Rd':
     \usage lines wider than 90 characters:
     as.svrepdesign(design, type=c("auto", "JK1", "JKn", "BRR", "bootstrap","subbootstrap","mrbbootstrap","Fay"),
     fay.rho = 0, fpc=NULL,fpctype=NULL,..., compress=TRUE, mse=getOption("survey.replicates.mse"))
    
    Rd file 'barplot.svystat.Rd':
     \examples lines wider than 100 characters:
     barplot(a, names.arg=c("Elementary","High","Middle"), col="purple", main="Proportions of school level")
    
    Rd file 'calibrate.Rd':
     \examples lines wider than 100 characters:
     dclus1tr <- calibrate(dclus1, ~stype+api99, c(pop.totals, api99=3914069),bounds=c(0.5,2), trim=c(2/3,3/2))
     rclus1tr <- calibrate(rclus1, ~stype+api99, c(pop.totals, api99=3914069),bounds=c(0.5,2), trim=c(2/3,3/2))
     gclus1r<-calibrate(dclus1, formula=list(~stype+sch.wide, ~stype+comp.imp), population=list(pop.table, pop.table2),calfun="raking")
    
    Rd file 'fpc.Rd':
     \examples lines wider than 100 characters:
     withoutfpc<-svydesign(weights=~weight, ids=~psuid, strata=~stratid, variables=~x, data=fpc, nest=TRUE)
    
    Rd file 'pchisqsum.Rd':
     \usage lines wider than 90 characters:
     pchisqsum(x, df, a, lower.tail = TRUE, method = c("satterthwaite", "integration","saddlepoint"))
     pFsum(x, df, a, ddf=Inf,lower.tail = TRUE, method = c("saddlepoint","integration","satterthwaite"), ...)
    
    Rd file 'svrVar.Rd':
     \usage lines wider than 90 characters:
     svrVar(thetas, scale, rscales, na.action=getOption("na.action"), mse=getOption("survey.replicates.mse"),coef)
    
    Rd file 'svrepdesign.Rd':
     \usage lines wider than 90 characters:
     scale=NULL, rscales=NULL,fpc=NULL, fpctype=c("fraction","correction"),mse=getOption("survey.replicates.mse"),...)
     svrepdesign(variables=NULL, repweights,weights,data,mse=getOption("survey.replicates.mse"),...)
    
    Rd file 'svyby.Rd':
     \examples lines wider than 100 characters:
     (a<-svyby(~enroll, ~stype, rclus1, svytotal, deff=TRUE, verbose=TRUE, vartype=c("se","cv","cvpct","var")))
    
    Rd file 'svychisq.Rd':
     \usage lines wider than 90 characters:
     svychisq(formula, design, statistic = c("F", "Chisq","Wald","adjWald","lincom","saddlepoint"),na.rm=TRUE,...)
     svychisq(formula, design, statistic = c("F", "Chisq","Wald","adjWald","lincom","saddlepoint"),na.rm=TRUE,...)
    
    Rd file 'svycontrast.Rd':
     \examples lines wider than 100 characters:
     svycontrast(moments, quote((`I(api00^3)`-3*`I(api00^2)`*`I(api00)`+3*`I(api00)`*`I(api00)`^2-`I(api00)`^3)/(`I(api00^2)`-`I(api00)`^2)^ ... [TRUNCATED]
    
    Rd file 'svydesign.Rd':
     \usage lines wider than 90 characters:
     data = NULL, nest = FALSE, check.strata = !nest, weights=NULL,pps=FALSE,variance=c("HT","YG"),...)
    
    Rd file 'svyfactanal.Rd':
     \usage lines wider than 90 characters:
     svyfactanal(formula, design, factors, n = c("none", "sample", "degf","effective", "min.effective"), ...)
    
    Rd file 'svymle.Rd':
     \examples lines wider than 100 characters:
     m1 <- svymle(loglike=dnorm,gradient=NULL, design=dstrat, formulas=list(mean=api00~api99+ell, sd=~1),start=list(c(80,1,0),c(20)), log=T ... [TRUNCATED]
    
    Rd file 'svyplot.Rd':
     \examples lines wider than 100 characters:
     grid.polyline(s$api99$x,s$api99$y,vp=h$plot.vp@hexVp.on,default.units="native", gp=gpar(col="red",lwd=2))
    
    Rd file 'svyprcomp.Rd':
     \usage lines wider than 90 characters:
     max.alpha=0.5,max.cex=0.5,xlim=NULL,ylim=NULL,pc.biplot=FALSE,expand=1,xlab=NULL,ylab=NULL,
    
    Rd file 'svystandardize.Rd':
     \examples lines wider than 100 characters:
     stdes<-svystandardize(design, by=~agecat, over=~race+RIAGENDR, population=popage, excluding.missing=~HI_CHOL)
    
    Rd file 'withReplicates.Rd':
     \usage lines wider than 90 characters:
     withReplicates(design, theta, rho = NULL, ..., scale.weights=FALSE, return.replicates=FALSE)
    
    These lines will be truncated in the PDF manual.
Flavors: r-devel-linux-x86_64-fedora-clang, r-devel-linux-x86_64-fedora-gcc

Version: 3.29-5
Check: dependencies in R code
Result: NOTE
    ':::' calls which should be '::':
     'survival:::agexact.fit' 'survival:::agreg.fit'
     See the note in ?`:::` about the use of this operator.
    Missing object imported by a ':::' call: 'parallel:::closeAll'
    Unexported objects imported by ':::' calls:
     'RODBC:::odbcValidChannel' 'survival:::predict.coxph'
     See the note in ?`:::` about the use of this operator.
    See the information on DESCRIPTION files in the chapter 'Creating R
    packages' of the 'Writing R Extensions' manual.
Flavors: r-devel-windows-ix86+x86_64, r-release-windows-ix86+x86_64, r-oldrel-windows-ix86+x86_64

Version: 3.29-5
Check: package dependencies
Result: NOTE
    Package suggested but not available for checking: ‘RODBC’
Flavor: r-release-osx-x86_64-mavericks

Version: 3.29-5
Check: dependencies in R code
Result: NOTE
    ':::' calls which should be '::':
     ‘survival:::agexact.fit’ ‘survival:::agreg.fit’
     See the note in ?`:::` about the use of this operator.
    Unexported objects imported by ':::' calls:
     ‘parallel:::closeAll’ ‘survival:::predict.coxph’
     See the note in ?`:::` about the use of this operator.
    Unavailable namespace imported from by a ':::' call: ‘RODBC’
     See the note in ?`:::` about the use of this operator.
    See the information on DESCRIPTION files in the chapter ‘Creating R
    packages’ of the ‘Writing R Extensions’ manual.
Flavor: r-release-osx-x86_64-mavericks

Version: 3.29-5
Check: R code for possible problems
Result: NOTE
    dim.ODBCsvydesign: no visible global function definition for ‘sqlQuery’
    dimnames.ODBCsvydesign: no visible global function definition for
     ‘sqlQuery’
    getvars: no visible global function definition for ‘sqlQuery’
    open.ODBCsvydesign: no visible global function definition for
     ‘odbcReConnect’
    open.svyDBimputationList: no visible global function definition for
     ‘odbcReConnect’
    svrepdesign.character: no visible global function definition for
     ‘odbcDriverConnect’
    svrepdesign.character: no visible global function definition for
     ‘odbcConnect’
    svrepdesign.character: no visible global function definition for
     ‘sqlQuery’
    svydesign.DBimputationList: no visible global function definition for
     ‘sqlQuery’
    svydesign.character: no visible global function definition for
     ‘odbcDriverConnect’
    svydesign.character: no visible global function definition for
     ‘odbcConnect’
    svydesign.character: no visible global function definition for
     ‘sqlQuery’
    svyplot.default: no visible global function definition for ‘hcell’
Flavor: r-release-osx-x86_64-mavericks

Version: 3.29-5
Check: for old-style vignette sources
Result: NOTE
    Vignette sources only in 'inst/doc':
     'domain.Rnw', 'epi.Rnw', 'phase1.Rnw', 'pps.Rnw', 'survey.Rnw'
    A 'vignettes' directory will be required as from R 3.1.0
Flavor: r-oldrel-windows-ix86+x86_64