CRAN Package Check Results for Package survey

Last updated on 2017-10-18 05:48:01.

Flavor Version Tinstall Tcheck Ttotal Status Flags
r-devel-linux-x86_64-debian-clang 3.32-1 3.94 177.17 181.11 OK
r-devel-linux-x86_64-debian-gcc 3.32-1 4.06 173.55 177.61 OK
r-devel-linux-x86_64-fedora-clang 3.32-1 375.64 OK
r-devel-linux-x86_64-fedora-gcc 3.32-1 359.51 OK
r-devel-windows-ix86+x86_64 3.32-1 9.00 366.00 375.00 OK
r-patched-linux-x86_64 3.32-1 3.90 167.44 171.34 OK
r-patched-solaris-x86 3.32-1 439.50 OK
r-release-linux-x86_64 3.32-1 3.88 169.77 173.66 OK
r-release-windows-ix86+x86_64 3.32-1 15.00 275.00 290.00 OK
r-release-osx-x86_64 3.32-1 OK
r-oldrel-windows-ix86+x86_64 3.32-1 14.00 296.00 310.00 OK
r-oldrel-osx-x86_64 3.32-1 NOTE

Check Details

Version: 3.32-1
Check: package dependencies
Result: NOTE
    Package suggested but not available for checking: ‘RODBC’
Flavor: r-oldrel-osx-x86_64