CRAN Package Check Results for Package survey

Last updated on 2016-12-11 03:47:44.

Flavor Version Tinstall Tcheck Ttotal Status Flags
r-devel-linux-x86_64-debian-clang 3.31-5 3.55 174.34 177.89 OK
r-devel-linux-x86_64-debian-gcc 3.31-5 3.81 171.51 175.32 OK
r-devel-linux-x86_64-fedora-clang 3.31-5 358.61 OK --no-stop-on-test-error
r-devel-linux-x86_64-fedora-gcc 3.31-5 347.70 OK --no-stop-on-test-error
r-devel-macos-x86_64-clang 3.31-5 267.37 OK --no-stop-on-test-error
r-devel-windows-ix86+x86_64 3.31-5 9.00 374.00 383.00 OK
r-patched-linux-x86_64 3.31-5 3.36 138.39 141.75 OK
r-patched-solaris-sparc 3.31-5 1694.60 OK
r-patched-solaris-x86 3.31-5 348.70 OK
r-release-linux-x86_64 3.31-5 3.40 137.62 141.02 OK
r-release-osx-x86_64-mavericks 3.31-5 NOTE
r-release-windows-ix86+x86_64 3.31-5 13.00 229.00 242.00 OK
r-oldrel-windows-ix86+x86_64 3.31-5 16.00 233.00 249.00 OK

Check Details

Version: 3.31-5
Check: package dependencies
Result: NOTE
    Package suggested but not available for checking: ‘RODBC’
Flavor: r-release-osx-x86_64-mavericks