CRAN Package Check Results for Package survey

Last updated on 2017-02-27 23:04:01.

Flavor Version Tinstall Tcheck Ttotal Status Flags
r-devel-linux-x86_64-debian-clang 3.31-5 3.79 170.84 174.62 OK
r-devel-linux-x86_64-debian-gcc 3.31-5 3.89 164.48 168.37 OK
r-devel-linux-x86_64-fedora-clang 3.31-5 370.59 OK --no-stop-on-test-error
r-devel-linux-x86_64-fedora-gcc 3.31-5 346.55 OK --no-stop-on-test-error
r-devel-macos-x86_64-clang 3.31-5 265.43 OK --no-stop-on-test-error
r-devel-windows-ix86+x86_64 3.31-5 12.00 354.00 366.00 OK
r-patched-linux-x86_64 3.31-5 3.85 137.93 141.78 OK
r-patched-solaris-sparc 3.31-5 1726.80 OK
r-patched-solaris-x86 3.31-5 326.90 OK
r-release-linux-x86_64 3.31-5 3.50 136.94 140.45 OK
r-release-osx-x86_64-mavericks 3.31-5 NOTE
r-release-windows-ix86+x86_64 3.31-5 15.00 306.00 321.00 OK
r-oldrel-windows-ix86+x86_64 3.31-5 17.00 337.00 354.00 OK

Check Details

Version: 3.31-5
Check: package dependencies
Result: NOTE
    Package suggested but not available for checking: ‘RODBC’
Flavor: r-release-osx-x86_64-mavericks