CRAN Package Check Results for Package survey

Last updated on 2016-08-31 05:47:07.

Flavor Version Tinstall Tcheck Ttotal Status Flags
r-devel-linux-x86_64-debian-clang 3.31 3.48 141.08 144.56 OK
r-devel-linux-x86_64-debian-gcc 3.31 3.74 138.25 141.99 OK
r-devel-linux-x86_64-fedora-clang 3.31 293.65 OK
r-devel-linux-x86_64-fedora-gcc 3.31 287.51 OK
r-devel-osx-x86_64-clang 3.31 138.82 OK
r-devel-windows-ix86+x86_64 3.31 17.00 287.00 304.00 OK
r-patched-linux-x86_64 3.31 3.77 139.79 143.56 OK
r-patched-solaris-sparc 3.31 1637.20 OK
r-patched-solaris-x86 3.31 359.10 OK
r-release-linux-x86_64 3.31 3.38 136.85 140.23 OK
r-release-osx-x86_64-mavericks 3.31 NOTE
r-release-windows-ix86+x86_64 3.31 17.00 281.00 298.00 OK
r-oldrel-windows-ix86+x86_64 3.31 18.00 322.00 340.00 OK

Check Details

Version: 3.31
Check: package dependencies
Result: NOTE
    Package suggested but not available for checking: ‘RODBC’
Flavor: r-release-osx-x86_64-mavericks