CRAN Package Check Results for Package survey

Last updated on 2017-08-17 16:47:07.

Flavor Version Tinstall Tcheck Ttotal Status Flags
r-devel-linux-x86_64-debian-clang 3.32-1 3.92 172.02 175.93 OK
r-devel-linux-x86_64-debian-gcc 3.32-1 3.98 165.92 169.90 OK
r-devel-linux-x86_64-fedora-clang 3.32-1 351.44 OK
r-devel-linux-x86_64-fedora-gcc 3.32-1 347.43 OK
r-devel-windows-ix86+x86_64 3.32-1 11.00 317.00 328.00 OK
r-patched-linux-x86_64 3.32-1 4.26 168.44 172.70 OK
r-patched-solaris-x86 3.32-1 439.90 OK
r-release-linux-x86_64 3.32-1 4.07 167.80 171.87 OK
r-release-windows-ix86+x86_64 3.32-1 10.00 285.00 295.00 OK
r-release-osx-x86_64 3.32-1 OK
r-oldrel-windows-ix86+x86_64 3.32-1 9.00 219.00 228.00 OK
r-oldrel-osx-x86_64 3.32-1 NOTE

Check Details

Version: 3.32-1
Check: package dependencies
Result: NOTE
    Package suggested but not available for checking: ‘RODBC’
Flavor: r-oldrel-osx-x86_64