CRAN Package Check Results for Package surveydata

Last updated on 2014-04-25 09:52:25.

Flavor Version Tinstall Tcheck Ttotal Status Flags
r-devel-linux-x86_64-debian-clang 0.1-14 2.02 19.32 21.34 OK
r-devel-linux-x86_64-debian-gcc 0.1-14 1.92 19.28 21.21 OK
r-devel-linux-x86_64-fedora-clang 0.1-14 42.10 OK
r-devel-linux-x86_64-fedora-gcc 0.1-14 41.99 OK
r-devel-osx-x86_64-clang 0.1-14 44.98 OK
r-devel-osx-x86_64-gcc 0.1-14 OK
r-devel-windows-ix86+x86_64 0.1-14 7.00 31.00 38.00 OK
r-patched-linux-x86_64 0.1-14 1.92 19.37 21.28 OK
r-patched-solaris-sparc 0.1-14 242.60 OK
r-patched-solaris-x86 0.1-14 60.00 OK
r-release-linux-ix86 0.1-14 3.00 38.00 41.00 OK
r-release-linux-x86_64 0.1-14 2.14 19.45 21.59 OK
r-release-osx-x86_64-mavericks 0.1-14 WARN
r-release-osx-x86_64-snowleopard 0.1-14 OK
r-release-windows-ix86+x86_64 0.1-14 6.00 34.00 40.00 OK
r-oldrel-windows-ix86+x86_64 0.1-14 8.00 34.00 42.00 OK

Check Details

Version: 0.1-14
Check: PDF version of manual
Result: WARNING
    LaTeX errors when creating PDF version.
    This typically indicates Rd problems.
    LaTeX errors found:
    ! LaTeX Error: File `upquote.sty' not found.
    
    Type X to quit or <RETURN> to proceed,
    or enter new name. (Default extension: sty)
    
    63f67c7/Rd2.tex:8: ==> Fatal error occurred, no output PDF file produced!
Flavor: r-release-osx-x86_64-mavericks