CRAN Package Check Results for Package surveydata

Last updated on 2017-03-26 21:48:17.

Flavor Version Tinstall Tcheck Ttotal Status Flags
r-devel-linux-x86_64-debian-clang 0.1-14 1.65 20.13 21.78 NOTE
r-devel-linux-x86_64-debian-gcc 0.1-14 1.66 19.31 20.97 NOTE
r-devel-linux-x86_64-fedora-clang 0.1-14 36.37 NOTE --no-stop-on-test-error
r-devel-linux-x86_64-fedora-gcc 0.1-14 35.96 NOTE --no-stop-on-test-error
r-devel-macos-x86_64-clang 0.1-14 31.70 NOTE --no-stop-on-test-error
r-patched-linux-x86_64 0.1-14 1.69 19.30 20.99 NOTE
r-patched-solaris-sparc 0.1-14 224.30 NOTE
r-patched-solaris-x86 0.1-14 53.70 NOTE
r-release-linux-x86_64 0.1-14 1.68 16.46 18.14 NOTE
r-release-osx-x86_64-mavericks 0.1-14 NOTE
r-release-windows-ix86+x86_64 0.1-14 9.00 41.00 50.00 NOTE
r-oldrel-windows-ix86+x86_64 0.1-14 7.00 35.00 42.00 OK

Check Details

Version: 0.1-14
Check: R code for possible problems
Result: NOTE
    dropout : <anonymous>: no visible global function definition for
     ‘na.omit’
    encToInt: no visible global function definition for ‘localeToCharset’
    intToEnc: no visible global function definition for ‘localeToCharset’
    Undefined global functions or variables:
     localeToCharset na.omit
    Consider adding
     importFrom("stats", "na.omit")
     importFrom("utils", "localeToCharset")
    to your NAMESPACE file.
Flavors: r-devel-linux-x86_64-debian-clang, r-devel-linux-x86_64-debian-gcc, r-patched-linux-x86_64, r-patched-solaris-sparc, r-patched-solaris-x86, r-release-linux-x86_64, r-release-osx-x86_64-mavericks, r-release-windows-ix86+x86_64

Version: 0.1-14
Flags: --no-stop-on-test-error
Check: R code for possible problems
Result: NOTE
    dropout : <anonymous>: no visible global function definition for
     ‘na.omit’
    encToInt: no visible global function definition for ‘localeToCharset’
    intToEnc: no visible global function definition for ‘localeToCharset’
    Undefined global functions or variables:
     localeToCharset na.omit
    Consider adding
     importFrom("stats", "na.omit")
     importFrom("utils", "localeToCharset")
    to your NAMESPACE file.
Flavors: r-devel-linux-x86_64-fedora-clang, r-devel-linux-x86_64-fedora-gcc, r-devel-macos-x86_64-clang