CRAN Package Check Results for Package surveydata

Last updated on 2016-07-26 07:47:24.

Flavor Version Tinstall Tcheck Ttotal Status Flags
r-devel-linux-x86_64-debian-clang 0.1-14 1.71 19.65 21.36 NOTE
r-devel-linux-x86_64-debian-gcc 0.1-14 2.17 20.43 22.60 NOTE
r-devel-linux-x86_64-fedora-clang 0.1-14 31.11 NOTE
r-devel-linux-x86_64-fedora-gcc 0.1-14 29.49 NOTE
r-devel-osx-x86_64-clang 0.1-14 28.25 NOTE
r-devel-windows-ix86+x86_64 0.1-14 9.00 49.00 58.00 NOTE
r-patched-linux-x86_64 0.1-14 2.21 20.21 22.42 NOTE
r-patched-solaris-sparc 0.1-14 207.80 NOTE
r-patched-solaris-x86 0.1-14 44.80 NOTE
r-release-linux-x86_64 0.1-14 1.94 19.92 21.86 NOTE
r-release-osx-x86_64-mavericks 0.1-14 NOTE
r-release-windows-ix86+x86_64 0.1-14 10.00 50.00 60.00 NOTE
r-oldrel-windows-ix86+x86_64 0.1-14 11.00 49.00 60.00 OK

Check Details

Version: 0.1-14
Check: R code for possible problems
Result: NOTE
    dropout : <anonymous>: no visible global function definition for
     ‘na.omit’
    encToInt: no visible global function definition for ‘localeToCharset’
    intToEnc: no visible global function definition for ‘localeToCharset’
    Undefined global functions or variables:
     localeToCharset na.omit
    Consider adding
     importFrom("stats", "na.omit")
     importFrom("utils", "localeToCharset")
    to your NAMESPACE file.
Flavors: r-devel-linux-x86_64-debian-clang, r-devel-linux-x86_64-debian-gcc, r-devel-linux-x86_64-fedora-clang, r-devel-linux-x86_64-fedora-gcc, r-devel-osx-x86_64-clang, r-devel-windows-ix86+x86_64, r-patched-linux-x86_64, r-patched-solaris-sparc, r-patched-solaris-x86, r-release-linux-x86_64, r-release-osx-x86_64-mavericks, r-release-windows-ix86+x86_64