CRAN Package Check Results for Package surveydata

Last updated on 2016-05-28 11:49:30.

Flavor Version Tinstall Tcheck Ttotal Status Flags
r-devel-linux-x86_64-debian-gcc 0.1-14 1.47 16.96 18.43 NOTE
r-devel-linux-x86_64-fedora-clang 0.1-14 31.56 NOTE
r-devel-linux-x86_64-fedora-gcc 0.1-14 30.04 NOTE
r-devel-osx-x86_64-clang 0.1-14 36.98 NOTE
r-devel-windows-ix86+x86_64 0.1-14 6.00 39.00 45.00 NOTE
r-patched-linux-x86_64 0.1-14 1.59 16.55 18.14 NOTE
r-patched-solaris-sparc 0.1-14 204.30 NOTE
r-patched-solaris-x86 0.1-14 46.70 NOTE
r-release-linux-x86_64 0.1-14 1.44 16.52 17.96 NOTE
r-release-osx-x86_64-mavericks 0.1-14 NOTE
r-release-windows-ix86+x86_64 0.1-14 9.00 41.00 50.00 NOTE
r-oldrel-windows-ix86+x86_64 0.1-14 6.00 39.00 45.00 OK

Check Details

Version: 0.1-14
Check: R code for possible problems
Result: NOTE
    dropout : <anonymous>: no visible global function definition for
     ‘na.omit’
    encToInt: no visible global function definition for ‘localeToCharset’
    intToEnc: no visible global function definition for ‘localeToCharset’
    Undefined global functions or variables:
     localeToCharset na.omit
    Consider adding
     importFrom("stats", "na.omit")
     importFrom("utils", "localeToCharset")
    to your NAMESPACE file.
Flavors: r-devel-linux-x86_64-debian-gcc, r-devel-linux-x86_64-fedora-clang, r-devel-linux-x86_64-fedora-gcc, r-devel-osx-x86_64-clang, r-devel-windows-ix86+x86_64, r-patched-linux-x86_64, r-patched-solaris-sparc, r-patched-solaris-x86, r-release-linux-x86_64, r-release-osx-x86_64-mavericks, r-release-windows-ix86+x86_64