CRAN Package Check Results for Package surveydata

Last updated on 2015-07-29 17:48:19.

Flavor Version Tinstall Tcheck Ttotal Status Flags
r-devel-linux-x86_64-debian-clang 0.1-14 1.45 16.92 18.37 NOTE
r-devel-linux-x86_64-debian-gcc 0.1-14 1.47 16.36 17.82 NOTE
r-devel-linux-x86_64-fedora-clang 0.1-14 35.01 NOTE
r-devel-linux-x86_64-fedora-gcc 0.1-14 33.56 NOTE
r-devel-osx-x86_64-clang 0.1-14 31.41 OK
r-devel-windows-ix86+x86_64 0.1-14 8.00 32.00 40.00 NOTE
r-patched-linux-x86_64 0.1-14 2.06 17.69 19.76 OK
r-patched-solaris-sparc 0.1-14 249.20 OK
r-patched-solaris-x86 0.1-14 54.00 OK
r-release-linux-x86_64 0.1-14 1.47 16.43 17.90 OK
r-release-osx-x86_64-mavericks 0.1-14 OK
r-release-windows-ix86+x86_64 0.1-14 9.00 28.00 37.00 OK
r-oldrel-windows-ix86+x86_64 0.1-14 10.00 38.00 48.00 OK

Check Details

Version: 0.1-14
Check: R code for possible problems
Result: NOTE
    dropout : <anonymous>: no visible global function definition for
     ‘na.omit’
    encToInt: no visible global function definition for ‘localeToCharset’
    intToEnc: no visible global function definition for ‘localeToCharset’
    Undefined global functions or variables:
     localeToCharset na.omit
    Consider adding
     importFrom("stats", "na.omit")
     importFrom("utils", "localeToCharset")
    to your NAMESPACE.
Flavors: r-devel-linux-x86_64-debian-clang, r-devel-linux-x86_64-debian-gcc, r-devel-linux-x86_64-fedora-clang, r-devel-linux-x86_64-fedora-gcc, r-devel-windows-ix86+x86_64