CRAN Package Check Results for Package surveydata

Last updated on 2016-12-06 20:48:53.

Flavor Version Tinstall Tcheck Ttotal Status Flags
r-devel-linux-x86_64-debian-clang 0.1-14 1.57 19.61 21.18 NOTE
r-devel-linux-x86_64-debian-gcc 0.1-14 1.63 19.01 20.64 NOTE
r-devel-linux-x86_64-fedora-clang 0.1-14 37.25 NOTE --no-stop-on-test-error
r-devel-linux-x86_64-fedora-gcc 0.1-14 36.32 NOTE --no-stop-on-test-error
r-devel-macos-x86_64-clang 0.1-14 32.73 NOTE
r-devel-windows-ix86+x86_64 0.1-14 6.00 42.00 48.00 NOTE
r-patched-linux-x86_64 0.1-14 1.51 16.95 18.46 NOTE
r-patched-solaris-sparc 0.1-14 207.80 NOTE
r-patched-solaris-x86 0.1-14 45.00 NOTE
r-release-linux-x86_64 0.1-14 1.65 16.95 18.60 NOTE
r-release-osx-x86_64-mavericks 0.1-14 NOTE
r-release-windows-ix86+x86_64 0.1-14 7.00 58.00 65.00 NOTE
r-oldrel-windows-ix86+x86_64 0.1-14 10.00 38.00 48.00 OK

Check Details

Version: 0.1-14
Check: R code for possible problems
Result: NOTE
    dropout : <anonymous>: no visible global function definition for
     ‘na.omit’
    encToInt: no visible global function definition for ‘localeToCharset’
    intToEnc: no visible global function definition for ‘localeToCharset’
    Undefined global functions or variables:
     localeToCharset na.omit
    Consider adding
     importFrom("stats", "na.omit")
     importFrom("utils", "localeToCharset")
    to your NAMESPACE file.
Flavors: r-devel-linux-x86_64-debian-clang, r-devel-linux-x86_64-debian-gcc, r-devel-macos-x86_64-clang, r-devel-windows-ix86+x86_64, r-patched-linux-x86_64, r-patched-solaris-sparc, r-patched-solaris-x86, r-release-linux-x86_64, r-release-osx-x86_64-mavericks, r-release-windows-ix86+x86_64

Version: 0.1-14
Flags: --no-stop-on-test-error
Check: R code for possible problems
Result: NOTE
    dropout : <anonymous>: no visible global function definition for
     ‘na.omit’
    encToInt: no visible global function definition for ‘localeToCharset’
    intToEnc: no visible global function definition for ‘localeToCharset’
    Undefined global functions or variables:
     localeToCharset na.omit
    Consider adding
     importFrom("stats", "na.omit")
     importFrom("utils", "localeToCharset")
    to your NAMESPACE file.
Flavors: r-devel-linux-x86_64-fedora-clang, r-devel-linux-x86_64-fedora-gcc