CRAN Package Check Results for Package surveydata

Last updated on 2016-09-26 15:48:29.

Flavor Version Tinstall Tcheck Ttotal Status Flags
r-devel-linux-x86_64-debian-clang 0.1-14 1.54 16.59 18.13 NOTE
r-devel-linux-x86_64-debian-gcc 0.1-14 1.42 16.52 17.93 NOTE
r-devel-linux-x86_64-fedora-clang 0.1-14 31.53 NOTE
r-devel-linux-x86_64-fedora-gcc 0.1-14 30.62 NOTE
r-devel-macos-x86_64-clang 0.1-14 27.56 NOTE
r-devel-windows-ix86+x86_64 0.1-14 9.00 50.00 59.00 NOTE
r-patched-linux-x86_64 0.1-14 1.61 16.70 18.31 NOTE
r-patched-solaris-sparc 0.1-14 207.80 NOTE
r-patched-solaris-x86 0.1-14 45.80 NOTE
r-release-linux-x86_64 0.1-14 1.57 16.88 18.45 NOTE
r-release-osx-x86_64-mavericks 0.1-14 NOTE
r-release-windows-ix86+x86_64 0.1-14 18.00 49.00 67.00 NOTE
r-oldrel-windows-ix86+x86_64 0.1-14 9.00 49.00 58.00 OK

Check Details

Version: 0.1-14
Check: R code for possible problems
Result: NOTE
    dropout : <anonymous>: no visible global function definition for
     ‘na.omit’
    encToInt: no visible global function definition for ‘localeToCharset’
    intToEnc: no visible global function definition for ‘localeToCharset’
    Undefined global functions or variables:
     localeToCharset na.omit
    Consider adding
     importFrom("stats", "na.omit")
     importFrom("utils", "localeToCharset")
    to your NAMESPACE file.
Flavors: r-devel-linux-x86_64-debian-clang, r-devel-linux-x86_64-debian-gcc, r-devel-linux-x86_64-fedora-clang, r-devel-linux-x86_64-fedora-gcc, r-devel-macos-x86_64-clang, r-devel-windows-ix86+x86_64, r-patched-linux-x86_64, r-patched-solaris-sparc, r-patched-solaris-x86, r-release-linux-x86_64, r-release-osx-x86_64-mavericks, r-release-windows-ix86+x86_64