CRAN Package Check Results for Package surveydata

Last updated on 2016-06-28 19:48:40.

Flavor Version Tinstall Tcheck Ttotal Status Flags
r-devel-linux-x86_64-debian-gcc 0.1-14 1.43 16.47 17.91 NOTE
r-devel-linux-x86_64-fedora-clang 0.1-14 32.02 NOTE
r-devel-linux-x86_64-fedora-gcc 0.1-14 29.31 NOTE
r-devel-osx-x86_64-clang 0.1-14 27.82 NOTE
r-devel-windows-ix86+x86_64 0.1-14 8.00 56.00 64.00 NOTE
r-patched-linux-x86_64 0.1-14 1.79 17.18 18.97 NOTE
r-patched-solaris-sparc 0.1-14 207.80 NOTE
r-patched-solaris-x86 0.1-14 47.60 NOTE
r-release-linux-x86_64 0.1-14 1.54 15.98 17.52 NOTE
r-release-osx-x86_64-mavericks 0.1-14 NOTE
r-release-windows-ix86+x86_64 0.1-14 9.00 48.00 57.00 NOTE
r-oldrel-windows-ix86+x86_64 0.1-14 9.00 36.00 45.00 OK

Check Details

Version: 0.1-14
Check: R code for possible problems
Result: NOTE
    dropout : <anonymous>: no visible global function definition for
     ‘na.omit’
    encToInt: no visible global function definition for ‘localeToCharset’
    intToEnc: no visible global function definition for ‘localeToCharset’
    Undefined global functions or variables:
     localeToCharset na.omit
    Consider adding
     importFrom("stats", "na.omit")
     importFrom("utils", "localeToCharset")
    to your NAMESPACE file.
Flavors: r-devel-linux-x86_64-debian-gcc, r-devel-linux-x86_64-fedora-clang, r-devel-linux-x86_64-fedora-gcc, r-devel-osx-x86_64-clang, r-devel-windows-ix86+x86_64, r-patched-linux-x86_64, r-patched-solaris-sparc, r-patched-solaris-x86, r-release-linux-x86_64, r-release-osx-x86_64-mavericks, r-release-windows-ix86+x86_64