CRAN Package Check Results for Package surveydata

Last updated on 2017-05-28 02:47:21.

Flavor Version Tinstall Tcheck Ttotal Status Flags
r-devel-linux-x86_64-debian-clang 0.1-14 1.64 20.91 22.54 NOTE
r-devel-linux-x86_64-debian-gcc 0.1-14 1.90 19.97 21.86 NOTE
r-devel-linux-x86_64-fedora-clang 0.1-14 36.59 NOTE
r-devel-linux-x86_64-fedora-gcc 0.1-14 35.21 NOTE
r-devel-windows-ix86+x86_64 0.1-14 6.00 47.00 53.00 NOTE
r-patched-linux-x86_64 0.1-14 1.92 19.14 21.06 NOTE
r-patched-solaris-sparc 0.1-14 224.30 NOTE
r-patched-solaris-x86 0.1-14 50.40 NOTE
r-release-linux-x86_64 0.1-14 1.80 20.07 21.86 NOTE
r-release-windows-ix86+x86_64 0.1-14 7.00 46.00 53.00 NOTE
r-release-osx-x86_64 0.1-14 NOTE
r-oldrel-windows-ix86+x86_64 0.1-14 11.00 39.00 50.00 NOTE
r-oldrel-osx-x86_64 0.1-14 NOTE

Check Details

Version: 0.1-14
Check: R code for possible problems
Result: NOTE
    dropout : <anonymous>: no visible global function definition for
     ‘na.omit’
    encToInt: no visible global function definition for ‘localeToCharset’
    intToEnc: no visible global function definition for ‘localeToCharset’
    Undefined global functions or variables:
     localeToCharset na.omit
    Consider adding
     importFrom("stats", "na.omit")
     importFrom("utils", "localeToCharset")
    to your NAMESPACE file.
Flavors: r-devel-linux-x86_64-debian-clang, r-devel-linux-x86_64-debian-gcc, r-devel-linux-x86_64-fedora-clang, r-devel-linux-x86_64-fedora-gcc, r-devel-windows-ix86+x86_64, r-patched-linux-x86_64, r-patched-solaris-sparc, r-patched-solaris-x86, r-release-linux-x86_64, r-release-windows-ix86+x86_64, r-release-osx-x86_64, r-oldrel-windows-ix86+x86_64, r-oldrel-osx-x86_64