CRAN Package Check Results for Package surveydata

Last updated on 2017-09-24 00:51:38.

Flavor Version Tinstall Tcheck Ttotal Status Flags
r-devel-linux-x86_64-debian-clang 0.2.0 1.96 30.58 32.54 OK
r-devel-linux-x86_64-debian-gcc 0.2.0 2.03 29.55 31.58 OK
r-devel-linux-x86_64-fedora-clang 0.2.0 65.36 OK
r-devel-linux-x86_64-fedora-gcc 0.2.0 59.35 OK
r-devel-windows-ix86+x86_64 0.2.0 5.00 60.00 65.00 OK
r-patched-linux-x86_64 0.2.0 2.17 28.74 30.91 OK
r-patched-solaris-x86 0.2.0 74.80 OK
r-release-linux-x86_64 0.2.0 1.98 28.83 30.81 OK
r-release-windows-ix86+x86_64 0.2.0 6.00 55.00 61.00 OK
r-release-osx-x86_64 0.2.0 OK
r-oldrel-windows-ix86+x86_64 0.2.0 5.00 48.00 53.00 OK
r-oldrel-osx-x86_64 0.2.0 WARN

Check Details

Version: 0.2.0
Check: whether package can be installed
Result: WARN
    Found the following significant warnings:
     Warning: Installed Rcpp (0.12.12) different from Rcpp used to build dplyr (0.12.11).
Flavor: r-oldrel-osx-x86_64