CRAN Package Check Results for Package surveydata

Last updated on 2017-01-24 21:48:11.

Flavor Version Tinstall Tcheck Ttotal Status Flags
r-devel-linux-x86_64-debian-clang 0.1-14 1.50 19.46 20.95 NOTE
r-devel-linux-x86_64-debian-gcc 0.1-14 1.56 18.82 20.39 NOTE
r-devel-linux-x86_64-fedora-clang 0.1-14 35.69 NOTE --no-stop-on-test-error
r-devel-linux-x86_64-fedora-gcc 0.1-14 35.23 NOTE --no-stop-on-test-error
r-devel-macos-x86_64-clang 0.1-14 31.15 NOTE --no-stop-on-test-error
r-devel-windows-ix86+x86_64 0.1-14 13.00 65.00 78.00 NOTE
r-patched-linux-x86_64 0.1-14 1.49 16.81 18.29 NOTE
r-patched-solaris-sparc 0.1-14 208.30 NOTE
r-patched-solaris-x86 0.1-14 44.40 NOTE
r-release-linux-x86_64 0.1-14 1.43 17.43 18.86 NOTE
r-release-osx-x86_64-mavericks 0.1-14 NOTE
r-release-windows-ix86+x86_64 0.1-14 11.00 57.00 68.00 NOTE
r-oldrel-windows-ix86+x86_64 0.1-14 16.00 51.00 67.00 OK

Check Details

Version: 0.1-14
Check: R code for possible problems
Result: NOTE
    dropout : <anonymous>: no visible global function definition for
     ‘na.omit’
    encToInt: no visible global function definition for ‘localeToCharset’
    intToEnc: no visible global function definition for ‘localeToCharset’
    Undefined global functions or variables:
     localeToCharset na.omit
    Consider adding
     importFrom("stats", "na.omit")
     importFrom("utils", "localeToCharset")
    to your NAMESPACE file.
Flavors: r-devel-linux-x86_64-debian-clang, r-devel-linux-x86_64-debian-gcc, r-devel-windows-ix86+x86_64, r-patched-linux-x86_64, r-patched-solaris-sparc, r-patched-solaris-x86, r-release-linux-x86_64, r-release-osx-x86_64-mavericks, r-release-windows-ix86+x86_64

Version: 0.1-14
Flags: --no-stop-on-test-error
Check: R code for possible problems
Result: NOTE
    dropout : <anonymous>: no visible global function definition for
     ‘na.omit’
    encToInt: no visible global function definition for ‘localeToCharset’
    intToEnc: no visible global function definition for ‘localeToCharset’
    Undefined global functions or variables:
     localeToCharset na.omit
    Consider adding
     importFrom("stats", "na.omit")
     importFrom("utils", "localeToCharset")
    to your NAMESPACE file.
Flavors: r-devel-linux-x86_64-fedora-clang, r-devel-linux-x86_64-fedora-gcc, r-devel-macos-x86_64-clang