CRAN Package Check Results for Package surveydata

Last updated on 2015-09-01 12:48:33.

Flavor Version Tinstall Tcheck Ttotal Status Flags
r-devel-linux-x86_64-debian-clang 0.1-14 1.48 15.92 17.40 NOTE
r-devel-linux-x86_64-debian-gcc 0.1-14 1.54 15.46 17.00 NOTE
r-devel-linux-x86_64-fedora-clang 0.1-14 33.66 NOTE
r-devel-linux-x86_64-fedora-gcc 0.1-14 31.90 NOTE
r-devel-osx-x86_64-clang 0.1-14 30.62 OK
r-devel-windows-ix86+x86_64 0.1-14 7.00 36.00 43.00 NOTE
r-patched-linux-x86_64 0.1-14 1.64 16.55 18.19 OK
r-patched-solaris-sparc 0.1-14 249.20 OK
r-patched-solaris-x86 0.1-14 53.40 OK
r-release-linux-x86_64 0.1-14 1.56 16.44 18.00 OK
r-release-osx-x86_64-mavericks 0.1-14 OK
r-release-windows-ix86+x86_64 0.1-14 7.00 33.00 40.00 OK
r-oldrel-windows-ix86+x86_64 0.1-14 11.00 58.00 69.00 OK

Check Details

Version: 0.1-14
Check: R code for possible problems
Result: NOTE
    dropout : <anonymous>: no visible global function definition for
     ‘na.omit’
    encToInt: no visible global function definition for ‘localeToCharset’
    intToEnc: no visible global function definition for ‘localeToCharset’
    Undefined global functions or variables:
     localeToCharset na.omit
    Consider adding
     importFrom("stats", "na.omit")
     importFrom("utils", "localeToCharset")
    to your NAMESPACE.
Flavors: r-devel-linux-x86_64-debian-clang, r-devel-linux-x86_64-debian-gcc, r-devel-linux-x86_64-fedora-clang, r-devel-linux-x86_64-fedora-gcc, r-devel-windows-ix86+x86_64