CRAN Package Check Results for Package surveydata

Last updated on 2017-04-24 10:47:48.

Flavor Version Tinstall Tcheck Ttotal Status Flags
r-devel-linux-x86_64-debian-clang 0.1-14 1.55 19.70 21.24 NOTE
r-devel-linux-x86_64-debian-gcc 0.1-14 1.64 19.05 20.68 NOTE
r-devel-linux-x86_64-fedora-clang 0.1-14 37.23 NOTE --no-stop-on-test-error
r-devel-linux-x86_64-fedora-gcc 0.1-14 34.62 NOTE --no-stop-on-test-error
r-devel-windows-ix86+x86_64 0.1-14 8.00 41.00 49.00 NOTE
r-patched-linux-x86_64 0.1-14 1.57 18.89 20.45 NOTE
r-patched-solaris-sparc 0.1-14 224.30 NOTE
r-patched-solaris-x86 0.1-14 51.70 NOTE
r-release-linux-x86_64 0.1-14 1.51 19.04 20.55 NOTE
r-release-windows-ix86+x86_64 0.1-14 6.00 38.00 44.00 NOTE
r-release-osx-x86_64 0.1-14 NOTE
r-oldrel-windows-ix86+x86_64 0.1-14 6.00 36.00 42.00 NOTE
r-oldrel-osx-x86_64 0.1-14 NOTE

Check Details

Version: 0.1-14
Check: R code for possible problems
Result: NOTE
    dropout : <anonymous>: no visible global function definition for
     ‘na.omit’
    encToInt: no visible global function definition for ‘localeToCharset’
    intToEnc: no visible global function definition for ‘localeToCharset’
    Undefined global functions or variables:
     localeToCharset na.omit
    Consider adding
     importFrom("stats", "na.omit")
     importFrom("utils", "localeToCharset")
    to your NAMESPACE file.
Flavors: r-devel-linux-x86_64-debian-clang, r-devel-linux-x86_64-debian-gcc, r-devel-windows-ix86+x86_64, r-patched-linux-x86_64, r-patched-solaris-sparc, r-patched-solaris-x86, r-release-linux-x86_64, r-release-windows-ix86+x86_64, r-release-osx-x86_64, r-oldrel-windows-ix86+x86_64, r-oldrel-osx-x86_64

Version: 0.1-14
Flags: --no-stop-on-test-error
Check: R code for possible problems
Result: NOTE
    dropout : <anonymous>: no visible global function definition for
     ‘na.omit’
    encToInt: no visible global function definition for ‘localeToCharset’
    intToEnc: no visible global function definition for ‘localeToCharset’
    Undefined global functions or variables:
     localeToCharset na.omit
    Consider adding
     importFrom("stats", "na.omit")
     importFrom("utils", "localeToCharset")
    to your NAMESPACE file.
Flavors: r-devel-linux-x86_64-fedora-clang, r-devel-linux-x86_64-fedora-gcc