CRAN Package Check Results for Package surveydata

Last updated on 2017-11-23 11:52:58 CET.

Flavor Version Tinstall Tcheck Ttotal Status Flags
r-devel-linux-x86_64-debian-clang 0.2.0 1.90 46.99 48.89 OK
r-devel-linux-x86_64-debian-gcc 0.2.0 2.46 70.76 73.22 OK
r-devel-linux-x86_64-fedora-clang 0.2.0 54.37 OK
r-devel-linux-x86_64-fedora-gcc 0.2.0 54.54 OK
r-devel-windows-ix86+x86_64 0.2.0 5.00 64.00 69.00 OK
r-patched-linux-x86_64 0.2.0 3.12 73.98 77.10 OK
r-patched-solaris-x86 0.2.0 74.40 OK
r-release-linux-x86_64 0.2.0 1.99 29.54 31.53 OK
r-release-windows-ix86+x86_64 0.2.0 5.00 54.00 59.00 OK
r-release-osx-x86_64 0.2.0 OK
r-oldrel-windows-ix86+x86_64 0.2.0 6.00 53.00 59.00 OK
r-oldrel-osx-x86_64 0.2.0 WARN

Check Details

Version: 0.2.0
Check: whether package can be installed
Result: WARN
    Found the following significant warnings:
     Warning: Installed Rcpp (0.12.12) different from Rcpp used to build dplyr (0.12.11).
Flavor: r-oldrel-osx-x86_64