CRAN Package Check Results for Package surveydata

Last updated on 2017-07-28 08:48:21.

Flavor Version Tinstall Tcheck Ttotal Status Flags
r-devel-linux-x86_64-debian-clang 0.2.0 2.15 37.21 39.36 OK
r-devel-linux-x86_64-debian-gcc 0.2.0 2.09 36.92 39.01 OK
r-devel-linux-x86_64-fedora-clang 0.2.0 57.16 OK
r-devel-linux-x86_64-fedora-gcc 0.2.0 57.90 OK
r-devel-windows-ix86+x86_64 0.2.0 7.00 62.00 69.00 OK
r-patched-linux-x86_64 0.2.0 2.04 35.94 37.98 OK
r-patched-solaris-x86 0.2.0 73.70 OK
r-release-linux-x86_64 0.2.0 1.99 36.31 38.29 OK
r-release-windows-ix86+x86_64 0.2.0 11.00 80.00 91.00 OK
r-release-osx-x86_64 0.2.0 OK
r-oldrel-windows-ix86+x86_64 0.2.0 6.00 54.00 60.00 OK
r-oldrel-osx-x86_64 0.2.0 WARN

Check Details

Version: 0.2.0
Check: whether package can be installed
Result: WARN
    Found the following significant warnings:
     Warning: Installed Rcpp (0.12.12) different from Rcpp used to build dplyr (0.12.11).
Flavor: r-oldrel-osx-x86_64