CRAN Package Check Results for Package surveydata

Last updated on 2018-02-22 01:50:09 CET.

Flavor Version Tinstall Tcheck Ttotal Status Flags
r-devel-linux-x86_64-debian-clang 0.2.0 3.33 33.38 36.71 OK
r-devel-linux-x86_64-debian-gcc 0.2.0 2.20 30.77 32.97 OK
r-devel-linux-x86_64-fedora-clang 0.2.0 50.72 OK
r-devel-linux-x86_64-fedora-gcc 0.2.0 54.77 OK
r-devel-windows-ix86+x86_64 0.2.0 10.00 54.00 64.00 OK
r-patched-linux-x86_64 0.2.0 2.62 42.25 44.87 OK
r-patched-solaris-x86 0.2.0 77.50 OK
r-release-linux-x86_64 0.2.0 2.77 42.47 45.24 OK
r-release-windows-ix86+x86_64 0.2.0 10.00 85.00 95.00 OK
r-release-osx-x86_64 0.2.0 OK
r-oldrel-windows-ix86+x86_64 0.2.0 6.00 51.00 57.00 OK
r-oldrel-osx-x86_64 0.2.0 WARN

Check Details

Version: 0.2.0
Check: whether package can be installed
Result: WARN
    Found the following significant warnings:
     Warning: Installed Rcpp (0.12.12) different from Rcpp used to build dplyr (0.12.11).
Flavor: r-oldrel-osx-x86_64