Last updated on 2025-01-26 07:52:52 CET.
Flavor | Version | Tinstall | Tcheck | Ttotal | Status | Flags |
---|---|---|---|---|---|---|
r-devel-linux-x86_64-debian-clang | 0.7.2 | 4.48 | 33.18 | 37.66 | NOTE | |
r-devel-linux-x86_64-debian-gcc | 0.7.2 | 2.33 | 25.77 | 28.10 | NOTE | |
r-devel-linux-x86_64-fedora-clang | 0.7.2 | 60.82 | OK | |||
r-devel-linux-x86_64-fedora-gcc | 0.7.2 | 74.95 | NOTE | |||
r-devel-windows-x86_64 | 0.7.2 | 7.00 | 60.00 | 67.00 | OK | |
r-patched-linux-x86_64 | 0.7.2 | 4.50 | 31.19 | 35.69 | OK | |
r-release-linux-x86_64 | 0.7.2 | 3.70 | 31.18 | 34.88 | OK | |
r-release-macos-arm64 | 0.7.2 | 33.00 | OK | |||
r-release-macos-x86_64 | 0.7.2 | 57.00 | OK | |||
r-release-windows-x86_64 | 0.7.2 | 7.00 | 60.00 | 67.00 | OK | |
r-oldrel-macos-arm64 | 0.7.2 | 31.00 | OK | |||
r-oldrel-macos-x86_64 | 0.7.2 | 63.00 | OK | |||
r-oldrel-windows-x86_64 | 0.7.2 | 7.00 | 63.00 | 70.00 | OK |
Version: 0.7.2
Check: DESCRIPTION meta-information
Result: NOTE
Missing dependency on R >= 4.1.0 because package code uses the pipe
|> or function shorthand \(...) syntax added in R 4.1.0.
File(s) using such syntax:
‘config.R’ ‘db.R’ ‘server.R’ ‘ui.R’
Flavors: r-devel-linux-x86_64-debian-clang, r-devel-linux-x86_64-debian-gcc, r-devel-linux-x86_64-fedora-gcc