CRAN Package Check Results for Package survival

Last updated on 2018-08-15 03:50:19 CEST.

Flavor Version Tinstall Tcheck Ttotal Status Flags
r-devel-linux-x86_64-debian-clang 2.42-6 39.00 444.28 483.28 OK
r-devel-linux-x86_64-debian-gcc 2.42-6 28.24 347.73 375.97 OK
r-devel-linux-x86_64-fedora-clang 2.42-6 565.45 NOTE
r-devel-linux-x86_64-fedora-gcc 2.42-6 557.80 OK
r-devel-windows-ix86+x86_64 2.42-6 84.00 642.00 726.00 NOTE
r-patched-linux-x86_64 2.42-6 31.19 390.05 421.24 OK
r-patched-solaris-x86 2.42-6 NOTE
r-release-linux-x86_64 2.42-6 34.16 388.24 422.40 OK
r-release-windows-ix86+x86_64 2.42-6 114.00 780.00 894.00 WARN
r-release-osx-x86_64 2.42-6 NOTE
r-oldrel-windows-ix86+x86_64 2.42-6 131.00 568.00 699.00 NOTE
r-oldrel-osx-x86_64 2.42-6 NOTE

Check Details

Version: 2.42-6
Check: installed package size
Result: NOTE
     installed size is 5.5Mb
     sub-directories of 1Mb or more:
     doc 2.8Mb
Flavors: r-devel-linux-x86_64-fedora-clang, r-devel-windows-ix86+x86_64, r-patched-solaris-x86, r-release-windows-ix86+x86_64, r-release-osx-x86_64, r-oldrel-windows-ix86+x86_64, r-oldrel-osx-x86_64

Version: 2.42-6
Check: re-building of vignette outputs
Result: WARN
    Error in re-building vignettes:
     ...
    Warning in system(paste(shQuote(texi2dvi), if (quiet) "--quiet" else "", :
     running command '"D:\compiler\texmf\miktex\bin\texify.exe" --quiet --pdf "multi.tex" --max-iterations=20 -I "D:/RCompile/recent/R-3.5.1/share/texmf/tex/latex" -I "D:/RCompile/recent/R-3.5.1/share/texmf/bibtex/bst"' had status 1
    Error in find_vignette_product(name, by = "texi2pdf", engine = engine) :
     Failed to locate the 'texi2pdf' output file (by engine 'utils::Sweave') for vignette with name 'multi'. The following files exist in directory '.': 'Rplots.pdf', 'adjcurve-024.pdf', 'adjcurve-flc1.pdf', 'adjcurve-flc2.pdf', 'adjcurve-flc3.pdf', 'adjcurve-flc3a.pdf', 'adjcurve-flc4.pdf', 'adjcurve-flc5.pdf', 'adjcurve-flc6.pdf', 'adjcurve-flc6b.pdf', 'adjcurve-flc7.pdf', 'adjcurve-flc8.pdf', 'adjcurve.Rnw', 'adjcurve.aux', 'adjcurve.bbl', 'adjcurve.blg', 'adjcurve.log', 'adjcurve.pdf', 'adjcurve.tex', 'compete-PCMcurve.pdf', 'compete-crfig2.pdf', 'compete-fg2.pdf', 'compete-finegray-check.pdf', 'compete-finegray2.pdf', 'compete-finegray3.pdf', 'compete-mgus1.pdf', 'compete-mgus2.pdf', 'compete-mgus3.pdf', 'compete-mgus4g.pdf', 'compete-mgus5.pdf', 'compete-sfig1.pdf', 'compete.Rnw', 'compete.aux', 'compete.log', 'compete.pdf', 'compete.tex', 'multi-004.pdf', 'multi-badfit.pdf', 'multi-cr2.pdf', 'multi-curve1.pdf', 'multi-sfit0.pdf', 'multi-sfit4.pdf', 'multi-txsurv.pdf', 'mult
    Calls: buildVignettes -> find_vignette_product
    Execution halted
Flavor: r-release-windows-ix86+x86_64