CRAN Package Check Results for Package survival

Last updated on 2019-08-22 09:48:02 CEST.

Flavor Version Tinstall Tcheck Ttotal Status Flags
r-devel-linux-x86_64-debian-clang 2.44-1.1 45.44 468.95 514.39 OK
r-devel-linux-x86_64-debian-gcc 2.44-1.1 33.53 368.49 402.02 OK
r-devel-linux-x86_64-fedora-clang 2.44-1.1 615.94 NOTE
r-devel-linux-x86_64-fedora-gcc 2.44-1.1 624.54 OK
r-devel-windows-ix86+x86_64 2.44-1.1 136.00 700.00 836.00 NOTE
r-patched-linux-x86_64 2.44-1.1 38.87 462.56 501.43 OK
r-patched-solaris-x86 2.44-1.1 NOTE
r-release-linux-x86_64 2.44-1.1 37.94 458.37 496.31 OK
r-release-windows-ix86+x86_64 2.44-1.1 164.00 956.00 1120.00 NOTE
r-release-osx-x86_64 2.44-1.1 NOTE
r-oldrel-windows-ix86+x86_64 2.44-1.1 130.00 880.00 1010.00 NOTE
r-oldrel-osx-x86_64 2.44-1.1 NOTE

Additional issues

LTO

Check Details

Version: 2.44-1.1
Check: installed package size
Result: NOTE
     installed size is 6.1Mb
     sub-directories of 1Mb or more:
     doc 3.2Mb
Flavors: r-devel-linux-x86_64-fedora-clang, r-devel-windows-ix86+x86_64, r-patched-solaris-x86, r-release-windows-ix86+x86_64, r-release-osx-x86_64, r-oldrel-windows-ix86+x86_64, r-oldrel-osx-x86_64