CRAN Package Check Results for Package survival

Last updated on 2014-11-27 21:46:44.

Flavor Version Tinstall Tcheck Ttotal Status Flags
r-devel-linux-x86_64-debian-clang 2.37-7 31.19 114.98 146.17 NOTE
r-devel-linux-x86_64-debian-gcc 2.37-7 20.25 114.46 134.71 NOTE
r-devel-linux-x86_64-fedora-clang 2.37-7 275.27 NOTE
r-devel-linux-x86_64-fedora-gcc 2.37-7 257.57 NOTE
r-devel-osx-x86_64-clang 2.37-7 227.45 NOTE
r-patched-linux-x86_64 2.37-7 23.67 117.24 140.91 NOTE
r-patched-solaris-sparc 2.37-7 NOTE
r-patched-solaris-x86 2.37-7 NOTE
r-release-linux-ix86 2.37-7 21.76 137.84 159.60 NOTE
r-release-linux-x86_64 2.37-7 22.66 117.02 139.68 NOTE
r-release-osx-x86_64-mavericks 2.37-7 NOTE
r-release-osx-x86_64-snowleopard 2.37-7 OK
r-release-windows-ix86+x86_64 2.37-7 77.00 292.00 369.00 NOTE
r-oldrel-windows-ix86+x86_64 2.37-7 80.00 233.00 313.00 OK

Check Details

Version: 2.37-7
Check: installed package size
Result: NOTE
     installed size is 5.3Mb
     sub-directories of 1Mb or more:
     data 1.9Mb
     doc 1.8Mb
Flavors: r-devel-linux-x86_64-debian-clang, r-devel-linux-x86_64-debian-gcc, r-devel-linux-x86_64-fedora-clang, r-devel-linux-x86_64-fedora-gcc, r-patched-linux-x86_64, r-patched-solaris-sparc, r-patched-solaris-x86, r-release-linux-ix86, r-release-linux-x86_64, r-release-osx-x86_64-mavericks

Version: 2.37-7
Check: foreign function calls
Result: NOTE
    Calls with DUP:
     .C(Ccoxmart2, as.integer(n), as.double(y[, 1]), as.integer(y[,
     2]), newstrat, score, rep(1, n), resid = double(n), DUP = FALSE)
     .C(Cpyears1, as.integer(n), as.integer(ncol(Y)), as.integer(is.Surv(Y)),
     as.double(Y), as.double(weights), as.integer(length(atts$dim)),
     as.integer(rfac), as.integer(atts$dim), as.double(unlist(cuts)),
     as.double(ratetable), as.double(R), as.integer(odim), as.integer(ofac),
     as.integer(odims), as.double(ocut), as.integer(expect ==
     "event"), as.double(X), pyears = double(osize), pn = double(osize),
     pcount = double(if (is.Surv(Y)) osize else 1), pexpect = double(osize),
     offtable = double(1), DUP = FALSE)
    DUP is no longer supported and will be ignored.
Flavors: r-devel-linux-x86_64-debian-clang, r-devel-linux-x86_64-debian-gcc, r-devel-linux-x86_64-fedora-clang, r-devel-linux-x86_64-fedora-gcc, r-devel-osx-x86_64-clang

Version: 2.37-7
Check: R code for possible problems
Result: NOTE
    survexp: no visible binding for global variable ‘survexp.us’
Flavors: r-devel-linux-x86_64-debian-clang, r-devel-linux-x86_64-debian-gcc, r-devel-linux-x86_64-fedora-clang, r-devel-linux-x86_64-fedora-gcc, r-devel-osx-x86_64-clang, r-patched-linux-x86_64, r-patched-solaris-sparc, r-patched-solaris-x86, r-release-linux-ix86, r-release-linux-x86_64, r-release-windows-ix86+x86_64

Version: 2.37-7
Check: foreign function calls
Result: NOTE
    Calls with DUP != TRUE:
     .C(Ccoxmart2, as.integer(n), as.double(y[, 1]), as.integer(y[,
     2]), newstrat, score, rep(1, n), resid = double(n), DUP = FALSE)
     .C(Cpyears1, as.integer(n), as.integer(ncol(Y)), as.integer(is.Surv(Y)),
     as.double(Y), as.double(weights), as.integer(length(atts$dim)),
     as.integer(rfac), as.integer(atts$dim), as.double(unlist(cuts)),
     as.double(ratetable), as.double(R), as.integer(odim), as.integer(ofac),
     as.integer(odims), as.double(ocut), as.integer(expect ==
     "event"), as.double(X), pyears = double(osize), pn = double(osize),
     pcount = double(if (is.Surv(Y)) osize else 1), pexpect = double(osize),
     offtable = double(1), DUP = FALSE)
    DUP = FALSE is deprecated and will be disabled in future versions of R.
Flavors: r-patched-linux-x86_64, r-patched-solaris-sparc, r-patched-solaris-x86, r-release-linux-ix86, r-release-linux-x86_64, r-release-windows-ix86+x86_64

Version: 2.37-7
Check: foreign function calls
Result: NOTE
    Calls with DUP = FALSE:
     .C(Ccoxmart2, as.integer(n), as.double(y[, 1]), as.integer(y[,
     2]), newstrat, score, rep(1, n), resid = double(n), DUP = FALSE)
     .C(Cpyears1, as.integer(n), as.integer(ncol(Y)), as.integer(is.Surv(Y)),
     as.double(Y), as.double(weights), as.integer(length(atts$dim)),
     as.integer(rfac), as.integer(atts$dim), as.double(unlist(cuts)),
     as.double(ratetable), as.double(R), as.integer(odim), as.integer(ofac),
     as.integer(odims), as.double(ocut), as.integer(expect ==
     "event"), as.double(X), pyears = double(osize), pn = double(osize),
     pcount = double(if (is.Surv(Y)) osize else 1), pexpect = double(osize),
     offtable = double(1), DUP = FALSE)
    DUP = FALSE is deprecated and may be disabled in future versions of R.
Flavor: r-release-osx-x86_64-mavericks