CRAN Package Check Results for Package survival

Last updated on 2017-06-23 16:48:08.

Flavor Version Tinstall Tcheck Ttotal Status Flags
r-devel-linux-x86_64-debian-clang 2.41-3 29.22 225.70 254.92 OK
r-devel-linux-x86_64-debian-gcc 2.41-3 23.84 216.81 240.64 OK
r-devel-linux-x86_64-fedora-clang 2.41-3 558.99 NOTE
r-devel-linux-x86_64-fedora-gcc 2.41-3 517.71 NOTE
r-devel-windows-ix86+x86_64 2.41-3 118.00 692.00 810.00 NOTE
r-patched-linux-x86_64 2.41-3 24.24 214.17 238.41 OK
r-patched-solaris-sparc 2.41-3 NOTE
r-patched-solaris-x86 2.41-3 NOTE
r-release-linux-x86_64 2.41-3 24.92 216.81 241.73 OK
r-release-windows-ix86+x86_64 2.41-3 82.00 701.00 783.00 NOTE
r-release-osx-x86_64 2.41-3 NOTE
r-oldrel-windows-ix86+x86_64 2.41-3 137.00 615.00 752.00 NOTE
r-oldrel-osx-x86_64 2.41-3 NOTE

Check Details

Version: 2.41-3
Check: installed package size
Result: NOTE
     installed size is 6.3Mb
     sub-directories of 1Mb or more:
     data 1.9Mb
     doc 2.6Mb
Flavors: r-devel-linux-x86_64-fedora-clang, r-devel-linux-x86_64-fedora-gcc, r-devel-windows-ix86+x86_64, r-patched-solaris-sparc, r-patched-solaris-x86, r-release-windows-ix86+x86_64, r-release-osx-x86_64, r-oldrel-windows-ix86+x86_64, r-oldrel-osx-x86_64