CRAN Package Check Results for Package survival

Last updated on 2018-04-26 10:47:29 CEST.

Flavor Version Tinstall Tcheck Ttotal Status Flags
r-devel-linux-x86_64-debian-clang 2.42-3.1 36.64 347.44 384.08 OK
r-devel-linux-x86_64-debian-gcc 2.42-3.1 32.49 305.34 337.83 OK
r-devel-linux-x86_64-fedora-clang 2.42-3.1 297.05 NOTE
r-devel-linux-x86_64-fedora-gcc 2.42-3.1 293.11 NOTE
r-devel-windows-ix86+x86_64 2.41-3 107.00 508.00 615.00 NOTE
r-patched-linux-x86_64 2.42-3 36.75 378.32 415.07 OK
r-patched-solaris-x86 2.42-3 NOTE
r-release-linux-x86_64 2.42-3 41.33 384.26 425.59 OK
r-release-windows-ix86+x86_64 2.41-3 107.00 508.00 615.00 NOTE
r-release-osx-x86_64 2.42-3 NOTE
r-oldrel-windows-ix86+x86_64 2.42-3 89.00 743.00 832.00 NOTE
r-oldrel-osx-x86_64 2.42-3 NOTE

Check Details

Version: 2.42-3.1
Check: installed package size
Result: NOTE
     installed size is 5.4Mb
     sub-directories of 1Mb or more:
     doc 2.8Mb
Flavors: r-devel-linux-x86_64-fedora-clang, r-devel-linux-x86_64-fedora-gcc

Version: 2.41-3
Check: installed package size
Result: NOTE
     installed size is 6.1Mb
     sub-directories of 1Mb or more:
     data 1.9Mb
     doc 2.6Mb
Flavors: r-devel-windows-ix86+x86_64, r-release-windows-ix86+x86_64

Version: 2.42-3
Check: installed package size
Result: NOTE
     installed size is 6.1Mb
     sub-directories of 1Mb or more:
     R 1.5Mb
     doc 3.4Mb
Flavors: r-patched-solaris-x86, r-release-osx-x86_64, r-oldrel-windows-ix86+x86_64, r-oldrel-osx-x86_64