CRAN Package Check Results for Package survival

Last updated on 2019-12-15 18:50:24 CET.

Flavor Version Tinstall Tcheck Ttotal Status Flags
r-devel-linux-x86_64-debian-clang 3.1-8 55.50 531.68 587.18 OK
r-devel-linux-x86_64-debian-gcc 3.1-8 39.57 408.47 448.04 OK
r-devel-linux-x86_64-fedora-clang 3.1-8 718.30 NOTE
r-devel-linux-x86_64-fedora-gcc 3.1-8 705.12 OK
r-devel-windows-ix86+x86_64 3.1-8 4.00 10.00 14.00 ERROR
r-devel-windows-ix86+x86_64-gcc8 3.1-8 118.00 715.00 833.00 NOTE
r-patched-linux-x86_64 3.1-8 41.90 486.24 528.14 OK
r-patched-solaris-x86 3.1-8 NOTE
r-release-linux-x86_64 3.1-8 40.20 485.70 525.90 OK
r-release-windows-ix86+x86_64 3.1-8 109.00 749.00 858.00 NOTE
r-release-osx-x86_64 3.1-8 NOTE
r-oldrel-windows-ix86+x86_64 3.1-8 105.00 924.00 1029.00 NOTE
r-oldrel-osx-x86_64 3.1-8 NOTE

Check Details

Version: 3.1-8
Check: installed package size
Result: NOTE
     installed size is 8.9Mb
     sub-directories of 1Mb or more:
     R 1.0Mb
     data 3.2Mb
     doc 3.3Mb
Flavors: r-devel-linux-x86_64-fedora-clang, r-devel-windows-ix86+x86_64-gcc8, r-patched-solaris-x86, r-release-windows-ix86+x86_64, r-release-osx-x86_64, r-oldrel-windows-ix86+x86_64, r-oldrel-osx-x86_64

Version: 3.1-8
Check: whether package can be installed
Result: ERROR
    Installation failed.
Flavor: r-devel-windows-ix86+x86_64