CRAN Package Check Results for Package survival

Last updated on 2015-07-05 22:47:49.

Flavor Version Tinstall Tcheck Ttotal Status Flags
r-devel-linux-x86_64-debian-clang 2.38-3 21.83 116.79 138.62 NOTE
r-devel-linux-x86_64-debian-gcc 2.38-3 22.96 115.79 138.74 NOTE
r-devel-linux-x86_64-fedora-clang 2.38-3 258.49 NOTE
r-devel-linux-x86_64-fedora-gcc 2.38-3 250.12 NOTE
r-devel-osx-x86_64-clang 2.38-3 205.88 NOTE
r-patched-linux-x86_64 2.38-3 18.55 114.28 132.83 NOTE
r-patched-solaris-sparc 2.38-3 NOTE
r-patched-solaris-x86 2.38-3 NOTE
r-release-linux-x86_64 2.38-3 25.56 115.02 140.58 NOTE
r-release-osx-x86_64-mavericks 2.38-3 NOTE
r-release-windows-ix86+x86_64 2.38-3 100.00 278.00 378.00 NOTE
r-oldrel-windows-ix86+x86_64 2.38-3 83.00 311.00 394.00 NOTE

Check Details

Version: 2.38-3
Check: installed package size
Result: NOTE
     installed size is 5.5Mb
     sub-directories of 1Mb or more:
     data 1.9Mb
     doc 1.9Mb
Flavors: r-devel-linux-x86_64-debian-clang, r-devel-linux-x86_64-debian-gcc, r-devel-linux-x86_64-fedora-clang, r-devel-linux-x86_64-fedora-gcc, r-devel-osx-x86_64-clang, r-patched-linux-x86_64, r-patched-solaris-sparc, r-patched-solaris-x86, r-release-linux-x86_64, r-release-osx-x86_64-mavericks, r-release-windows-ix86+x86_64, r-oldrel-windows-ix86+x86_64