CRAN Package Check Results for Package survival

Last updated on 2016-09-29 02:50:03.

Flavor Version Tinstall Tcheck Ttotal Status Flags
r-devel-linux-x86_64-debian-clang 2.39-5 25.53 200.15 225.68 NOTE
r-devel-linux-x86_64-debian-gcc 2.39-5 23.45 192.56 216.01 NOTE
r-devel-linux-x86_64-fedora-clang 2.39-5 466.36 NOTE
r-devel-linux-x86_64-fedora-gcc 2.39-5 283.28 NOTE
r-devel-macos-x86_64-clang 2.39-5 343.41 NOTE
r-devel-windows-ix86+x86_64 2.39-5 110.00 575.00 685.00 NOTE
r-patched-linux-x86_64 2.39-5 21.44 197.74 219.18 NOTE
r-patched-solaris-sparc 2.39-5 NOTE
r-patched-solaris-x86 2.39-5 NOTE
r-release-linux-x86_64 2.39-5 20.95 199.00 219.95 NOTE
r-release-osx-x86_64-mavericks 2.39-5 NOTE
r-release-windows-ix86+x86_64 2.39-5 89.00 451.00 540.00 NOTE
r-oldrel-windows-ix86+x86_64 2.39-5 118.00 510.00 628.00 NOTE

Memtest notes: valgrind

Check Details

Version: 2.39-5
Check: installed package size
Result: NOTE
     installed size is 5.5Mb
     sub-directories of 1Mb or more:
     data 1.9Mb
     doc 2.1Mb
Flavors: r-devel-linux-x86_64-debian-clang, r-devel-linux-x86_64-debian-gcc, r-devel-linux-x86_64-fedora-clang, r-devel-linux-x86_64-fedora-gcc, r-devel-macos-x86_64-clang, r-devel-windows-ix86+x86_64, r-patched-linux-x86_64, r-patched-solaris-sparc, r-patched-solaris-x86, r-release-linux-x86_64, r-release-osx-x86_64-mavericks, r-release-windows-ix86+x86_64, r-oldrel-windows-ix86+x86_64