CRAN Package Check Results for Package survival

Last updated on 2015-05-22 15:46:47.

Flavor Version Tinstall Tcheck Ttotal Status Flags
r-devel-linux-x86_64-debian-clang 2.38-1 19.23 113.75 132.98 NOTE
r-devel-linux-x86_64-debian-gcc 2.38-1 21.42 113.42 134.84 NOTE
r-devel-linux-x86_64-fedora-gcc 2.38-1 246.86 NOTE
r-devel-osx-x86_64-clang 2.38-1 233.12 NOTE
r-patched-linux-x86_64 2.38-1 29.14 113.43 142.56 NOTE
r-patched-solaris-sparc 2.38-1 NOTE
r-patched-solaris-x86 2.38-1 NOTE
r-release-linux-x86_64 2.38-1 20.30 114.50 134.80 NOTE
r-release-osx-x86_64-mavericks 2.38-1 NOTE
r-release-osx-x86_64-snowleopard 2.38-1 NOTE
r-release-windows-ix86+x86_64 2.38-1 60.00 277.00 337.00 NOTE
r-oldrel-windows-ix86+x86_64 2.38-1 110.00 248.00 358.00 NOTE

Check Details

Version: 2.38-1
Check: installed package size
Result: NOTE
     installed size is 5.4Mb
     sub-directories of 1Mb or more:
     data 1.9Mb
     doc 1.9Mb
Flavors: r-devel-linux-x86_64-debian-clang, r-devel-linux-x86_64-debian-gcc, r-devel-linux-x86_64-fedora-gcc, r-devel-osx-x86_64-clang, r-patched-linux-x86_64, r-patched-solaris-sparc, r-patched-solaris-x86, r-release-linux-x86_64, r-release-osx-x86_64-mavericks, r-release-osx-x86_64-snowleopard, r-release-windows-ix86+x86_64, r-oldrel-windows-ix86+x86_64