CRAN Package Check Results for Package survival

Last updated on 2018-10-15 12:51:14 CEST.

Flavor Version Tinstall Tcheck Ttotal Status Flags
r-devel-linux-x86_64-debian-clang 2.42-6 38.10 447.67 485.77 OK
r-devel-linux-x86_64-debian-gcc 2.42-6 30.56 350.43 380.99 OK
r-devel-linux-x86_64-fedora-clang 2.42-6 574.76 NOTE
r-devel-linux-x86_64-fedora-gcc 2.42-6 574.21 OK
r-devel-windows-ix86+x86_64 2.42-6 113.00 851.00 964.00 NOTE
r-patched-linux-x86_64 2.42-6 36.99 394.67 431.66 OK
r-patched-solaris-x86 2.42-6 NOTE
r-release-linux-x86_64 2.42-6 35.28 390.04 425.32 OK
r-release-windows-ix86+x86_64 2.42-6 110.00 785.00 895.00 NOTE
r-release-osx-x86_64 2.42-6 NOTE
r-oldrel-windows-ix86+x86_64 2.42-6 125.00 630.00 755.00 NOTE
r-oldrel-osx-x86_64 2.42-6 NOTE

Check Details

Version: 2.42-6
Check: installed package size
Result: NOTE
     installed size is 5.5Mb
     sub-directories of 1Mb or more:
     doc 2.8Mb
Flavors: r-devel-linux-x86_64-fedora-clang, r-devel-windows-ix86+x86_64, r-patched-solaris-x86, r-release-windows-ix86+x86_64, r-release-osx-x86_64, r-oldrel-windows-ix86+x86_64, r-oldrel-osx-x86_64