CRAN Package Check Results for Package survival

Last updated on 2017-10-19 00:53:02.

Flavor Version Tinstall Tcheck Ttotal Status Flags
r-devel-linux-x86_64-debian-clang 2.41-3 25.07 217.73 242.80 OK
r-devel-linux-x86_64-debian-gcc 2.41-3 26.61 232.75 259.36 OK
r-devel-linux-x86_64-fedora-clang 2.41-3 565.85 NOTE
r-devel-linux-x86_64-fedora-gcc 2.41-3 539.99 NOTE
r-devel-windows-ix86+x86_64 2.41-3 80.00 734.00 814.00 NOTE
r-patched-linux-x86_64 2.41-3 25.22 216.50 241.72 OK
r-patched-solaris-x86 2.41-3 NOTE
r-release-linux-x86_64 2.41-3 25.08 217.09 242.17 OK
r-release-windows-ix86+x86_64 2.41-3 104.00 507.00 611.00 NOTE
r-release-osx-x86_64 2.41-3 NOTE
r-oldrel-windows-ix86+x86_64 2.41-3 99.00 643.00 742.00 NOTE
r-oldrel-osx-x86_64 2.41-3 NOTE

Check Details

Version: 2.41-3
Check: installed package size
Result: NOTE
     installed size is 6.3Mb
     sub-directories of 1Mb or more:
     data 1.9Mb
     doc 2.6Mb
Flavors: r-devel-linux-x86_64-fedora-clang, r-devel-linux-x86_64-fedora-gcc, r-devel-windows-ix86+x86_64, r-patched-solaris-x86, r-release-windows-ix86+x86_64, r-release-osx-x86_64, r-oldrel-windows-ix86+x86_64, r-oldrel-osx-x86_64