CRAN Package Check Results for Package survival

Last updated on 2015-03-04 03:47:02.

Flavor Version Tinstall Tcheck Ttotal Status Flags
r-devel-linux-x86_64-debian-clang 2.38-1 19.02 115.10 134.12 NOTE
r-devel-linux-x86_64-debian-gcc 2.38-1 20.69 112.52 133.21 NOTE
r-devel-linux-x86_64-fedora-clang 2.38-1 261.14 NOTE
r-devel-linux-x86_64-fedora-gcc 2.38-1 247.45 NOTE
r-devel-osx-x86_64-clang 2.38-1 243.68 OK
r-patched-linux-x86_64 2.38-1 19.68 124.09 143.76 NOTE
r-patched-solaris-sparc 2.38-1 NOTE
r-patched-solaris-x86 2.38-1 NOTE
r-release-linux-ix86 2.38-1 22.46 157.57 180.02 NOTE
r-release-linux-x86_64 2.38-1 23.62 133.66 157.28 NOTE
r-release-osx-x86_64-mavericks 2.38-1 NOTE
r-release-osx-x86_64-snowleopard 2.38-1 NOTE
r-release-windows-ix86+x86_64 2.38-1 71.00 212.00 283.00 NOTE
r-oldrel-windows-ix86+x86_64 2.38-1 82.00 268.00 350.00 NOTE

Check Details

Version: 2.38-1
Check: installed package size
Result: NOTE
     installed size is 5.4Mb
     sub-directories of 1Mb or more:
     data 1.9Mb
     doc 1.9Mb
Flavors: r-devel-linux-x86_64-debian-clang, r-devel-linux-x86_64-debian-gcc, r-devel-linux-x86_64-fedora-clang, r-devel-linux-x86_64-fedora-gcc, r-patched-linux-x86_64, r-patched-solaris-sparc, r-patched-solaris-x86, r-release-linux-ix86, r-release-linux-x86_64, r-release-osx-x86_64-mavericks, r-release-osx-x86_64-snowleopard, r-release-windows-ix86+x86_64, r-oldrel-windows-ix86+x86_64