CRAN Package Check Results for Package survival.svb

Last updated on 2025-01-17 15:50:02 CET.

Flavor Version Tinstall Tcheck Ttotal Status Flags
r-devel-linux-x86_64-debian-clang 0.0-2 31.67 24.69 56.36 NOTE
r-devel-linux-x86_64-debian-gcc 0.0-2 20.09 21.02 41.11 NOTE
r-devel-linux-x86_64-fedora-clang 0.0-2 106.47 NOTE
r-devel-linux-x86_64-fedora-gcc 0.0-2 103.07 NOTE
r-devel-windows-x86_64 0.0-2 32.00 66.00 98.00 NOTE
r-patched-linux-x86_64 0.0-2 28.87 24.06 52.93 NOTE
r-release-linux-x86_64 0.0-2 27.99 24.14 52.13 NOTE
r-release-macos-arm64 0.0-2 31.00 NOTE
r-release-macos-x86_64 0.0-2 46.00 NOTE
r-release-windows-x86_64 0.0-2 32.00 63.00 95.00 NOTE
r-oldrel-macos-arm64 0.0-2 38.00 NOTE
r-oldrel-macos-x86_64 0.0-2 54.00 NOTE
r-oldrel-windows-x86_64 0.0-2 36.00 76.00 112.00 NOTE

Check Details

Version: 0.0-2
Check: C++ specification
Result: NOTE Specified C++11: please drop specification unless essential Flavors: r-devel-linux-x86_64-debian-clang, r-devel-linux-x86_64-debian-gcc, r-devel-linux-x86_64-fedora-clang, r-devel-linux-x86_64-fedora-gcc, r-devel-windows-x86_64, r-patched-linux-x86_64, r-release-linux-x86_64, r-release-macos-arm64, r-release-macos-x86_64, r-release-windows-x86_64, r-oldrel-macos-arm64, r-oldrel-macos-x86_64, r-oldrel-windows-x86_64