CRAN Package Check Results for Package survivalROC

Last updated on 2017-01-21 23:52:07.

Flavor Version Tinstall Tcheck Ttotal Status Flags
r-devel-linux-x86_64-debian-clang 1.0.3 1.00 11.63 12.62 NOTE
r-devel-linux-x86_64-debian-gcc 1.0.3 0.95 11.02 11.97 NOTE
r-devel-linux-x86_64-fedora-clang 1.0.3 20.36 NOTE --no-stop-on-test-error
r-devel-linux-x86_64-fedora-gcc 1.0.3 19.29 NOTE --no-stop-on-test-error
r-devel-macos-x86_64-clang 1.0.3 17.94 NOTE --no-stop-on-test-error
r-devel-windows-ix86+x86_64 1.0.3 9.00 49.00 58.00 NOTE
r-patched-linux-x86_64 1.0.3 0.87 9.50 10.37 NOTE
r-patched-solaris-sparc 1.0.3 105.50 NOTE
r-patched-solaris-x86 1.0.3 24.70 NOTE
r-release-linux-x86_64 1.0.3 0.89 9.92 10.81 NOTE
r-release-osx-x86_64-mavericks 1.0.3 NOTE
r-release-windows-ix86+x86_64 1.0.3 5.00 26.00 31.00 NOTE
r-oldrel-windows-ix86+x86_64 1.0.3 5.00 46.00 51.00 NOTE

Check Details

Version: 1.0.3
Check: DESCRIPTION meta-information
Result: NOTE
    Malformed Description field: should contain one or more complete sentences.
Flavors: r-devel-linux-x86_64-debian-clang, r-devel-linux-x86_64-debian-gcc, r-devel-windows-ix86+x86_64, r-patched-linux-x86_64, r-patched-solaris-sparc, r-patched-solaris-x86, r-release-linux-x86_64, r-release-osx-x86_64-mavericks, r-release-windows-ix86+x86_64, r-oldrel-windows-ix86+x86_64

Version: 1.0.3
Flags: --no-stop-on-test-error
Check: DESCRIPTION meta-information
Result: NOTE
    Malformed Description field: should contain one or more complete sentences.
Flavors: r-devel-linux-x86_64-fedora-clang, r-devel-linux-x86_64-fedora-gcc, r-devel-macos-x86_64-clang