CRAN Package Check Results for Package survivalROC

Last updated on 2022-12-08 19:49:49 CET.

Flavor Version Tinstall Tcheck Ttotal Status Flags
r-devel-linux-x86_64-debian-clang 1.0.3 2.41 24.20 26.61 WARN
r-devel-linux-x86_64-debian-gcc 1.0.3.1 2.01 19.63 21.64 OK
r-devel-linux-x86_64-fedora-clang 1.0.3.1 44.71 NOTE
r-devel-linux-x86_64-fedora-gcc 1.0.3.1 44.31 NOTE
r-devel-windows-x86_64 1.0.3.1 11.00 52.00 63.00 OK
r-patched-linux-x86_64 1.0.3.1 2.31 23.02 25.33 OK
r-release-linux-x86_64 1.0.3.1 2.13 23.06 25.19 OK
r-release-macos-arm64 1.0.3.1 16.00 OK
r-release-macos-x86_64 1.0.3.1 23.00 OK
r-release-windows-x86_64 1.0.3.1 19.00 46.00 65.00 OK
r-oldrel-macos-arm64 1.0.3.1 20.00 OK
r-oldrel-macos-x86_64 1.0.3.1 30.00 OK
r-oldrel-windows-ix86+x86_64 1.0.3.1 7.00 50.00 57.00 OK

Check Details

Version: 1.0.3
Check: whether package can be installed
Result: WARN
    Found the following significant warnings:
     survivalROC.c:16:7: warning: a function definition without a prototype is deprecated in all versions of C and is not supported in C2x [-Wdeprecated-non-prototype]
Flavor: r-devel-linux-x86_64-debian-clang

Version: 1.0.3
Check: DESCRIPTION meta-information
Result: NOTE
    Malformed Description field: should contain one or more complete sentences.
Flavor: r-devel-linux-x86_64-debian-clang

Version: 1.0.3.1
Check: compiled code
Result: NOTE
    File ‘survivalROC/libs/survivalROC.so’:
     Found no calls to: ‘R_registerRoutines’, ‘R_useDynamicSymbols’
    
    It is good practice to register native routines and to disable symbol
    search.
    
    See ‘Writing portable packages’ in the ‘Writing R Extensions’ manual.
Flavors: r-devel-linux-x86_64-fedora-clang, r-devel-linux-x86_64-fedora-gcc