CRAN Package Check Results for Package survivalROC

Last updated on 2015-04-18 08:48:55.

Flavor Version Tinstall Tcheck Ttotal Status Flags
r-devel-linux-x86_64-debian-clang 1.0.3 0.86 9.59 10.45 NOTE
r-devel-linux-x86_64-debian-gcc 1.0.3 0.82 9.52 10.34 NOTE
r-devel-linux-x86_64-fedora-clang 1.0.3 20.88 NOTE
r-devel-linux-x86_64-fedora-gcc 1.0.3 19.17 NOTE
r-devel-osx-x86_64-clang 1.0.3 23.29 NOTE
r-prerel-windows-ix86+x86_64 1.0.3 8.00 20.00 28.00 NOTE
r-prerel-linux-x86_64 1.0.3 0.85 9.23 10.08 NOTE
r-prerel-solaris-sparc 1.0.3 130.80 NOTE
r-prerel-solaris-x86 1.0.3 29.00 NOTE
r-release-linux-x86_64 1.0.3 0.87 10.13 11.00 OK
r-release-osx-x86_64-mavericks 1.0.3 OK
r-release-windows-ix86+x86_64 1.0.3 9.00 23.00 32.00 OK
r-oldrel-windows-ix86+x86_64 1.0.3 5.00 21.00 26.00 OK

Check Details

Version: 1.0.3
Check: DESCRIPTION meta-information
Result: NOTE
    Malformed Description field: should contain one or more complete sentences.
Flavors: r-devel-linux-x86_64-debian-clang, r-devel-linux-x86_64-debian-gcc, r-devel-linux-x86_64-fedora-clang, r-devel-linux-x86_64-fedora-gcc, r-devel-osx-x86_64-clang, r-prerel-windows-ix86+x86_64, r-prerel-linux-x86_64, r-prerel-solaris-sparc, r-prerel-solaris-x86