CRAN Package Check Results for Package survivalROC

Last updated on 2017-12-16 01:56:34 CET.

Flavor Version Tinstall Tcheck Ttotal Status Flags
r-devel-linux-x86_64-debian-clang 1.0.3 1.18 17.19 18.37 NOTE
r-devel-linux-x86_64-debian-gcc 1.0.3 0.90 14.25 15.15 NOTE
r-devel-linux-x86_64-fedora-clang 1.0.3 21.71 NOTE
r-devel-linux-x86_64-fedora-gcc 1.0.3 21.19 NOTE
r-devel-windows-ix86+x86_64 1.0.3 9.00 28.00 37.00 NOTE
r-patched-linux-x86_64 1.0.3 1.15 16.10 17.25 NOTE
r-patched-solaris-x86 1.0.3 28.80 NOTE
r-release-linux-x86_64 1.0.3 1.12 15.54 16.66 NOTE
r-release-windows-ix86+x86_64 1.0.3 5.00 29.00 34.00 NOTE
r-release-osx-x86_64 1.0.3 NOTE
r-oldrel-windows-ix86+x86_64 1.0.3 5.00 26.00 31.00 NOTE
r-oldrel-osx-x86_64 1.0.3 NOTE

Check Details

Version: 1.0.3
Check: DESCRIPTION meta-information
Result: NOTE
    Malformed Description field: should contain one or more complete sentences.
Flavors: r-devel-linux-x86_64-debian-clang, r-devel-linux-x86_64-debian-gcc, r-devel-linux-x86_64-fedora-clang, r-devel-linux-x86_64-fedora-gcc, r-devel-windows-ix86+x86_64, r-patched-linux-x86_64, r-patched-solaris-x86, r-release-linux-x86_64, r-release-windows-ix86+x86_64, r-release-osx-x86_64, r-oldrel-windows-ix86+x86_64, r-oldrel-osx-x86_64

Version: 1.0.3
Check: compiled code
Result: NOTE
    File ‘survivalROC/libs/survivalROC.so’:
     Found no calls to: ‘R_registerRoutines’, ‘R_useDynamicSymbols’
    
    It is good practice to register native routines and to disable symbol
    search.
    
    See ‘Writing portable packages’ in the ‘Writing R Extensions’ manual.
Flavors: r-devel-linux-x86_64-debian-clang, r-devel-linux-x86_64-debian-gcc, r-devel-linux-x86_64-fedora-clang, r-devel-linux-x86_64-fedora-gcc, r-patched-linux-x86_64, r-release-linux-x86_64