CRAN Package Check Results for Package survivalROC

Last updated on 2016-09-25 21:50:21.

Flavor Version Tinstall Tcheck Ttotal Status Flags
r-devel-linux-x86_64-debian-clang 1.0.3 0.94 9.48 10.42 NOTE
r-devel-linux-x86_64-debian-gcc 1.0.3 0.92 9.47 10.39 NOTE
r-devel-linux-x86_64-fedora-clang 1.0.3 17.36 NOTE
r-devel-linux-x86_64-fedora-gcc 1.0.3 16.41 NOTE
r-devel-macos-x86_64-clang 1.0.3 15.58 NOTE
r-devel-windows-ix86+x86_64 1.0.3 10.00 61.00 71.00 NOTE
r-patched-linux-x86_64 1.0.3 0.87 9.43 10.30 NOTE
r-patched-solaris-sparc 1.0.3 102.90 NOTE
r-patched-solaris-x86 1.0.3 23.10 NOTE
r-release-linux-x86_64 1.0.3 0.87 9.17 10.05 NOTE
r-release-osx-x86_64-mavericks 1.0.3 NOTE
r-release-windows-ix86+x86_64 1.0.3 4.00 24.00 28.00 NOTE
r-oldrel-windows-ix86+x86_64 1.0.3 5.00 29.00 34.00 NOTE

Check Details

Version: 1.0.3
Check: DESCRIPTION meta-information
Result: NOTE
    Malformed Description field: should contain one or more complete sentences.
Flavors: r-devel-linux-x86_64-debian-clang, r-devel-linux-x86_64-debian-gcc, r-devel-linux-x86_64-fedora-clang, r-devel-linux-x86_64-fedora-gcc, r-devel-macos-x86_64-clang, r-devel-windows-ix86+x86_64, r-patched-linux-x86_64, r-patched-solaris-sparc, r-patched-solaris-x86, r-release-linux-x86_64, r-release-osx-x86_64-mavericks, r-release-windows-ix86+x86_64, r-oldrel-windows-ix86+x86_64