CRAN Package Check Results for Package survivalROC

Last updated on 2017-08-20 05:47:33.

Flavor Version Tinstall Tcheck Ttotal Status Flags
r-devel-linux-x86_64-debian-clang 1.0.3 1.05 12.11 13.16 NOTE
r-devel-linux-x86_64-debian-gcc 1.0.3 1.02 11.41 12.43 NOTE
r-devel-linux-x86_64-fedora-clang 1.0.3 20.74 NOTE
r-devel-linux-x86_64-fedora-gcc 1.0.3 19.63 NOTE
r-devel-windows-ix86+x86_64 1.0.3 5.00 25.00 30.00 NOTE
r-patched-linux-x86_64 1.0.3 0.89 11.56 12.45 NOTE
r-patched-solaris-x86 1.0.3 29.60 NOTE
r-release-linux-x86_64 1.0.3 0.93 11.66 12.59 NOTE
r-release-windows-ix86+x86_64 1.0.3 5.00 29.00 34.00 NOTE
r-release-osx-x86_64 1.0.3 NOTE
r-oldrel-windows-ix86+x86_64 1.0.3 5.00 26.00 31.00 NOTE
r-oldrel-osx-x86_64 1.0.3 NOTE

Check Details

Version: 1.0.3
Check: DESCRIPTION meta-information
Result: NOTE
    Malformed Description field: should contain one or more complete sentences.
Flavors: r-devel-linux-x86_64-debian-clang, r-devel-linux-x86_64-debian-gcc, r-devel-linux-x86_64-fedora-clang, r-devel-linux-x86_64-fedora-gcc, r-devel-windows-ix86+x86_64, r-patched-linux-x86_64, r-patched-solaris-x86, r-release-linux-x86_64, r-release-windows-ix86+x86_64, r-release-osx-x86_64, r-oldrel-windows-ix86+x86_64, r-oldrel-osx-x86_64

Version: 1.0.3
Check: compiled code
Result: NOTE
    File ‘survivalROC/libs/survivalROC.so’:
     Found no calls to: ‘R_registerRoutines’, ‘R_useDynamicSymbols’
    
    It is good practice to register native routines and to disable symbol
    search.
    
    See ‘Writing portable packages’ in the ‘Writing R Extensions’ manual.
Flavors: r-devel-linux-x86_64-debian-clang, r-devel-linux-x86_64-debian-gcc, r-devel-linux-x86_64-fedora-clang, r-devel-linux-x86_64-fedora-gcc, r-patched-linux-x86_64, r-release-linux-x86_64