CRAN Package Check Results for Package survivalROC

Last updated on 2017-06-26 20:48:47.

Flavor Version Tinstall Tcheck Ttotal Status Flags
r-devel-linux-x86_64-debian-clang 1.0.3 0.99 12.24 13.23 NOTE
r-devel-linux-x86_64-debian-gcc 1.0.3 0.93 11.12 12.05 NOTE
r-devel-linux-x86_64-fedora-clang 1.0.3 20.80 NOTE
r-devel-linux-x86_64-fedora-gcc 1.0.3 19.61 NOTE
r-devel-windows-ix86+x86_64 1.0.3 7.00 31.00 38.00 NOTE
r-patched-linux-x86_64 1.0.3 0.98 11.31 12.29 NOTE
r-patched-solaris-sparc 1.0.3 125.00 NOTE
r-patched-solaris-x86 1.0.3 28.80 NOTE
r-release-linux-x86_64 1.0.3 0.98 11.31 12.28 NOTE
r-release-windows-ix86+x86_64 1.0.3 6.00 26.00 32.00 NOTE
r-release-osx-x86_64 1.0.3 NOTE
r-oldrel-windows-ix86+x86_64 1.0.3 5.00 26.00 31.00 NOTE
r-oldrel-osx-x86_64 1.0.3 NOTE

Check Details

Version: 1.0.3
Check: DESCRIPTION meta-information
Result: NOTE
    Malformed Description field: should contain one or more complete sentences.
Flavors: r-devel-linux-x86_64-debian-clang, r-devel-linux-x86_64-debian-gcc, r-devel-linux-x86_64-fedora-clang, r-devel-linux-x86_64-fedora-gcc, r-devel-windows-ix86+x86_64, r-patched-linux-x86_64, r-patched-solaris-sparc, r-patched-solaris-x86, r-release-linux-x86_64, r-release-windows-ix86+x86_64, r-release-osx-x86_64, r-oldrel-windows-ix86+x86_64, r-oldrel-osx-x86_64

Version: 1.0.3
Check: compiled code
Result: NOTE
    File ‘survivalROC/libs/survivalROC.so’:
     Found no calls to: ‘R_registerRoutines’, ‘R_useDynamicSymbols’
    
    It is good practice to register native routines and to disable symbol
    search.
    
    See ‘Writing portable packages’ in the ‘Writing R Extensions’ manual.
Flavors: r-devel-linux-x86_64-debian-clang, r-devel-linux-x86_64-debian-gcc, r-devel-linux-x86_64-fedora-clang, r-devel-linux-x86_64-fedora-gcc, r-patched-linux-x86_64, r-release-linux-x86_64