CRAN Package Check Results for Package survivalROC

Last updated on 2017-02-26 19:54:15.

Flavor Version Tinstall Tcheck Ttotal Status Flags
r-devel-linux-x86_64-debian-clang 1.0.3 1.05 11.97 13.03 NOTE
r-devel-linux-x86_64-debian-gcc 1.0.3 0.91 11.66 12.57 NOTE
r-devel-linux-x86_64-fedora-clang 1.0.3 19.87 NOTE --no-stop-on-test-error
r-devel-linux-x86_64-fedora-gcc 1.0.3 19.01 NOTE --no-stop-on-test-error
r-devel-macos-x86_64-clang 1.0.3 18.98 NOTE --no-stop-on-test-error
r-devel-windows-ix86+x86_64 1.0.3 5.00 37.00 42.00 NOTE
r-patched-linux-x86_64 1.0.3 0.84 9.63 10.47 NOTE
r-patched-solaris-sparc 1.0.3 105.50 NOTE
r-patched-solaris-x86 1.0.3 24.40 NOTE
r-release-linux-x86_64 1.0.3 0.80 9.37 10.17 NOTE
r-release-osx-x86_64-mavericks 1.0.3 NOTE
r-release-windows-ix86+x86_64 1.0.3 5.00 26.00 31.00 NOTE
r-oldrel-windows-ix86+x86_64 1.0.3 5.00 46.00 51.00 NOTE

Check Details

Version: 1.0.3
Check: DESCRIPTION meta-information
Result: NOTE
    Malformed Description field: should contain one or more complete sentences.
Flavors: r-devel-linux-x86_64-debian-clang, r-devel-linux-x86_64-debian-gcc, r-devel-windows-ix86+x86_64, r-patched-linux-x86_64, r-patched-solaris-sparc, r-patched-solaris-x86, r-release-linux-x86_64, r-release-osx-x86_64-mavericks, r-release-windows-ix86+x86_64, r-oldrel-windows-ix86+x86_64

Version: 1.0.3
Check: compiled code
Result: NOTE
    File ‘survivalROC/libs/survivalROC.so’:
     Found no calls to: ‘R_registerRoutines’, ‘R_useDynamicSymbols’
    
    It is good practice to register native routines and to disable symbol
    search.
    
    See ‘Writing portable packages’ in the ‘Writing R Extensions’ manual.
Flavors: r-devel-linux-x86_64-debian-clang, r-devel-linux-x86_64-debian-gcc

Version: 1.0.3
Flags: --no-stop-on-test-error
Check: DESCRIPTION meta-information
Result: NOTE
    Malformed Description field: should contain one or more complete sentences.
Flavors: r-devel-linux-x86_64-fedora-clang, r-devel-linux-x86_64-fedora-gcc, r-devel-macos-x86_64-clang

Version: 1.0.3
Flags: --no-stop-on-test-error
Check: compiled code
Result: NOTE
    File ‘survivalROC/libs/survivalROC.so’:
     Found no calls to: ‘R_registerRoutines’, ‘R_useDynamicSymbols’
    
    It is good practice to register native routines and to disable symbol
    search.
    
    See ‘Writing portable packages’ in the ‘Writing R Extensions’ manual.
Flavors: r-devel-linux-x86_64-fedora-clang, r-devel-linux-x86_64-fedora-gcc, r-devel-macos-x86_64-clang