CRAN Package Check Results for Package survivalROC

Last updated on 2016-07-29 23:47:10.

Flavor Version Tinstall Tcheck Ttotal Status Flags
r-devel-linux-x86_64-debian-clang 1.0.3 0.83 9.38 10.21 NOTE
r-devel-linux-x86_64-debian-gcc 1.0.3 0.79 8.82 9.61 NOTE
r-devel-linux-x86_64-fedora-clang 1.0.3 16.66 NOTE
r-devel-linux-x86_64-fedora-gcc 1.0.3 15.13 NOTE
r-devel-osx-x86_64-clang 1.0.3 15.53 NOTE
r-devel-windows-ix86+x86_64 1.0.3 6.00 27.00 33.00 NOTE
r-patched-linux-x86_64 1.0.3 1.04 11.65 12.70 NOTE
r-patched-solaris-sparc 1.0.3 102.90 NOTE
r-patched-solaris-x86 1.0.3 22.80 NOTE
r-release-linux-x86_64 1.0.3 1.09 12.17 13.26 NOTE
r-release-osx-x86_64-mavericks 1.0.3 NOTE
r-release-windows-ix86+x86_64 1.0.3 5.00 33.00 38.00 NOTE
r-oldrel-windows-ix86+x86_64 1.0.3 5.00 29.00 34.00 NOTE

Check Details

Version: 1.0.3
Check: DESCRIPTION meta-information
Result: NOTE
    Malformed Description field: should contain one or more complete sentences.
Flavors: r-devel-linux-x86_64-debian-clang, r-devel-linux-x86_64-debian-gcc, r-devel-linux-x86_64-fedora-clang, r-devel-linux-x86_64-fedora-gcc, r-devel-osx-x86_64-clang, r-devel-windows-ix86+x86_64, r-patched-linux-x86_64, r-patched-solaris-sparc, r-patched-solaris-x86, r-release-linux-x86_64, r-release-osx-x86_64-mavericks, r-release-windows-ix86+x86_64, r-oldrel-windows-ix86+x86_64