CRAN Package Check Results for Package survivalROC

Last updated on 2015-03-02 19:52:29.

Flavor Version Tinstall Tcheck Ttotal Status Flags
r-devel-linux-x86_64-debian-clang 1.0.3 0.81 9.59 10.40 NOTE
r-devel-linux-x86_64-debian-gcc 1.0.3 0.83 9.22 10.04 NOTE
r-devel-linux-x86_64-fedora-clang 1.0.3 20.83 NOTE
r-devel-linux-x86_64-fedora-gcc 1.0.3 19.25 NOTE
r-devel-osx-x86_64-clang 1.0.3 23.45 NOTE
r-devel-windows-ix86+x86_64 1.0.3 7.00 19.00 26.00 NOTE
r-patched-linux-x86_64 1.0.3 0.87 10.26 11.13 OK
r-patched-solaris-sparc 1.0.3 124.40 OK
r-patched-solaris-x86 1.0.3 32.20 OK
r-release-linux-ix86 1.0.3 1.31 16.38 17.69 OK
r-release-linux-x86_64 1.0.3 0.86 10.02 10.88 OK
r-release-osx-x86_64-mavericks 1.0.3 OK
r-release-windows-ix86+x86_64 1.0.3 6.00 26.00 32.00 OK
r-oldrel-windows-ix86+x86_64 1.0.3 5.00 21.00 26.00 OK

Check Details

Version: 1.0.3
Check: DESCRIPTION meta-information
Result: NOTE
    Malformed Description field: should contain one or more complete sentences.
Flavors: r-devel-linux-x86_64-debian-clang, r-devel-linux-x86_64-debian-gcc, r-devel-linux-x86_64-fedora-clang, r-devel-linux-x86_64-fedora-gcc, r-devel-osx-x86_64-clang, r-devel-windows-ix86+x86_64