CRAN Package Check Results for Package survivalROC

Last updated on 2016-06-24 23:47:49.

Flavor Version Tinstall Tcheck Ttotal Status Flags
r-devel-linux-x86_64-debian-gcc 1.0.3 0.83 9.90 10.73 NOTE
r-devel-linux-x86_64-fedora-clang 1.0.3 16.97 NOTE
r-devel-linux-x86_64-fedora-gcc 1.0.3 15.48 NOTE
r-devel-osx-x86_64-clang 1.0.3 15.85 NOTE
r-devel-windows-ix86+x86_64 1.0.3 8.00 26.00 34.00 NOTE
r-patched-linux-x86_64 1.0.3 0.85 8.68 9.53 NOTE
r-patched-solaris-x86 1.0.3 23.90 NOTE
r-release-linux-x86_64 1.0.3 1.12 9.90 11.02 NOTE
r-release-osx-x86_64-mavericks 1.0.3 NOTE
r-release-windows-ix86+x86_64 1.0.3 5.00 33.00 38.00 NOTE
r-oldrel-windows-ix86+x86_64 1.0.3 5.00 29.00 34.00 NOTE

Check Details

Version: 1.0.3
Check: DESCRIPTION meta-information
Result: NOTE
    Malformed Description field: should contain one or more complete sentences.
Flavors: r-devel-linux-x86_64-debian-gcc, r-devel-linux-x86_64-fedora-clang, r-devel-linux-x86_64-fedora-gcc, r-devel-osx-x86_64-clang, r-devel-windows-ix86+x86_64, r-patched-linux-x86_64, r-patched-solaris-sparc, r-patched-solaris-x86, r-release-linux-x86_64, r-release-osx-x86_64-mavericks, r-release-windows-ix86+x86_64, r-oldrel-windows-ix86+x86_64