CRAN Package Check Results for Package survivalROC

Last updated on 2015-08-03 06:47:25.

Flavor Version Tinstall Tcheck Ttotal Status Flags
r-devel-linux-x86_64-debian-clang 1.0.3 0.82 8.85 9.66 NOTE
r-devel-linux-x86_64-debian-gcc 1.0.3 0.81 8.54 9.35 NOTE
r-devel-linux-x86_64-fedora-clang 1.0.3 18.50 NOTE
r-devel-linux-x86_64-fedora-gcc 1.0.3 17.33 NOTE
r-devel-osx-x86_64-clang 1.0.3 19.38 NOTE
r-devel-windows-ix86+x86_64 1.0.3 6.00 19.00 25.00 NOTE
r-patched-linux-x86_64 1.0.3 0.82 9.37 10.19 NOTE
r-patched-solaris-sparc 1.0.3 135.40 NOTE
r-patched-solaris-x86 1.0.3 29.10 NOTE
r-release-linux-x86_64 1.0.3 0.84 9.15 9.99 NOTE
r-release-osx-x86_64-mavericks 1.0.3 NOTE
r-release-windows-ix86+x86_64 1.0.3 5.00 19.00 24.00 NOTE
r-oldrel-windows-ix86+x86_64 1.0.3 9.00 23.00 32.00 OK

Check Details

Version: 1.0.3
Check: DESCRIPTION meta-information
Result: NOTE
    Malformed Description field: should contain one or more complete sentences.
Flavors: r-devel-linux-x86_64-debian-clang, r-devel-linux-x86_64-debian-gcc, r-devel-linux-x86_64-fedora-clang, r-devel-linux-x86_64-fedora-gcc, r-devel-osx-x86_64-clang, r-devel-windows-ix86+x86_64, r-patched-linux-x86_64, r-patched-solaris-sparc, r-patched-solaris-x86, r-release-linux-x86_64, r-release-osx-x86_64-mavericks, r-release-windows-ix86+x86_64