CRAN Package Check Results for Package survivalROC

Last updated on 2016-05-05 06:47:34.

Flavor Version Tinstall Tcheck Ttotal Status Flags
r-devel-linux-x86_64-debian-gcc 1.0.3 0.92 9.37 10.29 NOTE
r-devel-linux-x86_64-fedora-clang 1.0.3 16.92 NOTE
r-devel-linux-x86_64-fedora-gcc 1.0.3 15.77 NOTE
r-devel-osx-x86_64-clang 1.0.3 20.66 NOTE
r-devel-windows-ix86+x86_64 1.0.3 5.00 33.00 38.00 NOTE
r-patched-linux-x86_64 1.0.3 0.78 9.45 10.22 NOTE
r-patched-solaris-sparc 1.0.3 102.10 NOTE
r-patched-solaris-x86 1.0.3 23.80 NOTE
r-release-linux-x86_64 1.0.3 0.86 9.17 10.03 NOTE
r-release-osx-x86_64-mavericks 1.0.3 NOTE
r-release-windows-ix86+x86_64 1.0.3 5.00 33.00 38.00 NOTE
r-oldrel-windows-ix86+x86_64 1.0.3 5.00 29.00 34.00 NOTE

Check Details

Version: 1.0.3
Check: DESCRIPTION meta-information
Result: NOTE
    Malformed Description field: should contain one or more complete sentences.
Flavors: r-devel-linux-x86_64-debian-gcc, r-devel-linux-x86_64-fedora-clang, r-devel-linux-x86_64-fedora-gcc, r-devel-osx-x86_64-clang, r-devel-windows-ix86+x86_64, r-patched-linux-x86_64, r-patched-solaris-sparc, r-patched-solaris-x86, r-release-linux-x86_64, r-release-osx-x86_64-mavericks, r-release-windows-ix86+x86_64, r-oldrel-windows-ix86+x86_64