CRAN Package Check Results for Package survivalROC

Last updated on 2018-05-22 05:49:49 CEST.

Flavor Version Tinstall Tcheck Ttotal Status Flags
r-devel-linux-x86_64-debian-clang 1.0.3 1.52 16.17 17.69 NOTE
r-devel-linux-x86_64-debian-gcc 1.0.3 1.37 14.31 15.68 NOTE
r-devel-linux-x86_64-fedora-clang 1.0.3 23.79 NOTE
r-devel-linux-x86_64-fedora-gcc 1.0.3 22.91 NOTE
r-devel-windows-ix86+x86_64 1.0.3 9.00 45.00 54.00 NOTE
r-patched-linux-x86_64 1.0.3 1.54 17.18 18.72 NOTE
r-patched-solaris-x86 1.0.3 36.40 NOTE
r-release-linux-x86_64 1.0.3 1.65 16.78 18.43 NOTE
r-release-windows-ix86+x86_64 1.0.3 9.00 30.00 39.00 NOTE
r-release-osx-x86_64 1.0.3 NOTE
r-oldrel-windows-ix86+x86_64 1.0.3 5.00 29.00 34.00 NOTE
r-oldrel-osx-x86_64 1.0.3 NOTE

Check Details

Version: 1.0.3
Check: DESCRIPTION meta-information
Result: NOTE
    Malformed Description field: should contain one or more complete sentences.
Flavors: r-devel-linux-x86_64-debian-clang, r-devel-linux-x86_64-debian-gcc, r-devel-linux-x86_64-fedora-clang, r-devel-linux-x86_64-fedora-gcc, r-devel-windows-ix86+x86_64, r-patched-linux-x86_64, r-patched-solaris-x86, r-release-linux-x86_64, r-release-windows-ix86+x86_64, r-release-osx-x86_64, r-oldrel-windows-ix86+x86_64, r-oldrel-osx-x86_64

Version: 1.0.3
Check: compiled code
Result: NOTE
    File ‘survivalROC/libs/survivalROC.so’:
     Found no calls to: ‘R_registerRoutines’, ‘R_useDynamicSymbols’
    
    It is good practice to register native routines and to disable symbol
    search.
    
    See ‘Writing portable packages’ in the ‘Writing R Extensions’ manual.
Flavors: r-devel-linux-x86_64-debian-clang, r-devel-linux-x86_64-debian-gcc, r-devel-linux-x86_64-fedora-clang, r-devel-linux-x86_64-fedora-gcc, r-patched-linux-x86_64, r-release-linux-x86_64