CRAN Package Check Results for Package survivalROC

Last updated on 2015-05-30 03:49:01.

Flavor Version Tinstall Tcheck Ttotal Status Flags
r-devel-linux-x86_64-debian-clang 1.0.3 0.81 9.55 10.36 NOTE
r-devel-linux-x86_64-debian-gcc 1.0.3 0.80 9.48 10.28 NOTE
r-devel-linux-x86_64-fedora-clang 1.0.3 20.10 NOTE
r-devel-linux-x86_64-fedora-gcc 1.0.3 18.71 NOTE
r-devel-osx-x86_64-clang 1.0.3 23.16 NOTE
r-devel-windows-ix86+x86_64 1.0.3 8.00 18.00 26.00 NOTE
r-patched-linux-x86_64 1.0.3 0.84 9.39 10.22 NOTE
r-patched-solaris-sparc 1.0.3 139.40 NOTE
r-patched-solaris-x86 1.0.3 27.90 NOTE
r-release-linux-x86_64 1.0.3 0.84 9.78 10.62 NOTE
r-release-osx-x86_64-mavericks 1.0.3 NOTE
r-release-osx-x86_64-snowleopard 1.0.3 NOTE
r-release-windows-ix86+x86_64 1.0.3 3.00 21.00 24.00 NOTE
r-oldrel-windows-ix86+x86_64 1.0.3 9.00 23.00 32.00 OK

Check Details

Version: 1.0.3
Check: DESCRIPTION meta-information
Result: NOTE
    Malformed Description field: should contain one or more complete sentences.
Flavors: r-devel-linux-x86_64-debian-clang, r-devel-linux-x86_64-debian-gcc, r-devel-linux-x86_64-fedora-clang, r-devel-linux-x86_64-fedora-gcc, r-devel-osx-x86_64-clang, r-devel-windows-ix86+x86_64, r-patched-linux-x86_64, r-patched-solaris-sparc, r-patched-solaris-x86, r-release-linux-x86_64, r-release-osx-x86_64-mavericks, r-release-osx-x86_64-snowleopard, r-release-windows-ix86+x86_64