CRAN Package Check Results for Package survivalROC

Last updated on 2015-09-02 11:48:45.

Flavor Version Tinstall Tcheck Ttotal Status Flags
r-devel-linux-x86_64-debian-clang 1.0.3 0.78 9.26 10.04 NOTE
r-devel-linux-x86_64-debian-gcc 1.0.3 0.74 8.53 9.28 NOTE
r-devel-linux-x86_64-fedora-clang 1.0.3 17.48 NOTE
r-devel-linux-x86_64-fedora-gcc 1.0.3 16.67 NOTE
r-devel-osx-x86_64-clang 1.0.3 17.00 NOTE
r-devel-windows-ix86+x86_64 1.0.3 5.00 21.00 26.00 NOTE
r-patched-linux-x86_64 1.0.3 0.86 9.22 10.08 NOTE
r-patched-solaris-sparc 1.0.3 135.40 NOTE
r-patched-solaris-x86 1.0.3 30.00 NOTE
r-release-linux-x86_64 1.0.3 0.86 9.14 10.00 NOTE
r-release-osx-x86_64-mavericks 1.0.3 NOTE
r-release-windows-ix86+x86_64 1.0.3 6.00 20.00 26.00 NOTE
r-oldrel-windows-ix86+x86_64 1.0.3 9.00 23.00 32.00 OK

Check Details

Version: 1.0.3
Check: DESCRIPTION meta-information
Result: NOTE
    Malformed Description field: should contain one or more complete sentences.
Flavors: r-devel-linux-x86_64-debian-clang, r-devel-linux-x86_64-debian-gcc, r-devel-linux-x86_64-fedora-clang, r-devel-linux-x86_64-fedora-gcc, r-devel-osx-x86_64-clang, r-devel-windows-ix86+x86_64, r-patched-linux-x86_64, r-patched-solaris-sparc, r-patched-solaris-x86, r-release-linux-x86_64, r-release-osx-x86_64-mavericks, r-release-windows-ix86+x86_64