CRAN Package Check Results for Package survminer

Last updated on 2024-07-14 03:55:23 CEST.

Flavor Version Tinstall Tcheck Ttotal Status Flags
r-devel-linux-x86_64-debian-clang 0.4.9 15.58 292.61 308.19 OK
r-devel-linux-x86_64-debian-gcc 0.4.9 12.75 210.98 223.73 OK
r-devel-linux-x86_64-fedora-clang 0.4.9 306.48 NOTE
r-devel-linux-x86_64-fedora-gcc 0.4.9 310.36 OK
r-devel-windows-x86_64 0.4.9 16.00 214.00 230.00 NOTE
r-patched-linux-x86_64 0.4.9 26.23 274.66 300.89 OK
r-release-linux-x86_64 0.4.9 14.47 278.73 293.20 OK
r-release-macos-arm64 0.4.9 102.00 NOTE
r-release-macos-x86_64 0.4.9 137.00 NOTE
r-release-windows-x86_64 0.4.9 16.00 213.00 229.00 NOTE
r-oldrel-macos-arm64 0.4.9 103.00 NOTE
r-oldrel-macos-x86_64 0.4.9 165.00 NOTE
r-oldrel-windows-x86_64 0.4.9 19.00 266.00 285.00 NOTE

Check Details

Version: 0.4.9
Check: installed package size
Result: NOTE installed size is 6.1Mb sub-directories of 1Mb or more: doc 5.6Mb Flavors: r-devel-linux-x86_64-fedora-clang, r-devel-windows-x86_64, r-release-macos-arm64, r-release-macos-x86_64, r-release-windows-x86_64, r-oldrel-macos-arm64, r-oldrel-macos-x86_64, r-oldrel-windows-x86_64

Version: 0.4.9
Check: Rd cross-references
Result: NOTE Found the following Rd file(s) with Rd \link{} targets missing package anchors: ggadjustedcurves.Rd: coxph.object, coxph ggcompetingrisks.Rd: survfit ggcoxdiagnostics.Rd: coxph, coxph.object, residuals.coxph, geom_hline, geom_smooth ggcoxfunctional.Rd: coxph, Surv, coxph.object, arrangeGrob, grid.arrange ggcoxzph.Rd: plot.cox.zph, cox.zph, arrangeGrob, grid.arrange ggsurvevents.Rd: Surv, survfit ggsurvplot.Rd: grid.arrange surv_cutpoint.Rd: theme_classic, grid.arrange Please provide package anchors for all Rd \link{} targets not in the package itself and the base packages. Flavor: r-devel-windows-x86_64