CRAN Package Check Results for Package survrec

Last updated on 2014-08-22 00:46:58.

Flavor Version Tinstall Tcheck Ttotal Status Flags
r-devel-linux-x86_64-debian-clang 1.2-2 2.12 11.54 13.65 OK
r-devel-linux-x86_64-debian-gcc 1.2-2 1.98 11.57 13.55 OK
r-devel-linux-x86_64-fedora-clang 1.2-2 27.72 OK
r-devel-linux-x86_64-fedora-gcc 1.2-2 25.16 OK
r-devel-osx-x86_64-clang 1.2-2 27.48 OK
r-devel-windows-ix86+x86_64 1.2-2 8.00 24.00 32.00 OK
r-patched-linux-x86_64 1.2-2 2.06 11.89 13.95 OK
r-patched-solaris-sparc 1.2-2 173.40 OK
r-patched-solaris-x86 1.2-2 42.40 OK
r-release-linux-ix86 1.2-2 2.93 19.76 22.70 OK
r-release-linux-x86_64 1.2-2 1.99 12.82 14.80 OK
r-release-osx-x86_64-mavericks 1.2-2 OK
r-release-osx-x86_64-snowleopard 1.2-2 WARN
r-release-windows-ix86+x86_64 1.2-2 7.00 25.00 32.00 OK
r-oldrel-windows-ix86+x86_64 1.2-2 8.00 26.00 34.00 OK

Check Details

Version: 1.2-2
Check: examples
Result: WARN
    checking a package with encoding 'latin1' in an ASCII locale
    
     OK
Flavor: r-release-osx-x86_64-snowleopard