CRAN Package Check Results for Package survrec

Last updated on 2017-07-26 12:48:52.

Flavor Version Tinstall Tcheck Ttotal Status Flags
r-devel-linux-x86_64-debian-clang 1.2-2 2.09 21.49 23.58 WARN
r-devel-linux-x86_64-debian-gcc 1.2-2 2.27 21.61 23.88 WARN
r-devel-linux-x86_64-fedora-clang 1.2-2 27.52 WARN
r-devel-linux-x86_64-fedora-gcc 1.2-2 26.20 WARN
r-devel-windows-ix86+x86_64 1.2-2 15.00 50.00 65.00 WARN
r-patched-linux-x86_64 1.2-2 2.06 21.58 23.64 WARN
r-patched-solaris-x86 1.2-2 38.90 NOTE
r-release-linux-x86_64 1.2-2 2.02 21.54 23.56 WARN
r-release-windows-ix86+x86_64 1.2-2 9.00 58.00 67.00 NOTE
r-release-osx-x86_64 1.2-2 NOTE
r-oldrel-windows-ix86+x86_64 1.2-2 9.00 45.00 54.00 NOTE
r-oldrel-osx-x86_64 1.2-2 NOTE

Check Details

Version: 1.2-2
Check: whether package can be installed
Result: WARN
    Found the following significant warnings:
     Warning: GNU Extension: Nonstandard type declaration REAL*8 at (1)
Flavors: r-devel-linux-x86_64-debian-clang, r-devel-linux-x86_64-debian-gcc, r-devel-linux-x86_64-fedora-clang, r-devel-linux-x86_64-fedora-gcc, r-devel-windows-ix86+x86_64, r-patched-linux-x86_64, r-release-linux-x86_64

Version: 1.2-2
Check: R code for possible problems
Result: NOTE
    lines.survfitr: no visible global function definition for ‘lines’
    plot.survfitr: no visible global function definition for ‘plot’
    plot.survfitr: no visible global function definition for ‘lines’
    plot.survfitr: no visible global function definition for ‘qnorm’
    print.survfitr : pfun: no visible global function definition for
     ‘median’
    survdiffr: no visible global function definition for ‘runif’
    survdiffr: no visible global function definition for ‘terms’
    survdiffr: no visible global function definition for ‘model.extract’
    survfitr: no visible global function definition for ‘terms’
    survfitr: no visible global function definition for ‘model.extract’
    Undefined global functions or variables:
     lines median model.extract plot qnorm runif terms
    Consider adding
     importFrom("graphics", "lines", "plot")
     importFrom("stats", "median", "model.extract", "qnorm", "runif",
     "terms")
    to your NAMESPACE file.
Flavors: r-devel-linux-x86_64-debian-clang, r-devel-linux-x86_64-debian-gcc, r-devel-linux-x86_64-fedora-clang, r-devel-linux-x86_64-fedora-gcc, r-devel-windows-ix86+x86_64, r-patched-linux-x86_64, r-patched-solaris-x86, r-release-linux-x86_64, r-release-windows-ix86+x86_64, r-release-osx-x86_64, r-oldrel-windows-ix86+x86_64, r-oldrel-osx-x86_64

Version: 1.2-2
Check: compiled code
Result: NOTE
    File ‘survrec/libs/survrec.so’:
     Found ‘_gfortran_rand’, possibly from ‘rand’ (Fortran)
     Object: ‘bootstrap.o’
    File ‘survrec/libs/survrec.so’:
     Found no calls to: ‘R_registerRoutines’, ‘R_useDynamicSymbols’
    
    Compiled code should not call entry points which might terminate R nor
    write to stdout/stderr instead of to the console, nor the system RNG.
    It is good practice to register native routines and to disable symbol
    search.
    
    See ‘Writing portable packages’ in the ‘Writing R Extensions’ manual.
Flavors: r-devel-linux-x86_64-debian-clang, r-devel-linux-x86_64-debian-gcc, r-devel-linux-x86_64-fedora-clang, r-devel-linux-x86_64-fedora-gcc, r-patched-linux-x86_64, r-release-linux-x86_64

Version: 1.2-2
Check: compiled code
Result: NOTE
    File ‘survrec/libs/survrec.so’:
     Found ‘rand_’, possibly from ‘rand’ (Fortran)
     Object: ‘bootstrap.o’
    
    Compiled code should not call entry points which might terminate R nor
    write to stdout/stderr instead of to the console, nor the system RNG.
    
    See ‘Writing portable packages’ in the ‘Writing R Extensions’ manual.
Flavor: r-patched-solaris-x86

Version: 1.2-2
Check: compiled code
Result: NOTE
    File ‘survrec/libs/survrec.so’:
     Found ‘__gfortran_rand’, possibly from ‘rand’ (Fortran)
     Object: ‘bootstrap.o’
    
    Compiled code should not call entry points which might terminate R nor
    write to stdout/stderr instead of to the console, nor the system RNG.
    
    See ‘Writing portable packages’ in the ‘Writing R Extensions’ manual.
Flavors: r-release-osx-x86_64, r-oldrel-osx-x86_64