CRAN Package Check Results for Package survrec

Last updated on 2015-02-28 12:51:28.

Flavor Version Tinstall Tcheck Ttotal Status Flags
r-devel-linux-x86_64-debian-clang 1.2-2 2.16 11.63 13.79 NOTE
r-devel-linux-x86_64-debian-gcc 1.2-2 1.89 11.30 13.19 NOTE
r-devel-linux-x86_64-fedora-clang 1.2-2 26.88 NOTE
r-devel-linux-x86_64-fedora-gcc 1.2-2 23.83 NOTE
r-devel-osx-x86_64-clang 1.2-2 28.52 NOTE
r-devel-windows-ix86+x86_64 1.2-2 11.00 27.00 38.00 OK
r-patched-linux-x86_64 1.2-2 2.10 13.49 15.58 NOTE
r-patched-solaris-sparc 1.2-2 165.30 NOTE
r-patched-solaris-x86 1.2-2 42.00 NOTE
r-release-linux-ix86 1.2-2 3.61 20.54 24.15 OK
r-release-linux-x86_64 1.2-2 2.00 12.46 14.45 OK
r-release-osx-x86_64-mavericks 1.2-2 NOTE
r-release-osx-x86_64-snowleopard 1.2-2 WARN
r-release-windows-ix86+x86_64 1.2-2 9.00 28.00 37.00 OK
r-oldrel-windows-ix86+x86_64 1.2-2 10.00 46.00 56.00 OK

Check Details

Version: 1.2-2
Check: compiled code
Result: NOTE
    File ‘survrec/libs/survrec.so’:
     Found ‘_gfortran_rand’, possibly from ‘rand’ (Fortran)
     Object: ‘bootstrap.o’
    
    Compiled code should not call entry points which might terminate R nor
    write to stdout/stderr instead of to the console, nor the system RNG.
    
    See ‘Writing portable packages’ in the ‘Writing R Extensions’ manual.
Flavors: r-devel-linux-x86_64-debian-clang, r-devel-linux-x86_64-debian-gcc, r-devel-linux-x86_64-fedora-clang, r-devel-linux-x86_64-fedora-gcc, r-patched-linux-x86_64

Version: 1.2-2
Check: compiled code
Result: NOTE
    File ‘survrec/libs/survrec.so’:
     Found ‘__gfortran_rand’, possibly from ‘rand’ (Fortran)
     Object: ‘bootstrap.o’
    
    Compiled code should not call entry points which might terminate R nor
    write to stdout/stderr instead of to the console, nor the system RNG.
    
    See ‘Writing portable packages’ in the ‘Writing R Extensions’ manual.
Flavors: r-devel-osx-x86_64-clang, r-release-osx-x86_64-mavericks

Version: 1.2-2
Check: compiled code
Result: NOTE
    File ‘survrec/libs/survrec.so’:
     Found ‘rand_’, possibly from ‘rand’ (Fortran)
     Object: ‘bootstrap.o’
    
    Compiled code should not call entry points which might terminate R nor
    write to stdout/stderr instead of to the console, nor the system RNG.
    
    See ‘Writing portable packages’ in the ‘Writing R Extensions’ manual.
Flavors: r-patched-solaris-sparc, r-patched-solaris-x86

Version: 1.2-2
Check: examples
Result: WARN
    checking a package with encoding 'latin1' in an ASCII locale
    
     OK
Flavor: r-release-osx-x86_64-snowleopard