CRAN Package Check Results for Package survrec

Last updated on 2015-09-01 23:48:45.

Flavor Version Tinstall Tcheck Ttotal Status Flags
r-devel-linux-x86_64-debian-clang 1.2-2 1.96 10.93 12.89 NOTE
r-devel-linux-x86_64-debian-gcc 1.2-2 2.03 10.81 12.84 NOTE
r-devel-linux-x86_64-fedora-clang 1.2-2 23.71 NOTE
r-devel-linux-x86_64-fedora-gcc 1.2-2 22.24 NOTE
r-devel-osx-x86_64-clang 1.2-2 22.36 NOTE
r-devel-windows-ix86+x86_64 1.2-2 14.00 31.00 45.00 NOTE
r-patched-linux-x86_64 1.2-2 2.03 11.33 13.36 NOTE
r-patched-solaris-sparc 1.2-2 177.00 NOTE
r-patched-solaris-x86 1.2-2 40.30 NOTE
r-release-linux-x86_64 1.2-2 1.98 11.12 13.11 NOTE
r-release-osx-x86_64-mavericks 1.2-2 NOTE
r-release-windows-ix86+x86_64 1.2-2 12.00 30.00 42.00 OK
r-oldrel-windows-ix86+x86_64 1.2-2 12.00 32.00 44.00 OK

Check Details

Version: 1.2-2
Check: R code for possible problems
Result: NOTE
    lines.survfitr: no visible global function definition for ‘lines’
    plot.survfitr: no visible global function definition for ‘plot’
    plot.survfitr: no visible global function definition for ‘lines’
    plot.survfitr: no visible global function definition for ‘qnorm’
    print.survfitr : pfun: no visible global function definition for
     ‘median’
    survdiffr: no visible global function definition for ‘runif’
    survdiffr: no visible global function definition for ‘terms’
    survdiffr: no visible global function definition for ‘model.extract’
    survfitr: no visible global function definition for ‘terms’
    survfitr: no visible global function definition for ‘model.extract’
    Undefined global functions or variables:
     lines median model.extract plot qnorm runif terms
    Consider adding
     importFrom("graphics", "lines", "plot")
     importFrom("stats", "median", "model.extract", "qnorm", "runif",
     "terms")
    to your NAMESPACE.
Flavors: r-devel-linux-x86_64-debian-clang, r-devel-linux-x86_64-debian-gcc, r-devel-linux-x86_64-fedora-clang, r-devel-linux-x86_64-fedora-gcc, r-devel-windows-ix86+x86_64

Version: 1.2-2
Check: compiled code
Result: NOTE
    File ‘survrec/libs/survrec.so’:
     Found ‘_gfortran_rand’, possibly from ‘rand’ (Fortran)
     Object: ‘bootstrap.o’
    
    Compiled code should not call entry points which might terminate R nor
    write to stdout/stderr instead of to the console, nor the system RNG.
    
    See ‘Writing portable packages’ in the ‘Writing R Extensions’ manual.
Flavors: r-devel-linux-x86_64-debian-clang, r-devel-linux-x86_64-debian-gcc, r-devel-linux-x86_64-fedora-clang, r-devel-linux-x86_64-fedora-gcc, r-patched-linux-x86_64, r-release-linux-x86_64

Version: 1.2-2
Check: compiled code
Result: NOTE
    File ‘survrec/libs/survrec.so’:
     Found ‘__gfortran_rand’, possibly from ‘rand’ (Fortran)
     Object: ‘bootstrap.o’
    
    Compiled code should not call entry points which might terminate R nor
    write to stdout/stderr instead of to the console, nor the system RNG.
    
    See ‘Writing portable packages’ in the ‘Writing R Extensions’ manual.
Flavors: r-devel-osx-x86_64-clang, r-release-osx-x86_64-mavericks

Version: 1.2-2
Check: compiled code
Result: NOTE
    File ‘survrec/libs/survrec.so’:
     Found ‘rand_’, possibly from ‘rand’ (Fortran)
     Object: ‘bootstrap.o’
    
    Compiled code should not call entry points which might terminate R nor
    write to stdout/stderr instead of to the console, nor the system RNG.
    
    See ‘Writing portable packages’ in the ‘Writing R Extensions’ manual.
Flavors: r-patched-solaris-sparc, r-patched-solaris-x86