CRAN Package Check Results for Package survrec

Last updated on 2015-04-27 08:48:26.

Flavor Version Tinstall Tcheck Ttotal Status Flags
r-devel-linux-x86_64-debian-clang 1.2-2 1.96 12.06 14.02 NOTE
r-devel-linux-x86_64-debian-gcc 1.2-2 1.96 11.68 13.64 NOTE
r-devel-linux-x86_64-fedora-clang 1.2-2 25.35 NOTE
r-devel-linux-x86_64-fedora-gcc 1.2-2 24.90 NOTE
r-devel-osx-x86_64-clang 1.2-2 27.80 NOTE
r-devel-windows-ix86+x86_64 1.2-2 8.00 34.00 42.00 OK
r-patched-linux-x86_64 1.2-2 2.20 11.42 13.61 NOTE
r-patched-solaris-sparc 1.2-2 170.10 NOTE
r-patched-solaris-x86 1.2-2 38.90 NOTE
r-release-linux-x86_64 1.2-2 1.88 11.38 13.26 NOTE
r-release-osx-x86_64-mavericks 1.2-2 NOTE
r-release-osx-x86_64-snowleopard 1.2-2 NOTE
r-release-windows-ix86+x86_64 1.2-2 8.00 26.00 34.00 OK
r-oldrel-windows-ix86+x86_64 1.2-2 6.00 38.00 44.00 OK

Check Details

Version: 1.2-2
Check: compiled code
Result: NOTE
    File ‘survrec/libs/survrec.so’:
     Found ‘_gfortran_rand’, possibly from ‘rand’ (Fortran)
     Object: ‘bootstrap.o’
    
    Compiled code should not call entry points which might terminate R nor
    write to stdout/stderr instead of to the console, nor the system RNG.
    
    See ‘Writing portable packages’ in the ‘Writing R Extensions’ manual.
Flavors: r-devel-linux-x86_64-debian-clang, r-devel-linux-x86_64-debian-gcc, r-devel-linux-x86_64-fedora-clang, r-devel-linux-x86_64-fedora-gcc

Version: 1.2-2
Check: compiled code
Result: NOTE
    File ‘survrec/libs/survrec.so’:
     Found ‘__gfortran_rand’, possibly from ‘rand’ (Fortran)
     Object: ‘bootstrap.o’
    
    Compiled code should not call entry points which might terminate R nor
    write to stdout/stderr instead of to the console, nor the system RNG.
    
    See ‘Writing portable packages’ in the ‘Writing R Extensions’ manual.
Flavors: r-devel-osx-x86_64-clang, r-release-osx-x86_64-mavericks, r-release-osx-x86_64-snowleopard

Version: 1.2-2
Check: compiled code
Result: NOTE
    File ‘survrec/libs/survrec.so’:
     Found ‘rand_’, possibly from ‘rand’ (Fortran)
     Object: ‘bootstrap.o’
    
    Compiled code should not call entry points which might terminate R nor
    write to stdout/stderr instead of to the console, nor the system RNG.
    
    See ‘Writing portable packages’ in the ‘Writing R Extensions’ manual.
Flavors: r-patched-solaris-sparc, r-patched-solaris-x86