CRAN Package Check Results for Package survrec

Last updated on 2014-04-17 21:47:57.

Flavor Version Tinstall Tcheck Ttotal Status Flags
r-devel-linux-x86_64-debian-clang 1.2-2 1.98 12.32 14.30 OK
r-devel-linux-x86_64-debian-gcc 1.2-2 1.98 12.62 14.60 OK
r-devel-linux-x86_64-fedora-clang 1.2-2 26.96 OK
r-devel-linux-x86_64-fedora-gcc 1.2-2 25.64 OK
r-devel-macosx-x86_64-clang 1.2-2 29.95 OK
r-devel-macosx-x86_64-gcc 1.2-2 OK
r-devel-windows-ix86+x86_64 1.2-2 8.00 26.00 34.00 OK
r-patched-linux-x86_64 1.2-2 2.04 12.52 14.56 OK
r-patched-solaris-sparc 1.2-2 165.50 OK
r-patched-solaris-x86 1.2-2 41.20 OK
r-release-linux-ix86 1.2-2 5.00 28.00 33.00 OK
r-release-linux-x86_64 1.2-2 2.02 12.48 14.50 OK
r-release-macosx-x86_64 1.2-2 WARN
r-release-windows-ix86+x86_64 1.2-2 8.00 27.00 35.00 OK
r-oldrel-windows-ix86+x86_64 1.2-2 8.00 28.00 36.00 OK

Check Details

Version: 1.2-2
Check: examples
Result: WARNING
    checking a package with encoding 'latin1' in an ASCII locale
    
     OK
Flavor: r-release-macosx-x86_64