CRAN Package Check Results for Package survrec

Last updated on 2014-11-24 09:48:25.

Flavor Version Tinstall Tcheck Ttotal Status Flags
r-devel-linux-x86_64-debian-clang 1.2-2 2.08 12.53 14.62 OK
r-devel-linux-x86_64-debian-gcc 1.2-2 2.02 12.32 14.34 OK
r-devel-linux-x86_64-fedora-clang 1.2-2 29.20 OK
r-devel-linux-x86_64-fedora-gcc 1.2-2 27.00 OK
r-devel-osx-x86_64-clang 1.2-2 30.94 OK
r-devel-windows-ix86+x86_64 1.2-2 9.00 26.00 35.00 OK
r-patched-linux-x86_64 1.2-2 2.39 12.59 14.98 OK
r-patched-solaris-sparc 1.2-2 173.40 OK
r-patched-solaris-x86 1.2-2 46.90 OK
r-release-linux-ix86 1.2-2 2.80 19.62 22.43 OK
r-release-linux-x86_64 1.2-2 2.00 12.37 14.38 OK
r-release-osx-x86_64-mavericks 1.2-2 OK
r-release-osx-x86_64-snowleopard 1.2-2 WARN
r-release-windows-ix86+x86_64 1.2-2 8.00 28.00 36.00 OK
r-oldrel-windows-ix86+x86_64 1.2-2 7.00 27.00 34.00 OK

Check Details

Version: 1.2-2
Check: examples
Result: WARN
    checking a package with encoding 'latin1' in an ASCII locale
    
     OK
Flavor: r-release-osx-x86_64-snowleopard