CRAN Package Check Results for Package survrec

Last updated on 2014-09-02 03:49:51.

Flavor Version Tinstall Tcheck Ttotal Status Flags
r-devel-linux-x86_64-debian-clang 1.2-2 1.96 11.58 13.55 OK
r-devel-linux-x86_64-debian-gcc 1.2-2 1.89 11.80 13.69 OK
r-devel-linux-x86_64-fedora-clang 1.2-2 27.43 OK
r-devel-linux-x86_64-fedora-gcc 1.2-2 25.14 OK
r-devel-osx-x86_64-clang 1.2-2 27.62 OK
r-devel-windows-ix86+x86_64 1.2-2 7.00 25.00 32.00 OK
r-patched-linux-x86_64 1.2-2 2.00 11.78 13.78 OK
r-patched-solaris-sparc 1.2-2 173.40 OK
r-patched-solaris-x86 1.2-2 42.80 OK
r-release-linux-ix86 1.2-2 2.88 19.87 22.76 OK
r-release-linux-x86_64 1.2-2 2.00 12.11 14.11 OK
r-release-osx-x86_64-mavericks 1.2-2 OK
r-release-osx-x86_64-snowleopard 1.2-2 WARN
r-release-windows-ix86+x86_64 1.2-2 8.00 43.00 51.00 OK
r-oldrel-windows-ix86+x86_64 1.2-2 9.00 27.00 36.00 OK

Check Details

Version: 1.2-2
Check: examples
Result: WARN
    checking a package with encoding 'latin1' in an ASCII locale
    
     OK
Flavor: r-release-osx-x86_64-snowleopard