CRAN Package Check Results for Package survrec

Last updated on 2014-07-30 23:47:27.

Flavor Version Tinstall Tcheck Ttotal Status Flags
r-devel-linux-x86_64-debian-clang 1.2-2 2.09 11.93 14.02 OK
r-devel-linux-x86_64-debian-gcc 1.2-2 1.99 12.28 14.27 OK
r-devel-linux-x86_64-fedora-clang 1.2-2 27.54 OK
r-devel-linux-x86_64-fedora-gcc 1.2-2 25.78 OK
r-devel-osx-x86_64-clang 1.2-2 28.68 OK
r-devel-windows-ix86+x86_64 1.2-2 8.00 24.00 32.00 OK
r-patched-linux-x86_64 1.2-2 1.96 11.84 13.80 OK
r-patched-solaris-sparc 1.2-2 173.40 OK
r-patched-solaris-x86 1.2-2 41.20 OK
r-release-linux-ix86 1.2-2 2.89 19.58 22.47 OK
r-release-linux-x86_64 1.2-2 2.09 12.19 14.28 OK
r-release-osx-x86_64-mavericks 1.2-2 OK
r-release-osx-x86_64-snowleopard 1.2-2 WARN
r-release-windows-ix86+x86_64 1.2-2 8.00 27.00 35.00 OK
r-oldrel-windows-ix86+x86_64 1.2-2 12.00 38.00 50.00 OK

Check Details

Version: 1.2-2
Check: examples
Result: WARNING
    checking a package with encoding 'latin1' in an ASCII locale
    
     OK
Flavor: r-release-osx-x86_64-snowleopard