CRAN Package Check Results for Package survrec

Last updated on 2014-10-21 05:48:10.

Flavor Version Tinstall Tcheck Ttotal Status Flags
r-devel-linux-x86_64-debian-clang 1.2-2 1.98 12.53 14.52 OK
r-devel-linux-x86_64-debian-gcc 1.2-2 2.05 12.42 14.47 OK
r-devel-linux-x86_64-fedora-clang 1.2-2 28.35 OK
r-devel-linux-x86_64-fedora-gcc 1.2-2 26.14 OK
r-devel-osx-x86_64-clang 1.2-2 30.73 OK
r-devel-windows-ix86+x86_64 1.2-2 8.00 27.00 35.00 OK
r-patched-linux-x86_64 1.2-2 2.43 12.64 15.07 OK
r-patched-solaris-sparc 1.2-2 173.40 OK
r-patched-solaris-x86 1.2-2 43.10 OK
r-release-linux-ix86 1.2-2 2.88 20.27 23.16 OK
r-release-linux-x86_64 1.2-2 1.96 12.76 14.72 OK
r-release-osx-x86_64-mavericks 1.2-2 OK
r-release-osx-x86_64-snowleopard 1.2-2 WARN
r-release-windows-ix86+x86_64 1.2-2 8.00 26.00 34.00 OK
r-oldrel-windows-ix86+x86_64 1.2-2 9.00 26.00 35.00 OK

Check Details

Version: 1.2-2
Check: examples
Result: WARN
    checking a package with encoding 'latin1' in an ASCII locale
    
     OK
Flavor: r-release-osx-x86_64-snowleopard