CRAN Package Check Results for Package survrec

Last updated on 2015-05-22 23:48:13.

Flavor Version Tinstall Tcheck Ttotal Status Flags
r-devel-linux-x86_64-debian-clang 1.2-2 2.03 11.47 13.50 NOTE
r-devel-linux-x86_64-debian-gcc 1.2-2 1.96 11.24 13.20 NOTE
r-devel-linux-x86_64-fedora-clang 1.2-2 25.17 NOTE
r-devel-linux-x86_64-fedora-gcc 1.2-2 23.99 NOTE
r-devel-osx-x86_64-clang 1.2-2 27.75 NOTE
r-devel-windows-ix86+x86_64 1.2-2 11.00 24.00 35.00 OK
r-patched-linux-x86_64 1.2-2 1.92 12.03 13.95 NOTE
r-patched-solaris-sparc 1.2-2 179.00 NOTE
r-patched-solaris-x86 1.2-2 38.70 NOTE
r-release-linux-x86_64 1.2-2 2.17 13.03 15.20 NOTE
r-release-osx-x86_64-mavericks 1.2-2 NOTE
r-release-osx-x86_64-snowleopard 1.2-2 NOTE
r-release-windows-ix86+x86_64 1.2-2 8.00 25.00 33.00 OK
r-oldrel-windows-ix86+x86_64 1.2-2 8.00 43.00 51.00 OK

Check Details

Version: 1.2-2
Check: compiled code
Result: NOTE
    File ‘survrec/libs/survrec.so’:
     Found ‘_gfortran_rand’, possibly from ‘rand’ (Fortran)
     Object: ‘bootstrap.o’
    
    Compiled code should not call entry points which might terminate R nor
    write to stdout/stderr instead of to the console, nor the system RNG.
    
    See ‘Writing portable packages’ in the ‘Writing R Extensions’ manual.
Flavors: r-devel-linux-x86_64-debian-clang, r-devel-linux-x86_64-debian-gcc, r-devel-linux-x86_64-fedora-clang, r-devel-linux-x86_64-fedora-gcc, r-patched-linux-x86_64, r-release-linux-x86_64

Version: 1.2-2
Check: compiled code
Result: NOTE
    File ‘survrec/libs/survrec.so’:
     Found ‘__gfortran_rand’, possibly from ‘rand’ (Fortran)
     Object: ‘bootstrap.o’
    
    Compiled code should not call entry points which might terminate R nor
    write to stdout/stderr instead of to the console, nor the system RNG.
    
    See ‘Writing portable packages’ in the ‘Writing R Extensions’ manual.
Flavors: r-devel-osx-x86_64-clang, r-release-osx-x86_64-mavericks, r-release-osx-x86_64-snowleopard

Version: 1.2-2
Check: compiled code
Result: NOTE
    File ‘survrec/libs/survrec.so’:
     Found ‘rand_’, possibly from ‘rand’ (Fortran)
     Object: ‘bootstrap.o’
    
    Compiled code should not call entry points which might terminate R nor
    write to stdout/stderr instead of to the console, nor the system RNG.
    
    See ‘Writing portable packages’ in the ‘Writing R Extensions’ manual.
Flavors: r-patched-solaris-sparc, r-patched-solaris-x86