CRAN Package Check Results for Package survrec

Last updated on 2015-01-29 05:48:35.

Flavor Version Tinstall Tcheck Ttotal Status Flags
r-devel-linux-x86_64-debian-clang 1.2-2 2.17 11.82 13.99 NOTE
r-devel-linux-x86_64-debian-gcc 1.2-2 1.94 11.42 13.35 NOTE
r-devel-linux-x86_64-fedora-clang 1.2-2 30.12 NOTE
r-devel-linux-x86_64-fedora-gcc 1.2-2 27.38 NOTE
r-devel-osx-x86_64-clang 1.2-2 30.30 NOTE
r-devel-windows-ix86+x86_64 1.2-2 11.00 25.00 36.00 OK
r-patched-linux-x86_64 1.2-2 2.02 12.56 14.58 NOTE
r-patched-solaris-sparc 1.2-2 165.30 NOTE
r-patched-solaris-x86 1.2-2 41.80 NOTE
r-release-linux-ix86 1.2-2 2.80 19.71 22.51 OK
r-release-linux-x86_64 1.2-2 1.98 12.75 14.73 OK
r-release-osx-x86_64-mavericks 1.2-2 NOTE
r-release-osx-x86_64-snowleopard 1.2-2 WARN
r-release-windows-ix86+x86_64 1.2-2 8.00 30.00 38.00 OK
r-oldrel-windows-ix86+x86_64 1.2-2 8.00 41.00 49.00 OK

Check Details

Version: 1.2-2
Check: compiled code
Result: NOTE
    File ‘survrec/libs/survrec.so’:
     Found ‘_gfortran_rand’, possibly from ‘rand’ (Fortran)
     Object: ‘bootstrap.o’
    
    Compiled code should not call entry points which might terminate R nor
    write to stdout/stderr instead of to the console, nor the system RNG.
    
    See ‘Writing portable packages’ in the ‘Writing R Extensions’ manual.
Flavors: r-devel-linux-x86_64-debian-clang, r-devel-linux-x86_64-debian-gcc, r-devel-linux-x86_64-fedora-clang, r-devel-linux-x86_64-fedora-gcc, r-patched-linux-x86_64

Version: 1.2-2
Check: compiled code
Result: NOTE
    File ‘survrec/libs/survrec.so’:
     Found ‘__gfortran_rand’, possibly from ‘rand’ (Fortran)
     Object: ‘bootstrap.o’
    
    Compiled code should not call entry points which might terminate R nor
    write to stdout/stderr instead of to the console, nor the system RNG.
    
    See ‘Writing portable packages’ in the ‘Writing R Extensions’ manual.
Flavors: r-devel-osx-x86_64-clang, r-release-osx-x86_64-mavericks

Version: 1.2-2
Check: compiled code
Result: NOTE
    File ‘survrec/libs/survrec.so’:
     Found ‘rand_’, possibly from ‘rand’ (Fortran)
     Object: ‘bootstrap.o’
    
    Compiled code should not call entry points which might terminate R nor
    write to stdout/stderr instead of to the console, nor the system RNG.
    
    See ‘Writing portable packages’ in the ‘Writing R Extensions’ manual.
Flavors: r-patched-solaris-sparc, r-patched-solaris-x86

Version: 1.2-2
Check: examples
Result: WARN
    checking a package with encoding 'latin1' in an ASCII locale
    
     OK
Flavor: r-release-osx-x86_64-snowleopard