CRAN Package Check Results for Package survrec

Last updated on 2018-02-20 19:48:41 CET.

Flavor Version Tinstall Tcheck Ttotal Status Flags
r-release-osx-x86_64 1.2-2 NOTE

Check Details

Version: 1.2-2
Check: R code for possible problems
Result: NOTE
    lines.survfitr: no visible global function definition for ‘lines’
    plot.survfitr: no visible global function definition for ‘plot’
    plot.survfitr: no visible global function definition for ‘lines’
    plot.survfitr: no visible global function definition for ‘qnorm’
    print.survfitr : pfun: no visible global function definition for
     ‘median’
    survdiffr: no visible global function definition for ‘runif’
    survdiffr: no visible global function definition for ‘terms’
    survdiffr: no visible global function definition for ‘model.extract’
    survfitr: no visible global function definition for ‘terms’
    survfitr: no visible global function definition for ‘model.extract’
    Undefined global functions or variables:
     lines median model.extract plot qnorm runif terms
    Consider adding
     importFrom("graphics", "lines", "plot")
     importFrom("stats", "median", "model.extract", "qnorm", "runif",
     "terms")
    to your NAMESPACE file.
Flavor: r-release-osx-x86_64

Version: 1.2-2
Check: compiled code
Result: NOTE
    File ‘survrec/libs/survrec.so’:
     Found ‘__gfortran_rand’, possibly from ‘rand’ (Fortran)
     Object: ‘bootstrap.o’
    
    Compiled code should not call entry points which might terminate R nor
    write to stdout/stderr instead of to the console, nor the system RNG.
    
    See ‘Writing portable packages’ in the ‘Writing R Extensions’ manual.
Flavor: r-release-osx-x86_64