CRAN Package Check Results for Package survrec

Last updated on 2015-03-28 16:47:24.

Flavor Version Tinstall Tcheck Ttotal Status Flags
r-devel-linux-x86_64-debian-clang 1.2-2 2.00 11.82 13.82 NOTE
r-devel-linux-x86_64-debian-gcc 1.2-2 1.98 11.53 13.51 NOTE
r-devel-linux-x86_64-fedora-clang 1.2-2 26.12 NOTE
r-devel-linux-x86_64-fedora-gcc 1.2-2 24.94 NOTE
r-devel-osx-x86_64-clang 1.2-2 31.88 NOTE
r-prerel-windows-ix86+x86_64 1.2-2 10.00 25.00 35.00 OK
r-prerel-linux-x86_64 1.2-2 1.94 11.24 13.19 NOTE
r-prerel-solaris-sparc 1.2-2 170.10 NOTE
r-prerel-solaris-x86 1.2-2 38.60 NOTE
r-release-linux-x86_64 1.2-2 2.04 13.08 15.12 NOTE
r-release-osx-x86_64-mavericks 1.2-2 NOTE
r-release-osx-x86_64-snowleopard 1.2-2 WARN
r-release-windows-ix86+x86_64 1.2-2 9.00 26.00 35.00 OK
r-oldrel-windows-ix86+x86_64 1.2-2 8.00 38.00 46.00 OK

Check Details

Version: 1.2-2
Check: compiled code
Result: NOTE
    File ‘survrec/libs/survrec.so’:
     Found ‘_gfortran_rand’, possibly from ‘rand’ (Fortran)
     Object: ‘bootstrap.o’
    
    Compiled code should not call entry points which might terminate R nor
    write to stdout/stderr instead of to the console, nor the system RNG.
    
    See ‘Writing portable packages’ in the ‘Writing R Extensions’ manual.
Flavors: r-devel-linux-x86_64-debian-clang, r-devel-linux-x86_64-debian-gcc, r-devel-linux-x86_64-fedora-clang, r-devel-linux-x86_64-fedora-gcc, r-prerel-linux-x86_64, r-release-linux-x86_64

Version: 1.2-2
Check: compiled code
Result: NOTE
    File ‘survrec/libs/survrec.so’:
     Found ‘__gfortran_rand’, possibly from ‘rand’ (Fortran)
     Object: ‘bootstrap.o’
    
    Compiled code should not call entry points which might terminate R nor
    write to stdout/stderr instead of to the console, nor the system RNG.
    
    See ‘Writing portable packages’ in the ‘Writing R Extensions’ manual.
Flavors: r-devel-osx-x86_64-clang, r-release-osx-x86_64-mavericks

Version: 1.2-2
Check: compiled code
Result: NOTE
    File ‘survrec/libs/survrec.so’:
     Found ‘rand_’, possibly from ‘rand’ (Fortran)
     Object: ‘bootstrap.o’
    
    Compiled code should not call entry points which might terminate R nor
    write to stdout/stderr instead of to the console, nor the system RNG.
    
    See ‘Writing portable packages’ in the ‘Writing R Extensions’ manual.
Flavors: r-prerel-solaris-sparc, r-prerel-solaris-x86

Version: 1.2-2
Check: examples
Result: WARN
    checking a package with encoding 'latin1' in an ASCII locale
    
     OK
Flavor: r-release-osx-x86_64-snowleopard