CRAN Package Check Results for Package survstan

Last updated on 2024-03-04 14:59:20 CET.

Flavor Version Tinstall Tcheck Ttotal Status Flags
r-devel-linux-x86_64-debian-clang 0.0.6.1 240.52 275.14 515.66 NOTE
r-devel-linux-x86_64-debian-gcc 0.0.6.1 193.62 212.74 406.36 NOTE
r-devel-linux-x86_64-fedora-clang 0.0.6.1 507.30 NOTE
r-devel-linux-x86_64-fedora-gcc 0.0.6.1 688.08 NOTE
r-devel-windows-x86_64 0.0.6.1 171.00 232.00 403.00 NOTE
r-patched-linux-x86_64 0.0.6.1 155.65 279.26 434.91 NOTE
r-release-linux-x86_64 0.0.6.1 183.53 282.31 465.84 NOTE
r-release-macos-arm64 0.0.6.1 196.00 NOTE
r-release-macos-x86_64 0.0.6.1 409.00 NOTE
r-release-windows-x86_64 0.0.6.1 223.00 293.00 516.00 NOTE
r-oldrel-macos-arm64 0.0.6.1 170.00 NOTE
r-oldrel-windows-x86_64 0.0.6.1 207.00 279.00 486.00 NOTE

Check Details

Version: 0.0.6.1
Check: for GNU extensions in Makefiles
Result: NOTE GNU make is a SystemRequirements. Flavors: r-devel-linux-x86_64-debian-clang, r-devel-linux-x86_64-debian-gcc, r-devel-linux-x86_64-fedora-clang, r-devel-linux-x86_64-fedora-gcc, r-devel-windows-x86_64, r-patched-linux-x86_64, r-release-linux-x86_64, r-release-macos-arm64, r-release-macos-x86_64, r-release-windows-x86_64, r-oldrel-macos-arm64, r-oldrel-windows-x86_64

Version: 0.0.6.1
Check: dependencies in R code
Result: NOTE Namespaces in Imports field not imported from: ‘RcppParallel’ ‘rstantools’ All declared Imports should be used. Flavors: r-devel-linux-x86_64-fedora-clang, r-devel-linux-x86_64-fedora-gcc

Version: 0.0.6.1
Check: installed package size
Result: NOTE installed size is 54.8Mb sub-directories of 1Mb or more: libs 54.2Mb Flavors: r-release-macos-arm64, r-release-macos-x86_64, r-oldrel-macos-arm64