CRAN Package Check Results for Package svDialogs

Last updated on 2015-03-28 05:49:42.

Flavor Version Tinstall Tcheck Ttotal Status Flags
r-devel-linux-x86_64-debian-clang 0.9-57 0.64 13.41 14.06 NOTE
r-devel-linux-x86_64-debian-gcc 0.9-57 0.64 13.30 13.94 NOTE
r-devel-linux-x86_64-fedora-clang 0.9-57 26.72 NOTE
r-devel-linux-x86_64-fedora-gcc 0.9-57 24.64 NOTE
r-devel-osx-x86_64-clang 0.9-57 31.44 NOTE
r-prerel-windows-ix86+x86_64 0.9-57 3.00 22.00 25.00 NOTE
r-prerel-linux-x86_64 0.9-57 0.80 12.55 13.35 NOTE
r-prerel-solaris-sparc 0.9-57 158.80 NOTE
r-prerel-solaris-x86 0.9-57 33.50 NOTE
r-release-linux-x86_64 0.9-57 0.75 13.53 14.28 OK
r-release-osx-x86_64-mavericks 0.9-57 OK
r-release-osx-x86_64-snowleopard 0.9-57 OK
r-release-windows-ix86+x86_64 0.9-57 4.00 25.00 29.00 OK
r-oldrel-windows-ix86+x86_64 0.9-57 4.00 24.00 28.00 OK

Check Details

Version: 0.9-57
Check: DESCRIPTION meta-information
Result: NOTE
    Malformed Description field: should contain one or more complete sentences.
Flavors: r-devel-linux-x86_64-debian-clang, r-devel-linux-x86_64-debian-gcc, r-devel-linux-x86_64-fedora-clang, r-devel-linux-x86_64-fedora-gcc, r-devel-osx-x86_64-clang, r-prerel-windows-ix86+x86_64, r-prerel-linux-x86_64, r-prerel-solaris-sparc, r-prerel-solaris-x86