CRAN Package Check Results for Package svDialogs

Last updated on 2015-09-01 10:51:12.

Flavor Version Tinstall Tcheck Ttotal Status Flags
r-devel-linux-x86_64-debian-clang 0.9-57 0.60 11.82 12.42 NOTE
r-devel-linux-x86_64-debian-gcc 0.9-57 0.59 11.94 12.53 NOTE
r-devel-linux-x86_64-fedora-clang 0.9-57 23.46 NOTE
r-devel-linux-x86_64-fedora-gcc 0.9-57 22.13 NOTE
r-devel-osx-x86_64-clang 0.9-57 21.80 NOTE
r-devel-windows-ix86+x86_64 0.9-57 2.00 23.00 25.00 NOTE
r-patched-linux-x86_64 0.9-57 0.70 12.40 13.10 NOTE
r-patched-solaris-sparc 0.9-57 170.10 NOTE
r-patched-solaris-x86 0.9-57 36.50 NOTE
r-release-linux-x86_64 0.9-57 0.86 12.53 13.39 NOTE
r-release-osx-x86_64-mavericks 0.9-57 NOTE
r-release-windows-ix86+x86_64 0.9-57 3.00 21.00 24.00 NOTE
r-oldrel-windows-ix86+x86_64 0.9-57 4.00 25.00 29.00 OK

Check Details

Version: 0.9-57
Check: DESCRIPTION meta-information
Result: NOTE
    Malformed Description field: should contain one or more complete sentences.
Flavors: r-devel-linux-x86_64-debian-clang, r-devel-linux-x86_64-debian-gcc, r-devel-linux-x86_64-fedora-clang, r-devel-linux-x86_64-fedora-gcc, r-devel-osx-x86_64-clang, r-devel-windows-ix86+x86_64, r-patched-linux-x86_64, r-patched-solaris-sparc, r-patched-solaris-x86, r-release-linux-x86_64, r-release-osx-x86_64-mavericks, r-release-windows-ix86+x86_64

Version: 0.9-57
Check: R code for possible problems
Result: NOTE
    .jgrRun: no visible global function definition for ‘capture.output’
    .macDlgList: no visible global function definition for ‘select.list’
    .unixDlgForm: no visible global function definition for ‘as’
    .unixDlgMessage: no visible global function definition for ‘alarm’
    .winDlgList: no visible global function definition for ‘select.list’
    dlgForm.textCLI: no visible global function definition for ‘as’
    dlgList.textCLI: no visible global function definition for
     ‘select.list’
    dlgMessage.textCLI: no visible global function definition for
     ‘select.list’
    dlgSave.textCLI: no visible global function definition for
     ‘select.list’
    Undefined global functions or variables:
     alarm as capture.output select.list
    Consider adding
     importFrom("methods", "as")
     importFrom("utils", "alarm", "capture.output", "select.list")
    to your NAMESPACE (and ensure that your DESCRIPTION Imports field
    contains 'methods').
Flavors: r-devel-linux-x86_64-debian-clang, r-devel-linux-x86_64-debian-gcc, r-devel-linux-x86_64-fedora-clang, r-devel-linux-x86_64-fedora-gcc

Version: 0.9-57
Check: R code for possible problems
Result: NOTE
    .jgrRun: no visible global function definition for 'capture.output'
    .macDlgList: no visible global function definition for 'select.list'
    .unixDlgForm: no visible global function definition for 'as'
    .unixDlgMessage: no visible global function definition for 'alarm'
    .winDlgDir: no visible global function definition for 'choose.dir'
    .winDlgInput: no visible global function definition for
     'winDialogString'
    .winDlgList: no visible global function definition for 'select.list'
    .winDlgMessage: no visible global function definition for 'winDialog'
    .winDlgOpen: no visible global function definition for 'choose.files'
    .winDlgSave: no visible global function definition for 'choose.files'
    .winDlgSave: no visible global function definition for 'winDialog'
    .winMenuAddItem: no visible global function definition for
     'winMenuItems'
    .winMenuAddItem: no visible global function definition for
     'winMenuAddItem'
    dlgForm.textCLI: no visible global function definition for 'as'
    dlgList.textCLI: no visible global function definition for
     'select.list'
    dlgMessage.textCLI: no visible global function definition for
     'select.list'
    dlgSave.textCLI: no visible global function definition for
     'select.list'
    menuAdd: no visible global function definition for 'winMenuAdd'
    menuDel: no visible global function definition for 'winMenuDel'
    menuDelItem: no visible global function definition for 'winMenuDelItem'
    menuItems: no visible global function definition for 'winMenuItems'
    menuNames: no visible global function definition for 'winMenuNames'
    Undefined global functions or variables:
     alarm as capture.output choose.dir choose.files select.list winDialog
     winDialogString winMenuAdd winMenuAddItem winMenuDel winMenuDelItem
     winMenuItems winMenuNames
    Consider adding
     importFrom("methods", "as")
     importFrom("utils", "alarm", "capture.output", "choose.dir",
     "choose.files", "select.list", "winDialog",
     "winDialogString", "winMenuAdd", "winMenuAddItem",
     "winMenuDel", "winMenuDelItem", "winMenuItems",
     "winMenuNames")
    to your NAMESPACE (and ensure that your DESCRIPTION Imports field
    contains 'methods').
Flavor: r-devel-windows-ix86+x86_64