CRAN Package Check Results for Package svDialogs

Last updated on 2015-07-01 06:48:58.

Flavor Version Tinstall Tcheck Ttotal Status Flags
r-devel-linux-x86_64-debian-clang 0.9-57 0.65 12.10 12.76 NOTE
r-devel-linux-x86_64-debian-gcc 0.9-57 0.74 12.31 13.06 NOTE
r-devel-linux-x86_64-fedora-clang 0.9-57 24.08 NOTE
r-devel-linux-x86_64-fedora-gcc 0.9-57 22.32 NOTE
r-devel-osx-x86_64-clang 0.9-57 22.31 NOTE
r-devel-windows-ix86+x86_64 0.9-57 3.00 20.00 23.00 NOTE
r-patched-linux-x86_64 0.9-57 0.65 12.45 13.10 NOTE
r-patched-solaris-sparc 0.9-57 186.80 NOTE
r-patched-solaris-x86 0.9-57 35.90 NOTE
r-release-linux-x86_64 0.9-57 0.63 13.17 13.80 NOTE
r-release-osx-x86_64-mavericks 0.9-57 NOTE
r-release-windows-ix86+x86_64 0.9-57 2.00 21.00 23.00 NOTE
r-oldrel-windows-ix86+x86_64 0.9-57 4.00 25.00 29.00 OK

Check Details

Version: 0.9-57
Check: DESCRIPTION meta-information
Result: NOTE
    Malformed Description field: should contain one or more complete sentences.
Flavors: r-devel-linux-x86_64-debian-clang, r-devel-linux-x86_64-debian-gcc, r-devel-linux-x86_64-fedora-clang, r-devel-linux-x86_64-fedora-gcc, r-devel-osx-x86_64-clang, r-devel-windows-ix86+x86_64, r-patched-linux-x86_64, r-patched-solaris-sparc, r-patched-solaris-x86, r-release-linux-x86_64, r-release-osx-x86_64-mavericks, r-release-windows-ix86+x86_64

Version: 0.9-57
Check: R code for possible problems
Result: NOTE
    .jgrRun: no visible global function definition for ‘capture.output’
    .macDlgList: no visible global function definition for ‘select.list’
    .unixDlgForm: no visible global function definition for ‘as’
    .unixDlgMessage: no visible global function definition for ‘alarm’
    .winDlgList: no visible global function definition for ‘select.list’
    dlgForm.textCLI: no visible global function definition for ‘as’
    dlgList.textCLI: no visible global function definition for
     ‘select.list’
    dlgMessage.textCLI: no visible global function definition for
     ‘select.list’
    dlgSave.textCLI: no visible global function definition for
     ‘select.list’
Flavors: r-devel-linux-x86_64-debian-clang, r-devel-linux-x86_64-debian-gcc, r-devel-linux-x86_64-fedora-clang, r-devel-linux-x86_64-fedora-gcc