CRAN Package Check Results for Package svDialogs

Last updated on 2015-04-24 23:46:51.

Flavor Version Tinstall Tcheck Ttotal Status Flags
r-devel-linux-x86_64-debian-clang 0.9-57 0.65 12.88 13.52 NOTE
r-devel-linux-x86_64-debian-gcc 0.9-57 0.68 12.66 13.34 NOTE
r-devel-linux-x86_64-fedora-clang 0.9-57 26.19 NOTE
r-devel-linux-x86_64-fedora-gcc 0.9-57 24.45 NOTE
r-devel-osx-x86_64-clang 0.9-57 27.93 NOTE
r-devel-windows-ix86+x86_64 0.9-57 2.00 24.00 26.00 NOTE
r-patched-linux-x86_64 0.9-57 0.68 12.77 13.45 NOTE
r-patched-solaris-sparc 0.9-57 158.80 NOTE
r-patched-solaris-x86 0.9-57 33.10 NOTE
r-release-linux-x86_64 0.9-57 0.65 12.46 13.11 NOTE
r-release-osx-x86_64-mavericks 0.9-57 NOTE
r-release-osx-x86_64-snowleopard 0.9-57 NOTE
r-release-windows-ix86+x86_64 0.9-57 2.00 25.00 27.00 NOTE
r-oldrel-windows-ix86+x86_64 0.9-57 4.00 25.00 29.00 OK

Check Details

Version: 0.9-57
Check: DESCRIPTION meta-information
Result: NOTE
    Malformed Description field: should contain one or more complete sentences.
Flavors: r-devel-linux-x86_64-debian-gcc, r-devel-windows-ix86+x86_64, r-patched-linux-x86_64, r-release-windows-ix86+x86_64