CRAN Package Check Results for Package svDialogstcltk

Last updated on 2016-12-02 23:48:24.

Flavor Version Tinstall Tcheck Ttotal Status Flags
r-devel-linux-x86_64-debian-clang 0.9-4 0.68 12.13 12.81 NOTE
r-devel-linux-x86_64-debian-gcc 0.9-4 0.70 11.45 12.15 NOTE
r-devel-linux-x86_64-fedora-clang 0.9-4 20.44 NOTE
r-devel-linux-x86_64-fedora-gcc 0.9-4 19.64 NOTE
r-devel-macos-x86_64-clang 0.9-4 19.12 NOTE
r-devel-windows-ix86+x86_64 0.9-4 5.00 25.00 30.00 NOTE
r-patched-linux-x86_64 0.9-4 0.68 9.61 10.29 NOTE
r-patched-solaris-sparc 0.9-4 109.80 NOTE
r-patched-solaris-x86 0.9-4 26.00 NOTE
r-release-linux-x86_64 0.9-4 0.69 9.73 10.43 NOTE
r-release-osx-x86_64-mavericks 0.9-4 WARN
r-release-windows-ix86+x86_64 0.9-4 2.00 25.00 27.00 NOTE
r-oldrel-windows-ix86+x86_64 0.9-4 2.00 44.00 46.00 NOTE

Check Details

Version: 0.9-4
Check: DESCRIPTION meta-information
Result: NOTE
    Malformed Description field: should contain one or more complete sentences.
Flavors: r-devel-linux-x86_64-debian-clang, r-devel-linux-x86_64-debian-gcc, r-devel-linux-x86_64-fedora-clang, r-devel-linux-x86_64-fedora-gcc, r-devel-macos-x86_64-clang, r-devel-windows-ix86+x86_64, r-patched-linux-x86_64, r-patched-solaris-sparc, r-patched-solaris-x86, r-release-linux-x86_64, r-release-osx-x86_64-mavericks, r-release-windows-ix86+x86_64, r-oldrel-windows-ix86+x86_64

Version: 0.9-4
Check: R code for possible problems
Result: NOTE
    dlgMessage.tcltkGUI: no visible global function definition for ‘alarm’
    Undefined global functions or variables:
     alarm
    Consider adding
     importFrom("utils", "alarm")
    to your NAMESPACE file.
Flavors: r-devel-linux-x86_64-debian-clang, r-devel-linux-x86_64-debian-gcc, r-devel-linux-x86_64-fedora-clang, r-devel-linux-x86_64-fedora-gcc, r-devel-macos-x86_64-clang, r-patched-linux-x86_64, r-patched-solaris-sparc, r-patched-solaris-x86, r-release-linux-x86_64

Version: 0.9-4
Check: R code for possible problems
Result: NOTE
    dlgMessage.tcltkGUI: no visible global function definition for 'alarm'
    dlgMessage.tcltkGUI: no visible global function definition for
     'bringToTop'
    Undefined global functions or variables:
     alarm bringToTop
    Consider adding
     importFrom("grDevices", "bringToTop")
     importFrom("utils", "alarm")
    to your NAMESPACE file.
Flavors: r-devel-windows-ix86+x86_64, r-release-windows-ix86+x86_64

Version: 0.9-4
Check: dependencies in R code
Result: NOTE
    Invalid MIT-MAGIC-COOKIE-1 key
Flavor: r-release-osx-x86_64-mavericks

Version: 0.9-4
Check: S3 generic/method consistency
Result: WARN
    Invalid MIT-MAGIC-COOKIE-1 key
    See section ‘Generic functions and methods’ in the ‘Writing R
    Extensions’ manual.
Flavor: r-release-osx-x86_64-mavericks

Version: 0.9-4
Check: replacement functions
Result: WARN
    Invalid MIT-MAGIC-COOKIE-1 key
    The argument of a replacement function which corresponds to the right
    hand side must be named ‘value’.
Flavor: r-release-osx-x86_64-mavericks

Version: 0.9-4
Check: foreign function calls
Result: NOTE
    Invalid MIT-MAGIC-COOKIE-1 key
    See chapter ‘System and foreign language interfaces’ in the ‘Writing R
    Extensions’ manual.
Flavor: r-release-osx-x86_64-mavericks

Version: 0.9-4
Check: R code for possible problems
Result: NOTE
    Invalid MIT-MAGIC-COOKIE-1 keydlgMessage.tcltkGUI: no visible global function definition for ‘alarm’
    Undefined global functions or variables:
     alarm
    Consider adding
     importFrom("utils", "alarm")
    to your NAMESPACE file.
Flavor: r-release-osx-x86_64-mavericks

Version: 0.9-4
Check: for missing documentation entries
Result: WARN
    Invalid MIT-MAGIC-COOKIE-1 key
    All user-level objects in a package should have documentation entries.
    See chapter ‘Writing R documentation files’ in the ‘Writing R
    Extensions’ manual.
Flavor: r-release-osx-x86_64-mavericks

Version: 0.9-4
Check: for code/documentation mismatches
Result: WARN
    Invalid MIT-MAGIC-COOKIE-1 key
    Invalid MIT-MAGIC-COOKIE-1 key
    Invalid MIT-MAGIC-COOKIE-1 key
Flavor: r-release-osx-x86_64-mavericks

Version: 0.9-4
Check: Rd \usage sections
Result: NOTE
    Invalid MIT-MAGIC-COOKIE-1 key
    The \usage entries for S3 methods should use the \method markup and not
    their full name.
    See chapter ‘Writing R documentation files’ in the ‘Writing R
    Extensions’ manual.
Flavor: r-release-osx-x86_64-mavericks