CRAN Package Check Results for Package svDialogstcltk

Last updated on 2016-06-29 12:47:15.

Flavor Version Tinstall Tcheck Ttotal Status Flags
r-devel-linux-x86_64-debian-gcc 0.9-4 0.77 11.30 12.07 NOTE
r-devel-linux-x86_64-fedora-clang 0.9-4 17.50 NOTE
r-devel-linux-x86_64-fedora-gcc 0.9-4 16.45 NOTE
r-devel-osx-x86_64-clang 0.9-4 16.60 NOTE
r-devel-windows-ix86+x86_64 0.9-4 3.00 26.00 29.00 NOTE
r-patched-linux-x86_64 0.9-4 0.66 10.67 11.33 NOTE
r-patched-solaris-sparc 0.9-4 109.80 NOTE
r-patched-solaris-x86 0.9-4 26.00 NOTE
r-release-linux-x86_64 0.9-4 0.64 9.36 10.00 NOTE
r-release-osx-x86_64-mavericks 0.9-4 WARN
r-release-windows-ix86+x86_64 0.9-4 2.00 33.00 35.00 NOTE
r-oldrel-windows-ix86+x86_64 0.9-4 3.00 29.00 32.00 NOTE

Check Details

Version: 0.9-4
Check: DESCRIPTION meta-information
Result: NOTE
    Malformed Description field: should contain one or more complete sentences.
Flavors: r-devel-linux-x86_64-debian-gcc, r-devel-linux-x86_64-fedora-clang, r-devel-linux-x86_64-fedora-gcc, r-devel-osx-x86_64-clang, r-devel-windows-ix86+x86_64, r-patched-linux-x86_64, r-patched-solaris-sparc, r-patched-solaris-x86, r-release-linux-x86_64, r-release-osx-x86_64-mavericks, r-release-windows-ix86+x86_64, r-oldrel-windows-ix86+x86_64

Version: 0.9-4
Check: R code for possible problems
Result: NOTE
    dlgMessage.tcltkGUI: no visible global function definition for ‘alarm’
    Undefined global functions or variables:
     alarm
    Consider adding
     importFrom("utils", "alarm")
    to your NAMESPACE file.
Flavors: r-devel-linux-x86_64-debian-gcc, r-devel-linux-x86_64-fedora-clang, r-devel-linux-x86_64-fedora-gcc, r-devel-osx-x86_64-clang, r-patched-linux-x86_64, r-patched-solaris-sparc, r-patched-solaris-x86, r-release-linux-x86_64

Version: 0.9-4
Check: R code for possible problems
Result: NOTE
    dlgMessage.tcltkGUI: no visible global function definition for 'alarm'
    dlgMessage.tcltkGUI: no visible global function definition for
     'bringToTop'
    Undefined global functions or variables:
     alarm bringToTop
    Consider adding
     importFrom("grDevices", "bringToTop")
     importFrom("utils", "alarm")
    to your NAMESPACE file.
Flavors: r-devel-windows-ix86+x86_64, r-release-windows-ix86+x86_64

Version: 0.9-4
Check: dependencies in R code
Result: NOTE
    Invalid MIT-MAGIC-COOKIE-1 key
Flavor: r-release-osx-x86_64-mavericks

Version: 0.9-4
Check: S3 generic/method consistency
Result: WARN
    Invalid MIT-MAGIC-COOKIE-1 key
    See section ‘Generic functions and methods’ in the ‘Writing R
    Extensions’ manual.
Flavor: r-release-osx-x86_64-mavericks

Version: 0.9-4
Check: replacement functions
Result: WARN
    Invalid MIT-MAGIC-COOKIE-1 key
    The argument of a replacement function which corresponds to the right
    hand side must be named ‘value’.
Flavor: r-release-osx-x86_64-mavericks

Version: 0.9-4
Check: foreign function calls
Result: NOTE
    Invalid MIT-MAGIC-COOKIE-1 key
    See chapter ‘System and foreign language interfaces’ in the ‘Writing R
    Extensions’ manual.
Flavor: r-release-osx-x86_64-mavericks

Version: 0.9-4
Check: R code for possible problems
Result: NOTE
    Invalid MIT-MAGIC-COOKIE-1 keydlgMessage.tcltkGUI: no visible global function definition for ‘alarm’
    Undefined global functions or variables:
     alarm
    Consider adding
     importFrom("utils", "alarm")
    to your NAMESPACE file.
Flavor: r-release-osx-x86_64-mavericks

Version: 0.9-4
Check: for missing documentation entries
Result: WARN
    Invalid MIT-MAGIC-COOKIE-1 key
    All user-level objects in a package should have documentation entries.
    See chapter ‘Writing R documentation files’ in the ‘Writing R
    Extensions’ manual.
Flavor: r-release-osx-x86_64-mavericks

Version: 0.9-4
Check: for code/documentation mismatches
Result: WARN
    Invalid MIT-MAGIC-COOKIE-1 key
    Invalid MIT-MAGIC-COOKIE-1 key
    Invalid MIT-MAGIC-COOKIE-1 key
Flavor: r-release-osx-x86_64-mavericks

Version: 0.9-4
Check: Rd \usage sections
Result: NOTE
    Invalid MIT-MAGIC-COOKIE-1 key
    The \usage entries for S3 methods should use the \method markup and not
    their full name.
    See chapter ‘Writing R documentation files’ in the ‘Writing R
    Extensions’ manual.
Flavor: r-release-osx-x86_64-mavericks