CRAN Package Check Results for Package svDialogstcltk

Last updated on 2018-05-25 00:47:00 CEST.

Flavor Version Tinstall Tcheck Ttotal Status Flags
r-devel-linux-x86_64-debian-clang 0.9-4 0.92 19.04 19.96 NOTE
r-devel-linux-x86_64-debian-gcc 0.9-4 1.06 16.42 17.48 NOTE
r-devel-linux-x86_64-fedora-clang 0.9-4 25.23 NOTE
r-devel-linux-x86_64-fedora-gcc 0.9-4 24.18 NOTE
r-devel-windows-ix86+x86_64 0.9-4 3.00 49.00 52.00 NOTE
r-patched-linux-x86_64 0.9-4 1.22 19.17 20.39 NOTE
r-patched-solaris-x86 0.9-4 41.90 NOTE
r-release-linux-x86_64 0.9-4 1.27 19.24 20.51 NOTE
r-release-windows-ix86+x86_64 0.9-4 4.00 34.00 38.00 NOTE
r-release-osx-x86_64 0.9-4 NOTE
r-oldrel-windows-ix86+x86_64 0.9-4 4.00 31.00 35.00 NOTE
r-oldrel-osx-x86_64 0.9-4 NOTE

Check Details

Version: 0.9-4
Check: DESCRIPTION meta-information
Result: NOTE
    Malformed Description field: should contain one or more complete sentences.
Flavors: r-devel-linux-x86_64-debian-clang, r-devel-linux-x86_64-debian-gcc, r-devel-linux-x86_64-fedora-clang, r-devel-linux-x86_64-fedora-gcc, r-devel-windows-ix86+x86_64, r-patched-linux-x86_64, r-patched-solaris-x86, r-release-linux-x86_64, r-release-windows-ix86+x86_64, r-release-osx-x86_64, r-oldrel-windows-ix86+x86_64, r-oldrel-osx-x86_64

Version: 0.9-4
Check: R code for possible problems
Result: NOTE
    dlgMessage.tcltkGUI: no visible global function definition for ‘alarm’
    Undefined global functions or variables:
     alarm
    Consider adding
     importFrom("utils", "alarm")
    to your NAMESPACE file.
Flavors: r-devel-linux-x86_64-debian-clang, r-devel-linux-x86_64-debian-gcc, r-devel-linux-x86_64-fedora-clang, r-devel-linux-x86_64-fedora-gcc, r-patched-linux-x86_64, r-patched-solaris-x86, r-release-linux-x86_64, r-release-osx-x86_64, r-oldrel-osx-x86_64

Version: 0.9-4
Check: R code for possible problems
Result: NOTE
    dlgMessage.tcltkGUI: no visible global function definition for 'alarm'
    dlgMessage.tcltkGUI: no visible global function definition for
     'bringToTop'
    Undefined global functions or variables:
     alarm bringToTop
    Consider adding
     importFrom("grDevices", "bringToTop")
     importFrom("utils", "alarm")
    to your NAMESPACE file.
Flavors: r-devel-windows-ix86+x86_64, r-release-windows-ix86+x86_64, r-oldrel-windows-ix86+x86_64