CRAN Package Check Results for Package svDialogstcltk

Last updated on 2015-09-01 19:47:35.

Flavor Version Tinstall Tcheck Ttotal Status Flags
r-devel-linux-x86_64-debian-clang 0.9-4 0.64 9.00 9.63 NOTE
r-devel-linux-x86_64-debian-gcc 0.9-4 0.71 8.95 9.66 NOTE
r-devel-linux-x86_64-fedora-clang 0.9-4 18.47 NOTE
r-devel-linux-x86_64-fedora-gcc 0.9-4 17.20 NOTE
r-devel-osx-x86_64-clang 0.9-4 18.60 NOTE
r-devel-windows-ix86+x86_64 0.9-4 3.00 20.00 23.00 NOTE
r-patched-linux-x86_64 0.9-4 0.74 9.61 10.35 NOTE
r-patched-solaris-sparc 0.9-4 138.20 NOTE
r-patched-solaris-x86 0.9-4 34.60 NOTE
r-release-linux-x86_64 0.9-4 0.74 9.56 10.30 NOTE
r-release-osx-x86_64-mavericks 0.9-4 NOTE
r-release-windows-ix86+x86_64 0.9-4 5.00 17.00 22.00 NOTE
r-oldrel-windows-ix86+x86_64 0.9-4 4.00 19.00 23.00 OK

Check Details

Version: 0.9-4
Check: DESCRIPTION meta-information
Result: NOTE
    Malformed Description field: should contain one or more complete sentences.
Flavors: r-devel-linux-x86_64-debian-clang, r-devel-linux-x86_64-debian-gcc, r-devel-linux-x86_64-fedora-clang, r-devel-linux-x86_64-fedora-gcc, r-devel-osx-x86_64-clang, r-devel-windows-ix86+x86_64, r-patched-linux-x86_64, r-patched-solaris-sparc, r-patched-solaris-x86, r-release-linux-x86_64, r-release-osx-x86_64-mavericks, r-release-windows-ix86+x86_64

Version: 0.9-4
Check: R code for possible problems
Result: NOTE
    dlgMessage.tcltkGUI: no visible global function definition for ‘alarm’
    Undefined global functions or variables:
     alarm
    Consider adding
     importFrom("utils", "alarm")
    to your NAMESPACE.
Flavors: r-devel-linux-x86_64-debian-clang, r-devel-linux-x86_64-debian-gcc, r-devel-linux-x86_64-fedora-clang, r-devel-linux-x86_64-fedora-gcc

Version: 0.9-4
Check: R code for possible problems
Result: NOTE
    dlgMessage.tcltkGUI: no visible global function definition for 'alarm'
    dlgMessage.tcltkGUI: no visible global function definition for
     'bringToTop'
    Undefined global functions or variables:
     alarm bringToTop
    Consider adding
     importFrom("grDevices", "bringToTop")
     importFrom("utils", "alarm")
    to your NAMESPACE.
Flavor: r-devel-windows-ix86+x86_64