CRAN Package Check Results for Package svDialogstcltk

Last updated on 2015-05-23 08:47:16.

Flavor Version Tinstall Tcheck Ttotal Status Flags
r-devel-linux-x86_64-debian-clang 0.9-4 0.75 10.55 11.30 NOTE
r-devel-linux-x86_64-debian-gcc 0.9-4 0.65 9.35 10.00 NOTE
r-devel-linux-x86_64-fedora-clang 0.9-4 20.30 NOTE
r-devel-linux-x86_64-fedora-gcc 0.9-4 18.96 NOTE
r-devel-osx-x86_64-clang 0.9-4 24.76 NOTE
r-devel-windows-ix86+x86_64 0.9-4 6.00 17.00 23.00 NOTE
r-patched-linux-x86_64 0.9-4 0.67 9.42 10.09 NOTE
r-patched-solaris-sparc 0.9-4 166.60 NOTE
r-patched-solaris-x86 0.9-4 31.80 NOTE
r-release-linux-x86_64 0.9-4 0.67 9.31 9.98 NOTE
r-release-osx-x86_64-mavericks 0.9-4 NOTE
r-release-osx-x86_64-snowleopard 0.9-4 NOTE
r-release-windows-ix86+x86_64 0.9-4 2.00 18.00 20.00 NOTE
r-oldrel-windows-ix86+x86_64 0.9-4 4.00 19.00 23.00 OK

Check Details

Version: 0.9-4
Check: DESCRIPTION meta-information
Result: NOTE
    Malformed Description field: should contain one or more complete sentences.
Flavors: r-devel-linux-x86_64-debian-clang, r-devel-linux-x86_64-debian-gcc, r-devel-linux-x86_64-fedora-clang, r-devel-linux-x86_64-fedora-gcc, r-devel-osx-x86_64-clang, r-devel-windows-ix86+x86_64, r-patched-linux-x86_64, r-patched-solaris-sparc, r-patched-solaris-x86, r-release-linux-x86_64, r-release-osx-x86_64-mavericks, r-release-osx-x86_64-snowleopard, r-release-windows-ix86+x86_64