CRAN Package Check Results for Package svDialogstcltk

Last updated on 2014-04-24 17:49:55.

Flavor Version Tinstall Tcheck Ttotal Status Flags
r-devel-linux-x86_64-debian-clang 0.9-4 0.90 10.80 11.69 OK
r-devel-linux-x86_64-debian-gcc 0.9-4 0.78 10.51 11.29 OK
r-devel-linux-x86_64-fedora-clang 0.9-4 22.18 OK
r-devel-linux-x86_64-fedora-gcc 0.9-4 21.25 OK
r-devel-osx-x86_64-clang 0.9-4 27.64 OK
r-devel-osx-x86_64-gcc 0.9-4 OK
r-devel-windows-ix86+x86_64 0.9-4 3.00 18.00 21.00 OK
r-patched-linux-x86_64 0.9-4 0.80 10.81 11.61 OK
r-patched-solaris-sparc 0.9-4 135.00 OK
r-patched-solaris-x86 0.9-4 49.70 OK
r-release-linux-ix86 0.9-4 1.00 24.00 25.00 OK
r-release-linux-x86_64 0.9-4 0.79 10.64 11.43 OK
r-release-osx-x86_64-mavericks 0.9-4 WARN
r-release-osx-x86_64-snowleopard 0.9-4 OK
r-release-windows-ix86+x86_64 0.9-4 3.00 19.00 22.00 OK
r-oldrel-windows-ix86+x86_64 0.9-4 3.00 18.00 21.00 OK

Check Details

Version: 0.9-4
Check: PDF version of manual
Result: WARNING
    LaTeX errors when creating PDF version.
    This typically indicates Rd problems.
    LaTeX errors found:
    ! LaTeX Error: File `upquote.sty' not found.
    
    Type X to quit or <RETURN> to proceed,
    or enter new name. (Default extension: sty)
    
    d42050d/Rd2.tex:8: ==> Fatal error occurred, no output PDF file produced!
Flavor: r-release-osx-x86_64-mavericks