CRAN Package Check Results for Package svDialogstcltk

Last updated on 2015-06-30 10:48:39.

Flavor Version Tinstall Tcheck Ttotal Status Flags
r-devel-linux-x86_64-debian-clang 0.9-4 0.64 9.28 9.92 NOTE
r-devel-linux-x86_64-debian-gcc 0.9-4 0.65 8.95 9.60 NOTE
r-devel-linux-x86_64-fedora-clang 0.9-4 19.06 NOTE
r-devel-linux-x86_64-fedora-gcc 0.9-4 18.22 NOTE
r-devel-osx-x86_64-clang 0.9-4 19.55 NOTE
r-devel-windows-ix86+x86_64 0.9-4 3.00 18.00 21.00 NOTE
r-patched-linux-x86_64 0.9-4 0.67 9.42 10.09 NOTE
r-patched-solaris-sparc 0.9-4 166.60 NOTE
r-patched-solaris-x86 0.9-4 33.40 NOTE
r-release-linux-x86_64 0.9-4 0.78 9.60 10.38 NOTE
r-release-osx-x86_64-mavericks 0.9-4 NOTE
r-release-windows-ix86+x86_64 0.9-4 2.00 18.00 20.00 NOTE
r-oldrel-windows-ix86+x86_64 0.9-4 4.00 19.00 23.00 OK

Check Details

Version: 0.9-4
Check: DESCRIPTION meta-information
Result: NOTE
    Malformed Description field: should contain one or more complete sentences.
Flavors: r-devel-linux-x86_64-debian-clang, r-devel-linux-x86_64-debian-gcc, r-devel-linux-x86_64-fedora-clang, r-devel-linux-x86_64-fedora-gcc, r-devel-osx-x86_64-clang, r-devel-windows-ix86+x86_64, r-patched-linux-x86_64, r-patched-solaris-sparc, r-patched-solaris-x86, r-release-linux-x86_64, r-release-osx-x86_64-mavericks, r-release-windows-ix86+x86_64

Version: 0.9-4
Check: R code for possible problems
Result: NOTE
    dlgMessage.tcltkGUI: no visible global function definition for ‘alarm’
Flavors: r-devel-linux-x86_64-debian-clang, r-devel-linux-x86_64-debian-gcc