CRAN Package Check Results for Package svDialogstcltk

Last updated on 2016-02-11 19:47:29.

Flavor Version Tinstall Tcheck Ttotal Status Flags
r-devel-linux-x86_64-debian-gcc 0.9-4 0.68 9.02 9.69 NOTE
r-devel-linux-x86_64-fedora-clang 0.9-4 16.96 NOTE
r-devel-linux-x86_64-fedora-gcc 0.9-4 15.74 NOTE
r-devel-osx-x86_64-clang 0.9-4 21.07 NOTE
r-devel-windows-ix86+x86_64 0.9-4 3.00 24.00 27.00 NOTE
r-patched-linux-x86_64 0.9-4 0.75 9.12 9.87 NOTE
r-patched-solaris-sparc 0.9-4 115.20 NOTE
r-patched-solaris-x86 0.9-4 29.00 NOTE
r-release-linux-x86_64 0.9-4 0.72 9.33 10.06 NOTE
r-release-osx-x86_64-mavericks 0.9-4 NOTE
r-release-windows-ix86+x86_64 0.9-4 3.00 29.00 32.00 NOTE
r-oldrel-windows-ix86+x86_64 0.9-4 4.00 19.00 23.00 OK

Check Details

Version: 0.9-4
Check: DESCRIPTION meta-information
Result: NOTE
    Malformed Description field: should contain one or more complete sentences.
Flavors: r-devel-linux-x86_64-debian-gcc, r-devel-linux-x86_64-fedora-clang, r-devel-linux-x86_64-fedora-gcc, r-devel-osx-x86_64-clang, r-devel-windows-ix86+x86_64, r-patched-linux-x86_64, r-patched-solaris-sparc, r-patched-solaris-x86, r-release-linux-x86_64, r-release-osx-x86_64-mavericks, r-release-windows-ix86+x86_64

Version: 0.9-4
Check: R code for possible problems
Result: NOTE
    dlgMessage.tcltkGUI: no visible global function definition for ‘alarm’
    Undefined global functions or variables:
     alarm
    Consider adding
     importFrom("utils", "alarm")
    to your NAMESPACE file.
Flavors: r-devel-linux-x86_64-debian-gcc, r-devel-linux-x86_64-fedora-clang, r-devel-linux-x86_64-fedora-gcc, r-devel-osx-x86_64-clang

Version: 0.9-4
Check: R code for possible problems
Result: NOTE
    dlgMessage.tcltkGUI: no visible global function definition for 'alarm'
    dlgMessage.tcltkGUI: no visible global function definition for
     'bringToTop'
    Undefined global functions or variables:
     alarm bringToTop
    Consider adding
     importFrom("grDevices", "bringToTop")
     importFrom("utils", "alarm")
    to your NAMESPACE file.
Flavor: r-devel-windows-ix86+x86_64