CRAN Package Check Results for Package svDialogstcltk

Last updated on 2015-04-25 12:46:24.

Flavor Version Tinstall Tcheck Ttotal Status Flags
r-devel-linux-x86_64-debian-clang 0.9-4 0.69 9.40 10.10 NOTE
r-devel-linux-x86_64-debian-gcc 0.9-4 0.66 9.37 10.03 NOTE
r-devel-linux-x86_64-fedora-clang 0.9-4 20.75 NOTE
r-devel-linux-x86_64-fedora-gcc 0.9-4 19.16 NOTE
r-devel-osx-x86_64-clang 0.9-4 24.79 NOTE
r-devel-windows-ix86+x86_64 0.9-4 2.00 19.00 21.00 NOTE
r-patched-linux-x86_64 0.9-4 0.67 9.49 10.16 NOTE
r-patched-solaris-sparc 0.9-4 134.10 NOTE
r-patched-solaris-x86 0.9-4 30.80 NOTE
r-release-linux-x86_64 0.9-4 0.68 9.42 10.10 NOTE
r-release-osx-x86_64-mavericks 0.9-4 NOTE
r-release-osx-x86_64-snowleopard 0.9-4 NOTE
r-release-windows-ix86+x86_64 0.9-4 2.00 18.00 20.00 NOTE
r-oldrel-windows-ix86+x86_64 0.9-4 4.00 19.00 23.00 OK

Check Details

Version: 0.9-4
Check: DESCRIPTION meta-information
Result: NOTE
    Malformed Description field: should contain one or more complete sentences.
Flavors: r-devel-windows-ix86+x86_64, r-release-windows-ix86+x86_64