CRAN Package Check Results for Package svDialogstcltk

Last updated on 2015-03-03 22:48:33.

Flavor Version Tinstall Tcheck Ttotal Status Flags
r-devel-linux-x86_64-debian-clang 0.9-4 0.71 9.39 10.10 NOTE
r-devel-linux-x86_64-debian-gcc 0.9-4 0.66 9.37 10.03 NOTE
r-devel-linux-x86_64-fedora-clang 0.9-4 19.42 NOTE
r-devel-linux-x86_64-fedora-gcc 0.9-4 18.82 NOTE
r-devel-osx-x86_64-clang 0.9-4 25.22 NOTE
r-devel-windows-ix86+x86_64 0.9-4 3.00 17.00 20.00 NOTE
r-patched-linux-x86_64 0.9-4 0.82 10.71 11.53 OK
r-patched-solaris-sparc 0.9-4 162.30 OK
r-patched-solaris-x86 0.9-4 37.70 OK
r-release-linux-ix86 0.9-4 1.11 17.71 18.82 OK
r-release-linux-x86_64 0.9-4 0.92 10.65 11.57 OK
r-release-osx-x86_64-mavericks 0.9-4 OK
r-release-osx-x86_64-snowleopard 0.9-4 OK
r-release-windows-ix86+x86_64 0.9-4 3.00 22.00 25.00 OK
r-oldrel-windows-ix86+x86_64 0.9-4 4.00 23.00 27.00 OK

Check Details

Version: 0.9-4
Check: DESCRIPTION meta-information
Result: NOTE
    Malformed Description field: should contain one or more complete sentences.
Flavors: r-devel-linux-x86_64-debian-clang, r-devel-linux-x86_64-debian-gcc, r-devel-linux-x86_64-fedora-clang, r-devel-linux-x86_64-fedora-gcc, r-devel-osx-x86_64-clang, r-devel-windows-ix86+x86_64