CRAN Package Check Results for Package svGUI

Last updated on 2016-07-29 21:47:02.

Flavor Version Tinstall Tcheck Ttotal Status Flags
r-devel-linux-x86_64-debian-clang 0.9-55 0.52 8.67 9.20 NOTE
r-devel-linux-x86_64-debian-gcc 0.9-55 0.54 8.46 8.99 NOTE
r-devel-linux-x86_64-fedora-clang 0.9-55 14.68 NOTE
r-devel-linux-x86_64-fedora-gcc 0.9-55 13.38 NOTE
r-devel-osx-x86_64-clang 0.9-55 13.98 NOTE
r-devel-windows-ix86+x86_64 0.9-55 2.00 23.00 25.00 NOTE
r-patched-linux-x86_64 0.9-55 0.73 10.39 11.12 NOTE
r-patched-solaris-sparc 0.9-55 97.60 NOTE
r-patched-solaris-x86 0.9-55 21.80 NOTE
r-release-linux-x86_64 0.9-55 0.62 10.54 11.16 NOTE
r-release-osx-x86_64-mavericks 0.9-55 NOTE
r-release-windows-ix86+x86_64 0.9-55 2.00 27.00 29.00 NOTE
r-oldrel-windows-ix86+x86_64 0.9-55 2.00 23.00 25.00 NOTE

Check Details

Version: 0.9-55
Check: DESCRIPTION meta-information
Result: NOTE
    Malformed Description field: should contain one or more complete sentences.
Flavors: r-devel-linux-x86_64-debian-clang, r-devel-linux-x86_64-debian-gcc, r-devel-linux-x86_64-fedora-clang, r-devel-linux-x86_64-fedora-gcc, r-devel-osx-x86_64-clang, r-devel-windows-ix86+x86_64, r-patched-linux-x86_64, r-patched-solaris-sparc, r-patched-solaris-x86, r-release-linux-x86_64, r-release-osx-x86_64-mavericks, r-release-windows-ix86+x86_64, r-oldrel-windows-ix86+x86_64