CRAN Package Check Results for Package svGUI

Last updated on 2016-09-29 23:47:52.

Flavor Version Tinstall Tcheck Ttotal Status Flags
r-devel-linux-x86_64-debian-clang 0.9-55 0.54 8.76 9.31 NOTE
r-devel-linux-x86_64-debian-gcc 0.9-55 0.58 9.43 10.01 NOTE
r-devel-linux-x86_64-fedora-clang 0.9-55 16.92 NOTE
r-devel-linux-x86_64-fedora-gcc 0.9-55 14.55 NOTE
r-devel-macos-x86_64-clang 0.9-55 14.15 NOTE
r-devel-windows-ix86+x86_64 0.9-55 4.00 55.00 59.00 NOTE
r-patched-linux-x86_64 0.9-55 0.53 8.50 9.03 NOTE
r-patched-solaris-sparc 0.9-55 97.60 NOTE
r-patched-solaris-x86 0.9-55 22.40 NOTE
r-release-linux-x86_64 0.9-55 0.60 8.55 9.16 NOTE
r-release-osx-x86_64-mavericks 0.9-55 NOTE
r-release-windows-ix86+x86_64 0.9-55 2.00 21.00 23.00 NOTE
r-oldrel-windows-ix86+x86_64 0.9-55 2.00 23.00 25.00 NOTE

Check Details

Version: 0.9-55
Check: DESCRIPTION meta-information
Result: NOTE
    Malformed Description field: should contain one or more complete sentences.
Flavors: r-devel-linux-x86_64-debian-clang, r-devel-linux-x86_64-debian-gcc, r-devel-linux-x86_64-fedora-clang, r-devel-linux-x86_64-fedora-gcc, r-devel-macos-x86_64-clang, r-devel-windows-ix86+x86_64, r-patched-linux-x86_64, r-patched-solaris-sparc, r-patched-solaris-x86, r-release-linux-x86_64, r-release-osx-x86_64-mavericks, r-release-windows-ix86+x86_64, r-oldrel-windows-ix86+x86_64