CRAN Package Check Results for Package svGUI

Last updated on 2015-07-28 23:47:53.

Flavor Version Tinstall Tcheck Ttotal Status Flags
r-devel-linux-x86_64-debian-clang 0.9-55 0.66 8.21 8.88 NOTE
r-devel-linux-x86_64-debian-gcc 0.9-55 0.50 8.13 8.63 NOTE
r-devel-linux-x86_64-fedora-clang 0.9-55 16.50 NOTE
r-devel-linux-x86_64-fedora-gcc 0.9-55 15.10 NOTE
r-devel-osx-x86_64-clang 0.9-55 16.18 NOTE
r-devel-windows-ix86+x86_64 0.9-55 3.00 14.00 17.00 NOTE
r-patched-linux-x86_64 0.9-55 0.57 8.54 9.11 NOTE
r-patched-solaris-sparc 0.9-55 116.70 NOTE
r-patched-solaris-x86 0.9-55 28.80 NOTE
r-release-linux-x86_64 0.9-55 0.60 8.46 9.06 NOTE
r-release-osx-x86_64-mavericks 0.9-55 NOTE
r-release-windows-ix86+x86_64 0.9-55 3.00 15.00 18.00 NOTE
r-oldrel-windows-ix86+x86_64 0.9-55 4.00 16.00 20.00 OK

Check Details

Version: 0.9-55
Check: DESCRIPTION meta-information
Result: NOTE
    Malformed Description field: should contain one or more complete sentences.
Flavors: r-devel-linux-x86_64-debian-clang, r-devel-linux-x86_64-debian-gcc, r-devel-linux-x86_64-fedora-clang, r-devel-linux-x86_64-fedora-gcc, r-devel-osx-x86_64-clang, r-devel-windows-ix86+x86_64, r-patched-linux-x86_64, r-patched-solaris-sparc, r-patched-solaris-x86, r-release-linux-x86_64, r-release-osx-x86_64-mavericks, r-release-windows-ix86+x86_64