CRAN Package Check Results for Package svGUI

Last updated on 2016-12-07 22:50:20.

Flavor Version Tinstall Tcheck Ttotal Status Flags
r-devel-linux-x86_64-debian-clang 0.9-55 0.60 10.64 11.23 NOTE
r-devel-linux-x86_64-debian-gcc 0.9-55 0.57 9.97 10.55 NOTE
r-devel-linux-x86_64-fedora-clang 0.9-55 18.48 NOTE --no-stop-on-test-error
r-devel-linux-x86_64-fedora-gcc 0.9-55 17.64 NOTE --no-stop-on-test-error
r-devel-macos-x86_64-clang 0.9-55 16.78 NOTE
r-devel-windows-ix86+x86_64 0.9-55 5.00 23.00 28.00 NOTE
r-patched-linux-x86_64 0.9-55 0.68 8.67 9.35 NOTE
r-patched-solaris-sparc 0.9-55 97.60 NOTE
r-patched-solaris-x86 0.9-55 21.70 NOTE
r-release-linux-x86_64 0.9-55 0.61 8.51 9.11 NOTE
r-release-osx-x86_64-mavericks 0.9-55 NOTE
r-release-windows-ix86+x86_64 0.9-55 2.00 23.00 25.00 NOTE
r-oldrel-windows-ix86+x86_64 0.9-55 2.00 36.00 38.00 NOTE

Check Details

Version: 0.9-55
Check: DESCRIPTION meta-information
Result: NOTE
    Malformed Description field: should contain one or more complete sentences.
Flavors: r-devel-linux-x86_64-debian-clang, r-devel-linux-x86_64-debian-gcc, r-devel-macos-x86_64-clang, r-devel-windows-ix86+x86_64, r-patched-linux-x86_64, r-patched-solaris-sparc, r-patched-solaris-x86, r-release-linux-x86_64, r-release-osx-x86_64-mavericks, r-release-windows-ix86+x86_64, r-oldrel-windows-ix86+x86_64

Version: 0.9-55
Flags: --no-stop-on-test-error
Check: DESCRIPTION meta-information
Result: NOTE
    Malformed Description field: should contain one or more complete sentences.
Flavors: r-devel-linux-x86_64-fedora-clang, r-devel-linux-x86_64-fedora-gcc