CRAN Package Check Results for Package svGUI

Last updated on 2016-06-29 03:47:39.

Flavor Version Tinstall Tcheck Ttotal Status Flags
r-devel-linux-x86_64-debian-gcc 0.9-55 0.72 9.29 10.01 NOTE
r-devel-linux-x86_64-fedora-clang 0.9-55 14.73 NOTE
r-devel-linux-x86_64-fedora-gcc 0.9-55 13.49 NOTE
r-devel-osx-x86_64-clang 0.9-55 14.00 NOTE
r-devel-windows-ix86+x86_64 0.9-55 2.00 22.00 24.00 NOTE
r-patched-linux-x86_64 0.9-55 0.72 9.04 9.76 NOTE
r-patched-solaris-sparc 0.9-55 97.60 NOTE
r-patched-solaris-x86 0.9-55 23.00 NOTE
r-release-linux-x86_64 0.9-55 0.53 8.37 8.90 NOTE
r-release-osx-x86_64-mavericks 0.9-55 NOTE
r-release-windows-ix86+x86_64 0.9-55 2.00 27.00 29.00 NOTE
r-oldrel-windows-ix86+x86_64 0.9-55 2.00 23.00 25.00 NOTE

Check Details

Version: 0.9-55
Check: DESCRIPTION meta-information
Result: NOTE
    Malformed Description field: should contain one or more complete sentences.
Flavors: r-devel-linux-x86_64-debian-gcc, r-devel-linux-x86_64-fedora-clang, r-devel-linux-x86_64-fedora-gcc, r-devel-osx-x86_64-clang, r-devel-windows-ix86+x86_64, r-patched-linux-x86_64, r-patched-solaris-sparc, r-patched-solaris-x86, r-release-linux-x86_64, r-release-osx-x86_64-mavericks, r-release-windows-ix86+x86_64, r-oldrel-windows-ix86+x86_64