CRAN Package Check Results for Package svGUI

Last updated on 2017-12-11 19:48:41 CET.

Flavor Version Tinstall Tcheck Ttotal Status Flags
r-devel-linux-x86_64-debian-clang 0.9-55 0.73 12.63 13.36 NOTE
r-devel-linux-x86_64-debian-gcc 0.9-55 0.59 11.94 12.53 NOTE
r-devel-linux-x86_64-fedora-clang 0.9-55 17.79 NOTE
r-devel-linux-x86_64-fedora-gcc 0.9-55 16.98 NOTE
r-devel-windows-ix86+x86_64 0.9-55 5.00 22.00 27.00 NOTE
r-patched-linux-x86_64 0.9-55 0.67 14.60 15.27 NOTE
r-patched-solaris-x86 0.9-55 26.00 NOTE
r-release-linux-x86_64 0.9-55 0.71 14.57 15.28 NOTE
r-release-windows-ix86+x86_64 0.9-55 2.00 25.00 27.00 NOTE
r-release-osx-x86_64 0.9-55 NOTE
r-oldrel-windows-ix86+x86_64 0.9-55 2.00 23.00 25.00 NOTE
r-oldrel-osx-x86_64 0.9-55 NOTE

Check Details

Version: 0.9-55
Check: DESCRIPTION meta-information
Result: NOTE
    Malformed Description field: should contain one or more complete sentences.
Flavors: r-devel-linux-x86_64-debian-clang, r-devel-linux-x86_64-debian-gcc, r-devel-linux-x86_64-fedora-clang, r-devel-linux-x86_64-fedora-gcc, r-devel-windows-ix86+x86_64, r-patched-linux-x86_64, r-patched-solaris-x86, r-release-linux-x86_64, r-release-windows-ix86+x86_64, r-release-osx-x86_64, r-oldrel-windows-ix86+x86_64, r-oldrel-osx-x86_64