CRAN Package Check Results for Package svGUI

Last updated on 2015-08-31 07:47:48.

Flavor Version Tinstall Tcheck Ttotal Status Flags
r-devel-linux-x86_64-debian-clang 0.9-55 0.56 8.74 9.30 NOTE
r-devel-linux-x86_64-debian-gcc 0.9-55 0.66 7.80 8.46 NOTE
r-devel-linux-x86_64-fedora-clang 0.9-55 16.08 NOTE
r-devel-linux-x86_64-fedora-gcc 0.9-55 15.27 NOTE
r-devel-osx-x86_64-clang 0.9-55 15.82 NOTE
r-devel-windows-ix86+x86_64 0.9-55 4.00 19.00 23.00 NOTE
r-patched-linux-x86_64 0.9-55 0.63 8.48 9.11 NOTE
r-patched-solaris-sparc 0.9-55 116.70 NOTE
r-patched-solaris-x86 0.9-55 28.10 NOTE
r-release-linux-x86_64 0.9-55 0.57 8.50 9.07 NOTE
r-release-osx-x86_64-mavericks 0.9-55 NOTE
r-release-windows-ix86+x86_64 0.9-55 4.00 14.00 18.00 NOTE
r-oldrel-windows-ix86+x86_64 0.9-55 4.00 16.00 20.00 OK

Check Details

Version: 0.9-55
Check: DESCRIPTION meta-information
Result: NOTE
    Malformed Description field: should contain one or more complete sentences.
Flavors: r-devel-linux-x86_64-debian-clang, r-devel-linux-x86_64-debian-gcc, r-devel-linux-x86_64-fedora-clang, r-devel-linux-x86_64-fedora-gcc, r-devel-osx-x86_64-clang, r-devel-windows-ix86+x86_64, r-patched-linux-x86_64, r-patched-solaris-sparc, r-patched-solaris-x86, r-release-linux-x86_64, r-release-osx-x86_64-mavericks, r-release-windows-ix86+x86_64