CRAN Package Check Results for Package svGUI

Last updated on 2015-05-29 19:47:58.

Flavor Version Tinstall Tcheck Ttotal Status Flags
r-devel-linux-x86_64-debian-clang 0.9-55 0.54 9.09 9.63 NOTE
r-devel-linux-x86_64-debian-gcc 0.9-55 0.53 8.60 9.13 NOTE
r-devel-linux-x86_64-fedora-clang 0.9-55 17.62 NOTE
r-devel-linux-x86_64-fedora-gcc 0.9-55 16.23 NOTE
r-devel-osx-x86_64-clang 0.9-55 21.29 NOTE
r-devel-windows-ix86+x86_64 0.9-55 2.00 14.00 16.00 NOTE
r-patched-linux-x86_64 0.9-55 0.53 8.52 9.05 NOTE
r-patched-solaris-sparc 0.9-55 141.20 NOTE
r-patched-solaris-x86 0.9-55 27.60 NOTE
r-release-linux-x86_64 0.9-55 0.58 8.95 9.53 NOTE
r-release-osx-x86_64-mavericks 0.9-55 NOTE
r-release-osx-x86_64-snowleopard 0.9-55 NOTE
r-release-windows-ix86+x86_64 0.9-55 2.00 16.00 18.00 NOTE
r-oldrel-windows-ix86+x86_64 0.9-55 4.00 16.00 20.00 OK

Check Details

Version: 0.9-55
Check: DESCRIPTION meta-information
Result: NOTE
    Malformed Description field: should contain one or more complete sentences.
Flavors: r-devel-linux-x86_64-debian-clang, r-devel-linux-x86_64-debian-gcc, r-devel-linux-x86_64-fedora-clang, r-devel-linux-x86_64-fedora-gcc, r-devel-osx-x86_64-clang, r-devel-windows-ix86+x86_64, r-patched-linux-x86_64, r-patched-solaris-sparc, r-patched-solaris-x86, r-release-linux-x86_64, r-release-osx-x86_64-mavericks, r-release-osx-x86_64-snowleopard, r-release-windows-ix86+x86_64