CRAN Package Check Results for Package svGUI

Last updated on 2017-10-20 06:49:10.

Flavor Version Tinstall Tcheck Ttotal Status Flags
r-devel-linux-x86_64-debian-clang 0.9-55 0.63 10.70 11.33 NOTE
r-devel-linux-x86_64-debian-gcc 0.9-55 0.73 11.96 12.69 NOTE
r-devel-linux-x86_64-fedora-clang 0.9-55 19.66 NOTE
r-devel-linux-x86_64-fedora-gcc 0.9-55 17.99 NOTE
r-devel-windows-ix86+x86_64 0.9-55 4.00 31.00 35.00 NOTE
r-patched-linux-x86_64 0.9-55 0.62 10.81 11.42 NOTE
r-patched-solaris-x86 0.9-55 25.80 NOTE
r-release-linux-x86_64 0.9-55 0.61 10.63 11.23 NOTE
r-release-windows-ix86+x86_64 0.9-55 2.00 25.00 27.00 NOTE
r-release-osx-x86_64 0.9-55 NOTE
r-oldrel-windows-ix86+x86_64 0.9-55 2.00 23.00 25.00 NOTE
r-oldrel-osx-x86_64 0.9-55 NOTE

Check Details

Version: 0.9-55
Check: DESCRIPTION meta-information
Result: NOTE
    Malformed Description field: should contain one or more complete sentences.
Flavors: r-devel-linux-x86_64-debian-clang, r-devel-linux-x86_64-debian-gcc, r-devel-linux-x86_64-fedora-clang, r-devel-linux-x86_64-fedora-gcc, r-devel-windows-ix86+x86_64, r-patched-linux-x86_64, r-patched-solaris-x86, r-release-linux-x86_64, r-release-windows-ix86+x86_64, r-release-osx-x86_64, r-oldrel-windows-ix86+x86_64, r-oldrel-osx-x86_64