CRAN Package Check Results for Package svGUI

Last updated on 2017-04-28 21:47:43.

Flavor Version Tinstall Tcheck Ttotal Status Flags
r-devel-linux-x86_64-debian-clang 0.9-55 0.60 10.39 10.99 NOTE
r-devel-linux-x86_64-debian-gcc 0.9-55 0.63 10.13 10.76 NOTE
r-devel-linux-x86_64-fedora-clang 0.9-55 17.34 NOTE --no-stop-on-test-error
r-devel-linux-x86_64-fedora-gcc 0.9-55 16.89 NOTE --no-stop-on-test-error
r-devel-windows-ix86+x86_64 0.9-55 4.00 29.00 33.00 NOTE
r-patched-linux-x86_64 0.9-55 0.60 10.28 10.89 NOTE
r-patched-solaris-sparc 0.9-55 107.10 NOTE
r-patched-solaris-x86 0.9-55 25.30 NOTE
r-release-linux-x86_64 0.9-55 0.58 10.31 10.89 NOTE
r-release-windows-ix86+x86_64 0.9-55 2.00 21.00 23.00 NOTE
r-release-osx-x86_64 0.9-55 NOTE
r-oldrel-windows-ix86+x86_64 0.9-55 2.00 23.00 25.00 NOTE
r-oldrel-osx-x86_64 0.9-55 NOTE

Check Details

Version: 0.9-55
Check: DESCRIPTION meta-information
Result: NOTE
    Malformed Description field: should contain one or more complete sentences.
Flavors: r-devel-linux-x86_64-debian-clang, r-devel-linux-x86_64-debian-gcc, r-devel-windows-ix86+x86_64, r-patched-linux-x86_64, r-patched-solaris-sparc, r-patched-solaris-x86, r-release-linux-x86_64, r-release-windows-ix86+x86_64, r-release-osx-x86_64, r-oldrel-windows-ix86+x86_64, r-oldrel-osx-x86_64

Version: 0.9-55
Flags: --no-stop-on-test-error
Check: DESCRIPTION meta-information
Result: NOTE
    Malformed Description field: should contain one or more complete sentences.
Flavors: r-devel-linux-x86_64-fedora-clang, r-devel-linux-x86_64-fedora-gcc