CRAN Package Check Results for Package svGUI

Last updated on 2017-03-24 04:47:58.

Flavor Version Tinstall Tcheck Ttotal Status Flags
r-devel-linux-x86_64-debian-clang 0.9-55 0.61 10.73 11.34 NOTE
r-devel-linux-x86_64-debian-gcc 0.9-55 0.74 10.67 11.40 NOTE
r-devel-linux-x86_64-fedora-clang 0.9-55 18.23 NOTE --no-stop-on-test-error
r-devel-linux-x86_64-fedora-gcc 0.9-55 17.10 NOTE --no-stop-on-test-error
r-devel-macos-x86_64-clang 0.9-55 16.24 NOTE --no-stop-on-test-error
r-devel-windows-ix86+x86_64 0.9-55 2.00 22.00 24.00 NOTE
r-patched-linux-x86_64 0.9-55 0.52 8.71 9.23 NOTE
r-patched-solaris-sparc 0.9-55 107.10 NOTE
r-patched-solaris-x86 0.9-55 26.10 NOTE
r-release-linux-x86_64 0.9-55 0.58 8.85 9.42 NOTE
r-release-osx-x86_64-mavericks 0.9-55 NOTE
r-release-windows-ix86+x86_64 0.9-55 2.00 23.00 25.00 NOTE
r-oldrel-windows-ix86+x86_64 0.9-55 2.00 36.00 38.00 NOTE

Check Details

Version: 0.9-55
Check: DESCRIPTION meta-information
Result: NOTE
    Malformed Description field: should contain one or more complete sentences.
Flavors: r-devel-linux-x86_64-debian-clang, r-devel-linux-x86_64-debian-gcc, r-devel-windows-ix86+x86_64, r-patched-linux-x86_64, r-patched-solaris-sparc, r-patched-solaris-x86, r-release-linux-x86_64, r-release-osx-x86_64-mavericks, r-release-windows-ix86+x86_64, r-oldrel-windows-ix86+x86_64

Version: 0.9-55
Flags: --no-stop-on-test-error
Check: DESCRIPTION meta-information
Result: NOTE
    Malformed Description field: should contain one or more complete sentences.
Flavors: r-devel-linux-x86_64-fedora-clang, r-devel-linux-x86_64-fedora-gcc, r-devel-macos-x86_64-clang