CRAN Package Check Results for Package svGUI

Last updated on 2015-03-28 11:49:28.

Flavor Version Tinstall Tcheck Ttotal Status Flags
r-devel-linux-x86_64-debian-clang 0.9-55 0.54 9.14 9.67 NOTE
r-devel-linux-x86_64-debian-gcc 0.9-55 0.62 8.56 9.18 NOTE
r-devel-linux-x86_64-fedora-clang 0.9-55 18.07 NOTE
r-devel-linux-x86_64-fedora-gcc 0.9-55 16.74 NOTE
r-devel-osx-x86_64-clang 0.9-55 24.24 NOTE
r-prerel-windows-ix86+x86_64 0.9-55 3.00 14.00 17.00 NOTE
r-prerel-linux-x86_64 0.9-55 0.53 8.36 8.89 NOTE
r-prerel-solaris-sparc 0.9-55 109.90 NOTE
r-prerel-solaris-x86 0.9-55 25.00 NOTE
r-release-linux-x86_64 0.9-55 0.58 8.81 9.39 OK
r-release-osx-x86_64-mavericks 0.9-55 OK
r-release-osx-x86_64-snowleopard 0.9-55 OK
r-release-windows-ix86+x86_64 0.9-55 4.00 16.00 20.00 OK
r-oldrel-windows-ix86+x86_64 0.9-55 2.00 16.00 18.00 OK

Check Details

Version: 0.9-55
Check: DESCRIPTION meta-information
Result: NOTE
    Malformed Description field: should contain one or more complete sentences.
Flavors: r-devel-linux-x86_64-debian-clang, r-devel-linux-x86_64-debian-gcc, r-devel-linux-x86_64-fedora-clang, r-devel-linux-x86_64-fedora-gcc, r-devel-osx-x86_64-clang, r-prerel-windows-ix86+x86_64, r-prerel-linux-x86_64, r-prerel-solaris-sparc, r-prerel-solaris-x86