CRAN Package Check Results for Package svGUI

Last updated on 2017-06-25 06:48:03.

Flavor Version Tinstall Tcheck Ttotal Status Flags
r-devel-linux-x86_64-debian-clang 0.9-55 0.62 10.62 11.23 NOTE
r-devel-linux-x86_64-debian-gcc 0.9-55 0.57 10.77 11.34 NOTE
r-devel-linux-x86_64-fedora-clang 0.9-55 19.64 NOTE
r-devel-linux-x86_64-fedora-gcc 0.9-55 17.14 NOTE
r-devel-windows-ix86+x86_64 0.9-55 2.00 29.00 31.00 NOTE
r-patched-linux-x86_64 0.9-55 0.59 10.61 11.20 NOTE
r-patched-solaris-sparc 0.9-55 107.10 NOTE
r-patched-solaris-x86 0.9-55 25.40 NOTE
r-release-linux-x86_64 0.9-55 0.84 10.47 11.31 NOTE
r-release-windows-ix86+x86_64 0.9-55 2.00 21.00 23.00 NOTE
r-release-osx-x86_64 0.9-55 NOTE
r-oldrel-windows-ix86+x86_64 0.9-55 2.00 23.00 25.00 NOTE
r-oldrel-osx-x86_64 0.9-55 NOTE

Check Details

Version: 0.9-55
Check: DESCRIPTION meta-information
Result: NOTE
    Malformed Description field: should contain one or more complete sentences.
Flavors: r-devel-linux-x86_64-debian-clang, r-devel-linux-x86_64-debian-gcc, r-devel-linux-x86_64-fedora-clang, r-devel-linux-x86_64-fedora-gcc, r-devel-windows-ix86+x86_64, r-patched-linux-x86_64, r-patched-solaris-sparc, r-patched-solaris-x86, r-release-linux-x86_64, r-release-windows-ix86+x86_64, r-release-osx-x86_64, r-oldrel-windows-ix86+x86_64, r-oldrel-osx-x86_64