CRAN Package Check Results for Package svHttp

Last updated on 2015-02-28 12:51:28.

Flavor Version Tinstall Tcheck Ttotal Status Flags
r-devel-linux-x86_64-debian-clang 0.9-55 0.54 9.74 10.27 NOTE
r-devel-linux-x86_64-debian-gcc 0.9-55 0.51 9.53 10.04 NOTE
r-devel-linux-x86_64-fedora-clang 0.9-55 22.10 NOTE
r-devel-linux-x86_64-fedora-gcc 0.9-55 19.25 NOTE
r-devel-osx-x86_64-clang 0.9-55 23.85 NOTE
r-devel-windows-ix86+x86_64 0.9-55 3.00 17.00 20.00 NOTE
r-patched-linux-x86_64 0.9-55 0.60 10.76 11.36 OK
r-patched-solaris-sparc 0.9-55 128.10 OK
r-patched-solaris-x86 0.9-55 35.40 OK
r-release-linux-ix86 0.9-55 1.12 16.86 17.98 OK
r-release-linux-x86_64 0.9-55 0.63 10.41 11.04 OK
r-release-osx-x86_64-mavericks 0.9-55 OK
r-release-osx-x86_64-snowleopard 0.9-55 OK
r-release-windows-ix86+x86_64 0.9-55 2.00 20.00 22.00 OK
r-oldrel-windows-ix86+x86_64 0.9-55 2.00 18.00 20.00 OK

Check Details

Version: 0.9-55
Check: DESCRIPTION meta-information
Result: NOTE
    Malformed Description field: should contain one or more complete sentences.
Flavors: r-devel-linux-x86_64-debian-clang, r-devel-linux-x86_64-debian-gcc, r-devel-linux-x86_64-fedora-clang, r-devel-linux-x86_64-fedora-gcc, r-devel-osx-x86_64-clang, r-devel-windows-ix86+x86_64