CRAN Package Check Results for Package svHttp

Last updated on 2016-06-24 23:47:49.

Flavor Version Tinstall Tcheck Ttotal Status Flags
r-devel-linux-x86_64-debian-gcc 0.9-55 0.67 10.44 11.11 NOTE
r-devel-linux-x86_64-fedora-clang 0.9-55 17.64 NOTE
r-devel-linux-x86_64-fedora-gcc 0.9-55 15.96 NOTE
r-devel-osx-x86_64-clang 0.9-55 16.00 NOTE
r-devel-windows-ix86+x86_64 0.9-55 3.00 26.00 29.00 NOTE
r-patched-linux-x86_64 0.9-55 0.57 9.61 10.19 NOTE
r-patched-solaris-x86 0.9-55 27.00 NOTE
r-release-linux-x86_64 0.9-55 0.62 10.51 11.13 NOTE
r-release-osx-x86_64-mavericks 0.9-55 NOTE
r-release-windows-ix86+x86_64 0.9-55 2.00 32.00 34.00 NOTE
r-oldrel-windows-ix86+x86_64 0.9-55 2.00 24.00 26.00 NOTE

Check Details

Version: 0.9-55
Check: DESCRIPTION meta-information
Result: NOTE
    Malformed Description field: should contain one or more complete sentences.
Flavors: r-devel-linux-x86_64-debian-gcc, r-devel-linux-x86_64-fedora-clang, r-devel-linux-x86_64-fedora-gcc, r-devel-osx-x86_64-clang, r-devel-windows-ix86+x86_64, r-patched-linux-x86_64, r-patched-solaris-sparc, r-patched-solaris-x86, r-release-linux-x86_64, r-release-osx-x86_64-mavericks, r-release-windows-ix86+x86_64, r-oldrel-windows-ix86+x86_64

Version: 0.9-55
Check: R code for possible problems
Result: NOTE
    startHttpServer : <anonymous> : Rjsonp: no visible global function
     definition for ‘localeToCharset’
    Undefined global functions or variables:
     localeToCharset
    Consider adding
     importFrom("utils", "localeToCharset")
    to your NAMESPACE file.
Flavors: r-devel-linux-x86_64-debian-gcc, r-devel-linux-x86_64-fedora-clang, r-devel-linux-x86_64-fedora-gcc, r-devel-osx-x86_64-clang, r-devel-windows-ix86+x86_64, r-patched-linux-x86_64, r-patched-solaris-sparc, r-patched-solaris-x86, r-release-linux-x86_64, r-release-osx-x86_64-mavericks, r-release-windows-ix86+x86_64