CRAN Package Check Results for Package svHttp

Last updated on 2017-11-25 09:50:12 CET.

Flavor Version Tinstall Tcheck Ttotal Status Flags
r-devel-linux-x86_64-debian-clang 0.9-55 0.82 34.52 35.34 NOTE
r-devel-linux-x86_64-debian-gcc 0.9-55 0.58 31.61 32.19 NOTE
r-devel-linux-x86_64-fedora-clang 0.9-55 19.51 NOTE
r-devel-linux-x86_64-fedora-gcc 0.9-55 18.59 NOTE
r-devel-windows-ix86+x86_64 0.9-55 5.00 30.00 35.00 NOTE
r-patched-linux-x86_64 0.9-55 0.83 35.76 36.59 NOTE
r-patched-solaris-x86 0.9-55 30.70 NOTE
r-release-linux-x86_64 0.9-55 0.86 34.95 35.81 NOTE
r-release-windows-ix86+x86_64 0.9-55 3.00 34.00 37.00 NOTE
r-release-osx-x86_64 0.9-55 NOTE
r-oldrel-windows-ix86+x86_64 0.9-55 4.00 38.00 42.00 NOTE
r-oldrel-osx-x86_64 0.9-55 NOTE

Check Details

Version: 0.9-55
Check: DESCRIPTION meta-information
Result: NOTE
    Malformed Description field: should contain one or more complete sentences.
Flavors: r-devel-linux-x86_64-debian-clang, r-devel-linux-x86_64-debian-gcc, r-devel-linux-x86_64-fedora-clang, r-devel-linux-x86_64-fedora-gcc, r-devel-windows-ix86+x86_64, r-patched-linux-x86_64, r-patched-solaris-x86, r-release-linux-x86_64, r-release-windows-ix86+x86_64, r-release-osx-x86_64, r-oldrel-windows-ix86+x86_64, r-oldrel-osx-x86_64

Version: 0.9-55
Check: R code for possible problems
Result: NOTE
    startHttpServer : <anonymous> : Rjsonp: no visible global function
     definition for ‘localeToCharset’
    Undefined global functions or variables:
     localeToCharset
    Consider adding
     importFrom("utils", "localeToCharset")
    to your NAMESPACE file.
Flavors: r-devel-linux-x86_64-debian-clang, r-devel-linux-x86_64-debian-gcc, r-devel-linux-x86_64-fedora-clang, r-devel-linux-x86_64-fedora-gcc, r-devel-windows-ix86+x86_64, r-patched-linux-x86_64, r-patched-solaris-x86, r-release-linux-x86_64, r-release-windows-ix86+x86_64, r-release-osx-x86_64, r-oldrel-windows-ix86+x86_64, r-oldrel-osx-x86_64