CRAN Package Check Results for Package svHttp

Last updated on 2017-05-29 14:50:33.

Flavor Version Tinstall Tcheck Ttotal Status Flags
r-devel-linux-x86_64-debian-clang 0.9-55 0.64 12.61 13.25 NOTE
r-devel-linux-x86_64-debian-gcc 0.9-55 0.62 11.97 12.60 NOTE
r-devel-linux-x86_64-fedora-clang 0.9-55 21.13 NOTE
r-devel-linux-x86_64-fedora-gcc 0.9-55 19.81 NOTE
r-devel-windows-ix86+x86_64 0.9-55 2.00 37.00 39.00 NOTE
r-patched-linux-x86_64 0.9-55 0.57 12.23 12.81 NOTE
r-patched-solaris-sparc 0.9-55 124.70 NOTE
r-patched-solaris-x86 0.9-55 29.50 NOTE
r-release-linux-x86_64 0.9-55 0.62 12.43 13.05 NOTE
r-release-windows-ix86+x86_64 0.9-55 3.00 30.00 33.00 NOTE
r-release-osx-x86_64 0.9-55 NOTE
r-oldrel-windows-ix86+x86_64 0.9-55 3.00 30.00 33.00 NOTE
r-oldrel-osx-x86_64 0.9-55 NOTE

Check Details

Version: 0.9-55
Check: DESCRIPTION meta-information
Result: NOTE
    Malformed Description field: should contain one or more complete sentences.
Flavors: r-devel-linux-x86_64-debian-clang, r-devel-linux-x86_64-debian-gcc, r-devel-linux-x86_64-fedora-clang, r-devel-linux-x86_64-fedora-gcc, r-devel-windows-ix86+x86_64, r-patched-linux-x86_64, r-patched-solaris-sparc, r-patched-solaris-x86, r-release-linux-x86_64, r-release-windows-ix86+x86_64, r-release-osx-x86_64, r-oldrel-windows-ix86+x86_64, r-oldrel-osx-x86_64

Version: 0.9-55
Check: R code for possible problems
Result: NOTE
    startHttpServer : <anonymous> : Rjsonp: no visible global function
     definition for ‘localeToCharset’
    Undefined global functions or variables:
     localeToCharset
    Consider adding
     importFrom("utils", "localeToCharset")
    to your NAMESPACE file.
Flavors: r-devel-linux-x86_64-debian-clang, r-devel-linux-x86_64-debian-gcc, r-devel-linux-x86_64-fedora-clang, r-devel-linux-x86_64-fedora-gcc, r-devel-windows-ix86+x86_64, r-patched-linux-x86_64, r-patched-solaris-sparc, r-patched-solaris-x86, r-release-linux-x86_64, r-release-windows-ix86+x86_64, r-release-osx-x86_64, r-oldrel-windows-ix86+x86_64, r-oldrel-osx-x86_64