CRAN Package Check Results for Package svHttp

Last updated on 2015-03-31 13:48:27.

Flavor Version Tinstall Tcheck Ttotal Status Flags
r-devel-linux-x86_64-debian-clang 0.9-55 0.52 9.86 10.38 NOTE
r-devel-linux-x86_64-debian-gcc 0.9-55 0.53 9.65 10.18 NOTE
r-devel-linux-x86_64-fedora-clang 0.9-55 20.50 NOTE
r-devel-linux-x86_64-fedora-gcc 0.9-55 18.64 NOTE
r-devel-osx-x86_64-clang 0.9-55 26.19 NOTE
r-prerel-windows-ix86+x86_64 0.9-55 3.00 17.00 20.00 NOTE
r-prerel-linux-x86_64 0.9-55 0.53 9.57 10.10 NOTE
r-prerel-solaris-sparc 0.9-55 127.40 NOTE
r-prerel-solaris-x86 0.9-55 28.20 NOTE
r-release-linux-x86_64 0.9-55 0.60 10.45 11.05 OK
r-release-osx-x86_64-mavericks 0.9-55 OK
r-release-osx-x86_64-snowleopard 0.9-55 OK
r-release-windows-ix86+x86_64 0.9-55 3.00 18.00 21.00 OK
r-oldrel-windows-ix86+x86_64 0.9-55 3.00 21.00 24.00 OK

Check Details

Version: 0.9-55
Check: DESCRIPTION meta-information
Result: NOTE
    Malformed Description field: should contain one or more complete sentences.
Flavors: r-devel-linux-x86_64-debian-clang, r-devel-linux-x86_64-debian-gcc, r-devel-linux-x86_64-fedora-clang, r-devel-linux-x86_64-fedora-gcc, r-devel-osx-x86_64-clang, r-prerel-windows-ix86+x86_64, r-prerel-linux-x86_64, r-prerel-solaris-sparc, r-prerel-solaris-x86