CRAN Package Check Results for Package svHttp

Last updated on 2016-07-29 08:48:28.

Flavor Version Tinstall Tcheck Ttotal Status Flags
r-devel-linux-x86_64-debian-clang 0.9-55 0.51 9.91 10.42 NOTE
r-devel-linux-x86_64-debian-gcc 0.9-55 0.63 10.02 10.65 NOTE
r-devel-linux-x86_64-fedora-clang 0.9-55 17.31 NOTE
r-devel-linux-x86_64-fedora-gcc 0.9-55 15.65 NOTE
r-devel-osx-x86_64-clang 0.9-55 16.02 NOTE
r-devel-windows-ix86+x86_64 0.9-55 2.00 26.00 28.00 NOTE
r-patched-linux-x86_64 0.9-55 0.78 12.23 13.02 NOTE
r-patched-solaris-sparc 0.9-55 115.40 NOTE
r-patched-solaris-x86 0.9-55 25.70 NOTE
r-release-linux-x86_64 0.9-55 0.62 12.26 12.87 NOTE
r-release-osx-x86_64-mavericks 0.9-55 NOTE
r-release-windows-ix86+x86_64 0.9-55 2.00 32.00 34.00 NOTE
r-oldrel-windows-ix86+x86_64 0.9-55 2.00 24.00 26.00 NOTE

Check Details

Version: 0.9-55
Check: DESCRIPTION meta-information
Result: NOTE
    Malformed Description field: should contain one or more complete sentences.
Flavors: r-devel-linux-x86_64-debian-clang, r-devel-linux-x86_64-debian-gcc, r-devel-linux-x86_64-fedora-clang, r-devel-linux-x86_64-fedora-gcc, r-devel-osx-x86_64-clang, r-devel-windows-ix86+x86_64, r-patched-linux-x86_64, r-patched-solaris-sparc, r-patched-solaris-x86, r-release-linux-x86_64, r-release-osx-x86_64-mavericks, r-release-windows-ix86+x86_64, r-oldrel-windows-ix86+x86_64

Version: 0.9-55
Check: R code for possible problems
Result: NOTE
    startHttpServer : <anonymous> : Rjsonp: no visible global function
     definition for ‘localeToCharset’
    Undefined global functions or variables:
     localeToCharset
    Consider adding
     importFrom("utils", "localeToCharset")
    to your NAMESPACE file.
Flavors: r-devel-linux-x86_64-debian-clang, r-devel-linux-x86_64-debian-gcc, r-devel-linux-x86_64-fedora-clang, r-devel-linux-x86_64-fedora-gcc, r-devel-osx-x86_64-clang, r-devel-windows-ix86+x86_64, r-patched-linux-x86_64, r-patched-solaris-sparc, r-patched-solaris-x86, r-release-linux-x86_64, r-release-osx-x86_64-mavericks, r-release-windows-ix86+x86_64