CRAN Package Check Results for Package svHttp

Last updated on 2017-03-27 03:50:11.

Flavor Version Tinstall Tcheck Ttotal Status Flags
r-devel-linux-x86_64-debian-clang 0.9-55 0.58 12.05 12.63 NOTE
r-devel-linux-x86_64-debian-gcc 0.9-55 0.68 11.99 12.67 NOTE
r-devel-linux-x86_64-fedora-clang 0.9-55 21.01 NOTE --no-stop-on-test-error
r-devel-linux-x86_64-fedora-gcc 0.9-55 20.28 NOTE --no-stop-on-test-error
r-devel-macos-x86_64-clang 0.9-55 18.60 NOTE --no-stop-on-test-error
r-devel-windows-ix86+x86_64 0.9-55 2.00 26.00 28.00 NOTE
r-patched-linux-x86_64 0.9-55 0.64 11.91 12.55 NOTE
r-patched-solaris-sparc 0.9-55 124.70 NOTE
r-patched-solaris-x86 0.9-55 31.40 NOTE
r-release-linux-x86_64 0.9-55 0.62 10.25 10.87 NOTE
r-release-osx-x86_64-mavericks 0.9-55 NOTE
r-release-windows-ix86+x86_64 0.9-55 5.00 26.00 31.00 NOTE
r-oldrel-windows-ix86+x86_64 0.9-55 3.00 50.00 53.00 NOTE

Check Details

Version: 0.9-55
Check: DESCRIPTION meta-information
Result: NOTE
    Malformed Description field: should contain one or more complete sentences.
Flavors: r-devel-linux-x86_64-debian-clang, r-devel-linux-x86_64-debian-gcc, r-devel-windows-ix86+x86_64, r-patched-linux-x86_64, r-patched-solaris-sparc, r-patched-solaris-x86, r-release-linux-x86_64, r-release-osx-x86_64-mavericks, r-release-windows-ix86+x86_64, r-oldrel-windows-ix86+x86_64

Version: 0.9-55
Check: R code for possible problems
Result: NOTE
    startHttpServer : <anonymous> : Rjsonp: no visible global function
     definition for ‘localeToCharset’
    Undefined global functions or variables:
     localeToCharset
    Consider adding
     importFrom("utils", "localeToCharset")
    to your NAMESPACE file.
Flavors: r-devel-linux-x86_64-debian-clang, r-devel-linux-x86_64-debian-gcc, r-devel-windows-ix86+x86_64, r-patched-linux-x86_64, r-patched-solaris-sparc, r-patched-solaris-x86, r-release-linux-x86_64, r-release-osx-x86_64-mavericks, r-release-windows-ix86+x86_64

Version: 0.9-55
Flags: --no-stop-on-test-error
Check: DESCRIPTION meta-information
Result: NOTE
    Malformed Description field: should contain one or more complete sentences.
Flavors: r-devel-linux-x86_64-fedora-clang, r-devel-linux-x86_64-fedora-gcc, r-devel-macos-x86_64-clang

Version: 0.9-55
Flags: --no-stop-on-test-error
Check: R code for possible problems
Result: NOTE
    startHttpServer : <anonymous> : Rjsonp: no visible global function
     definition for ‘localeToCharset’
    Undefined global functions or variables:
     localeToCharset
    Consider adding
     importFrom("utils", "localeToCharset")
    to your NAMESPACE file.
Flavors: r-devel-linux-x86_64-fedora-clang, r-devel-linux-x86_64-fedora-gcc, r-devel-macos-x86_64-clang