CRAN Package Check Results for Package svHttp

Last updated on 2018-02-23 22:48:20 CET.

Flavor Version Tinstall Tcheck Ttotal Status Flags
r-devel-linux-x86_64-debian-clang 0.9-55 1.07 18.79 19.86 NOTE
r-devel-linux-x86_64-debian-gcc 0.9-55 0.67 15.18 15.85 NOTE
r-devel-linux-x86_64-fedora-clang 0.9-55 23.53 NOTE
r-devel-linux-x86_64-fedora-gcc 0.9-55 22.22 NOTE
r-devel-windows-ix86+x86_64 0.9-55 4.00 39.00 43.00 NOTE
r-patched-linux-x86_64 0.9-55 0.85 17.91 18.76 NOTE
r-patched-solaris-x86 0.9-55 28.50 NOTE
r-release-linux-x86_64 0.9-55 0.72 18.06 18.78 NOTE
r-release-windows-ix86+x86_64 0.9-55 2.00 41.00 43.00 NOTE
r-release-osx-x86_64 0.9-55 NOTE
r-oldrel-windows-ix86+x86_64 0.9-55 2.00 38.00 40.00 NOTE
r-oldrel-osx-x86_64 0.9-55 NOTE

Check Details

Version: 0.9-55
Check: DESCRIPTION meta-information
Result: NOTE
    Malformed Description field: should contain one or more complete sentences.
Flavors: r-devel-linux-x86_64-debian-clang, r-devel-linux-x86_64-debian-gcc, r-devel-linux-x86_64-fedora-clang, r-devel-linux-x86_64-fedora-gcc, r-devel-windows-ix86+x86_64, r-patched-linux-x86_64, r-patched-solaris-x86, r-release-linux-x86_64, r-release-windows-ix86+x86_64, r-release-osx-x86_64, r-oldrel-windows-ix86+x86_64, r-oldrel-osx-x86_64

Version: 0.9-55
Check: R code for possible problems
Result: NOTE
    startHttpServer : <anonymous> : Rjsonp: no visible global function
     definition for ‘localeToCharset’
    Undefined global functions or variables:
     localeToCharset
    Consider adding
     importFrom("utils", "localeToCharset")
    to your NAMESPACE file.
Flavors: r-devel-linux-x86_64-debian-clang, r-devel-linux-x86_64-debian-gcc, r-devel-linux-x86_64-fedora-clang, r-devel-linux-x86_64-fedora-gcc, r-patched-linux-x86_64, r-patched-solaris-x86, r-release-linux-x86_64, r-release-osx-x86_64, r-oldrel-osx-x86_64

Version: 0.9-55
Check: R code for possible problems
Result: NOTE
    startHttpServer : <anonymous> : Rjsonp: no visible global function
     definition for 'localeToCharset'
    startHttpServer : <anonymous>: no visible global function definition
     for 'parseText'
    startHttpServer : <anonymous>: no visible global function definition
     for 'captureAll'
    Undefined global functions or variables:
     captureAll localeToCharset parseText
    Consider adding
     importFrom("utils", "localeToCharset")
    to your NAMESPACE file.
Flavors: r-devel-windows-ix86+x86_64, r-release-windows-ix86+x86_64, r-oldrel-windows-ix86+x86_64