CRAN Package Check Results for Package svHttp

Last updated on 2017-09-20 06:49:53.

Flavor Version Tinstall Tcheck Ttotal Status Flags
r-devel-linux-x86_64-debian-clang 0.9-55 0.28 2.29 2.57 ERROR
r-devel-linux-x86_64-debian-gcc 0.9-55 0.57 12.06 12.63 NOTE
r-devel-linux-x86_64-fedora-clang 0.9-55 24.37 NOTE
r-devel-linux-x86_64-fedora-gcc 0.9-55 21.39 NOTE
r-devel-windows-ix86+x86_64 0.9-55 2.00 37.00 39.00 NOTE
r-patched-linux-x86_64 0.9-55 0.58 12.08 12.65 NOTE
r-patched-solaris-x86 0.9-55 31.40 NOTE
r-release-linux-x86_64 0.9-55 0.67 12.14 12.81 NOTE
r-release-windows-ix86+x86_64 0.9-55 3.00 28.00 31.00 NOTE
r-release-osx-x86_64 0.9-55 NOTE
r-oldrel-windows-ix86+x86_64 0.9-55 4.00 38.00 42.00 NOTE
r-oldrel-osx-x86_64 0.9-55 NOTE

Check Details

Version: 0.9-55
Check: package dependencies
Result: ERROR
    Package required but not available: ‘svMisc’
    
    Package suggested but not available for checking: ‘svSocket’
    
    See section ‘The DESCRIPTION file’ in the ‘Writing R Extensions’
    manual.
Flavor: r-devel-linux-x86_64-debian-clang

Version: 0.9-55
Check: DESCRIPTION meta-information
Result: NOTE
    Malformed Description field: should contain one or more complete sentences.
Flavors: r-devel-linux-x86_64-debian-gcc, r-devel-linux-x86_64-fedora-clang, r-devel-linux-x86_64-fedora-gcc, r-devel-windows-ix86+x86_64, r-patched-linux-x86_64, r-patched-solaris-x86, r-release-linux-x86_64, r-release-windows-ix86+x86_64, r-release-osx-x86_64, r-oldrel-windows-ix86+x86_64, r-oldrel-osx-x86_64

Version: 0.9-55
Check: R code for possible problems
Result: NOTE
    startHttpServer : <anonymous> : Rjsonp: no visible global function
     definition for ‘localeToCharset’
    Undefined global functions or variables:
     localeToCharset
    Consider adding
     importFrom("utils", "localeToCharset")
    to your NAMESPACE file.
Flavors: r-devel-linux-x86_64-debian-gcc, r-devel-linux-x86_64-fedora-clang, r-devel-linux-x86_64-fedora-gcc, r-devel-windows-ix86+x86_64, r-patched-linux-x86_64, r-patched-solaris-x86, r-release-linux-x86_64, r-release-windows-ix86+x86_64, r-release-osx-x86_64, r-oldrel-windows-ix86+x86_64, r-oldrel-osx-x86_64