CRAN Package Check Results for Package svHttp

Last updated on 2016-08-26 09:54:01.

Flavor Version Tinstall Tcheck Ttotal Status Flags
r-devel-linux-x86_64-debian-clang 0.9-55 0.51 9.89 10.40 NOTE
r-devel-linux-x86_64-debian-gcc 0.9-55 0.69 13.33 14.01 NOTE
r-devel-linux-x86_64-fedora-clang 0.9-55 17.55 NOTE
r-devel-linux-x86_64-fedora-gcc 0.9-55 17.01 NOTE
r-devel-osx-x86_64-clang 0.9-55 16.11 NOTE
r-devel-windows-ix86+x86_64 0.9-55 4.00 32.00 36.00 NOTE
r-patched-linux-x86_64 0.9-55 0.59 10.20 10.79 NOTE
r-patched-solaris-sparc 0.9-55 115.40 NOTE
r-patched-solaris-x86 0.9-55 27.60 NOTE
r-release-linux-x86_64 0.9-55 0.59 9.99 10.58 NOTE
r-release-osx-x86_64-mavericks 0.9-55 NOTE
r-release-windows-ix86+x86_64 0.9-55 2.00 32.00 34.00 NOTE
r-oldrel-windows-ix86+x86_64 0.9-55 2.00 24.00 26.00 NOTE

Check Details

Version: 0.9-55
Check: DESCRIPTION meta-information
Result: NOTE
    Malformed Description field: should contain one or more complete sentences.
Flavors: r-devel-linux-x86_64-debian-clang, r-devel-linux-x86_64-debian-gcc, r-devel-linux-x86_64-fedora-clang, r-devel-linux-x86_64-fedora-gcc, r-devel-osx-x86_64-clang, r-devel-windows-ix86+x86_64, r-patched-linux-x86_64, r-patched-solaris-sparc, r-patched-solaris-x86, r-release-linux-x86_64, r-release-osx-x86_64-mavericks, r-release-windows-ix86+x86_64, r-oldrel-windows-ix86+x86_64

Version: 0.9-55
Check: R code for possible problems
Result: NOTE
    startHttpServer : <anonymous> : Rjsonp: no visible global function
     definition for ‘localeToCharset’
    Undefined global functions or variables:
     localeToCharset
    Consider adding
     importFrom("utils", "localeToCharset")
    to your NAMESPACE file.
Flavors: r-devel-linux-x86_64-debian-clang, r-devel-linux-x86_64-debian-gcc, r-devel-linux-x86_64-fedora-clang, r-devel-linux-x86_64-fedora-gcc, r-devel-osx-x86_64-clang, r-devel-windows-ix86+x86_64, r-patched-linux-x86_64, r-patched-solaris-sparc, r-patched-solaris-x86, r-release-linux-x86_64, r-release-osx-x86_64-mavericks, r-release-windows-ix86+x86_64