CRAN Package Check Results for Package svHttp

Last updated on 2016-05-01 11:47:28.

Flavor Version Tinstall Tcheck Ttotal Status Flags
r-devel-linux-x86_64-debian-gcc 0.9-55 0.58 9.88 10.46 NOTE
r-devel-linux-x86_64-fedora-clang 0.9-55 17.97 NOTE
r-devel-linux-x86_64-fedora-gcc 0.9-55 16.32 NOTE
r-devel-osx-x86_64-clang 0.9-55 21.33 NOTE
r-devel-windows-ix86+x86_64 0.9-55 2.00 25.00 27.00 NOTE
r-patched-linux-x86_64 0.9-55 0.60 9.89 10.49 NOTE
r-patched-solaris-sparc 0.9-55 111.90 NOTE
r-patched-solaris-x86 0.9-55 26.90 NOTE
r-release-linux-x86_64 0.9-55 0.55 10.15 10.70 NOTE
r-release-osx-x86_64-mavericks 0.9-55 NOTE
r-release-windows-ix86+x86_64 0.9-55 2.00 24.00 26.00 NOTE
r-oldrel-windows-ix86+x86_64 0.9-55 5.00 33.00 38.00 OK

Check Details

Version: 0.9-55
Check: DESCRIPTION meta-information
Result: NOTE
    Malformed Description field: should contain one or more complete sentences.
Flavors: r-devel-linux-x86_64-debian-gcc, r-devel-linux-x86_64-fedora-clang, r-devel-linux-x86_64-fedora-gcc, r-devel-osx-x86_64-clang, r-devel-windows-ix86+x86_64, r-patched-linux-x86_64, r-patched-solaris-sparc, r-patched-solaris-x86, r-release-linux-x86_64, r-release-osx-x86_64-mavericks, r-release-windows-ix86+x86_64

Version: 0.9-55
Check: R code for possible problems
Result: NOTE
    startHttpServer : <anonymous> : Rjsonp: no visible global function
     definition for ‘localeToCharset’
    Undefined global functions or variables:
     localeToCharset
    Consider adding
     importFrom("utils", "localeToCharset")
    to your NAMESPACE file.
Flavors: r-devel-linux-x86_64-debian-gcc, r-devel-linux-x86_64-fedora-clang, r-devel-linux-x86_64-fedora-gcc, r-devel-osx-x86_64-clang, r-devel-windows-ix86+x86_64, r-patched-linux-x86_64, r-patched-solaris-sparc, r-patched-solaris-x86