CRAN Package Check Results for Package svHttp

Last updated on 2018-04-19 10:47:23 CEST.

Flavor Version Tinstall Tcheck Ttotal Status Flags
r-devel-linux-x86_64-debian-clang 0.9-55 1.07 17.33 18.40 NOTE
r-devel-linux-x86_64-debian-gcc 0.9-55 0.87 15.09 15.96 NOTE
r-devel-linux-x86_64-fedora-clang 0.9-55 24.50 NOTE
r-devel-linux-x86_64-fedora-gcc 0.9-55 23.44 NOTE
r-devel-windows-ix86+x86_64 0.9-55 4.00 41.00 45.00 NOTE
r-devel-osx-x86_64 0.9-55 NOTE
r-patched-linux-x86_64 0.9-55 1.16 18.42 19.58 NOTE
r-patched-solaris-x86 0.9-55 38.30 NOTE
r-release-linux-x86_64 0.9-55 0.75 18.09 18.84 NOTE
r-release-windows-ix86+x86_64 0.9-55 2.00 38.00 40.00 NOTE
r-release-osx-x86_64 0.9-55 NOTE
r-oldrel-windows-ix86+x86_64 0.9-55 3.00 42.00 45.00 NOTE

Check Details

Version: 0.9-55
Check: DESCRIPTION meta-information
Result: NOTE
    Malformed Description field: should contain one or more complete sentences.
Flavors: r-devel-linux-x86_64-debian-clang, r-devel-linux-x86_64-debian-gcc, r-devel-linux-x86_64-fedora-clang, r-devel-linux-x86_64-fedora-gcc, r-devel-windows-ix86+x86_64, r-devel-osx-x86_64, r-patched-linux-x86_64, r-patched-solaris-x86, r-release-linux-x86_64, r-release-windows-ix86+x86_64, r-release-osx-x86_64, r-oldrel-windows-ix86+x86_64

Version: 0.9-55
Check: R code for possible problems
Result: NOTE
    startHttpServer : <anonymous> : Rjsonp: no visible global function
     definition for ‘localeToCharset’
    Undefined global functions or variables:
     localeToCharset
    Consider adding
     importFrom("utils", "localeToCharset")
    to your NAMESPACE file.
Flavors: r-devel-linux-x86_64-debian-clang, r-devel-linux-x86_64-debian-gcc, r-devel-linux-x86_64-fedora-clang, r-devel-linux-x86_64-fedora-gcc, r-devel-windows-ix86+x86_64, r-devel-osx-x86_64, r-patched-linux-x86_64, r-patched-solaris-x86, r-release-linux-x86_64, r-release-windows-ix86+x86_64, r-release-osx-x86_64, r-oldrel-windows-ix86+x86_64