CRAN Package Check Results for Package svHttp

Last updated on 2015-08-03 14:47:45.

Flavor Version Tinstall Tcheck Ttotal Status Flags
r-devel-linux-x86_64-debian-clang 0.9-55 0.51 10.19 10.70 NOTE
r-devel-linux-x86_64-debian-gcc 0.9-55 0.49 9.94 10.43 NOTE
r-devel-linux-x86_64-fedora-clang 0.9-55 19.58 NOTE
r-devel-linux-x86_64-fedora-gcc 0.9-55 18.12 NOTE
r-devel-osx-x86_64-clang 0.9-55 20.40 NOTE
r-devel-windows-ix86+x86_64 0.9-55 3.00 19.00 22.00 NOTE
r-patched-linux-x86_64 0.9-55 0.71 9.83 10.54 NOTE
r-patched-solaris-sparc 0.9-55 132.90 NOTE
r-patched-solaris-x86 0.9-55 31.90 NOTE
r-release-linux-x86_64 0.9-55 0.52 9.76 10.28 NOTE
r-release-osx-x86_64-mavericks 0.9-55 NOTE
r-release-windows-ix86+x86_64 0.9-55 4.00 19.00 23.00 NOTE
r-oldrel-windows-ix86+x86_64 0.9-55 5.00 18.00 23.00 OK

Check Details

Version: 0.9-55
Check: DESCRIPTION meta-information
Result: NOTE
    Malformed Description field: should contain one or more complete sentences.
Flavors: r-devel-linux-x86_64-debian-clang, r-devel-linux-x86_64-debian-gcc, r-devel-linux-x86_64-fedora-clang, r-devel-linux-x86_64-fedora-gcc, r-devel-osx-x86_64-clang, r-devel-windows-ix86+x86_64, r-patched-linux-x86_64, r-patched-solaris-sparc, r-patched-solaris-x86, r-release-linux-x86_64, r-release-osx-x86_64-mavericks, r-release-windows-ix86+x86_64

Version: 0.9-55
Check: R code for possible problems
Result: NOTE
    startHttpServer : <anonymous> : Rjsonp: no visible global function
     definition for ‘localeToCharset’
    Undefined global functions or variables:
     localeToCharset
    Consider adding
     importFrom("utils", "localeToCharset")
    to your NAMESPACE.
Flavors: r-devel-linux-x86_64-debian-clang, r-devel-linux-x86_64-debian-gcc, r-devel-linux-x86_64-fedora-clang, r-devel-linux-x86_64-fedora-gcc, r-devel-windows-ix86+x86_64