CRAN Package Check Results for Package svIDE

Last updated on 2015-03-28 18:50:40.

Flavor Version Tinstall Tcheck Ttotal Status Flags
r-devel-linux-x86_64-debian-clang 0.9-52 1.10 16.16 17.26 NOTE
r-devel-linux-x86_64-debian-gcc 0.9-52 1.20 15.80 17.00 NOTE
r-devel-linux-x86_64-fedora-clang 0.9-52 35.49 NOTE
r-devel-linux-x86_64-fedora-gcc 0.9-52 33.47 NOTE
r-devel-osx-x86_64-clang 0.9-52 42.90 NOTE
r-prerel-windows-ix86+x86_64 0.9-52 4.00 26.00 30.00 NOTE
r-prerel-linux-x86_64 0.9-52 1.06 15.92 16.98 NOTE
r-prerel-solaris-sparc 0.9-52 218.70 NOTE
r-prerel-solaris-x86 0.9-52 54.20 NOTE
r-release-linux-x86_64 0.9-52 1.27 18.24 19.51 OK
r-release-osx-x86_64-mavericks 0.9-52 OK
r-release-osx-x86_64-snowleopard 0.9-52 OK
r-release-windows-ix86+x86_64 0.9-52 4.00 33.00 37.00 OK
r-oldrel-windows-ix86+x86_64 0.9-52 5.00 31.00 36.00 OK

Check Details

Version: 0.9-52
Check: DESCRIPTION meta-information
Result: NOTE
    Malformed Description field: should contain one or more complete sentences.
Flavors: r-devel-linux-x86_64-debian-clang, r-devel-linux-x86_64-debian-gcc, r-devel-linux-x86_64-fedora-clang, r-devel-linux-x86_64-fedora-gcc, r-devel-osx-x86_64-clang, r-prerel-windows-ix86+x86_64, r-prerel-linux-x86_64, r-prerel-solaris-sparc, r-prerel-solaris-x86