CRAN Package Check Results for Package svIDE

Last updated on 2018-06-24 10:49:39 CEST.

Flavor Version Tinstall Tcheck Ttotal Status Flags
r-devel-linux-x86_64-debian-clang 0.9-52 1.95 31.94 33.89 NOTE
r-devel-linux-x86_64-debian-gcc 0.9-52 1.93 24.97 26.90 NOTE
r-devel-linux-x86_64-fedora-clang 0.9-52 39.21 NOTE
r-devel-linux-x86_64-fedora-gcc 0.9-52 37.24 NOTE
r-devel-windows-ix86+x86_64 0.9-52 7.00 45.00 52.00 NOTE
r-patched-linux-x86_64 0.9-52 2.22 29.13 31.35 NOTE
r-patched-solaris-x86 0.9-52 61.60 NOTE
r-release-linux-x86_64 0.9-52 2.40 28.58 30.98 NOTE
r-release-windows-ix86+x86_64 0.9-52 6.00 59.00 65.00 NOTE
r-release-osx-x86_64 0.9-52 NOTE
r-oldrel-windows-ix86+x86_64 0.9-52 5.00 52.00 57.00 NOTE
r-oldrel-osx-x86_64 0.9-52 NOTE

Check Details

Version: 0.9-52
Check: DESCRIPTION meta-information
Result: NOTE
    Malformed Description field: should contain one or more complete sentences.
Flavors: r-devel-linux-x86_64-debian-clang, r-devel-linux-x86_64-debian-gcc, r-devel-linux-x86_64-fedora-clang, r-devel-linux-x86_64-fedora-gcc, r-devel-windows-ix86+x86_64, r-patched-linux-x86_64, r-patched-solaris-x86, r-release-linux-x86_64, r-release-windows-ix86+x86_64, r-release-osx-x86_64, r-oldrel-windows-ix86+x86_64, r-oldrel-osx-x86_64