CRAN Package Check Results for Package svIDE

Last updated on 2015-07-29 23:47:29.

Flavor Version Tinstall Tcheck Ttotal Status Flags
r-devel-linux-x86_64-debian-clang 0.9-52 1.15 16.94 18.09 NOTE
r-devel-linux-x86_64-debian-gcc 0.9-52 1.08 16.26 17.34 NOTE
r-devel-linux-x86_64-fedora-clang 0.9-52 33.91 NOTE
r-devel-linux-x86_64-fedora-gcc 0.9-52 32.98 NOTE
r-devel-osx-x86_64-clang 0.9-52 32.30 NOTE
r-devel-windows-ix86+x86_64 0.9-52 6.00 27.00 33.00 NOTE
r-patched-linux-x86_64 0.9-52 1.15 16.36 17.51 NOTE
r-patched-solaris-sparc 0.9-52 222.90 NOTE
r-patched-solaris-x86 0.9-52 57.90 NOTE
r-release-linux-x86_64 0.9-52 1.08 16.80 17.88 NOTE
r-release-osx-x86_64-mavericks 0.9-52 NOTE
r-release-windows-ix86+x86_64 0.9-52 4.00 26.00 30.00 NOTE
r-oldrel-windows-ix86+x86_64 0.9-52 4.00 30.00 34.00 OK

Check Details

Version: 0.9-52
Check: DESCRIPTION meta-information
Result: NOTE
    Malformed Description field: should contain one or more complete sentences.
Flavors: r-devel-linux-x86_64-debian-clang, r-devel-linux-x86_64-debian-gcc, r-devel-linux-x86_64-fedora-clang, r-devel-linux-x86_64-fedora-gcc, r-devel-osx-x86_64-clang, r-devel-windows-ix86+x86_64, r-patched-linux-x86_64, r-patched-solaris-sparc, r-patched-solaris-x86, r-release-linux-x86_64, r-release-osx-x86_64-mavericks, r-release-windows-ix86+x86_64