CRAN Package Check Results for Package svIDE

Last updated on 2015-04-26 09:46:38.

Flavor Version Tinstall Tcheck Ttotal Status Flags
r-devel-linux-x86_64-debian-clang 0.9-52 1.22 16.73 17.95 NOTE
r-devel-linux-x86_64-debian-gcc 0.9-52 1.07 16.66 17.74 NOTE
r-devel-linux-x86_64-fedora-clang 0.9-52 35.23 NOTE
r-devel-linux-x86_64-fedora-gcc 0.9-52 33.38 NOTE
r-devel-osx-x86_64-clang 0.9-52 39.14 NOTE
r-devel-windows-ix86+x86_64 0.9-52 4.00 25.00 29.00 NOTE
r-patched-linux-x86_64 0.9-52 1.07 16.12 17.20 NOTE
r-patched-solaris-sparc 0.9-52 218.70 NOTE
r-patched-solaris-x86 0.9-52 54.50 NOTE
r-release-linux-x86_64 0.9-52 1.16 15.83 17.00 NOTE
r-release-osx-x86_64-mavericks 0.9-52 NOTE
r-release-osx-x86_64-snowleopard 0.9-52 ERROR
r-release-windows-ix86+x86_64 0.9-52 4.00 31.00 35.00 NOTE
r-oldrel-windows-ix86+x86_64 0.9-52 4.00 33.00 37.00 OK

Check Details

Version: 0.9-52
Check: DESCRIPTION meta-information
Result: NOTE
    Malformed Description field: should contain one or more complete sentences.
Flavors: r-devel-linux-x86_64-fedora-gcc, r-devel-windows-ix86+x86_64, r-release-windows-ix86+x86_64