CRAN Package Check Results for Package svIDE

Last updated on 2015-02-28 12:51:28.

Flavor Version Tinstall Tcheck Ttotal Status Flags
r-devel-linux-x86_64-debian-clang 0.9-52 1.14 16.10 17.24 NOTE
r-devel-linux-x86_64-debian-gcc 0.9-52 1.07 15.67 16.74 NOTE
r-devel-linux-x86_64-fedora-clang 0.9-52 36.30 NOTE
r-devel-linux-x86_64-fedora-gcc 0.9-52 31.91 NOTE
r-devel-osx-x86_64-clang 0.9-52 40.76 NOTE
r-devel-windows-ix86+x86_64 0.9-52 4.00 26.00 30.00 NOTE
r-patched-linux-x86_64 0.9-52 1.27 18.47 19.74 OK
r-patched-solaris-sparc 0.9-52 236.40 OK
r-patched-solaris-x86 0.9-52 65.90 OK
r-release-linux-ix86 0.9-52 2.50 26.48 28.97 OK
r-release-linux-x86_64 0.9-52 1.28 18.21 19.49 OK
r-release-osx-x86_64-mavericks 0.9-52 OK
r-release-osx-x86_64-snowleopard 0.9-52 OK
r-release-windows-ix86+x86_64 0.9-52 5.00 27.00 32.00 OK
r-oldrel-windows-ix86+x86_64 0.9-52 4.00 29.00 33.00 OK

Check Details

Version: 0.9-52
Check: DESCRIPTION meta-information
Result: NOTE
    Malformed Description field: should contain one or more complete sentences.
Flavors: r-devel-linux-x86_64-debian-clang, r-devel-linux-x86_64-debian-gcc, r-devel-linux-x86_64-fedora-clang, r-devel-linux-x86_64-fedora-gcc, r-devel-osx-x86_64-clang, r-devel-windows-ix86+x86_64