CRAN Package Check Results for Package svIDE

Last updated on 2018-04-24 00:47:22 CEST.

Flavor Version Tinstall Tcheck Ttotal Status Flags
r-devel-linux-x86_64-debian-clang 0.9-52 1.93 27.07 29.00 NOTE
r-devel-linux-x86_64-debian-gcc 0.9-52 1.76 23.11 24.87 NOTE
r-devel-linux-x86_64-fedora-clang 0.9-52 37.03 NOTE
r-devel-linux-x86_64-fedora-gcc 0.9-52 35.74 NOTE
r-devel-windows-ix86+x86_64 0.9-52 7.00 41.00 48.00 NOTE
r-devel-osx-x86_64 0.9-52 NOTE
r-patched-linux-x86_64 0.9-52 1.99 27.84 29.83 NOTE
r-patched-solaris-x86 0.9-52 61.30 NOTE
r-release-linux-x86_64 0.9-52 1.80 28.21 30.01 NOTE
r-release-windows-ix86+x86_64 0.9-52 4.00 50.00 54.00 NOTE
r-release-osx-x86_64 0.9-52 NOTE
r-oldrel-windows-ix86+x86_64 0.9-52 4.00 36.00 40.00 NOTE

Check Details

Version: 0.9-52
Check: DESCRIPTION meta-information
Result: NOTE
    Malformed Description field: should contain one or more complete sentences.
Flavors: r-devel-linux-x86_64-debian-clang, r-devel-linux-x86_64-debian-gcc, r-devel-linux-x86_64-fedora-clang, r-devel-linux-x86_64-fedora-gcc, r-devel-windows-ix86+x86_64, r-devel-osx-x86_64, r-patched-linux-x86_64, r-patched-solaris-x86, r-release-linux-x86_64, r-release-windows-ix86+x86_64, r-release-osx-x86_64, r-oldrel-windows-ix86+x86_64