CRAN Package Check Results for Package svIDE

Last updated on 2015-05-26 04:47:12.

Flavor Version Tinstall Tcheck Ttotal Status Flags
r-devel-linux-x86_64-debian-clang 0.9-52 1.09 16.20 17.29 NOTE
r-devel-linux-x86_64-debian-gcc 0.9-52 1.06 16.03 17.10 NOTE
r-devel-linux-x86_64-fedora-clang 0.9-52 34.56 NOTE
r-devel-linux-x86_64-fedora-gcc 0.9-52 32.00 NOTE
r-devel-osx-x86_64-clang 0.9-52 39.42 NOTE
r-devel-windows-ix86+x86_64 0.9-52 5.00 27.00 32.00 NOTE
r-patched-linux-x86_64 0.9-52 1.13 15.98 17.11 NOTE
r-patched-solaris-sparc 0.9-52 262.80 NOTE
r-patched-solaris-x86 0.9-52 57.10 NOTE
r-release-linux-x86_64 0.9-52 1.07 16.15 17.22 NOTE
r-release-osx-x86_64-mavericks 0.9-52 NOTE
r-release-osx-x86_64-snowleopard 0.9-52 ERROR
r-release-windows-ix86+x86_64 0.9-52 4.00 31.00 35.00 NOTE
r-oldrel-windows-ix86+x86_64 0.9-52 4.00 33.00 37.00 OK

Check Details

Version: 0.9-52
Check: DESCRIPTION meta-information
Result: NOTE
    Malformed Description field: should contain one or more complete sentences.
Flavors: r-devel-linux-x86_64-debian-clang, r-devel-linux-x86_64-debian-gcc, r-devel-linux-x86_64-fedora-clang, r-devel-linux-x86_64-fedora-gcc, r-devel-osx-x86_64-clang, r-devel-windows-ix86+x86_64, r-patched-linux-x86_64, r-patched-solaris-sparc, r-patched-solaris-x86, r-release-linux-x86_64, r-release-osx-x86_64-mavericks, r-release-windows-ix86+x86_64

Version: 0.9-52
Check: package dependencies
Result: ERROR
    Package required but not available: ‘XML’
    
    See section ‘The DESCRIPTION file’ in the ‘Writing R Extensions’
    manual.
Flavor: r-release-osx-x86_64-snowleopard