CRAN Package Check Results for Package svIDE

Last updated on 2016-04-29 19:50:03.

Flavor Version Tinstall Tcheck Ttotal Status Flags
r-devel-linux-x86_64-debian-gcc 0.9-52 1.10 16.41 17.51 NOTE
r-devel-linux-x86_64-fedora-clang 0.9-52 30.37 NOTE
r-devel-linux-x86_64-fedora-gcc 0.9-52 28.51 NOTE
r-devel-osx-x86_64-clang 0.9-52 36.19 NOTE
r-devel-windows-ix86+x86_64 0.9-52 4.00 34.00 38.00 NOTE
r-patched-linux-x86_64 0.9-52 1.14 15.64 16.78 NOTE
r-patched-solaris-sparc 0.9-52 199.70 NOTE
r-patched-solaris-x86 0.9-52 47.80 NOTE
r-release-linux-x86_64 0.9-52 1.19 17.22 18.41 NOTE
r-release-osx-x86_64-mavericks 0.9-52 NOTE
r-release-windows-ix86+x86_64 0.9-52 5.00 36.00 41.00 NOTE
r-oldrel-windows-ix86+x86_64 0.9-52 8.00 48.00 56.00 OK

Check Details

Version: 0.9-52
Check: DESCRIPTION meta-information
Result: NOTE
    Malformed Description field: should contain one or more complete sentences.
Flavors: r-devel-linux-x86_64-debian-gcc, r-devel-linux-x86_64-fedora-clang, r-devel-linux-x86_64-fedora-gcc, r-devel-osx-x86_64-clang, r-devel-windows-ix86+x86_64, r-patched-linux-x86_64, r-patched-solaris-sparc, r-patched-solaris-x86, r-release-linux-x86_64, r-release-osx-x86_64-mavericks, r-release-windows-ix86+x86_64