CRAN Package Check Results for Package svIDE

Last updated on 2016-02-09 10:48:11.

Flavor Version Tinstall Tcheck Ttotal Status Flags
r-devel-linux-x86_64-debian-gcc 0.9-52 1.18 15.85 17.03 NOTE
r-devel-linux-x86_64-fedora-clang 0.9-52 29.76 NOTE
r-devel-linux-x86_64-fedora-gcc 0.9-52 28.64 NOTE
r-devel-osx-x86_64-clang 0.9-52 36.17 NOTE
r-devel-windows-ix86+x86_64 0.9-52 6.00 35.00 41.00 NOTE
r-patched-linux-x86_64 0.9-52 1.23 16.59 17.83 NOTE
r-patched-solaris-sparc 0.9-52 207.70 NOTE
r-patched-solaris-x86 0.9-52 50.20 NOTE
r-release-linux-x86_64 0.9-52 1.24 16.52 17.77 NOTE
r-release-osx-x86_64-mavericks 0.9-52 NOTE
r-release-windows-ix86+x86_64 0.9-52 6.00 53.00 59.00 NOTE
r-oldrel-windows-ix86+x86_64 0.9-52 7.00 51.00 58.00 OK

Check Details

Version: 0.9-52
Check: DESCRIPTION meta-information
Result: NOTE
    Malformed Description field: should contain one or more complete sentences.
Flavors: r-devel-linux-x86_64-debian-gcc, r-devel-linux-x86_64-fedora-clang, r-devel-linux-x86_64-fedora-gcc, r-devel-osx-x86_64-clang, r-devel-windows-ix86+x86_64, r-patched-linux-x86_64, r-patched-solaris-sparc, r-patched-solaris-x86, r-release-linux-x86_64, r-release-osx-x86_64-mavericks, r-release-windows-ix86+x86_64