CRAN Package Check Results for Package svIDE

Last updated on 2014-04-24 11:48:57.

Flavor Version Tinstall Tcheck Ttotal Status Flags
r-devel-linux-x86_64-debian-clang 0.9-52 1.43 18.54 19.97 OK
r-devel-linux-x86_64-debian-gcc 0.9-52 1.48 18.20 19.67 OK
r-devel-linux-x86_64-fedora-clang 0.9-52 39.74 OK
r-devel-linux-x86_64-fedora-gcc 0.9-52 39.19 OK
r-devel-osx-x86_64-clang 0.9-52 40.86 OK
r-devel-osx-x86_64-gcc 0.9-52 ERROR
r-devel-windows-ix86+x86_64 0.9-52 5.00 29.00 34.00 OK
r-patched-linux-x86_64 0.9-52 1.38 18.37 19.74 OK
r-patched-solaris-sparc 0.9-52 238.70 OK
r-patched-solaris-x86 0.9-52 75.30 OK
r-release-linux-ix86 0.9-52 2.00 36.00 38.00 OK
r-release-linux-x86_64 0.9-52 1.36 18.31 19.67 OK
r-release-osx-x86_64-mavericks 0.9-52 WARN
r-release-osx-x86_64-snowleopard 0.9-52 OK
r-release-windows-ix86+x86_64 0.9-52 7.00 29.00 36.00 OK
r-oldrel-windows-ix86+x86_64 0.9-52 4.00 26.00 30.00 OK

Check Details

Version: 0.9-52
Check: package dependencies
Result: ERROR
    Package required but not available: ‘XML’
    
    See the information on DESCRIPTION files in the chapter ‘Creating R
    packages’ of the ‘Writing R Extensions’ manual.
Flavor: r-devel-osx-x86_64-gcc

Version: 0.9-52
Check: PDF version of manual
Result: WARNING
    LaTeX errors when creating PDF version.
    This typically indicates Rd problems.
    LaTeX errors found:
    ! LaTeX Error: File `upquote.sty' not found.
    
    Type X to quit or <RETURN> to proceed,
    or enter new name. (Default extension: sty)
    
    4b19dd2/Rd2.tex:8: ==> Fatal error occurred, no output PDF file produced!
Flavor: r-release-osx-x86_64-mavericks