CRAN Package Check Results for Package svKomodo

Last updated on 2015-08-29 13:48:29.

Flavor Version Tinstall Tcheck Ttotal Status Flags
r-devel-linux-x86_64-debian-clang 0.9-63 0.54 10.17 10.71 NOTE
r-devel-linux-x86_64-debian-gcc 0.9-63 0.57 10.11 10.68 NOTE
r-devel-linux-x86_64-fedora-clang 0.9-63 20.22 NOTE
r-devel-linux-x86_64-fedora-gcc 0.9-63 19.18 NOTE
r-devel-osx-x86_64-clang 0.9-63 22.17 NOTE
r-devel-windows-ix86+x86_64 0.9-63 5.00 26.00 31.00 NOTE
r-patched-linux-x86_64 0.9-63 0.84 10.71 11.54 NOTE
r-patched-solaris-sparc 0.9-63 138.40 NOTE
r-patched-solaris-x86 0.9-63 36.40 NOTE
r-release-linux-x86_64 0.9-63 0.61 11.13 11.74 NOTE
r-release-osx-x86_64-mavericks 0.9-63 NOTE
r-release-windows-ix86+x86_64 0.9-63 5.00 19.00 24.00 NOTE
r-oldrel-windows-ix86+x86_64 0.9-63 6.00 21.00 27.00 OK

Check Details

Version: 0.9-63
Check: DESCRIPTION meta-information
Result: NOTE
    Malformed Description field: should contain one or more complete sentences.
Flavors: r-devel-linux-x86_64-debian-clang, r-devel-linux-x86_64-debian-gcc, r-devel-linux-x86_64-fedora-clang, r-devel-linux-x86_64-fedora-gcc, r-devel-osx-x86_64-clang, r-devel-windows-ix86+x86_64, r-patched-linux-x86_64, r-patched-solaris-sparc, r-patched-solaris-x86, r-release-linux-x86_64, r-release-osx-x86_64-mavericks, r-release-windows-ix86+x86_64

Version: 0.9-63
Check: R code for possible problems
Result: NOTE
    .onAttach : svBrowser: no visible global function definition for
     ‘browseURL’
    .onAttach: no visible global function definition for ‘loadhistory’
    Undefined global functions or variables:
     browseURL loadhistory
    Consider adding
     importFrom("utils", "browseURL", "loadhistory")
    to your NAMESPACE.
Flavors: r-devel-linux-x86_64-debian-clang, r-devel-linux-x86_64-debian-gcc, r-devel-linux-x86_64-fedora-clang, r-devel-linux-x86_64-fedora-gcc, r-devel-windows-ix86+x86_64