CRAN Package Check Results for Package svKomodo

Last updated on 2014-11-24 18:49:27.

Flavor Version Tinstall Tcheck Ttotal Status Flags
r-devel-linux-x86_64-debian-clang 0.9-62 0.66 11.96 12.62 NOTE
r-devel-linux-x86_64-debian-gcc 0.9-62 0.70 11.50 12.20 NOTE
r-devel-linux-x86_64-fedora-clang 0.9-62 25.75 NOTE
r-devel-linux-x86_64-fedora-gcc 0.9-62 24.78 NOTE
r-devel-osx-x86_64-clang 0.9-62 27.58 NOTE
r-devel-windows-ix86+x86_64 0.9-62 3.00 21.00 24.00 NOTE
r-patched-linux-x86_64 0.9-62 0.67 11.68 12.36 NOTE
r-patched-solaris-sparc 0.9-62 154.40 NOTE
r-patched-solaris-x86 0.9-62 41.50 NOTE
r-release-linux-ix86 0.9-62 0.99 18.10 19.09 NOTE
r-release-linux-x86_64 0.9-62 0.69 11.87 12.56 NOTE
r-release-osx-x86_64-mavericks 0.9-62 OK
r-release-osx-x86_64-snowleopard 0.9-62 OK
r-release-windows-ix86+x86_64 0.9-62 3.00 28.00 31.00 NOTE
r-oldrel-windows-ix86+x86_64 0.9-62 5.00 30.00 35.00 OK

Check Details

Version: 0.9-62
Check: R code for possible problems
Result: NOTE
    .onAttach: no visible global function definition for ‘startHttpServer’
    .onAttach: no visible global function definition for
     ‘startSocketServer’
Flavors: r-devel-linux-x86_64-debian-clang, r-devel-linux-x86_64-debian-gcc, r-devel-linux-x86_64-fedora-clang, r-devel-linux-x86_64-fedora-gcc, r-devel-osx-x86_64-clang, r-devel-windows-ix86+x86_64, r-patched-linux-x86_64, r-patched-solaris-sparc, r-patched-solaris-x86, r-release-linux-ix86, r-release-linux-x86_64, r-release-windows-ix86+x86_64