CRAN Package Check Results for Package svKomodo

Last updated on 2017-03-29 03:51:00.

Flavor Version Tinstall Tcheck Ttotal Status Flags
r-devel-linux-x86_64-debian-clang 0.9-63 0.60 13.33 13.93 NOTE
r-devel-linux-x86_64-debian-gcc 0.9-63 0.71 13.39 14.11 NOTE
r-devel-linux-x86_64-fedora-clang 0.9-63 22.67 NOTE --no-stop-on-test-error
r-devel-linux-x86_64-fedora-gcc 0.9-63 21.87 NOTE --no-stop-on-test-error
r-devel-macos-x86_64-clang 0.9-63 20.39 NOTE --no-stop-on-test-error
r-devel-windows-ix86+x86_64 0.9-63 3.00 38.00 41.00 NOTE
r-patched-linux-x86_64 0.9-63 0.66 13.47 14.13 NOTE
r-patched-solaris-sparc 0.9-63 136.90 NOTE
r-patched-solaris-x86 0.9-63 34.60 NOTE
r-release-linux-x86_64 0.9-63 0.58 11.26 11.85 NOTE
r-release-osx-x86_64-mavericks 0.9-63 NOTE
r-release-windows-ix86+x86_64 0.9-63 6.00 30.00 36.00 NOTE
r-oldrel-windows-ix86+x86_64 0.9-63 3.00 51.00 54.00 NOTE

Check Details

Version: 0.9-63
Check: DESCRIPTION meta-information
Result: NOTE
    Malformed Description field: should contain one or more complete sentences.
Flavors: r-devel-linux-x86_64-debian-clang, r-devel-linux-x86_64-debian-gcc, r-devel-windows-ix86+x86_64, r-patched-linux-x86_64, r-patched-solaris-sparc, r-patched-solaris-x86, r-release-linux-x86_64, r-release-osx-x86_64-mavericks, r-release-windows-ix86+x86_64, r-oldrel-windows-ix86+x86_64

Version: 0.9-63
Check: R code for possible problems
Result: NOTE
    .onAttach : svBrowser: no visible global function definition for
     ‘browseURL’
    .onAttach: no visible global function definition for ‘loadhistory’
    Undefined global functions or variables:
     browseURL loadhistory
    Consider adding
     importFrom("utils", "browseURL", "loadhistory")
    to your NAMESPACE file.
Flavors: r-devel-linux-x86_64-debian-clang, r-devel-linux-x86_64-debian-gcc, r-devel-windows-ix86+x86_64, r-patched-linux-x86_64, r-patched-solaris-sparc, r-patched-solaris-x86, r-release-linux-x86_64, r-release-osx-x86_64-mavericks, r-release-windows-ix86+x86_64

Version: 0.9-63
Flags: --no-stop-on-test-error
Check: DESCRIPTION meta-information
Result: NOTE
    Malformed Description field: should contain one or more complete sentences.
Flavors: r-devel-linux-x86_64-fedora-clang, r-devel-linux-x86_64-fedora-gcc, r-devel-macos-x86_64-clang

Version: 0.9-63
Flags: --no-stop-on-test-error
Check: R code for possible problems
Result: NOTE
    .onAttach : svBrowser: no visible global function definition for
     ‘browseURL’
    .onAttach: no visible global function definition for ‘loadhistory’
    Undefined global functions or variables:
     browseURL loadhistory
    Consider adding
     importFrom("utils", "browseURL", "loadhistory")
    to your NAMESPACE file.
Flavors: r-devel-linux-x86_64-fedora-clang, r-devel-linux-x86_64-fedora-gcc, r-devel-macos-x86_64-clang

Version: 0.9-63
Check: dependencies in R code
Result: NOTE
    Invalid MIT-MAGIC-COOKIE-1 key
Flavor: r-release-osx-x86_64-mavericks