CRAN Package Check Results for Package svKomodo

Last updated on 2015-07-05 22:47:49.

Flavor Version Tinstall Tcheck Ttotal Status Flags
r-devel-linux-x86_64-debian-clang 0.9-63 0.58 10.66 11.24 NOTE
r-devel-linux-x86_64-debian-gcc 0.9-63 0.63 10.94 11.58 NOTE
r-devel-linux-x86_64-fedora-clang 0.9-63 20.43 NOTE
r-devel-linux-x86_64-fedora-gcc 0.9-63 19.71 NOTE
r-devel-osx-x86_64-clang 0.9-63 19.91 NOTE
r-devel-windows-ix86+x86_64 0.9-63 3.00 18.00 21.00 NOTE
r-patched-linux-x86_64 0.9-63 0.63 10.70 11.33 NOTE
r-patched-solaris-sparc 0.9-63 190.70 NOTE
r-patched-solaris-x86 0.9-63 34.80 NOTE
r-release-linux-x86_64 0.9-63 0.64 10.94 11.58 NOTE
r-release-osx-x86_64-mavericks 0.9-63 NOTE
r-release-windows-ix86+x86_64 0.9-63 3.00 19.00 22.00 NOTE
r-oldrel-windows-ix86+x86_64 0.9-63 3.00 24.00 27.00 OK

Check Details

Version: 0.9-63
Check: DESCRIPTION meta-information
Result: NOTE
    Malformed Description field: should contain one or more complete sentences.
Flavors: r-devel-linux-x86_64-debian-clang, r-devel-linux-x86_64-debian-gcc, r-devel-linux-x86_64-fedora-clang, r-devel-linux-x86_64-fedora-gcc, r-devel-osx-x86_64-clang, r-devel-windows-ix86+x86_64, r-patched-linux-x86_64, r-patched-solaris-sparc, r-patched-solaris-x86, r-release-linux-x86_64, r-release-osx-x86_64-mavericks, r-release-windows-ix86+x86_64

Version: 0.9-63
Check: R code for possible problems
Result: NOTE
    .onAttach : svBrowser: no visible global function definition for
     ‘browseURL’
    .onAttach: no visible global function definition for ‘loadhistory’
    Undefined global functions or variables:
     browseURL loadhistory
Flavors: r-devel-linux-x86_64-debian-clang, r-devel-linux-x86_64-debian-gcc, r-devel-linux-x86_64-fedora-clang, r-devel-linux-x86_64-fedora-gcc, r-devel-windows-ix86+x86_64