CRAN Package Check Results for Package svKomodo

Last updated on 2017-12-18 21:11:31 CET.

Flavor Version Tinstall Tcheck Ttotal Status Flags
r-devel-linux-x86_64-debian-clang 0.9-63 0.76 18.12 18.88 NOTE
r-devel-linux-x86_64-debian-gcc 0.9-63 0.73 16.72 17.45 NOTE
r-devel-linux-x86_64-fedora-clang 0.9-63 24.30 NOTE
r-devel-linux-x86_64-fedora-gcc 0.9-63 24.34 NOTE
r-devel-windows-ix86+x86_64 0.9-63 3.00 28.00 31.00 NOTE
r-patched-linux-x86_64 0.9-63 0.84 18.74 19.58 NOTE
r-patched-solaris-x86 0.9-63 33.80 NOTE
r-release-linux-x86_64 0.9-63 0.81 18.60 19.41 NOTE
r-release-windows-ix86+x86_64 0.9-63 4.00 36.00 40.00 NOTE
r-release-osx-x86_64 0.9-63 NOTE
r-oldrel-windows-ix86+x86_64 0.9-63 5.00 42.00 47.00 NOTE
r-oldrel-osx-x86_64 0.9-63 NOTE

Check Details

Version: 0.9-63
Check: DESCRIPTION meta-information
Result: NOTE
    Malformed Description field: should contain one or more complete sentences.
Flavors: r-devel-linux-x86_64-debian-clang, r-devel-linux-x86_64-debian-gcc, r-devel-linux-x86_64-fedora-clang, r-devel-linux-x86_64-fedora-gcc, r-devel-windows-ix86+x86_64, r-patched-linux-x86_64, r-patched-solaris-x86, r-release-linux-x86_64, r-release-windows-ix86+x86_64, r-release-osx-x86_64, r-oldrel-windows-ix86+x86_64, r-oldrel-osx-x86_64

Version: 0.9-63
Check: R code for possible problems
Result: NOTE
    .onAttach : svBrowser: no visible global function definition for
     ‘browseURL’
    .onAttach: no visible global function definition for ‘loadhistory’
    Undefined global functions or variables:
     browseURL loadhistory
    Consider adding
     importFrom("utils", "browseURL", "loadhistory")
    to your NAMESPACE file.
Flavors: r-devel-linux-x86_64-debian-clang, r-devel-linux-x86_64-debian-gcc, r-devel-linux-x86_64-fedora-clang, r-devel-linux-x86_64-fedora-gcc, r-devel-windows-ix86+x86_64, r-patched-linux-x86_64, r-patched-solaris-x86, r-release-linux-x86_64, r-release-windows-ix86+x86_64, r-release-osx-x86_64, r-oldrel-windows-ix86+x86_64, r-oldrel-osx-x86_64

Version: 0.9-63
Check: dependencies in R code
Result: NOTE
    Invalid MIT-MAGIC-COOKIE-1 key
Flavor: r-oldrel-osx-x86_64