CRAN Package Check Results for Package svKomodo

Last updated on 2015-03-30 00:48:33.

Flavor Version Tinstall Tcheck Ttotal Status Flags
r-devel-linux-x86_64-debian-clang 0.9-63 0.61 10.83 11.44 NOTE
r-devel-linux-x86_64-debian-gcc 0.9-63 0.60 10.69 11.29 NOTE
r-devel-linux-x86_64-fedora-clang 0.9-63 22.31 NOTE
r-devel-linux-x86_64-fedora-gcc 0.9-63 20.62 NOTE
r-devel-osx-x86_64-clang 0.9-63 28.72 NOTE
r-prerel-windows-ix86+x86_64 0.9-63 4.00 20.00 24.00 NOTE
r-prerel-linux-x86_64 0.9-63 0.60 10.61 11.21 NOTE
r-prerel-solaris-sparc 0.9-63 140.80 NOTE
r-prerel-solaris-x86 0.9-63 31.30 NOTE
r-release-linux-x86_64 0.9-63 0.88 12.94 13.82 OK
r-release-osx-x86_64-mavericks 0.9-63 OK
r-release-osx-x86_64-snowleopard 0.9-63 OK
r-release-windows-ix86+x86_64 0.9-63 4.00 22.00 26.00 OK
r-oldrel-windows-ix86+x86_64 0.9-63 4.00 25.00 29.00 OK

Check Details

Version: 0.9-63
Check: DESCRIPTION meta-information
Result: NOTE
    Malformed Description field: should contain one or more complete sentences.
Flavors: r-devel-linux-x86_64-debian-clang, r-devel-linux-x86_64-debian-gcc, r-devel-linux-x86_64-fedora-clang, r-devel-linux-x86_64-fedora-gcc, r-devel-osx-x86_64-clang, r-prerel-windows-ix86+x86_64, r-prerel-linux-x86_64, r-prerel-solaris-sparc, r-prerel-solaris-x86