CRAN Package Check Results for Package svKomodo

Last updated on 2014-12-22 23:48:59.

Flavor Version Tinstall Tcheck Ttotal Status Flags
r-devel-linux-x86_64-debian-clang 0.9-62 0.66 11.89 12.55 NOTE
r-devel-linux-x86_64-debian-gcc 0.9-62 0.64 12.58 13.22 NOTE
r-devel-linux-x86_64-fedora-clang 0.9-62 25.14 NOTE
r-devel-linux-x86_64-fedora-gcc 0.9-62 25.06 NOTE
r-devel-osx-x86_64-clang 0.9-62 26.85 NOTE
r-devel-windows-ix86+x86_64 0.9-62 4.00 27.00 31.00 NOTE
r-patched-linux-x86_64 0.9-62 0.68 11.78 12.47 NOTE
r-patched-solaris-sparc 0.9-62 143.20 NOTE
r-patched-solaris-x86 0.9-62 37.60 NOTE
r-release-linux-ix86 0.9-62 0.98 18.13 19.11 NOTE
r-release-linux-x86_64 0.9-62 0.68 12.08 12.75 NOTE
r-release-osx-x86_64-mavericks 0.9-62 OK
r-release-osx-x86_64-snowleopard 0.9-62 OK
r-release-windows-ix86+x86_64 0.9-62 3.00 22.00 25.00 NOTE
r-oldrel-windows-ix86+x86_64 0.9-62 3.00 22.00 25.00 OK

Check Details

Version: 0.9-62
Check: R code for possible problems
Result: NOTE
    .onAttach: no visible global function definition for ‘startHttpServer’
    .onAttach: no visible global function definition for
     ‘startSocketServer’
Flavors: r-devel-linux-x86_64-debian-clang, r-devel-linux-x86_64-debian-gcc, r-devel-linux-x86_64-fedora-clang, r-devel-linux-x86_64-fedora-gcc, r-devel-osx-x86_64-clang, r-devel-windows-ix86+x86_64, r-patched-linux-x86_64, r-patched-solaris-sparc, r-patched-solaris-x86, r-release-linux-ix86, r-release-linux-x86_64, r-release-windows-ix86+x86_64