CRAN Package Check Results for Package svKomodo

Last updated on 2016-09-26 15:48:29.

Flavor Version Tinstall Tcheck Ttotal Status Flags
r-devel-linux-x86_64-debian-clang 0.9-63 0.61 11.25 11.86 NOTE
r-devel-linux-x86_64-debian-gcc 0.9-63 0.55 10.97 11.52 NOTE
r-devel-linux-x86_64-fedora-clang 0.9-63 19.41 NOTE
r-devel-linux-x86_64-fedora-gcc 0.9-63 18.55 NOTE
r-devel-macos-x86_64-clang 0.9-63 17.57 NOTE
r-devel-windows-ix86+x86_64 0.9-63 5.00 65.00 70.00 NOTE
r-patched-linux-x86_64 0.9-63 0.60 11.30 11.91 NOTE
r-patched-solaris-sparc 0.9-63 127.20 NOTE
r-patched-solaris-x86 0.9-63 28.90 NOTE
r-release-linux-x86_64 0.9-63 0.63 11.09 11.71 NOTE
r-release-osx-x86_64-mavericks 0.9-63 NOTE
r-release-windows-ix86+x86_64 0.9-63 3.00 30.00 33.00 NOTE
r-oldrel-windows-ix86+x86_64 0.9-63 3.00 26.00 29.00 NOTE

Check Details

Version: 0.9-63
Check: DESCRIPTION meta-information
Result: NOTE
    Malformed Description field: should contain one or more complete sentences.
Flavors: r-devel-linux-x86_64-debian-clang, r-devel-linux-x86_64-debian-gcc, r-devel-linux-x86_64-fedora-clang, r-devel-linux-x86_64-fedora-gcc, r-devel-macos-x86_64-clang, r-devel-windows-ix86+x86_64, r-patched-linux-x86_64, r-patched-solaris-sparc, r-patched-solaris-x86, r-release-linux-x86_64, r-release-osx-x86_64-mavericks, r-release-windows-ix86+x86_64, r-oldrel-windows-ix86+x86_64

Version: 0.9-63
Check: R code for possible problems
Result: NOTE
    .onAttach : svBrowser: no visible global function definition for
     ‘browseURL’
    .onAttach: no visible global function definition for ‘loadhistory’
    Undefined global functions or variables:
     browseURL loadhistory
    Consider adding
     importFrom("utils", "browseURL", "loadhistory")
    to your NAMESPACE file.
Flavors: r-devel-linux-x86_64-debian-clang, r-devel-linux-x86_64-debian-gcc, r-devel-linux-x86_64-fedora-clang, r-devel-linux-x86_64-fedora-gcc, r-devel-macos-x86_64-clang, r-devel-windows-ix86+x86_64, r-patched-linux-x86_64, r-patched-solaris-sparc, r-patched-solaris-x86, r-release-linux-x86_64, r-release-osx-x86_64-mavericks, r-release-windows-ix86+x86_64

Version: 0.9-63
Check: dependencies in R code
Result: NOTE
    Invalid MIT-MAGIC-COOKIE-1 key
Flavor: r-release-osx-x86_64-mavericks