CRAN Package Check Results for Package svKomodo

Last updated on 2014-04-25 05:47:26.

Flavor Version Tinstall Tcheck Ttotal Status Flags
r-devel-linux-x86_64-debian-clang 0.9-62 0.69 12.20 12.90 OK
r-devel-linux-x86_64-debian-gcc 0.9-62 0.67 12.12 12.79 OK
r-devel-linux-x86_64-fedora-clang 0.9-62 23.55 OK
r-devel-linux-x86_64-fedora-gcc 0.9-62 23.56 OK
r-devel-osx-x86_64-clang 0.9-62 27.21 OK
r-devel-osx-x86_64-gcc 0.9-62 OK
r-devel-windows-ix86+x86_64 0.9-62 3.00 21.00 24.00 OK
r-patched-linux-x86_64 0.9-62 0.65 12.21 12.86 OK
r-patched-solaris-sparc 0.9-62 143.70 OK
r-patched-solaris-x86 0.9-62 37.70 OK
r-release-linux-ix86 0.9-62 1.00 26.00 27.00 OK
r-release-linux-x86_64 0.9-62 0.67 12.31 12.98 OK
r-release-osx-x86_64-mavericks 0.9-62 WARN
r-release-osx-x86_64-snowleopard 0.9-62 OK
r-release-windows-ix86+x86_64 0.9-62 5.00 21.00 26.00 OK
r-oldrel-windows-ix86+x86_64 0.9-62 3.00 20.00 23.00 OK

Check Details

Version: 0.9-62
Check: PDF version of manual
Result: WARNING
    LaTeX errors when creating PDF version.
    This typically indicates Rd problems.
    LaTeX errors found:
    ! LaTeX Error: File `upquote.sty' not found.
    
    Type X to quit or <RETURN> to proceed,
    or enter new name. (Default extension: sty)
    
    bcfe98e/Rd2.tex:8: ==> Fatal error occurred, no output PDF file produced!
Flavor: r-release-osx-x86_64-mavericks