CRAN Package Check Results for Package svKomodo

Last updated on 2018-05-27 00:47:00 CEST.

Flavor Version Tinstall Tcheck Ttotal Status Flags
r-devel-linux-x86_64-debian-clang 0.9-63 1.51 21.25 22.76 NOTE
r-devel-linux-x86_64-debian-gcc 0.9-63 1.25 16.89 18.14 NOTE
r-devel-linux-x86_64-fedora-clang 0.9-63 27.23 NOTE
r-devel-linux-x86_64-fedora-gcc 0.9-63 25.81 NOTE
r-devel-windows-ix86+x86_64 0.9-63 3.00 51.00 54.00 NOTE
r-patched-linux-x86_64 0.9-63 1.03 20.08 21.11 NOTE
r-patched-solaris-x86 0.9-63 41.00 NOTE
r-release-linux-x86_64 0.9-63 1.52 20.29 21.81 NOTE
r-release-windows-ix86+x86_64 0.9-63 4.00 34.00 38.00 NOTE
r-release-osx-x86_64 0.9-63 NOTE
r-oldrel-windows-ix86+x86_64 0.9-63 5.00 30.00 35.00 NOTE
r-oldrel-osx-x86_64 0.9-63 NOTE

Check Details

Version: 0.9-63
Check: DESCRIPTION meta-information
Result: NOTE
    Malformed Description field: should contain one or more complete sentences.
Flavors: r-devel-linux-x86_64-debian-clang, r-devel-linux-x86_64-debian-gcc, r-devel-linux-x86_64-fedora-clang, r-devel-linux-x86_64-fedora-gcc, r-devel-windows-ix86+x86_64, r-patched-linux-x86_64, r-patched-solaris-x86, r-release-linux-x86_64, r-release-windows-ix86+x86_64, r-release-osx-x86_64, r-oldrel-windows-ix86+x86_64, r-oldrel-osx-x86_64

Version: 0.9-63
Check: R code for possible problems
Result: NOTE
    .onAttach : svBrowser: no visible global function definition for
     ‘browseURL’
    .onAttach: no visible global function definition for ‘loadhistory’
    Undefined global functions or variables:
     browseURL loadhistory
    Consider adding
     importFrom("utils", "browseURL", "loadhistory")
    to your NAMESPACE file.
Flavors: r-devel-linux-x86_64-debian-clang, r-devel-linux-x86_64-debian-gcc, r-devel-linux-x86_64-fedora-clang, r-devel-linux-x86_64-fedora-gcc, r-devel-windows-ix86+x86_64, r-patched-linux-x86_64, r-patched-solaris-x86, r-release-linux-x86_64, r-release-windows-ix86+x86_64, r-release-osx-x86_64, r-oldrel-windows-ix86+x86_64, r-oldrel-osx-x86_64

Version: 0.9-63
Check: package dependencies
Result: NOTE
    Package suggested but not available for checking: ‘svHttp’
Flavor: r-release-osx-x86_64