CRAN Package Check Results for Package svKomodo

Last updated on 2014-10-24 19:47:52.

Flavor Version Tinstall Tcheck Ttotal Status Flags
r-devel-linux-x86_64-debian-clang 0.9-62 0.67 12.03 12.70 NOTE
r-devel-linux-x86_64-debian-gcc 0.9-62 0.72 11.92 12.64 NOTE
r-devel-linux-x86_64-fedora-clang 0.9-62 24.24 NOTE
r-devel-linux-x86_64-fedora-gcc 0.9-62 22.85 NOTE
r-devel-osx-x86_64-clang 0.9-62 27.36 NOTE
r-devel-windows-ix86+x86_64 0.9-62 3.00 21.00 24.00 NOTE
r-patched-linux-x86_64 0.9-62 0.75 11.98 12.73 NOTE
r-patched-solaris-sparc 0.9-62 154.40 NOTE
r-patched-solaris-x86 0.9-62 36.20 NOTE
r-release-linux-ix86 0.9-62 0.98 18.65 19.63 OK
r-release-linux-x86_64 0.9-62 0.71 11.82 12.53 OK
r-release-osx-x86_64-mavericks 0.9-62 OK
r-release-osx-x86_64-snowleopard 0.9-62 OK
r-release-windows-ix86+x86_64 0.9-62 6.00 28.00 34.00 OK
r-oldrel-windows-ix86+x86_64 0.9-62 5.00 30.00 35.00 OK

Check Details

Version: 0.9-62
Check: R code for possible problems
Result: NOTE
    .onAttach: no visible global function definition for ‘startHttpServer’
    .onAttach: no visible global function definition for
     ‘startSocketServer’
Flavors: r-devel-linux-x86_64-debian-clang, r-devel-linux-x86_64-debian-gcc, r-devel-linux-x86_64-fedora-clang, r-devel-linux-x86_64-fedora-gcc, r-devel-osx-x86_64-clang, r-devel-windows-ix86+x86_64, r-patched-linux-x86_64, r-patched-solaris-sparc, r-patched-solaris-x86