CRAN Package Check Results for Package svKomodo

Last updated on 2015-02-26 23:47:58.

Flavor Version Tinstall Tcheck Ttotal Status Flags
r-devel-linux-x86_64-debian-clang 0.9-63 0.62 11.63 12.25 NOTE
r-devel-linux-x86_64-debian-gcc 0.9-63 0.75 10.52 11.27 NOTE
r-devel-linux-x86_64-fedora-clang 0.9-63 22.24 NOTE
r-devel-linux-x86_64-fedora-gcc 0.9-63 21.74 NOTE
r-devel-osx-x86_64-clang 0.9-63 26.26 NOTE
r-devel-windows-ix86+x86_64 0.9-63 3.00 18.00 21.00 NOTE
r-patched-linux-x86_64 0.9-63 0.73 12.18 12.91 OK
r-patched-solaris-sparc 0.9-63 137.70 OK
r-patched-solaris-x86 0.9-63 38.50 OK
r-release-linux-ix86 0.9-63 1.29 19.14 20.43 OK
r-release-linux-x86_64 0.9-63 0.76 0.29 1.04 OK
r-release-osx-x86_64-mavericks 0.9-63 OK
r-release-osx-x86_64-snowleopard 0.9-63 OK
r-release-windows-ix86+x86_64 0.9-63 3.00 22.00 25.00 OK
r-oldrel-windows-ix86+x86_64 0.9-63 4.00 25.00 29.00 OK

Check Details

Version: 0.9-63
Check: DESCRIPTION meta-information
Result: NOTE
    Malformed Description field: should contain one or more complete sentences.
Flavors: r-devel-linux-x86_64-debian-clang, r-devel-linux-x86_64-debian-gcc, r-devel-linux-x86_64-fedora-clang, r-devel-linux-x86_64-fedora-gcc, r-devel-osx-x86_64-clang, r-devel-windows-ix86+x86_64