CRAN Package Check Results for Package svKomodo

Last updated on 2015-05-27 15:47:10.

Flavor Version Tinstall Tcheck Ttotal Status Flags
r-devel-linux-x86_64-debian-clang 0.9-63 0.60 11.06 11.66 NOTE
r-devel-linux-x86_64-debian-gcc 0.9-63 0.60 11.14 11.74 NOTE
r-devel-linux-x86_64-fedora-clang 0.9-63 22.03 NOTE
r-devel-linux-x86_64-fedora-gcc 0.9-63 20.97 NOTE
r-devel-osx-x86_64-clang 0.9-63 25.31 NOTE
r-devel-windows-ix86+x86_64 0.9-63 3.00 19.00 22.00 NOTE
r-patched-linux-x86_64 0.9-63 0.62 10.68 11.30 NOTE
r-patched-solaris-sparc 0.9-63 190.70 NOTE
r-patched-solaris-x86 0.9-63 33.70 NOTE
r-release-linux-x86_64 0.9-63 0.63 11.00 11.64 NOTE
r-release-osx-x86_64-mavericks 0.9-63 NOTE
r-release-osx-x86_64-snowleopard 0.9-63 NOTE
r-release-windows-ix86+x86_64 0.9-63 3.00 21.00 24.00 NOTE
r-oldrel-windows-ix86+x86_64 0.9-63 4.00 22.00 26.00 OK

Check Details

Version: 0.9-63
Check: DESCRIPTION meta-information
Result: NOTE
    Malformed Description field: should contain one or more complete sentences.
Flavors: r-devel-linux-x86_64-debian-clang, r-devel-linux-x86_64-debian-gcc, r-devel-linux-x86_64-fedora-clang, r-devel-linux-x86_64-fedora-gcc, r-devel-osx-x86_64-clang, r-devel-windows-ix86+x86_64, r-patched-linux-x86_64, r-patched-solaris-sparc, r-patched-solaris-x86, r-release-linux-x86_64, r-release-osx-x86_64-mavericks, r-release-osx-x86_64-snowleopard, r-release-windows-ix86+x86_64