CRAN Package Check Results for Package svKomodo

Last updated on 2015-01-25 04:47:17.

Flavor Version Tinstall Tcheck Ttotal Status Flags
r-devel-linux-x86_64-debian-clang 0.9-62 0.69 12.04 12.72 NOTE
r-devel-linux-x86_64-debian-gcc 0.9-62 0.66 11.76 12.42 NOTE
r-devel-linux-x86_64-fedora-clang 0.9-62 27.17 NOTE
r-devel-linux-x86_64-fedora-gcc 0.9-62 24.95 NOTE
r-devel-osx-x86_64-clang 0.9-62 27.80 NOTE
r-devel-windows-ix86+x86_64 0.9-62 4.00 22.00 26.00 NOTE
r-patched-linux-x86_64 0.9-62 0.66 11.82 12.48 NOTE
r-patched-solaris-sparc 0.9-62 143.20 NOTE
r-patched-solaris-x86 0.9-62 37.60 NOTE
r-release-linux-ix86 0.9-62 0.99 18.16 19.15 NOTE
r-release-linux-x86_64 0.9-62 0.67 12.09 12.76 NOTE
r-release-osx-x86_64-mavericks 0.9-62 NOTE
r-release-osx-x86_64-snowleopard 0.9-62 OK
r-release-windows-ix86+x86_64 0.9-62 3.00 22.00 25.00 NOTE
r-oldrel-windows-ix86+x86_64 0.9-62 3.00 22.00 25.00 OK

Check Details

Version: 0.9-62
Check: R code for possible problems
Result: NOTE
    .onAttach: no visible global function definition for ‘startHttpServer’
    .onAttach: no visible global function definition for
     ‘startSocketServer’
Flavors: r-devel-linux-x86_64-debian-clang, r-devel-linux-x86_64-debian-gcc, r-devel-linux-x86_64-fedora-clang, r-devel-linux-x86_64-fedora-gcc, r-devel-osx-x86_64-clang, r-devel-windows-ix86+x86_64, r-patched-linux-x86_64, r-patched-solaris-sparc, r-patched-solaris-x86, r-release-linux-ix86, r-release-linux-x86_64, r-release-osx-x86_64-mavericks, r-release-windows-ix86+x86_64