CRAN Package Check Results for Package svKomodo

Last updated on 2014-09-02 05:46:46.

Flavor Version Tinstall Tcheck Ttotal Status Flags
r-devel-linux-x86_64-debian-clang 0.9-62 0.60 11.59 12.19 NOTE
r-devel-linux-x86_64-debian-gcc 0.9-62 0.61 10.93 11.54 NOTE
r-devel-linux-x86_64-fedora-clang 0.9-62 23.68 NOTE
r-devel-linux-x86_64-fedora-gcc 0.9-62 22.29 NOTE
r-devel-osx-x86_64-clang 0.9-62 24.88 NOTE
r-devel-windows-ix86+x86_64 0.9-62 3.00 19.00 22.00 NOTE
r-patched-linux-x86_64 0.9-62 0.62 11.64 12.26 OK
r-patched-solaris-sparc 0.9-62 137.50 OK
r-patched-solaris-x86 0.9-62 36.10 OK
r-release-linux-ix86 0.9-62 0.98 18.46 19.44 OK
r-release-linux-x86_64 0.9-62 0.64 11.55 12.20 OK
r-release-osx-x86_64-mavericks 0.9-62 OK
r-release-osx-x86_64-snowleopard 0.9-62 OK
r-release-windows-ix86+x86_64 0.9-62 6.00 28.00 34.00 OK
r-oldrel-windows-ix86+x86_64 0.9-62 5.00 30.00 35.00 OK

Check Details

Version: 0.9-62
Check: R code for possible problems
Result: NOTE
    .onAttach: no visible global function definition for ‘startHttpServer’
    .onAttach: no visible global function definition for
     ‘startSocketServer’
Flavors: r-devel-linux-x86_64-debian-clang, r-devel-linux-x86_64-debian-gcc, r-devel-linux-x86_64-fedora-clang, r-devel-linux-x86_64-fedora-gcc, r-devel-osx-x86_64-clang, r-devel-windows-ix86+x86_64