CRAN Package Check Results for Package svKomodo

Last updated on 2016-04-29 19:50:03.

Flavor Version Tinstall Tcheck Ttotal Status Flags
r-devel-linux-x86_64-debian-gcc 0.9-63 0.65 11.08 11.73 NOTE
r-devel-linux-x86_64-fedora-clang 0.9-63 19.33 NOTE
r-devel-linux-x86_64-fedora-gcc 0.9-63 17.73 NOTE
r-devel-osx-x86_64-clang 0.9-63 22.99 NOTE
r-devel-windows-ix86+x86_64 0.9-63 3.00 28.00 31.00 NOTE
r-patched-linux-x86_64 0.9-63 0.61 10.61 11.22 NOTE
r-patched-solaris-sparc 0.9-63 124.10 NOTE
r-patched-solaris-x86 0.9-63 29.40 NOTE
r-release-linux-x86_64 0.9-63 0.70 11.41 12.11 NOTE
r-release-osx-x86_64-mavericks 0.9-63 NOTE
r-release-windows-ix86+x86_64 0.9-63 3.00 26.00 29.00 NOTE
r-oldrel-windows-ix86+x86_64 0.9-63 5.00 37.00 42.00 OK

Check Details

Version: 0.9-63
Check: DESCRIPTION meta-information
Result: NOTE
    Malformed Description field: should contain one or more complete sentences.
Flavors: r-devel-linux-x86_64-debian-gcc, r-devel-linux-x86_64-fedora-clang, r-devel-linux-x86_64-fedora-gcc, r-devel-osx-x86_64-clang, r-devel-windows-ix86+x86_64, r-patched-linux-x86_64, r-patched-solaris-sparc, r-patched-solaris-x86, r-release-linux-x86_64, r-release-osx-x86_64-mavericks, r-release-windows-ix86+x86_64

Version: 0.9-63
Check: R code for possible problems
Result: NOTE
    .onAttach : svBrowser: no visible global function definition for
     ‘browseURL’
    .onAttach: no visible global function definition for ‘loadhistory’
    Undefined global functions or variables:
     browseURL loadhistory
    Consider adding
     importFrom("utils", "browseURL", "loadhistory")
    to your NAMESPACE file.
Flavors: r-devel-linux-x86_64-debian-gcc, r-devel-linux-x86_64-fedora-clang, r-devel-linux-x86_64-fedora-gcc, r-devel-osx-x86_64-clang, r-devel-windows-ix86+x86_64, r-patched-linux-x86_64, r-patched-solaris-sparc, r-patched-solaris-x86