CRAN Package Check Results for Package svMisc

Last updated on 2017-09-21 17:48:40.

Flavor Version Tinstall Tcheck Ttotal Status Flags
r-devel-linux-x86_64-debian-clang 0.9-70 0.95 28.46 29.41 NOTE
r-devel-linux-x86_64-debian-gcc 0.9-70 1.02 28.12 29.14 NOTE
r-devel-linux-x86_64-fedora-clang 0.9-70 46.39 NOTE
r-devel-linux-x86_64-fedora-gcc 0.9-70 43.21 NOTE
r-devel-windows-ix86+x86_64 0.9-70 4.00 63.00 67.00 NOTE
r-patched-linux-x86_64 0.9-70 1.00 28.27 29.27 NOTE
r-patched-solaris-x86 0.9-70 52.90 NOTE
r-release-linux-x86_64 0.9-70 0.96 28.70 29.66 NOTE
r-release-windows-ix86+x86_64 0.9-70 4.00 52.00 56.00 NOTE
r-release-osx-x86_64 0.9-70 NOTE
r-oldrel-windows-ix86+x86_64 0.9-70 12.00 59.00 71.00 NOTE
r-oldrel-osx-x86_64 0.9-70 NOTE

Check Details

Version: 0.9-70
Check: DESCRIPTION meta-information
Result: NOTE
    Malformed Description field: should contain one or more complete sentences.
Flavors: r-devel-linux-x86_64-debian-clang, r-devel-linux-x86_64-debian-gcc, r-devel-linux-x86_64-fedora-clang, r-devel-linux-x86_64-fedora-gcc, r-devel-windows-ix86+x86_64, r-patched-linux-x86_64, r-patched-solaris-x86, r-release-linux-x86_64, r-release-windows-ix86+x86_64, r-release-osx-x86_64, r-oldrel-windows-ix86+x86_64, r-oldrel-osx-x86_64

Version: 0.9-70
Check: R code for possible problems
Result: NOTE
    completion : finalize : <anonymous>: no visible global function
     definition for ‘existsFunction’
    listMethods: no visible global function definition for ‘findFunction’
    tempvar: no visible global function definition for ‘runif’
    Undefined global functions or variables:
     existsFunction findFunction runif
    Consider adding
     importFrom("methods", "existsFunction", "findFunction")
     importFrom("stats", "runif")
    to your NAMESPACE file (and ensure that your DESCRIPTION Imports field
    contains 'methods').
Flavors: r-devel-linux-x86_64-debian-clang, r-devel-linux-x86_64-debian-gcc, r-devel-linux-x86_64-fedora-clang, r-devel-linux-x86_64-fedora-gcc, r-devel-windows-ix86+x86_64, r-patched-linux-x86_64, r-patched-solaris-x86, r-release-linux-x86_64, r-release-windows-ix86+x86_64, r-release-osx-x86_64, r-oldrel-windows-ix86+x86_64, r-oldrel-osx-x86_64