CRAN Package Check Results for Package svMisc

Last updated on 2015-07-03 23:47:55.

Flavor Version Tinstall Tcheck Ttotal Status Flags
r-devel-linux-x86_64-debian-clang 0.9-70 0.88 22.76 23.65 NOTE
r-devel-linux-x86_64-debian-gcc 0.9-70 0.84 23.68 24.52 NOTE
r-devel-linux-x86_64-fedora-clang 0.9-70 35.54 NOTE
r-devel-linux-x86_64-fedora-gcc 0.9-70 34.60 NOTE
r-devel-osx-x86_64-clang 0.9-70 39.27 NOTE
r-devel-windows-ix86+x86_64 0.9-70 4.00 35.00 39.00 NOTE
r-patched-linux-x86_64 0.9-70 0.90 24.14 25.04 NOTE
r-patched-solaris-sparc 0.9-70 244.70 NOTE
r-patched-solaris-x86 0.9-70 53.00 NOTE
r-release-linux-x86_64 0.9-70 0.89 24.32 25.21 NOTE
r-release-osx-x86_64-mavericks 0.9-70 NOTE
r-release-windows-ix86+x86_64 0.9-70 4.00 38.00 42.00 NOTE
r-oldrel-windows-ix86+x86_64 0.9-70 4.00 36.00 40.00 OK

Check Details

Version: 0.9-70
Check: DESCRIPTION meta-information
Result: NOTE
    Malformed Description field: should contain one or more complete sentences.
Flavors: r-devel-linux-x86_64-debian-clang, r-devel-linux-x86_64-debian-gcc, r-devel-linux-x86_64-fedora-clang, r-devel-linux-x86_64-fedora-gcc, r-devel-osx-x86_64-clang, r-devel-windows-ix86+x86_64, r-patched-linux-x86_64, r-patched-solaris-sparc, r-patched-solaris-x86, r-release-linux-x86_64, r-release-osx-x86_64-mavericks, r-release-windows-ix86+x86_64

Version: 0.9-70
Check: R code for possible problems
Result: NOTE
    completion : finalize : <anonymous>: no visible global function
     definition for ‘existsFunction’
    listMethods: no visible global function definition for ‘findFunction’
    tempvar: no visible global function definition for ‘runif’
    Undefined global functions or variables:
     existsFunction findFunction runif
Flavors: r-devel-linux-x86_64-debian-clang, r-devel-linux-x86_64-debian-gcc, r-devel-linux-x86_64-fedora-clang, r-devel-linux-x86_64-fedora-gcc

Version: 0.9-70
Check: R code for possible problems
Result: NOTE
    completion : finalize : <anonymous>: no visible global function
     definition for 'existsFunction'
    listMethods: no visible global function definition for 'findFunction'
    tempvar: no visible global function definition for 'runif'
Flavor: r-devel-windows-ix86+x86_64