CRAN Package Check Results for Package svMisc

Last updated on 2015-05-04 00:47:15.

Flavor Version Tinstall Tcheck Ttotal Status Flags
r-devel-linux-x86_64-debian-clang 0.9-70 0.93 24.22 25.15 NOTE
r-devel-linux-x86_64-debian-gcc 0.9-70 0.90 24.08 24.98 NOTE
r-devel-linux-x86_64-fedora-clang 0.9-70 38.15 NOTE
r-devel-linux-x86_64-fedora-gcc 0.9-70 35.12 NOTE
r-devel-osx-x86_64-clang 0.9-70 45.51 NOTE
r-devel-windows-ix86+x86_64 0.9-70 5.00 37.00 42.00 NOTE
r-patched-linux-x86_64 0.9-70 0.92 24.28 25.19 NOTE
r-patched-solaris-sparc 0.9-70 224.60 NOTE
r-patched-solaris-x86 0.9-70 51.10 NOTE
r-release-linux-x86_64 0.9-70 0.98 24.36 25.34 NOTE
r-release-osx-x86_64-mavericks 0.9-70 NOTE
r-release-osx-x86_64-snowleopard 0.9-70 NOTE
r-release-windows-ix86+x86_64 0.9-70 4.00 38.00 42.00 NOTE
r-oldrel-windows-ix86+x86_64 0.9-70 3.00 37.00 40.00 OK

Check Details

Version: 0.9-70
Check: DESCRIPTION meta-information
Result: NOTE
    Malformed Description field: should contain one or more complete sentences.
Flavors: r-devel-linux-x86_64-debian-clang, r-devel-linux-x86_64-debian-gcc, r-devel-linux-x86_64-fedora-clang, r-devel-linux-x86_64-fedora-gcc, r-devel-osx-x86_64-clang, r-devel-windows-ix86+x86_64, r-patched-linux-x86_64, r-patched-solaris-sparc, r-patched-solaris-x86, r-release-linux-x86_64, r-release-osx-x86_64-mavericks, r-release-osx-x86_64-snowleopard, r-release-windows-ix86+x86_64