CRAN Package Check Results for Package svMisc

Last updated on 2015-02-28 02:48:59.

Flavor Version Tinstall Tcheck Ttotal Status Flags
r-devel-linux-x86_64-debian-clang 0.9-70 0.94 24.51 25.45 NOTE
r-devel-linux-x86_64-debian-gcc 0.9-70 0.92 23.97 24.89 NOTE
r-devel-linux-x86_64-fedora-clang 0.9-70 39.75 NOTE
r-devel-linux-x86_64-fedora-gcc 0.9-70 34.52 NOTE
r-devel-osx-x86_64-clang 0.9-70 46.50 NOTE
r-devel-windows-ix86+x86_64 0.9-70 5.00 36.00 41.00 NOTE
r-patched-linux-x86_64 0.9-70 1.01 25.71 26.72 OK
r-patched-solaris-sparc 0.9-70 232.80 OK
r-release-linux-ix86 0.9-70 1.35 36.91 38.26 OK
r-release-linux-x86_64 0.9-70 1.02 25.66 26.68 OK
r-release-osx-x86_64-mavericks 0.9-70 OK
r-release-osx-x86_64-snowleopard 0.9-70 OK
r-release-windows-ix86+x86_64 0.9-70 3.00 40.00 43.00 OK
r-oldrel-windows-ix86+x86_64 0.9-70 3.00 36.00 39.00 OK

Check Details

Version: 0.9-70
Check: DESCRIPTION meta-information
Result: NOTE
    Malformed Description field: should contain one or more complete sentences.
Flavors: r-devel-linux-x86_64-debian-clang, r-devel-linux-x86_64-debian-gcc, r-devel-linux-x86_64-fedora-clang, r-devel-linux-x86_64-fedora-gcc, r-devel-osx-x86_64-clang, r-devel-windows-ix86+x86_64