CRAN Package Check Results for Package svMisc

Last updated on 2018-02-22 16:48:06 CET.

Flavor Version Tinstall Tcheck Ttotal Status Flags
r-devel-linux-x86_64-debian-clang 1.0-1 6.42 36.13 42.55 OK
r-devel-linux-x86_64-debian-gcc 1.0-2 4.97 30.86 35.83 OK
r-devel-linux-x86_64-fedora-clang 1.0-2 55.92 OK
r-devel-linux-x86_64-fedora-gcc 1.0-2 54.32 OK
r-devel-windows-ix86+x86_64 1.0-2 10.00 75.00 85.00 OK
r-patched-linux-x86_64 1.0-2 1.20 43.55 44.75 OK
r-patched-solaris-x86 1.0-2 60.80 OK
r-release-linux-x86_64 1.0-1 1.28 43.73 45.01 OK
r-release-windows-ix86+x86_64 1.0-1 3.00 70.00 73.00 OK
r-release-osx-x86_64 1.0-2 OK
r-oldrel-windows-ix86+x86_64 1.0-1 3.00 58.00 61.00 OK
r-oldrel-osx-x86_64 0.9-70 NOTE

Check Details

Version: 0.9-70
Check: DESCRIPTION meta-information
Result: NOTE
    Malformed Description field: should contain one or more complete sentences.
Flavor: r-oldrel-osx-x86_64

Version: 0.9-70
Check: R code for possible problems
Result: NOTE
    completion : finalize : <anonymous>: no visible global function
     definition for ‘existsFunction’
    listMethods: no visible global function definition for ‘findFunction’
    tempvar: no visible global function definition for ‘runif’
    Undefined global functions or variables:
     existsFunction findFunction runif
    Consider adding
     importFrom("methods", "existsFunction", "findFunction")
     importFrom("stats", "runif")
    to your NAMESPACE file (and ensure that your DESCRIPTION Imports field
    contains 'methods').
Flavor: r-oldrel-osx-x86_64