CRAN Package Check Results for Package svMisc

Last updated on 2017-11-24 09:48:25 CET.

Flavor Version Tinstall Tcheck Ttotal Status Flags
r-devel-linux-x86_64-debian-clang 0.9-70 0.84 39.43 40.27 ERROR
r-devel-linux-x86_64-debian-gcc 0.9-70 1.13 56.60 57.73 ERROR
r-devel-linux-x86_64-fedora-clang 0.9-70 37.38 ERROR
r-devel-linux-x86_64-fedora-gcc 0.9-70 36.52 ERROR
r-devel-windows-ix86+x86_64 0.9-70 7.00 53.00 60.00 NOTE
r-patched-linux-x86_64 0.9-70 1.21 61.46 62.67 NOTE
r-patched-solaris-x86 0.9-70 52.80 NOTE
r-release-linux-x86_64 0.9-70 1.26 64.41 65.67 NOTE
r-release-windows-ix86+x86_64 0.9-70 4.00 58.00 62.00 NOTE
r-release-osx-x86_64 0.9-70 NOTE
r-oldrel-windows-ix86+x86_64 0.9-70 12.00 59.00 71.00 NOTE
r-oldrel-osx-x86_64 0.9-70 NOTE

Check Details

Version: 0.9-70
Check: DESCRIPTION meta-information
Result: NOTE
    Malformed Description field: should contain one or more complete sentences.
Flavors: r-devel-linux-x86_64-debian-clang, r-devel-linux-x86_64-debian-gcc, r-devel-linux-x86_64-fedora-clang, r-devel-linux-x86_64-fedora-gcc, r-devel-windows-ix86+x86_64, r-patched-linux-x86_64, r-patched-solaris-x86, r-release-linux-x86_64, r-release-windows-ix86+x86_64, r-release-osx-x86_64, r-oldrel-windows-ix86+x86_64, r-oldrel-osx-x86_64

Version: 0.9-70
Check: R code for possible problems
Result: NOTE
    completion : finalize : <anonymous>: no visible global function
     definition for ‘existsFunction’
    listMethods: no visible global function definition for ‘findFunction’
    tempvar: no visible global function definition for ‘runif’
    Undefined global functions or variables:
     existsFunction findFunction runif
    Consider adding
     importFrom("methods", "existsFunction", "findFunction")
     importFrom("stats", "runif")
    to your NAMESPACE file (and ensure that your DESCRIPTION Imports field
    contains 'methods').
Flavors: r-devel-linux-x86_64-debian-clang, r-devel-linux-x86_64-debian-gcc, r-devel-linux-x86_64-fedora-clang, r-devel-linux-x86_64-fedora-gcc, r-devel-windows-ix86+x86_64, r-patched-linux-x86_64, r-patched-solaris-x86, r-release-linux-x86_64, r-release-windows-ix86+x86_64, r-release-osx-x86_64, r-oldrel-windows-ix86+x86_64, r-oldrel-osx-x86_64

Version: 0.9-70
Check: examples
Result: ERROR
    Running examples in ‘svMisc-Ex.R’ failed
    The error most likely occurred in:
    
    > base::assign(".ptime", proc.time(), pos = "CheckExEnv")
    > ### Name: toRjson
    > ### Title: Convert R object to and from RJSON specification
    > ### Aliases: toRjson evalRjson listToJson
    > ### Keywords: utilities
    >
    > ### ** Examples
    >
    > ## A complex R object
    > Robj <- structure(list(
    + a = as.double(c(1:5, 6)),
    + LETTERS,
    + c = c(c1 = 4.5, c2 = 7.8, c3 = Inf, c4 = -Inf, NA, c6 = NaN),
    + c(TRUE, FALSE, NA),
    + e = factor(c("a", "b", "a")),
    + f = "this is a \"string\"\nwith\tspecial chars",
    + g = matrix(rnorm(4), ncol = 2),
    + `h&'$@` = data.frame(x = 1:3, y = rnorm(3),
    + fact = factor(c("b", "a", "b"))),
    + i = Sys.Date(),
    + j = list(1:5, y = "another item")),
    + comment = "My comment\n\"",
    + anAttrib = 1:10,
    + anotherAttrib = list(TRUE, y = 1:4))
    >
    > ## Convert to simplest RJSON, without attributes
    > Rjson1 <- toRjson(Robj)
    > Rjson1
    [1] list(c(1., 2., 3., 4., 5., 6.), c("A", "B", "C", "D", "E", "F",
    [2] "G", "H", "I", "J", "K", "L", "M", "N", "O", "P", "Q", "R", "S",
    [3] "T", "U", "V", "W", "X", "Y", "Z"), c(4.5, 7.8, Inf, -Inf, NA,
    [4] NaN), c(TRUE, FALSE, NA), c("a", "b", "a"), "this is a \\"string\\"\\nwith\\tspecial chars",
    [5] c(-0.626453810742332, 0.183643324222082, -0.835628612410047,
    [6] 1.59528080213779), list(seq(1, 3), c(0.329507771815361, -0.820468384118015,
    [7] 0.487429052428485), c("b", "a", "b")), "2017-11-22", list(
    [8] seq(1, 5), "another item"))
    > evalRjson(Rjson1)
    Error in .getClassesFromCache(Class) :
     class should be either a character-string name or a class definition
    Calls: evalRjson ... new -> getClass -> getClassDef -> .getClassesFromCache
    Execution halted
Flavor: r-devel-linux-x86_64-debian-clang

Version: 0.9-70
Check: examples
Result: ERROR
    Running examples in ‘svMisc-Ex.R’ failed
    The error most likely occurred in:
    
    > base::assign(".ptime", proc.time(), pos = "CheckExEnv")
    > ### Name: toRjson
    > ### Title: Convert R object to and from RJSON specification
    > ### Aliases: toRjson evalRjson listToJson
    > ### Keywords: utilities
    >
    > ### ** Examples
    >
    > ## A complex R object
    > Robj <- structure(list(
    + a = as.double(c(1:5, 6)),
    + LETTERS,
    + c = c(c1 = 4.5, c2 = 7.8, c3 = Inf, c4 = -Inf, NA, c6 = NaN),
    + c(TRUE, FALSE, NA),
    + e = factor(c("a", "b", "a")),
    + f = "this is a \"string\"\nwith\tspecial chars",
    + g = matrix(rnorm(4), ncol = 2),
    + `h&'$@` = data.frame(x = 1:3, y = rnorm(3),
    + fact = factor(c("b", "a", "b"))),
    + i = Sys.Date(),
    + j = list(1:5, y = "another item")),
    + comment = "My comment\n\"",
    + anAttrib = 1:10,
    + anotherAttrib = list(TRUE, y = 1:4))
    >
    > ## Convert to simplest RJSON, without attributes
    > Rjson1 <- toRjson(Robj)
    > Rjson1
    [1] list(c(1., 2., 3., 4., 5., 6.), c("A", "B", "C", "D", "E", "F",
    [2] "G", "H", "I", "J", "K", "L", "M", "N", "O", "P", "Q", "R", "S",
    [3] "T", "U", "V", "W", "X", "Y", "Z"), c(4.5, 7.8, Inf, -Inf, NA,
    [4] NaN), c(TRUE, FALSE, NA), c("a", "b", "a"), "this is a \\"string\\"\\nwith\\tspecial chars",
    [5] c(-0.626453810742332, 0.183643324222082, -0.835628612410047,
    [6] 1.59528080213779), list(seq(1, 3), c(0.329507771815361, -0.820468384118015,
    [7] 0.487429052428485), c("b", "a", "b")), "2017-11-24", list(
    [8] seq(1, 5), "another item"))
    > evalRjson(Rjson1)
    Error in .getClassesFromCache(Class) :
     class should be either a character-string name or a class definition
    Calls: evalRjson ... new -> getClass -> getClassDef -> .getClassesFromCache
    Execution halted
Flavor: r-devel-linux-x86_64-debian-gcc

Version: 0.9-70
Check: examples
Result: ERROR
    Running examples in ‘svMisc-Ex.R’ failed
    The error most likely occurred in:
    
    > ### Name: toRjson
    > ### Title: Convert R object to and from RJSON specification
    > ### Aliases: toRjson evalRjson listToJson
    > ### Keywords: utilities
    >
    > ### ** Examples
    >
    > ## A complex R object
    > Robj <- structure(list(
    + a = as.double(c(1:5, 6)),
    + LETTERS,
    + c = c(c1 = 4.5, c2 = 7.8, c3 = Inf, c4 = -Inf, NA, c6 = NaN),
    + c(TRUE, FALSE, NA),
    + e = factor(c("a", "b", "a")),
    + f = "this is a \"string\"\nwith\tspecial chars",
    + g = matrix(rnorm(4), ncol = 2),
    + `h&'$@` = data.frame(x = 1:3, y = rnorm(3),
    + fact = factor(c("b", "a", "b"))),
    + i = Sys.Date(),
    + j = list(1:5, y = "another item")),
    + comment = "My comment\n\"",
    + anAttrib = 1:10,
    + anotherAttrib = list(TRUE, y = 1:4))
    >
    > ## Convert to simplest RJSON, without attributes
    > Rjson1 <- toRjson(Robj)
    > Rjson1
    [1] list(c(1., 2., 3., 4., 5., 6.), c("A", "B", "C", "D", "E", "F",
    [2] "G", "H", "I", "J", "K", "L", "M", "N", "O", "P", "Q", "R", "S",
    [3] "T", "U", "V", "W", "X", "Y", "Z"), c(4.5, 7.8, Inf, -Inf, NA,
    [4] NaN), c(TRUE, FALSE, NA), c("a", "b", "a"), "this is a \\"string\\"\\nwith\\tspecial chars",
    [5] c(-0.626453810742332, 0.183643324222082, -0.835628612410047,
    [6] 1.59528080213779), list(seq(1, 3), c(0.329507771815361, -0.820468384118015,
    [7] 0.487429052428485), c("b", "a", "b")), "2017-11-24", list(
    [8] seq(1, 5), "another item"))
    > evalRjson(Rjson1)
    Error in .getClassesFromCache(Class) :
     class should be either a character-string name or a class definition
    Calls: evalRjson ... new -> getClass -> getClassDef -> .getClassesFromCache
    Execution halted
Flavor: r-devel-linux-x86_64-fedora-clang

Version: 0.9-70
Check: examples
Result: ERROR
    Running examples in ‘svMisc-Ex.R’ failed
    The error most likely occurred in:
    
    > ### Name: toRjson
    > ### Title: Convert R object to and from RJSON specification
    > ### Aliases: toRjson evalRjson listToJson
    > ### Keywords: utilities
    >
    > ### ** Examples
    >
    > ## A complex R object
    > Robj <- structure(list(
    + a = as.double(c(1:5, 6)),
    + LETTERS,
    + c = c(c1 = 4.5, c2 = 7.8, c3 = Inf, c4 = -Inf, NA, c6 = NaN),
    + c(TRUE, FALSE, NA),
    + e = factor(c("a", "b", "a")),
    + f = "this is a \"string\"\nwith\tspecial chars",
    + g = matrix(rnorm(4), ncol = 2),
    + `h&'$@` = data.frame(x = 1:3, y = rnorm(3),
    + fact = factor(c("b", "a", "b"))),
    + i = Sys.Date(),
    + j = list(1:5, y = "another item")),
    + comment = "My comment\n\"",
    + anAttrib = 1:10,
    + anotherAttrib = list(TRUE, y = 1:4))
    >
    > ## Convert to simplest RJSON, without attributes
    > Rjson1 <- toRjson(Robj)
    > Rjson1
    [1] list(c(1., 2., 3., 4., 5., 6.), c("A", "B", "C", "D", "E", "F",
    [2] "G", "H", "I", "J", "K", "L", "M", "N", "O", "P", "Q", "R", "S",
    [3] "T", "U", "V", "W", "X", "Y", "Z"), c(4.5, 7.8, Inf, -Inf, NA,
    [4] NaN), c(TRUE, FALSE, NA), c("a", "b", "a"), "this is a \\"string\\"\\nwith\\tspecial chars",
    [5] c(-0.626453810742332, 0.183643324222082, -0.835628612410047,
    [6] 1.59528080213779), list(seq(1, 3), c(0.329507771815361, -0.820468384118015,
    [7] 0.487429052428485), c("b", "a", "b")), "2017-11-23", list(
    [8] seq(1, 5), "another item"))
    > evalRjson(Rjson1)
    Error in .getClassesFromCache(Class) :
     class should be either a character-string name or a class definition
    Calls: evalRjson ... new -> getClass -> getClassDef -> .getClassesFromCache
    Execution halted
Flavor: r-devel-linux-x86_64-fedora-gcc