CRAN Package Check Results for Package svMisc

Last updated on 2016-07-25 05:48:59.

Flavor Version Tinstall Tcheck Ttotal Status Flags
r-devel-linux-x86_64-debian-clang 0.9-70 0.99 28.46 29.45 NOTE
r-devel-linux-x86_64-debian-gcc 0.9-70 1.27 28.33 29.60 NOTE
r-devel-linux-x86_64-fedora-clang 0.9-70 34.01 NOTE
r-devel-linux-x86_64-fedora-gcc 0.9-70 32.89 NOTE
r-devel-osx-x86_64-clang 0.9-70 30.69 NOTE
r-devel-windows-ix86+x86_64 0.9-70 4.00 47.00 51.00 NOTE
r-patched-linux-x86_64 0.9-70 1.06 29.29 30.35 NOTE
r-patched-solaris-sparc 0.9-70 221.00 NOTE
r-patched-solaris-x86 0.9-70 44.70 NOTE
r-release-linux-x86_64 0.9-70 0.94 28.18 29.12 NOTE
r-release-osx-x86_64-mavericks 0.9-70 NOTE
r-release-windows-ix86+x86_64 0.9-70 4.00 57.00 61.00 NOTE
r-oldrel-windows-ix86+x86_64 0.9-70 4.00 63.00 67.00 NOTE

Check Details

Version: 0.9-70
Check: DESCRIPTION meta-information
Result: NOTE
    Malformed Description field: should contain one or more complete sentences.
Flavors: r-devel-linux-x86_64-debian-clang, r-devel-linux-x86_64-debian-gcc, r-devel-linux-x86_64-fedora-clang, r-devel-linux-x86_64-fedora-gcc, r-devel-osx-x86_64-clang, r-devel-windows-ix86+x86_64, r-patched-linux-x86_64, r-patched-solaris-sparc, r-patched-solaris-x86, r-release-linux-x86_64, r-release-osx-x86_64-mavericks, r-release-windows-ix86+x86_64, r-oldrel-windows-ix86+x86_64

Version: 0.9-70
Check: R code for possible problems
Result: NOTE
    completion : finalize : <anonymous>: no visible global function
     definition for ‘existsFunction’
    listMethods: no visible global function definition for ‘findFunction’
    tempvar: no visible global function definition for ‘runif’
    Undefined global functions or variables:
     existsFunction findFunction runif
    Consider adding
     importFrom("methods", "existsFunction", "findFunction")
     importFrom("stats", "runif")
    to your NAMESPACE file (and ensure that your DESCRIPTION Imports field
    contains 'methods').
Flavors: r-devel-linux-x86_64-debian-clang, r-devel-linux-x86_64-debian-gcc, r-devel-linux-x86_64-fedora-clang, r-devel-linux-x86_64-fedora-gcc, r-devel-osx-x86_64-clang, r-devel-windows-ix86+x86_64, r-patched-linux-x86_64, r-patched-solaris-sparc, r-patched-solaris-x86, r-release-linux-x86_64, r-release-osx-x86_64-mavericks, r-release-windows-ix86+x86_64