CRAN Package Check Results for Package svMisc

Last updated on 2015-08-28 12:48:13.

Flavor Version Tinstall Tcheck Ttotal Status Flags
r-devel-linux-x86_64-debian-clang 0.9-70 0.95 23.56 24.51 NOTE
r-devel-linux-x86_64-debian-gcc 0.9-70 0.84 23.75 24.59 NOTE
r-devel-linux-x86_64-fedora-clang 0.9-70 35.78 NOTE
r-devel-linux-x86_64-fedora-gcc 0.9-70 33.95 NOTE
r-devel-osx-x86_64-clang 0.9-70 44.48 NOTE
r-devel-windows-ix86+x86_64 0.9-70 6.00 48.00 54.00 NOTE
r-patched-linux-x86_64 0.9-70 1.02 24.25 25.27 NOTE
r-patched-solaris-sparc 0.9-70 227.00 NOTE
r-patched-solaris-x86 0.9-70 54.20 NOTE
r-release-linux-x86_64 0.9-70 0.94 24.60 25.54 NOTE
r-release-osx-x86_64-mavericks 0.9-70 NOTE
r-release-windows-ix86+x86_64 0.9-70 4.00 39.00 43.00 NOTE
r-oldrel-windows-ix86+x86_64 0.9-70 5.00 42.00 47.00 OK

Check Details

Version: 0.9-70
Check: DESCRIPTION meta-information
Result: NOTE
    Malformed Description field: should contain one or more complete sentences.
Flavors: r-devel-linux-x86_64-debian-clang, r-devel-linux-x86_64-debian-gcc, r-devel-linux-x86_64-fedora-clang, r-devel-linux-x86_64-fedora-gcc, r-devel-osx-x86_64-clang, r-devel-windows-ix86+x86_64, r-patched-linux-x86_64, r-patched-solaris-sparc, r-patched-solaris-x86, r-release-linux-x86_64, r-release-osx-x86_64-mavericks, r-release-windows-ix86+x86_64

Version: 0.9-70
Check: R code for possible problems
Result: NOTE
    completion : finalize : <anonymous>: no visible global function
     definition for ‘existsFunction’
    listMethods: no visible global function definition for ‘findFunction’
    tempvar: no visible global function definition for ‘runif’
    Undefined global functions or variables:
     existsFunction findFunction runif
    Consider adding
     importFrom("methods", "existsFunction", "findFunction")
     importFrom("stats", "runif")
    to your NAMESPACE (and ensure that your DESCRIPTION Imports field
    contains 'methods').
Flavors: r-devel-linux-x86_64-debian-clang, r-devel-linux-x86_64-debian-gcc, r-devel-linux-x86_64-fedora-clang, r-devel-linux-x86_64-fedora-gcc, r-devel-windows-ix86+x86_64