CRAN Package Check Results for Package svMisc

Last updated on 2014-04-24 07:52:39.

Flavor Version Tinstall Tcheck Ttotal Status Flags
r-devel-linux-x86_64-debian-clang 0.9-70 1.04 26.60 27.64 OK
r-devel-linux-x86_64-debian-gcc 0.9-70 0.98 26.39 27.37 OK
r-devel-linux-x86_64-fedora-clang 0.9-70 43.38 OK
r-devel-linux-x86_64-fedora-gcc 0.9-70 42.33 OK
r-devel-osx-x86_64-clang 0.9-70 49.05 OK
r-devel-osx-x86_64-gcc 0.9-70 OK
r-devel-windows-ix86+x86_64 0.9-70 3.00 38.00 41.00 OK
r-patched-linux-x86_64 0.9-70 1.00 26.40 27.40 OK
r-patched-solaris-sparc 0.9-70 246.20 OK
r-patched-solaris-x86 0.9-70 58.50 OK
r-release-linux-ix86 0.9-70 2.00 44.00 46.00 OK
r-release-linux-x86_64 0.9-70 1.00 26.40 27.40 OK
r-release-osx-x86_64-mavericks 0.9-70 WARN
r-release-osx-x86_64-snowleopard 0.9-70 OK
r-release-windows-ix86+x86_64 0.9-70 5.00 41.00 46.00 OK
r-oldrel-windows-ix86+x86_64 0.9-70 3.00 38.00 41.00 OK

Check Details

Version: 0.9-70
Check: PDF version of manual
Result: WARNING
    LaTeX errors when creating PDF version.
    This typically indicates Rd problems.
    LaTeX errors found:
    ! LaTeX Error: File `upquote.sty' not found.
    
    Type X to quit or <RETURN> to proceed,
    or enter new name. (Default extension: sty)
    
    0a588b6/Rd2.tex:8: ==> Fatal error occurred, no output PDF file produced!
Flavor: r-release-osx-x86_64-mavericks