CRAN Package Check Results for Package svMisc

Last updated on 2017-03-31 01:49:32.

Flavor Version Tinstall Tcheck Ttotal Status Flags
r-devel-linux-x86_64-debian-clang 0.9-70 1.02 31.43 32.45 NOTE
r-devel-linux-x86_64-debian-gcc 0.9-70 1.03 28.07 29.10 NOTE
r-devel-linux-x86_64-fedora-clang 0.9-70 40.22 NOTE --no-stop-on-test-error
r-devel-linux-x86_64-fedora-gcc 0.9-70 38.51 NOTE --no-stop-on-test-error
r-devel-macos-x86_64-clang 0.9-70 33.92 NOTE --no-stop-on-test-error
r-devel-windows-ix86+x86_64 0.9-70 4.00 62.00 66.00 NOTE
r-patched-linux-x86_64 0.9-70 1.03 28.08 29.11 NOTE
r-patched-solaris-sparc 0.9-70 238.70 NOTE
r-patched-solaris-x86 0.9-70 51.90 NOTE
r-release-linux-x86_64 0.9-70 0.85 25.26 26.11 NOTE
r-release-osx-x86_64-mavericks 0.9-70 NOTE
r-release-windows-ix86+x86_64 0.9-70 8.00 44.00 52.00 NOTE
r-oldrel-windows-ix86+x86_64 0.9-70 11.00 80.00 91.00 NOTE

Check Details

Version: 0.9-70
Check: DESCRIPTION meta-information
Result: NOTE
    Malformed Description field: should contain one or more complete sentences.
Flavors: r-devel-linux-x86_64-debian-clang, r-devel-linux-x86_64-debian-gcc, r-devel-windows-ix86+x86_64, r-patched-linux-x86_64, r-patched-solaris-sparc, r-patched-solaris-x86, r-release-linux-x86_64, r-release-osx-x86_64-mavericks, r-release-windows-ix86+x86_64, r-oldrel-windows-ix86+x86_64

Version: 0.9-70
Check: R code for possible problems
Result: NOTE
    completion : finalize : <anonymous>: no visible global function
     definition for ‘existsFunction’
    listMethods: no visible global function definition for ‘findFunction’
    tempvar: no visible global function definition for ‘runif’
    Undefined global functions or variables:
     existsFunction findFunction runif
    Consider adding
     importFrom("methods", "existsFunction", "findFunction")
     importFrom("stats", "runif")
    to your NAMESPACE file (and ensure that your DESCRIPTION Imports field
    contains 'methods').
Flavors: r-devel-linux-x86_64-debian-clang, r-devel-linux-x86_64-debian-gcc, r-devel-windows-ix86+x86_64, r-patched-linux-x86_64, r-patched-solaris-sparc, r-patched-solaris-x86, r-release-linux-x86_64, r-release-osx-x86_64-mavericks, r-release-windows-ix86+x86_64

Version: 0.9-70
Flags: --no-stop-on-test-error
Check: DESCRIPTION meta-information
Result: NOTE
    Malformed Description field: should contain one or more complete sentences.
Flavors: r-devel-linux-x86_64-fedora-clang, r-devel-linux-x86_64-fedora-gcc, r-devel-macos-x86_64-clang

Version: 0.9-70
Flags: --no-stop-on-test-error
Check: R code for possible problems
Result: NOTE
    completion : finalize : <anonymous>: no visible global function
     definition for ‘existsFunction’
    listMethods: no visible global function definition for ‘findFunction’
    tempvar: no visible global function definition for ‘runif’
    Undefined global functions or variables:
     existsFunction findFunction runif
    Consider adding
     importFrom("methods", "existsFunction", "findFunction")
     importFrom("stats", "runif")
    to your NAMESPACE file (and ensure that your DESCRIPTION Imports field
    contains 'methods').
Flavors: r-devel-linux-x86_64-fedora-clang, r-devel-linux-x86_64-fedora-gcc, r-devel-macos-x86_64-clang