CRAN Package Check Results for Package svMisc

Last updated on 2016-12-05 12:51:56.

Flavor Version Tinstall Tcheck Ttotal Status Flags
r-devel-linux-x86_64-debian-clang 0.9-70 1.02 28.47 29.49 NOTE
r-devel-linux-x86_64-debian-gcc 0.9-70 0.99 28.02 29.01 NOTE
r-devel-linux-x86_64-fedora-clang 0.9-70 41.61 NOTE --no-stop-on-test-error
r-devel-linux-x86_64-fedora-gcc 0.9-70 41.27 NOTE --no-stop-on-test-error
r-devel-macos-x86_64-clang 0.9-70 35.12 NOTE
r-devel-windows-ix86+x86_64 0.9-70 11.00 47.00 58.00 NOTE
r-patched-linux-x86_64 0.9-70 0.88 25.10 25.97 NOTE
r-patched-solaris-sparc 0.9-70 221.00 NOTE
r-patched-solaris-x86 0.9-70 45.10 NOTE
r-release-linux-x86_64 0.9-70 0.93 25.54 26.47 NOTE
r-release-osx-x86_64-mavericks 0.9-70 NOTE
r-release-windows-ix86+x86_64 0.9-70 8.00 44.00 52.00 NOTE
r-oldrel-windows-ix86+x86_64 0.9-70 11.00 80.00 91.00 NOTE

Check Details

Version: 0.9-70
Check: DESCRIPTION meta-information
Result: NOTE
    Malformed Description field: should contain one or more complete sentences.
Flavors: r-devel-linux-x86_64-debian-clang, r-devel-linux-x86_64-debian-gcc, r-devel-macos-x86_64-clang, r-devel-windows-ix86+x86_64, r-patched-linux-x86_64, r-patched-solaris-sparc, r-patched-solaris-x86, r-release-linux-x86_64, r-release-osx-x86_64-mavericks, r-release-windows-ix86+x86_64, r-oldrel-windows-ix86+x86_64

Version: 0.9-70
Check: R code for possible problems
Result: NOTE
    completion : finalize : <anonymous>: no visible global function
     definition for ‘existsFunction’
    listMethods: no visible global function definition for ‘findFunction’
    tempvar: no visible global function definition for ‘runif’
    Undefined global functions or variables:
     existsFunction findFunction runif
    Consider adding
     importFrom("methods", "existsFunction", "findFunction")
     importFrom("stats", "runif")
    to your NAMESPACE file (and ensure that your DESCRIPTION Imports field
    contains 'methods').
Flavors: r-devel-linux-x86_64-debian-clang, r-devel-linux-x86_64-debian-gcc, r-devel-macos-x86_64-clang, r-devel-windows-ix86+x86_64, r-patched-linux-x86_64, r-patched-solaris-sparc, r-patched-solaris-x86, r-release-linux-x86_64, r-release-osx-x86_64-mavericks, r-release-windows-ix86+x86_64

Version: 0.9-70
Flags: --no-stop-on-test-error
Check: DESCRIPTION meta-information
Result: NOTE
    Malformed Description field: should contain one or more complete sentences.
Flavors: r-devel-linux-x86_64-fedora-clang, r-devel-linux-x86_64-fedora-gcc

Version: 0.9-70
Flags: --no-stop-on-test-error
Check: R code for possible problems
Result: NOTE
    completion : finalize : <anonymous>: no visible global function
     definition for ‘existsFunction’
    listMethods: no visible global function definition for ‘findFunction’
    tempvar: no visible global function definition for ‘runif’
    Undefined global functions or variables:
     existsFunction findFunction runif
    Consider adding
     importFrom("methods", "existsFunction", "findFunction")
     importFrom("stats", "runif")
    to your NAMESPACE file (and ensure that your DESCRIPTION Imports field
    contains 'methods').
Flavors: r-devel-linux-x86_64-fedora-clang, r-devel-linux-x86_64-fedora-gcc