CRAN Package Check Results for Package svMisc

Last updated on 2017-05-28 21:47:15.

Flavor Version Tinstall Tcheck Ttotal Status Flags
r-devel-linux-x86_64-debian-clang 0.9-70 1.12 29.63 30.74 NOTE
r-devel-linux-x86_64-debian-gcc 0.9-70 1.12 29.54 30.66 NOTE
r-devel-linux-x86_64-fedora-clang 0.9-70 40.02 NOTE
r-devel-linux-x86_64-fedora-gcc 0.9-70 37.81 NOTE
r-devel-windows-ix86+x86_64 0.9-70 6.00 66.00 72.00 NOTE
r-patched-linux-x86_64 0.9-70 1.28 28.58 29.86 NOTE
r-patched-solaris-sparc 0.9-70 238.70 NOTE
r-patched-solaris-x86 0.9-70 51.20 NOTE
r-release-linux-x86_64 0.9-70 1.07 28.43 29.50 NOTE
r-release-windows-ix86+x86_64 0.9-70 5.00 69.00 74.00 NOTE
r-release-osx-x86_64 0.9-70 NOTE
r-oldrel-windows-ix86+x86_64 0.9-70 5.00 63.00 68.00 NOTE
r-oldrel-osx-x86_64 0.9-70 NOTE

Check Details

Version: 0.9-70
Check: DESCRIPTION meta-information
Result: NOTE
    Malformed Description field: should contain one or more complete sentences.
Flavors: r-devel-linux-x86_64-debian-clang, r-devel-linux-x86_64-debian-gcc, r-devel-linux-x86_64-fedora-clang, r-devel-linux-x86_64-fedora-gcc, r-devel-windows-ix86+x86_64, r-patched-linux-x86_64, r-patched-solaris-sparc, r-patched-solaris-x86, r-release-linux-x86_64, r-release-windows-ix86+x86_64, r-release-osx-x86_64, r-oldrel-windows-ix86+x86_64, r-oldrel-osx-x86_64

Version: 0.9-70
Check: R code for possible problems
Result: NOTE
    completion : finalize : <anonymous>: no visible global function
     definition for ‘existsFunction’
    listMethods: no visible global function definition for ‘findFunction’
    tempvar: no visible global function definition for ‘runif’
    Undefined global functions or variables:
     existsFunction findFunction runif
    Consider adding
     importFrom("methods", "existsFunction", "findFunction")
     importFrom("stats", "runif")
    to your NAMESPACE file (and ensure that your DESCRIPTION Imports field
    contains 'methods').
Flavors: r-devel-linux-x86_64-debian-clang, r-devel-linux-x86_64-debian-gcc, r-devel-linux-x86_64-fedora-clang, r-devel-linux-x86_64-fedora-gcc, r-devel-windows-ix86+x86_64, r-patched-linux-x86_64, r-patched-solaris-sparc, r-patched-solaris-x86, r-release-linux-x86_64, r-release-windows-ix86+x86_64, r-release-osx-x86_64, r-oldrel-windows-ix86+x86_64, r-oldrel-osx-x86_64