CRAN Package Check Results for Package svMisc

Last updated on 2015-03-30 23:47:59.

Flavor Version Tinstall Tcheck Ttotal Status Flags
r-devel-linux-x86_64-debian-clang 0.9-70 0.93 24.23 25.16 NOTE
r-devel-linux-x86_64-debian-gcc 0.9-70 0.99 23.88 24.87 NOTE
r-devel-linux-x86_64-fedora-clang 0.9-70 37.48 NOTE
r-devel-linux-x86_64-fedora-gcc 0.9-70 35.19 NOTE
r-devel-osx-x86_64-clang 0.9-70 48.84 NOTE
r-prerel-windows-ix86+x86_64 0.9-70 6.00 35.00 41.00 NOTE
r-prerel-linux-x86_64 0.9-70 1.12 24.02 25.14 NOTE
r-prerel-solaris-sparc 0.9-70 224.60 NOTE
r-prerel-solaris-x86 0.9-70 49.00 NOTE
r-release-linux-x86_64 0.9-70 1.08 25.50 26.58 OK
r-release-osx-x86_64-mavericks 0.9-70 OK
r-release-osx-x86_64-snowleopard 0.9-70 OK
r-release-windows-ix86+x86_64 0.9-70 3.00 37.00 40.00 OK
r-oldrel-windows-ix86+x86_64 0.9-70 3.00 42.00 45.00 OK

Check Details

Version: 0.9-70
Check: DESCRIPTION meta-information
Result: NOTE
    Malformed Description field: should contain one or more complete sentences.
Flavors: r-devel-linux-x86_64-debian-clang, r-devel-linux-x86_64-debian-gcc, r-devel-linux-x86_64-fedora-clang, r-devel-linux-x86_64-fedora-gcc, r-devel-osx-x86_64-clang, r-prerel-windows-ix86+x86_64, r-prerel-linux-x86_64, r-prerel-solaris-sparc, r-prerel-solaris-x86