CRAN Package Check Results for Package svSocket

Last updated on 2018-06-22 00:46:53 CEST.

Flavor Version Tinstall Tcheck Ttotal Status Flags
r-devel-linux-x86_64-debian-clang 0.9-57 1.81 22.78 24.59 NOTE
r-devel-linux-x86_64-debian-gcc 0.9-57 1.57 18.95 20.52 NOTE
r-devel-linux-x86_64-fedora-clang 0.9-57 29.16 NOTE
r-devel-linux-x86_64-fedora-gcc 0.9-57 27.82 NOTE
r-devel-windows-ix86+x86_64 0.9-57 6.00 34.00 40.00 NOTE
r-patched-linux-x86_64 0.9-57 1.85 22.84 24.69 NOTE
r-patched-solaris-x86 0.9-57 47.50 NOTE
r-release-linux-x86_64 0.9-57 2.04 22.96 25.00 NOTE
r-release-windows-ix86+x86_64 0.9-57 3.00 35.00 38.00 NOTE
r-release-osx-x86_64 0.9-57 NOTE
r-oldrel-windows-ix86+x86_64 0.9-57 7.00 34.00 41.00 NOTE
r-oldrel-osx-x86_64 0.9-57 NOTE

Check Details

Version: 0.9-57
Check: DESCRIPTION meta-information
Result: NOTE
    Malformed Description field: should contain one or more complete sentences.
Flavors: r-devel-linux-x86_64-debian-clang, r-devel-linux-x86_64-debian-gcc, r-devel-linux-x86_64-fedora-clang, r-devel-linux-x86_64-fedora-gcc, r-devel-windows-ix86+x86_64, r-patched-linux-x86_64, r-patched-solaris-x86, r-release-linux-x86_64, r-release-windows-ix86+x86_64, r-release-osx-x86_64, r-oldrel-windows-ix86+x86_64, r-oldrel-osx-x86_64

Version: 0.9-57
Check: R code for possible problems
Result: NOTE
    processSocket: no visible global function definition for ‘URLdecode’
    Undefined global functions or variables:
     URLdecode
    Consider adding
     importFrom("utils", "URLdecode")
    to your NAMESPACE file.
Flavors: r-devel-linux-x86_64-debian-clang, r-devel-linux-x86_64-debian-gcc, r-devel-linux-x86_64-fedora-clang, r-devel-linux-x86_64-fedora-gcc, r-devel-windows-ix86+x86_64, r-patched-linux-x86_64, r-patched-solaris-x86, r-release-linux-x86_64, r-release-windows-ix86+x86_64, r-release-osx-x86_64, r-oldrel-windows-ix86+x86_64, r-oldrel-osx-x86_64