CRAN Package Check Results for Package svSocket

Last updated on 2015-08-27 23:47:14.

Flavor Version Tinstall Tcheck Ttotal Status Flags
r-devel-linux-x86_64-debian-clang 0.9-57 0.76 11.76 12.52 NOTE
r-devel-linux-x86_64-debian-gcc 0.9-57 0.74 11.38 12.12 NOTE
r-devel-linux-x86_64-fedora-clang 0.9-57 23.35 NOTE
r-devel-linux-x86_64-fedora-gcc 0.9-57 22.02 NOTE
r-devel-osx-x86_64-clang 0.9-57 26.29 NOTE
r-devel-windows-ix86+x86_64 0.9-57 7.00 28.00 35.00 NOTE
r-patched-linux-x86_64 0.9-57 0.77 12.21 12.98 NOTE
r-patched-solaris-sparc 0.9-57 162.90 NOTE
r-patched-solaris-x86 0.9-57 43.00 NOTE
r-release-linux-x86_64 0.9-57 0.80 11.76 12.56 NOTE
r-release-osx-x86_64-mavericks 0.9-57 NOTE
r-release-windows-ix86+x86_64 0.9-57 6.00 21.00 27.00 NOTE
r-oldrel-windows-ix86+x86_64 0.9-57 8.00 22.00 30.00 OK

Check Details

Version: 0.9-57
Check: DESCRIPTION meta-information
Result: NOTE
    Malformed Description field: should contain one or more complete sentences.
Flavors: r-devel-linux-x86_64-debian-clang, r-devel-linux-x86_64-debian-gcc, r-devel-linux-x86_64-fedora-clang, r-devel-linux-x86_64-fedora-gcc, r-devel-osx-x86_64-clang, r-devel-windows-ix86+x86_64, r-patched-linux-x86_64, r-patched-solaris-sparc, r-patched-solaris-x86, r-release-linux-x86_64, r-release-osx-x86_64-mavericks, r-release-windows-ix86+x86_64

Version: 0.9-57
Check: R code for possible problems
Result: NOTE
    processSocket: no visible global function definition for ‘URLdecode’
    Undefined global functions or variables:
     URLdecode
    Consider adding
     importFrom("utils", "URLdecode")
    to your NAMESPACE.
Flavors: r-devel-linux-x86_64-debian-clang, r-devel-linux-x86_64-debian-gcc, r-devel-linux-x86_64-fedora-clang, r-devel-linux-x86_64-fedora-gcc, r-devel-windows-ix86+x86_64