CRAN Package Check Results for Package svSocket

Last updated on 2016-02-07 12:47:18.

Flavor Version Tinstall Tcheck Ttotal Status Flags
r-devel-linux-x86_64-debian-gcc 0.9-57 0.76 11.75 12.52 NOTE
r-devel-linux-x86_64-fedora-clang 0.9-57 21.20 NOTE
r-devel-linux-x86_64-fedora-gcc 0.9-57 19.62 NOTE
r-devel-osx-x86_64-clang 0.9-57 26.87 NOTE
r-devel-windows-ix86+x86_64 0.9-57 5.00 29.00 34.00 NOTE
r-patched-linux-x86_64 0.9-57 0.90 11.74 12.64 NOTE
r-patched-solaris-sparc 0.9-57 145.70 NOTE
r-patched-solaris-x86 0.9-57 34.90 NOTE
r-release-linux-x86_64 0.9-57 0.83 11.79 12.63 NOTE
r-release-osx-x86_64-mavericks 0.9-57 NOTE
r-release-windows-ix86+x86_64 0.9-57 5.00 45.00 50.00 NOTE
r-oldrel-windows-ix86+x86_64 0.9-57 5.00 41.00 46.00 OK

Check Details

Version: 0.9-57
Check: DESCRIPTION meta-information
Result: NOTE
    Malformed Description field: should contain one or more complete sentences.
Flavors: r-devel-linux-x86_64-debian-gcc, r-devel-linux-x86_64-fedora-clang, r-devel-linux-x86_64-fedora-gcc, r-devel-osx-x86_64-clang, r-devel-windows-ix86+x86_64, r-patched-linux-x86_64, r-patched-solaris-sparc, r-patched-solaris-x86, r-release-linux-x86_64, r-release-osx-x86_64-mavericks, r-release-windows-ix86+x86_64

Version: 0.9-57
Check: R code for possible problems
Result: NOTE
    processSocket: no visible global function definition for ‘URLdecode’
    Undefined global functions or variables:
     URLdecode
    Consider adding
     importFrom("utils", "URLdecode")
    to your NAMESPACE file.
Flavors: r-devel-linux-x86_64-debian-gcc, r-devel-linux-x86_64-fedora-clang, r-devel-linux-x86_64-fedora-gcc, r-devel-osx-x86_64-clang, r-devel-windows-ix86+x86_64