CRAN Package Check Results for Package svSocket

Last updated on 2015-03-02 19:52:29.

Flavor Version Tinstall Tcheck Ttotal Status Flags
r-devel-linux-x86_64-debian-clang 0.9-57 0.77 12.38 13.15 NOTE
r-devel-linux-x86_64-debian-gcc 0.9-57 0.75 11.51 12.26 NOTE
r-devel-linux-x86_64-fedora-clang 0.9-57 24.30 NOTE
r-devel-linux-x86_64-fedora-gcc 0.9-57 22.77 NOTE
r-devel-osx-x86_64-clang 0.9-57 29.71 NOTE
r-devel-windows-ix86+x86_64 0.9-57 4.00 22.00 26.00 NOTE
r-patched-linux-x86_64 0.9-57 0.87 12.65 13.52 OK
r-patched-solaris-sparc 0.9-57 162.40 OK
r-patched-solaris-x86 0.9-57 45.20 OK
r-release-linux-ix86 0.9-57 1.38 22.37 23.75 OK
r-release-linux-x86_64 0.9-57 0.83 12.54 13.38 OK
r-release-osx-x86_64-mavericks 0.9-57 OK
r-release-osx-x86_64-snowleopard 0.9-57 OK
r-release-windows-ix86+x86_64 0.9-57 3.00 23.00 26.00 OK
r-oldrel-windows-ix86+x86_64 0.9-57 3.00 22.00 25.00 OK

Check Details

Version: 0.9-57
Check: DESCRIPTION meta-information
Result: NOTE
    Malformed Description field: should contain one or more complete sentences.
Flavors: r-devel-linux-x86_64-debian-clang, r-devel-linux-x86_64-debian-gcc, r-devel-linux-x86_64-fedora-clang, r-devel-linux-x86_64-fedora-gcc, r-devel-osx-x86_64-clang, r-devel-windows-ix86+x86_64