CRAN Package Check Results for Package svSocket

Last updated on 2014-04-21 01:48:13.

Flavor Version Tinstall Tcheck Ttotal Status Flags
r-devel-linux-x86_64-debian-clang 0.9-57 0.94 12.59 13.53 OK
r-devel-linux-x86_64-debian-gcc 0.9-57 0.96 12.81 13.77 OK
r-devel-linux-x86_64-fedora-clang 0.9-57 26.94 OK
r-devel-linux-x86_64-fedora-gcc 0.9-57 25.14 OK
r-devel-macosx-x86_64-clang 0.9-57 29.26 OK
r-devel-macosx-x86_64-gcc 0.9-57 NOTE
r-devel-windows-ix86+x86_64 0.9-57 3.00 20.00 23.00 OK
r-patched-linux-x86_64 0.9-57 0.86 12.52 13.38 OK
r-patched-solaris-sparc 0.9-57 156.50 OK
r-patched-solaris-x86 0.9-57 55.00 OK
r-release-linux-ix86 OK
r-release-linux-x86_64 0.9-57 0.89 12.52 13.40 OK
r-release-macosx-x86_64 0.9-57 OK
r-release-windows-ix86+x86_64 0.9-57 7.00 21.00 28.00 OK
r-oldrel-windows-ix86+x86_64 0.9-57 3.00 20.00 23.00 OK

Check Details

Version: 0.9-57
Check: Rd cross-references
Result: NOTE
    Package unavailable to check Rd xrefs: ‘svHttp’
Flavor: r-devel-macosx-x86_64-gcc