CRAN Package Check Results for Package svSocket

Last updated on 2018-04-26 06:47:57 CEST.

Flavor Version Tinstall Tcheck Ttotal Status Flags
r-devel-linux-x86_64-debian-clang 0.9-57 1.77 20.06 21.83 NOTE
r-devel-linux-x86_64-debian-gcc 0.9-57 1.55 18.16 19.71 NOTE
r-devel-linux-x86_64-fedora-clang 0.9-57 28.74 NOTE
r-devel-linux-x86_64-fedora-gcc 0.9-57 27.50 NOTE
r-devel-windows-ix86+x86_64 0.9-57 6.00 35.00 41.00 NOTE
r-patched-linux-x86_64 0.9-57 1.61 22.27 23.88 NOTE
r-patched-solaris-x86 0.9-57 47.50 NOTE
r-release-linux-x86_64 0.9-57 1.60 22.19 23.79 NOTE
r-release-windows-ix86+x86_64 0.9-57 6.00 35.00 41.00 NOTE
r-release-osx-x86_64 0.9-57 NOTE
r-oldrel-windows-ix86+x86_64 0.9-57 3.00 42.00 45.00 NOTE
r-oldrel-osx-x86_64 0.9-57 NOTE

Check Details

Version: 0.9-57
Check: DESCRIPTION meta-information
Result: NOTE
    Malformed Description field: should contain one or more complete sentences.
Flavors: r-devel-linux-x86_64-debian-clang, r-devel-linux-x86_64-debian-gcc, r-devel-linux-x86_64-fedora-clang, r-devel-linux-x86_64-fedora-gcc, r-devel-windows-ix86+x86_64, r-patched-linux-x86_64, r-patched-solaris-x86, r-release-linux-x86_64, r-release-windows-ix86+x86_64, r-release-osx-x86_64, r-oldrel-windows-ix86+x86_64, r-oldrel-osx-x86_64

Version: 0.9-57
Check: R code for possible problems
Result: NOTE
    processSocket: no visible global function definition for ‘URLdecode’
    Undefined global functions or variables:
     URLdecode
    Consider adding
     importFrom("utils", "URLdecode")
    to your NAMESPACE file.
Flavors: r-devel-linux-x86_64-debian-clang, r-devel-linux-x86_64-debian-gcc, r-devel-linux-x86_64-fedora-clang, r-devel-linux-x86_64-fedora-gcc, r-devel-windows-ix86+x86_64, r-patched-linux-x86_64, r-patched-solaris-x86, r-release-linux-x86_64, r-release-windows-ix86+x86_64, r-release-osx-x86_64, r-oldrel-windows-ix86+x86_64, r-oldrel-osx-x86_64