CRAN Package Check Results for Package svSocket

Last updated on 2015-04-19 23:49:29.

Flavor Version Tinstall Tcheck Ttotal Status Flags
r-devel-linux-x86_64-debian-clang 0.9-57 0.82 11.99 12.81 NOTE
r-devel-linux-x86_64-debian-gcc 0.9-57 0.77 11.70 12.47 NOTE
r-devel-linux-x86_64-fedora-clang 0.9-57 25.02 NOTE
r-devel-linux-x86_64-fedora-gcc 0.9-57 23.27 NOTE
r-devel-osx-x86_64-clang 0.9-57 28.44 NOTE
r-devel-windows-ix86+x86_64 0.9-57 5.00 31.00 36.00 NOTE
r-patched-linux-x86_64 0.9-57 0.82 11.86 12.68 NOTE
r-patched-solaris-sparc 0.9-57 159.00 NOTE
r-patched-solaris-x86 0.9-57 38.10 NOTE
r-release-linux-x86_64 0.9-57 0.77 10.84 11.60 NOTE
r-release-osx-x86_64-mavericks 0.9-57 NOTE
r-release-osx-x86_64-snowleopard 0.9-57 NOTE
r-release-windows-ix86+x86_64 0.9-57 3.00 22.00 25.00 NOTE
r-oldrel-windows-ix86+x86_64 0.9-57 4.00 22.00 26.00 OK

Check Details

Version: 0.9-57
Check: DESCRIPTION meta-information
Result: NOTE
    Malformed Description field: should contain one or more complete sentences.
Flavors: r-devel-linux-x86_64-debian-clang, r-devel-linux-x86_64-debian-gcc, r-devel-linux-x86_64-fedora-clang, r-devel-linux-x86_64-fedora-gcc, r-devel-osx-x86_64-clang, r-devel-windows-ix86+x86_64, r-patched-linux-x86_64, r-patched-solaris-sparc, r-patched-solaris-x86, r-release-linux-x86_64, r-release-osx-x86_64-mavericks, r-release-osx-x86_64-snowleopard, r-release-windows-ix86+x86_64