CRAN Package Check Results for Package svSocket

Last updated on 2018-02-22 16:48:06 CET.

Flavor Version Tinstall Tcheck Ttotal Status Flags
r-devel-linux-x86_64-debian-clang 0.9-57 1.61 19.76 21.37 NOTE
r-devel-linux-x86_64-debian-gcc 0.9-57 1.38 18.00 19.38 NOTE
r-devel-linux-x86_64-fedora-clang 0.9-57 28.54 NOTE
r-devel-linux-x86_64-fedora-gcc 0.9-57 16.99 NOTE
r-devel-windows-ix86+x86_64 0.9-57 6.00 33.00 39.00 NOTE
r-patched-linux-x86_64 0.9-57 1.22 22.11 23.33 NOTE
r-patched-solaris-x86 0.9-57 36.00 NOTE
r-release-linux-x86_64 0.9-57 1.17 22.15 23.32 NOTE
r-release-windows-ix86+x86_64 0.9-57 6.00 30.00 36.00 NOTE
r-release-osx-x86_64 0.9-57 NOTE
r-oldrel-windows-ix86+x86_64 0.9-57 3.00 43.00 46.00 NOTE
r-oldrel-osx-x86_64 0.9-57 WARN

Check Details

Version: 0.9-57
Check: DESCRIPTION meta-information
Result: NOTE
    Malformed Description field: should contain one or more complete sentences.
Flavors: r-devel-linux-x86_64-debian-clang, r-devel-linux-x86_64-debian-gcc, r-devel-linux-x86_64-fedora-clang, r-devel-linux-x86_64-fedora-gcc, r-devel-windows-ix86+x86_64, r-patched-linux-x86_64, r-patched-solaris-x86, r-release-linux-x86_64, r-release-windows-ix86+x86_64, r-release-osx-x86_64, r-oldrel-windows-ix86+x86_64, r-oldrel-osx-x86_64

Version: 0.9-57
Check: R code for possible problems
Result: NOTE
    processSocket: no visible global function definition for ‘URLdecode’
    processSocket: no visible global function definition for ‘parseText’
    processSocket: no visible global function definition for ‘captureAll’
    Undefined global functions or variables:
     URLdecode captureAll parseText
    Consider adding
     importFrom("utils", "URLdecode")
    to your NAMESPACE file.
Flavors: r-devel-linux-x86_64-debian-clang, r-devel-windows-ix86+x86_64, r-release-linux-x86_64, r-release-windows-ix86+x86_64, r-oldrel-windows-ix86+x86_64

Version: 0.9-57
Check: R code for possible problems
Result: NOTE
    processSocket: no visible global function definition for ‘URLdecode’
    Undefined global functions or variables:
     URLdecode
    Consider adding
     importFrom("utils", "URLdecode")
    to your NAMESPACE file.
Flavors: r-devel-linux-x86_64-debian-gcc, r-devel-linux-x86_64-fedora-clang, r-devel-linux-x86_64-fedora-gcc, r-patched-linux-x86_64, r-patched-solaris-x86, r-release-osx-x86_64

Version: 0.9-57
Check: dependencies in R code
Result: NOTE
    Invalid MIT-MAGIC-COOKIE-1 key
Flavor: r-oldrel-osx-x86_64

Version: 0.9-57
Check: S3 generic/method consistency
Result: WARN
    Invalid MIT-MAGIC-COOKIE-1 key
    See section ‘Generic functions and methods’ in the ‘Writing R
    Extensions’ manual.
Flavor: r-oldrel-osx-x86_64

Version: 0.9-57
Check: replacement functions
Result: WARN
    Invalid MIT-MAGIC-COOKIE-1 key
    The argument of a replacement function which corresponds to the right
    hand side must be named ‘value’.
Flavor: r-oldrel-osx-x86_64

Version: 0.9-57
Check: foreign function calls
Result: NOTE
    Invalid MIT-MAGIC-COOKIE-1 key
    See chapter ‘System and foreign language interfaces’ in the ‘Writing R
    Extensions’ manual.
Flavor: r-oldrel-osx-x86_64

Version: 0.9-57
Check: R code for possible problems
Result: NOTE
    Invalid MIT-MAGIC-COOKIE-1 keyprocessSocket: no visible global function definition for ‘URLdecode’
    Undefined global functions or variables:
     URLdecode
    Consider adding
     importFrom("utils", "URLdecode")
    to your NAMESPACE file.
Flavor: r-oldrel-osx-x86_64

Version: 0.9-57
Check: for missing documentation entries
Result: WARN
    Invalid MIT-MAGIC-COOKIE-1 key
    All user-level objects in a package should have documentation entries.
    See chapter ‘Writing R documentation files’ in the ‘Writing R
    Extensions’ manual.
Flavor: r-oldrel-osx-x86_64

Version: 0.9-57
Check: for code/documentation mismatches
Result: WARN
    Invalid MIT-MAGIC-COOKIE-1 key
    Invalid MIT-MAGIC-COOKIE-1 key
    Invalid MIT-MAGIC-COOKIE-1 key
Flavor: r-oldrel-osx-x86_64

Version: 0.9-57
Check: Rd \usage sections
Result: NOTE
    Invalid MIT-MAGIC-COOKIE-1 key
    The \usage entries for S3 methods should use the \method markup and not
    their full name.
    See chapter ‘Writing R documentation files’ in the ‘Writing R
    Extensions’ manual.
Flavor: r-oldrel-osx-x86_64