CRAN Package Check Results for Package svSocket

Last updated on 2015-07-02 07:49:04.

Flavor Version Tinstall Tcheck Ttotal Status Flags
r-devel-linux-x86_64-debian-clang 0.9-57 0.76 11.77 12.53 NOTE
r-devel-linux-x86_64-debian-gcc 0.9-57 0.73 11.44 12.17 NOTE
r-devel-linux-x86_64-fedora-clang 0.9-57 23.53 NOTE
r-devel-linux-x86_64-fedora-gcc 0.9-57 22.43 NOTE
r-devel-osx-x86_64-clang 0.9-57 23.71 NOTE
r-devel-windows-ix86+x86_64 0.9-57 3.00 22.00 25.00 NOTE
r-patched-linux-x86_64 0.9-57 0.75 11.92 12.67 NOTE
r-patched-solaris-sparc 0.9-57 190.70 NOTE
r-patched-solaris-x86 0.9-57 41.50 NOTE
r-release-linux-x86_64 0.9-57 0.77 12.35 13.12 NOTE
r-release-osx-x86_64-mavericks 0.9-57 NOTE
r-release-windows-ix86+x86_64 0.9-57 4.00 20.00 24.00 NOTE
r-oldrel-windows-ix86+x86_64 0.9-57 3.00 34.00 37.00 OK

Check Details

Version: 0.9-57
Check: DESCRIPTION meta-information
Result: NOTE
    Malformed Description field: should contain one or more complete sentences.
Flavors: r-devel-linux-x86_64-debian-clang, r-devel-linux-x86_64-debian-gcc, r-devel-linux-x86_64-fedora-clang, r-devel-linux-x86_64-fedora-gcc, r-devel-osx-x86_64-clang, r-devel-windows-ix86+x86_64, r-patched-linux-x86_64, r-patched-solaris-sparc, r-patched-solaris-x86, r-release-linux-x86_64, r-release-osx-x86_64-mavericks, r-release-windows-ix86+x86_64

Version: 0.9-57
Check: R code for possible problems
Result: NOTE
    processSocket: no visible global function definition for ‘URLdecode’
Flavors: r-devel-linux-x86_64-debian-clang, r-devel-linux-x86_64-debian-gcc, r-devel-linux-x86_64-fedora-gcc, r-devel-windows-ix86+x86_64

Version: 0.9-57
Check: R code for possible problems
Result: NOTE
    processSocket: no visible global function definition for ‘URLdecode’
    Undefined global functions or variables:
     URLdecode
Flavor: r-devel-linux-x86_64-fedora-clang