CRAN Package Check Results for Package svSocket

Last updated on 2015-05-22 15:46:48.

Flavor Version Tinstall Tcheck Ttotal Status Flags
r-devel-linux-x86_64-debian-clang 0.9-57 0.82 11.93 12.75 NOTE
r-devel-linux-x86_64-debian-gcc 0.9-57 0.90 11.85 12.75 NOTE
r-devel-linux-x86_64-fedora-gcc 0.9-57 22.45 NOTE
r-devel-osx-x86_64-clang 0.9-57 28.84 NOTE
r-devel-windows-ix86+x86_64 0.9-57 5.00 21.00 26.00 NOTE
r-patched-linux-x86_64 0.9-57 0.84 11.89 12.73 NOTE
r-patched-solaris-sparc 0.9-57 159.00 NOTE
r-patched-solaris-x86 0.9-57 41.20 NOTE
r-release-linux-x86_64 0.9-57 0.77 12.26 13.03 NOTE
r-release-osx-x86_64-mavericks 0.9-57 NOTE
r-release-osx-x86_64-snowleopard 0.9-57 NOTE
r-release-windows-ix86+x86_64 0.9-57 5.00 22.00 27.00 NOTE
r-oldrel-windows-ix86+x86_64 0.9-57 4.00 22.00 26.00 OK

Check Details

Version: 0.9-57
Check: DESCRIPTION meta-information
Result: NOTE
    Malformed Description field: should contain one or more complete sentences.
Flavors: r-devel-linux-x86_64-debian-clang, r-devel-linux-x86_64-debian-gcc, r-devel-linux-x86_64-fedora-gcc, r-devel-osx-x86_64-clang, r-devel-windows-ix86+x86_64, r-patched-linux-x86_64, r-patched-solaris-sparc, r-patched-solaris-x86, r-release-linux-x86_64, r-release-osx-x86_64-mavericks, r-release-osx-x86_64-snowleopard, r-release-windows-ix86+x86_64