CRAN Package Check Results for Package svSweave

Last updated on 2015-05-23 17:48:57.

Flavor Version Tinstall Tcheck Ttotal Status Flags
r-devel-linux-x86_64-debian-clang 0.9-8 0.70 8.87 9.58 NOTE
r-devel-linux-x86_64-debian-gcc 0.9-8 0.60 8.68 9.28 NOTE
r-devel-linux-x86_64-fedora-clang 0.9-8 18.32 NOTE
r-devel-linux-x86_64-fedora-gcc 0.9-8 16.60 NOTE
r-devel-osx-x86_64-clang 0.9-8 20.87 NOTE
r-devel-windows-ix86+x86_64 0.9-8 2.00 17.00 19.00 NOTE
r-patched-linux-x86_64 0.9-8 0.54 8.46 9.00 NOTE
r-patched-solaris-sparc 0.9-8 144.80 NOTE
r-patched-solaris-x86 0.9-8 29.20 NOTE
r-release-linux-x86_64 0.9-8 0.54 8.69 9.22 NOTE
r-release-osx-x86_64-mavericks 0.9-8 NOTE
r-release-osx-x86_64-snowleopard 0.9-8 ERROR
r-release-windows-ix86+x86_64 0.9-8 3.00 15.00 18.00 NOTE
r-oldrel-windows-ix86+x86_64 0.9-8 3.00 18.00 21.00 OK

Check Details

Version: 0.9-8
Check: DESCRIPTION meta-information
Result: NOTE
    Malformed Description field: should contain one or more complete sentences.
Flavors: r-devel-linux-x86_64-debian-clang, r-devel-linux-x86_64-debian-gcc, r-devel-linux-x86_64-fedora-clang, r-devel-linux-x86_64-fedora-gcc, r-devel-osx-x86_64-clang, r-devel-windows-ix86+x86_64, r-patched-linux-x86_64, r-patched-solaris-sparc, r-patched-solaris-x86, r-release-linux-x86_64, r-release-osx-x86_64-mavericks, r-release-windows-ix86+x86_64

Version: 0.9-8
Check: package dependencies
Result: ERROR
    Package required but not available: ‘knitr’
    
    See section ‘The DESCRIPTION file’ in the ‘Writing R Extensions’
    manual.
Flavor: r-release-osx-x86_64-snowleopard