CRAN Package Check Results for Package svSweave

Last updated on 2017-11-25 11:56:02 CET.

Flavor Version Tinstall Tcheck Ttotal Status Flags
r-devel-linux-x86_64-debian-clang 0.9-8 0.82 33.56 34.38 NOTE
r-devel-linux-x86_64-debian-gcc 0.9-8 0.58 30.31 30.89 NOTE
r-devel-linux-x86_64-fedora-clang 0.9-8 19.02 NOTE
r-devel-linux-x86_64-fedora-gcc 0.9-8 18.26 NOTE
r-devel-windows-ix86+x86_64 0.9-8 2.00 27.00 29.00 NOTE
r-patched-linux-x86_64 0.9-8 0.87 35.79 36.66 NOTE
r-patched-solaris-x86 0.9-8 31.20 NOTE
r-release-linux-x86_64 0.9-8 0.91 34.73 35.64 NOTE
r-release-windows-ix86+x86_64 0.9-8 2.00 44.00 46.00 NOTE
r-release-osx-x86_64 0.9-8 NOTE
r-oldrel-windows-ix86+x86_64 0.9-8 2.00 28.00 30.00 NOTE
r-oldrel-osx-x86_64 0.9-8 NOTE

Check Details

Version: 0.9-8
Check: DESCRIPTION meta-information
Result: NOTE
    Malformed Description field: should contain one or more complete sentences.
Flavors: r-devel-linux-x86_64-debian-clang, r-devel-linux-x86_64-debian-gcc, r-devel-linux-x86_64-fedora-clang, r-devel-linux-x86_64-fedora-gcc, r-devel-windows-ix86+x86_64, r-patched-linux-x86_64, r-patched-solaris-x86, r-release-linux-x86_64, r-release-windows-ix86+x86_64, r-release-osx-x86_64, r-oldrel-windows-ix86+x86_64, r-oldrel-osx-x86_64