CRAN Package Check Results for Package svSweave

Last updated on 2016-05-29 17:47:50.

Flavor Version Tinstall Tcheck Ttotal Status Flags
r-devel-linux-x86_64-debian-gcc 0.9-8 0.54 9.73 10.27 NOTE
r-devel-linux-x86_64-fedora-clang 0.9-8 17.22 NOTE
r-devel-linux-x86_64-fedora-gcc 0.9-8 15.72 NOTE
r-devel-osx-x86_64-clang 0.9-8 21.00 NOTE
r-devel-windows-ix86+x86_64 0.9-8 2.00 22.00 24.00 NOTE
r-patched-linux-x86_64 0.9-8 0.58 9.61 10.19 NOTE
r-patched-solaris-sparc 0.9-8 102.60 NOTE
r-patched-solaris-x86 0.9-8 24.80 NOTE
r-release-linux-x86_64 0.9-8 0.59 9.54 10.13 NOTE
r-release-osx-x86_64-mavericks 0.9-8 NOTE
r-release-windows-ix86+x86_64 0.9-8 4.00 25.00 29.00 NOTE
r-oldrel-windows-ix86+x86_64 0.9-8 2.00 23.00 25.00 NOTE

Check Details

Version: 0.9-8
Check: DESCRIPTION meta-information
Result: NOTE
    Malformed Description field: should contain one or more complete sentences.
Flavors: r-devel-linux-x86_64-debian-gcc, r-devel-linux-x86_64-fedora-clang, r-devel-linux-x86_64-fedora-gcc, r-devel-osx-x86_64-clang, r-devel-windows-ix86+x86_64, r-patched-linux-x86_64, r-patched-solaris-sparc, r-patched-solaris-x86, r-release-linux-x86_64, r-release-osx-x86_64-mavericks, r-release-windows-ix86+x86_64, r-oldrel-windows-ix86+x86_64