CRAN Package Check Results for Package svSweave

Last updated on 2016-07-25 11:51:07.

Flavor Version Tinstall Tcheck Ttotal Status Flags
r-devel-linux-x86_64-debian-clang 0.9-8 0.69 11.45 12.15 NOTE
r-devel-linux-x86_64-debian-gcc 0.9-8 0.80 11.87 12.67 NOTE
r-devel-linux-x86_64-fedora-clang 0.9-8 16.47 NOTE
r-devel-linux-x86_64-fedora-gcc 0.9-8 15.77 NOTE
r-devel-osx-x86_64-clang 0.9-8 15.67 NOTE
r-devel-windows-ix86+x86_64 0.9-8 3.00 33.00 36.00 NOTE
r-patched-linux-x86_64 0.9-8 0.82 11.33 12.15 NOTE
r-patched-solaris-sparc 0.9-8 104.70 NOTE
r-patched-solaris-x86 0.9-8 23.90 NOTE
r-release-linux-x86_64 0.9-8 0.66 11.49 12.15 NOTE
r-release-osx-x86_64-mavericks 0.9-8 NOTE
r-release-windows-ix86+x86_64 0.9-8 2.00 40.00 42.00 NOTE
r-oldrel-windows-ix86+x86_64 0.9-8 3.00 31.00 34.00 NOTE

Check Details

Version: 0.9-8
Check: DESCRIPTION meta-information
Result: NOTE
    Malformed Description field: should contain one or more complete sentences.
Flavors: r-devel-linux-x86_64-debian-clang, r-devel-linux-x86_64-debian-gcc, r-devel-linux-x86_64-fedora-clang, r-devel-linux-x86_64-fedora-gcc, r-devel-osx-x86_64-clang, r-devel-windows-ix86+x86_64, r-patched-linux-x86_64, r-patched-solaris-sparc, r-patched-solaris-x86, r-release-linux-x86_64, r-release-osx-x86_64-mavericks, r-release-windows-ix86+x86_64, r-oldrel-windows-ix86+x86_64