CRAN Package Check Results for Package svSweave

Last updated on 2016-12-08 22:48:25.

Flavor Version Tinstall Tcheck Ttotal Status Flags
r-devel-linux-x86_64-debian-clang 0.9-8 0.70 11.73 12.42 NOTE
r-devel-linux-x86_64-debian-gcc 0.9-8 0.59 11.37 11.96 NOTE
r-devel-linux-x86_64-fedora-clang 0.9-8 20.99 NOTE --no-stop-on-test-error
r-devel-linux-x86_64-fedora-gcc 0.9-8 20.36 NOTE --no-stop-on-test-error
r-devel-macos-x86_64-clang 0.9-8 18.81 NOTE
r-devel-windows-ix86+x86_64 0.9-8 2.00 36.00 38.00 NOTE
r-patched-linux-x86_64 0.9-8 0.68 9.92 10.59 NOTE
r-patched-solaris-sparc 0.9-8 104.70 NOTE
r-patched-solaris-x86 0.9-8 24.10 NOTE
r-release-linux-x86_64 0.9-8 0.55 9.69 10.24 NOTE
r-release-osx-x86_64-mavericks 0.9-8 NOTE
r-release-windows-ix86+x86_64 0.9-8 2.00 39.00 41.00 NOTE
r-oldrel-windows-ix86+x86_64 0.9-8 3.00 23.00 26.00 NOTE

Check Details

Version: 0.9-8
Check: DESCRIPTION meta-information
Result: NOTE
    Malformed Description field: should contain one or more complete sentences.
Flavors: r-devel-linux-x86_64-debian-clang, r-devel-linux-x86_64-debian-gcc, r-devel-macos-x86_64-clang, r-devel-windows-ix86+x86_64, r-patched-linux-x86_64, r-patched-solaris-sparc, r-patched-solaris-x86, r-release-linux-x86_64, r-release-osx-x86_64-mavericks, r-release-windows-ix86+x86_64, r-oldrel-windows-ix86+x86_64

Version: 0.9-8
Flags: --no-stop-on-test-error
Check: DESCRIPTION meta-information
Result: NOTE
    Malformed Description field: should contain one or more complete sentences.
Flavors: r-devel-linux-x86_64-fedora-clang, r-devel-linux-x86_64-fedora-gcc