CRAN Package Check Results for Package svSweave

Last updated on 2015-07-03 16:47:41.

Flavor Version Tinstall Tcheck Ttotal Status Flags
r-devel-linux-x86_64-debian-clang 0.9-8 0.52 7.19 7.71 NOTE
r-devel-linux-x86_64-debian-gcc 0.9-8 0.63 8.05 8.68 NOTE
r-devel-linux-x86_64-fedora-clang 0.9-8 16.68 NOTE
r-devel-linux-x86_64-fedora-gcc 0.9-8 15.35 NOTE
r-devel-osx-x86_64-clang 0.9-8 16.04 NOTE
r-devel-windows-ix86+x86_64 0.9-8 2.00 16.00 18.00 NOTE
r-patched-linux-x86_64 0.9-8 0.54 8.51 9.05 NOTE
r-patched-solaris-sparc 0.9-8 144.80 NOTE
r-patched-solaris-x86 0.9-8 28.90 NOTE
r-release-linux-x86_64 0.9-8 0.54 8.74 9.28 NOTE
r-release-osx-x86_64-mavericks 0.9-8 NOTE
r-release-windows-ix86+x86_64 0.9-8 3.00 27.00 30.00 NOTE
r-oldrel-windows-ix86+x86_64 0.9-8 2.00 30.00 32.00 OK

Check Details

Version: 0.9-8
Check: DESCRIPTION meta-information
Result: NOTE
    Malformed Description field: should contain one or more complete sentences.
Flavors: r-devel-linux-x86_64-debian-clang, r-devel-linux-x86_64-debian-gcc, r-devel-linux-x86_64-fedora-clang, r-devel-linux-x86_64-fedora-gcc, r-devel-osx-x86_64-clang, r-devel-windows-ix86+x86_64, r-patched-linux-x86_64, r-patched-solaris-sparc, r-patched-solaris-x86, r-release-linux-x86_64, r-release-osx-x86_64-mavericks, r-release-windows-ix86+x86_64