CRAN Package Check Results for Package svSweave

Last updated on 2018-02-22 04:48:50 CET.

Flavor Version Tinstall Tcheck Ttotal Status Flags
r-devel-linux-x86_64-debian-clang 0.9-8 0.77 15.78 16.55 NOTE
r-devel-linux-x86_64-debian-gcc 0.9-8 0.70 14.23 14.93 NOTE
r-devel-linux-x86_64-fedora-clang 0.9-8 22.21 NOTE
r-devel-linux-x86_64-fedora-gcc 0.9-8 21.23 NOTE
r-devel-windows-ix86+x86_64 0.9-8 3.00 28.00 31.00 NOTE
r-patched-linux-x86_64 0.9-8 0.87 17.22 18.09 NOTE
r-patched-solaris-x86 0.9-8 30.40 NOTE
r-release-linux-x86_64 0.9-8 0.88 17.07 17.95 NOTE
r-release-windows-ix86+x86_64 0.9-8 3.00 33.00 36.00 NOTE
r-release-osx-x86_64 0.9-8 NOTE
r-oldrel-windows-ix86+x86_64 0.9-8 2.00 28.00 30.00 NOTE
r-oldrel-osx-x86_64 0.9-8 NOTE

Check Details

Version: 0.9-8
Check: DESCRIPTION meta-information
Result: NOTE
    Malformed Description field: should contain one or more complete sentences.
Flavors: r-devel-linux-x86_64-debian-clang, r-devel-linux-x86_64-debian-gcc, r-devel-linux-x86_64-fedora-clang, r-devel-linux-x86_64-fedora-gcc, r-devel-windows-ix86+x86_64, r-patched-linux-x86_64, r-patched-solaris-x86, r-release-linux-x86_64, r-release-windows-ix86+x86_64, r-release-osx-x86_64, r-oldrel-windows-ix86+x86_64, r-oldrel-osx-x86_64