CRAN Package Check Results for Package svSweave

Last updated on 2017-07-24 10:47:13.

Flavor Version Tinstall Tcheck Ttotal Status Flags
r-devel-linux-x86_64-debian-clang 0.9-8 0.58 18.25 18.83 NOTE
r-devel-linux-x86_64-debian-gcc 0.9-8 1.42 17.93 19.35 NOTE
r-devel-linux-x86_64-fedora-clang 0.9-8 20.61 NOTE
r-devel-linux-x86_64-fedora-gcc 0.9-8 19.56 NOTE
r-devel-windows-ix86+x86_64 0.9-8 3.00 25.00 28.00 NOTE
r-patched-linux-x86_64 0.9-8 0.64 17.98 18.61 NOTE
r-patched-solaris-x86 0.9-8 30.80 NOTE
r-release-linux-x86_64 0.9-8 0.60 17.88 18.48 NOTE
r-release-windows-ix86+x86_64 0.9-8 3.00 43.00 46.00 NOTE
r-release-osx-x86_64 0.9-8 NOTE
r-oldrel-windows-ix86+x86_64 0.9-8 2.00 28.00 30.00 NOTE
r-oldrel-osx-x86_64 0.9-8 NOTE

Check Details

Version: 0.9-8
Check: DESCRIPTION meta-information
Result: NOTE
    Malformed Description field: should contain one or more complete sentences.
Flavors: r-devel-linux-x86_64-debian-clang, r-devel-linux-x86_64-debian-gcc, r-devel-linux-x86_64-fedora-clang, r-devel-linux-x86_64-fedora-gcc, r-devel-windows-ix86+x86_64, r-patched-linux-x86_64, r-patched-solaris-x86, r-release-linux-x86_64, r-release-windows-ix86+x86_64, r-release-osx-x86_64, r-oldrel-windows-ix86+x86_64, r-oldrel-osx-x86_64