CRAN Package Check Results for Package svSweave

Last updated on 2016-09-25 23:47:08.

Flavor Version Tinstall Tcheck Ttotal Status Flags
r-devel-linux-x86_64-debian-clang 0.9-8 0.56 9.71 10.27 NOTE
r-devel-linux-x86_64-debian-gcc 0.9-8 0.63 9.45 10.09 NOTE
r-devel-linux-x86_64-fedora-clang 0.9-8 16.98 NOTE
r-devel-linux-x86_64-fedora-gcc 0.9-8 16.14 NOTE
r-devel-macos-x86_64-clang 0.9-8 15.74 NOTE
r-devel-windows-ix86+x86_64 0.9-8 2.00 60.00 62.00 NOTE
r-patched-linux-x86_64 0.9-8 0.63 9.61 10.23 NOTE
r-patched-solaris-sparc 0.9-8 104.70 NOTE
r-patched-solaris-x86 0.9-8 24.10 NOTE
r-release-linux-x86_64 0.9-8 0.64 9.67 10.31 NOTE
r-release-osx-x86_64-mavericks 0.9-8 NOTE
r-release-windows-ix86+x86_64 0.9-8 7.00 34.00 41.00 NOTE
r-oldrel-windows-ix86+x86_64 0.9-8 4.00 33.00 37.00 NOTE

Check Details

Version: 0.9-8
Check: DESCRIPTION meta-information
Result: NOTE
    Malformed Description field: should contain one or more complete sentences.
Flavors: r-devel-linux-x86_64-debian-clang, r-devel-linux-x86_64-debian-gcc, r-devel-linux-x86_64-fedora-clang, r-devel-linux-x86_64-fedora-gcc, r-devel-macos-x86_64-clang, r-devel-windows-ix86+x86_64, r-patched-linux-x86_64, r-patched-solaris-sparc, r-patched-solaris-x86, r-release-linux-x86_64, r-release-osx-x86_64-mavericks, r-release-windows-ix86+x86_64, r-oldrel-windows-ix86+x86_64