CRAN Package Check Results for Package svSweave

Last updated on 2017-03-27 13:56:03.

Flavor Version Tinstall Tcheck Ttotal Status Flags
r-devel-linux-x86_64-debian-clang 0.9-8 0.64 11.99 12.63 NOTE
r-devel-linux-x86_64-debian-gcc 0.9-8 0.61 11.93 12.54 NOTE
r-devel-linux-x86_64-fedora-clang 0.9-8 20.55 NOTE --no-stop-on-test-error
r-devel-linux-x86_64-fedora-gcc 0.9-8 19.64 NOTE --no-stop-on-test-error
r-devel-macos-x86_64-clang 0.9-8 18.19 NOTE --no-stop-on-test-error
r-devel-windows-ix86+x86_64 0.9-8 2.00 36.00 38.00 NOTE
r-patched-linux-x86_64 0.9-8 0.60 11.74 12.34 NOTE
r-patched-solaris-sparc 0.9-8 122.50 NOTE
r-patched-solaris-x86 0.9-8 30.80 NOTE
r-release-linux-x86_64 0.9-8 0.56 9.85 10.41 NOTE
r-release-osx-x86_64-mavericks 0.9-8 NOTE
r-release-windows-ix86+x86_64 0.9-8 3.00 27.00 30.00 NOTE
r-oldrel-windows-ix86+x86_64 0.9-8 3.00 22.00 25.00 NOTE

Check Details

Version: 0.9-8
Check: DESCRIPTION meta-information
Result: NOTE
    Malformed Description field: should contain one or more complete sentences.
Flavors: r-devel-linux-x86_64-debian-clang, r-devel-linux-x86_64-debian-gcc, r-devel-windows-ix86+x86_64, r-patched-linux-x86_64, r-patched-solaris-sparc, r-patched-solaris-x86, r-release-linux-x86_64, r-release-osx-x86_64-mavericks, r-release-windows-ix86+x86_64, r-oldrel-windows-ix86+x86_64

Version: 0.9-8
Flags: --no-stop-on-test-error
Check: DESCRIPTION meta-information
Result: NOTE
    Malformed Description field: should contain one or more complete sentences.
Flavors: r-devel-linux-x86_64-fedora-clang, r-devel-linux-x86_64-fedora-gcc, r-devel-macos-x86_64-clang