CRAN Package Check Results for Package svSweave

Last updated on 2017-02-21 20:49:36.

Flavor Version Tinstall Tcheck Ttotal Status Flags
r-devel-linux-x86_64-debian-clang 0.9-8 0.59 12.03 12.62 NOTE
r-devel-linux-x86_64-debian-gcc 0.9-8 0.72 11.89 12.61 NOTE
r-devel-linux-x86_64-fedora-clang 0.9-8 20.16 NOTE --no-stop-on-test-error
r-devel-linux-x86_64-fedora-gcc 0.9-8 19.33 NOTE --no-stop-on-test-error
r-devel-macos-x86_64-clang 0.9-8 18.77 NOTE --no-stop-on-test-error
r-devel-windows-ix86+x86_64 0.9-8 4.00 43.00 47.00 NOTE
r-patched-linux-x86_64 0.9-8 0.64 9.78 10.42 NOTE
r-patched-solaris-sparc 0.9-8 103.20 NOTE
r-patched-solaris-x86 0.9-8 25.80 NOTE
r-release-linux-x86_64 0.9-8 0.59 9.66 10.25 NOTE
r-release-osx-x86_64-mavericks 0.9-8 NOTE
r-release-windows-ix86+x86_64 0.9-8 4.00 28.00 32.00 NOTE
r-oldrel-windows-ix86+x86_64 0.9-8 4.00 31.00 35.00 NOTE

Check Details

Version: 0.9-8
Check: DESCRIPTION meta-information
Result: NOTE
    Malformed Description field: should contain one or more complete sentences.
Flavors: r-devel-linux-x86_64-debian-clang, r-devel-linux-x86_64-debian-gcc, r-devel-windows-ix86+x86_64, r-patched-linux-x86_64, r-patched-solaris-sparc, r-patched-solaris-x86, r-release-linux-x86_64, r-release-osx-x86_64-mavericks, r-release-windows-ix86+x86_64, r-oldrel-windows-ix86+x86_64

Version: 0.9-8
Flags: --no-stop-on-test-error
Check: DESCRIPTION meta-information
Result: NOTE
    Malformed Description field: should contain one or more complete sentences.
Flavors: r-devel-linux-x86_64-fedora-clang, r-devel-linux-x86_64-fedora-gcc, r-devel-macos-x86_64-clang