CRAN Package Check Results for Package svSweave

Last updated on 2014-04-21 09:48:10.

Flavor Version Tinstall Tcheck Ttotal Status Flags
r-devel-linux-x86_64-debian-clang 0.9-8 0.68 10.27 10.95 OK
r-devel-linux-x86_64-debian-gcc 0.9-8 0.68 10.14 10.82 OK
r-devel-linux-x86_64-fedora-clang 0.9-8 22.41 OK
r-devel-linux-x86_64-fedora-gcc 0.9-8 21.29 OK
r-devel-macosx-x86_64-clang 0.9-8 25.50 OK
r-devel-macosx-x86_64-gcc 0.9-8 ERROR
r-devel-windows-ix86+x86_64 0.9-8 3.00 18.00 21.00 OK
r-patched-linux-x86_64 0.9-8 0.68 10.08 10.76 OK
r-patched-solaris-sparc 0.9-8 119.40 OK
r-patched-solaris-x86 0.9-8 31.40 OK
r-release-linux-ix86 OK
r-release-linux-x86_64 0.9-8 0.73 10.18 10.91 OK
r-release-macosx-x86_64 0.9-8 OK
r-release-windows-ix86+x86_64 0.9-8 4.00 19.00 23.00 OK
r-oldrel-windows-ix86+x86_64 0.9-8 3.00 20.00 23.00 OK

Check Details

Version: 0.9-8
Check: package dependencies
Result: ERROR
    Package required but not available: ‘knitr’
    
    See the information on DESCRIPTION files in the chapter ‘Creating R
    packages’ of the ‘Writing R Extensions’ manual.
Flavor: r-devel-macosx-x86_64-gcc