CRAN Package Check Results for Package svSweave

Last updated on 2017-04-24 08:48:22.

Flavor Version Tinstall Tcheck Ttotal Status Flags
r-devel-linux-x86_64-debian-clang 0.9-8 0.69 12.05 12.73 NOTE
r-devel-linux-x86_64-debian-gcc 0.9-8 0.71 11.82 12.53 NOTE
r-devel-linux-x86_64-fedora-clang 0.9-8 20.44 NOTE --no-stop-on-test-error
r-devel-linux-x86_64-fedora-gcc 0.9-8 19.63 NOTE --no-stop-on-test-error
r-devel-windows-ix86+x86_64 0.9-8 4.00 27.00 31.00 NOTE
r-patched-linux-x86_64 0.9-8 0.62 11.58 12.19 NOTE
r-patched-solaris-sparc 0.9-8 122.50 NOTE
r-patched-solaris-x86 0.9-8 30.00 NOTE
r-release-linux-x86_64 0.9-8 0.62 11.60 12.22 NOTE
r-release-windows-ix86+x86_64 0.9-8 2.00 27.00 29.00 NOTE
r-release-osx-x86_64 0.9-8 NOTE
r-oldrel-windows-ix86+x86_64 0.9-8 2.00 24.00 26.00 NOTE
r-oldrel-osx-x86_64 0.9-8 NOTE

Check Details

Version: 0.9-8
Check: DESCRIPTION meta-information
Result: NOTE
    Malformed Description field: should contain one or more complete sentences.
Flavors: r-devel-linux-x86_64-debian-clang, r-devel-linux-x86_64-debian-gcc, r-devel-windows-ix86+x86_64, r-patched-linux-x86_64, r-patched-solaris-sparc, r-patched-solaris-x86, r-release-linux-x86_64, r-release-windows-ix86+x86_64, r-release-osx-x86_64, r-oldrel-windows-ix86+x86_64, r-oldrel-osx-x86_64

Version: 0.9-8
Flags: --no-stop-on-test-error
Check: DESCRIPTION meta-information
Result: NOTE
    Malformed Description field: should contain one or more complete sentences.
Flavors: r-devel-linux-x86_64-fedora-clang, r-devel-linux-x86_64-fedora-gcc