CRAN Package Check Results for Package svSweave

Last updated on 2016-02-14 10:47:01.

Flavor Version Tinstall Tcheck Ttotal Status Flags
r-devel-linux-x86_64-debian-gcc 0.9-8 0.57 8.83 9.40 NOTE
r-devel-linux-x86_64-fedora-clang 0.9-8 16.62 NOTE
r-devel-linux-x86_64-fedora-gcc 0.9-8 15.59 NOTE
r-devel-osx-x86_64-clang 0.9-8 20.33 NOTE
r-devel-windows-ix86+x86_64 0.9-8 4.00 24.00 28.00 NOTE
r-patched-linux-x86_64 0.9-8 0.76 9.43 10.20 NOTE
r-patched-solaris-sparc 0.9-8 115.10 NOTE
r-patched-solaris-x86 0.9-8 29.30 NOTE
r-release-linux-x86_64 0.9-8 0.58 9.30 9.88 NOTE
r-release-osx-x86_64-mavericks 0.9-8 NOTE
r-release-windows-ix86+x86_64 0.9-8 3.00 24.00 27.00 NOTE
r-oldrel-windows-ix86+x86_64 0.9-8 5.00 23.00 28.00 OK

Check Details

Version: 0.9-8
Check: DESCRIPTION meta-information
Result: NOTE
    Malformed Description field: should contain one or more complete sentences.
Flavors: r-devel-linux-x86_64-debian-gcc, r-devel-linux-x86_64-fedora-clang, r-devel-linux-x86_64-fedora-gcc, r-devel-osx-x86_64-clang, r-devel-windows-ix86+x86_64, r-patched-linux-x86_64, r-patched-solaris-sparc, r-patched-solaris-x86, r-release-linux-x86_64, r-release-osx-x86_64-mavericks, r-release-windows-ix86+x86_64