CRAN Package Check Results for Package svSweave

Last updated on 2018-04-24 00:47:22 CEST.

Flavor Version Tinstall Tcheck Ttotal Status Flags
r-devel-linux-x86_64-debian-clang 0.9-8 0.95 16.31 17.26 NOTE
r-devel-linux-x86_64-debian-gcc 0.9-8 0.82 14.54 15.36 NOTE
r-devel-linux-x86_64-fedora-clang 0.9-8 22.40 NOTE
r-devel-linux-x86_64-fedora-gcc 0.9-8 21.93 NOTE
r-devel-windows-ix86+x86_64 0.9-8 3.00 29.00 32.00 NOTE
r-devel-osx-x86_64 0.9-8 NOTE
r-patched-linux-x86_64 0.9-8 1.00 17.69 18.69 NOTE
r-patched-solaris-x86 0.9-8 37.10 NOTE
r-release-linux-x86_64 0.9-8 0.90 17.53 18.43 NOTE
r-release-windows-ix86+x86_64 0.9-8 2.00 32.00 34.00 NOTE
r-release-osx-x86_64 0.9-8 NOTE
r-oldrel-windows-ix86+x86_64 0.9-8 2.00 41.00 43.00 NOTE

Check Details

Version: 0.9-8
Check: DESCRIPTION meta-information
Result: NOTE
    Malformed Description field: should contain one or more complete sentences.
Flavors: r-devel-linux-x86_64-debian-clang, r-devel-linux-x86_64-debian-gcc, r-devel-linux-x86_64-fedora-clang, r-devel-linux-x86_64-fedora-gcc, r-devel-windows-ix86+x86_64, r-devel-osx-x86_64, r-patched-linux-x86_64, r-patched-solaris-x86, r-release-linux-x86_64, r-release-windows-ix86+x86_64, r-release-osx-x86_64, r-oldrel-windows-ix86+x86_64