CRAN Package Check Results for Package svSweave

Last updated on 2017-01-18 20:50:33.

Flavor Version Tinstall Tcheck Ttotal Status Flags
r-devel-linux-x86_64-debian-clang 0.9-8 0.57 11.68 12.25 NOTE
r-devel-linux-x86_64-debian-gcc 0.9-8 0.68 11.65 12.32 NOTE
r-devel-linux-x86_64-fedora-clang 0.9-8 20.05 NOTE --no-stop-on-test-error
r-devel-linux-x86_64-fedora-gcc 0.9-8 19.36 NOTE --no-stop-on-test-error
r-devel-macos-x86_64-clang 0.9-8 17.90 NOTE --no-stop-on-test-error
r-devel-windows-ix86+x86_64 0.9-8 3.00 28.00 31.00 NOTE
r-patched-linux-x86_64 0.9-8 0.75 9.84 10.59 NOTE
r-patched-solaris-sparc 0.9-8 103.20 NOTE
r-patched-solaris-x86 0.9-8 24.00 NOTE
r-release-linux-x86_64 0.9-8 0.64 9.77 10.42 NOTE
r-release-osx-x86_64-mavericks 0.9-8 NOTE
r-release-windows-ix86+x86_64 0.9-8 2.00 37.00 39.00 NOTE
r-oldrel-windows-ix86+x86_64 0.9-8 2.00 35.00 37.00 NOTE

Check Details

Version: 0.9-8
Check: DESCRIPTION meta-information
Result: NOTE
    Malformed Description field: should contain one or more complete sentences.
Flavors: r-devel-linux-x86_64-debian-clang, r-devel-linux-x86_64-debian-gcc, r-devel-windows-ix86+x86_64, r-patched-linux-x86_64, r-patched-solaris-sparc, r-patched-solaris-x86, r-release-linux-x86_64, r-release-osx-x86_64-mavericks, r-release-windows-ix86+x86_64, r-oldrel-windows-ix86+x86_64

Version: 0.9-8
Flags: --no-stop-on-test-error
Check: DESCRIPTION meta-information
Result: NOTE
    Malformed Description field: should contain one or more complete sentences.
Flavors: r-devel-linux-x86_64-fedora-clang, r-devel-linux-x86_64-fedora-gcc, r-devel-macos-x86_64-clang