CRAN Package Check Results for Package svSweave

Last updated on 2015-04-27 22:46:58.

Flavor Version Tinstall Tcheck Ttotal Status Flags
r-devel-linux-x86_64-debian-clang 0.9-8 0.54 8.75 9.29 NOTE
r-devel-linux-x86_64-debian-gcc 0.9-8 0.60 8.70 9.30 NOTE
r-devel-linux-x86_64-fedora-clang 0.9-8 18.12 NOTE
r-devel-linux-x86_64-fedora-gcc 0.9-8 16.79 NOTE
r-devel-osx-x86_64-clang 0.9-8 21.08 NOTE
r-devel-windows-ix86+x86_64 0.9-8 3.00 18.00 21.00 NOTE
r-patched-linux-x86_64 0.9-8 0.52 8.50 9.03 NOTE
r-patched-solaris-sparc 0.9-8 114.10 NOTE
r-patched-solaris-x86 0.9-8 26.80 NOTE
r-release-linux-x86_64 0.9-8 0.52 8.51 9.03 NOTE
r-release-osx-x86_64-mavericks 0.9-8 NOTE
r-release-osx-x86_64-snowleopard 0.9-8 ERROR
r-release-windows-ix86+x86_64 0.9-8 3.00 25.00 28.00 NOTE
r-oldrel-windows-ix86+x86_64 0.9-8 3.00 19.00 22.00 OK

Check Details

Version: 0.9-8
Check: DESCRIPTION meta-information
Result: NOTE
    Malformed Description field: should contain one or more complete sentences.
Flavors: r-devel-linux-x86_64-debian-clang, r-devel-linux-x86_64-debian-gcc, r-devel-linux-x86_64-fedora-clang, r-devel-linux-x86_64-fedora-gcc, r-devel-osx-x86_64-clang, r-devel-windows-ix86+x86_64, r-patched-solaris-sparc, r-patched-solaris-x86, r-release-linux-x86_64, r-release-osx-x86_64-mavericks, r-release-windows-ix86+x86_64

Version: 0.9-8
Check: package dependencies
Result: ERROR
    Package required but not available: ‘knitr’
    
    See section ‘The DESCRIPTION file’ in the ‘Writing R Extensions’
    manual.
Flavor: r-release-osx-x86_64-snowleopard