CRAN Package Check Results for Package svSweave

Last updated on 2017-09-21 05:49:02.

Flavor Version Tinstall Tcheck Ttotal Status Flags
r-devel-linux-x86_64-debian-clang 0.9-8 0.63 11.90 12.53 NOTE
r-devel-linux-x86_64-debian-gcc 0.9-8 0.63 12.25 12.88 NOTE
r-devel-linux-x86_64-fedora-clang 0.9-8 24.57 NOTE
r-devel-linux-x86_64-fedora-gcc 0.9-8 21.49 NOTE
r-devel-windows-ix86+x86_64 0.9-8 2.00 36.00 38.00 NOTE
r-patched-linux-x86_64 0.9-8 0.66 11.96 12.62 NOTE
r-patched-solaris-x86 0.9-8 30.90 NOTE
r-release-linux-x86_64 0.9-8 0.65 12.19 12.83 NOTE
r-release-windows-ix86+x86_64 0.9-8 2.00 27.00 29.00 NOTE
r-release-osx-x86_64 0.9-8 NOTE
r-oldrel-windows-ix86+x86_64 0.9-8 2.00 25.00 27.00 NOTE
r-oldrel-osx-x86_64 0.9-8 NOTE

Check Details

Version: 0.9-8
Check: DESCRIPTION meta-information
Result: NOTE
    Malformed Description field: should contain one or more complete sentences.
Flavors: r-devel-linux-x86_64-debian-clang, r-devel-linux-x86_64-debian-gcc, r-devel-linux-x86_64-fedora-clang, r-devel-linux-x86_64-fedora-gcc, r-devel-windows-ix86+x86_64, r-patched-linux-x86_64, r-patched-solaris-x86, r-release-linux-x86_64, r-release-windows-ix86+x86_64, r-release-osx-x86_64, r-oldrel-windows-ix86+x86_64, r-oldrel-osx-x86_64