CRAN Package Check Results for Package svSweave

Last updated on 2015-08-28 08:47:16.

Flavor Version Tinstall Tcheck Ttotal Status Flags
r-devel-linux-x86_64-debian-clang 0.9-8 0.51 8.81 9.32 NOTE
r-devel-linux-x86_64-debian-gcc 0.9-8 0.51 8.83 9.34 NOTE
r-devel-linux-x86_64-fedora-clang 0.9-8 18.55 NOTE
r-devel-linux-x86_64-fedora-gcc 0.9-8 17.34 NOTE
r-devel-osx-x86_64-clang 0.9-8 20.04 NOTE
r-devel-windows-ix86+x86_64 0.9-8 5.00 33.00 38.00 NOTE
r-patched-linux-x86_64 0.9-8 0.56 9.61 10.17 NOTE
r-patched-solaris-sparc 0.9-8 114.00 NOTE
r-patched-solaris-x86 0.9-8 34.20 NOTE
r-release-linux-x86_64 0.9-8 0.70 10.09 10.79 NOTE
r-release-osx-x86_64-mavericks 0.9-8 NOTE
r-release-windows-ix86+x86_64 0.9-8 3.00 33.00 36.00 NOTE
r-oldrel-windows-ix86+x86_64 0.9-8 4.00 31.00 35.00 OK

Check Details

Version: 0.9-8
Check: DESCRIPTION meta-information
Result: NOTE
    Malformed Description field: should contain one or more complete sentences.
Flavors: r-devel-linux-x86_64-debian-clang, r-devel-linux-x86_64-debian-gcc, r-devel-linux-x86_64-fedora-clang, r-devel-linux-x86_64-fedora-gcc, r-devel-osx-x86_64-clang, r-devel-windows-ix86+x86_64, r-patched-linux-x86_64, r-patched-solaris-sparc, r-patched-solaris-x86, r-release-linux-x86_64, r-release-osx-x86_64-mavericks, r-release-windows-ix86+x86_64