CRAN Package Check Results for Package svSweave

Last updated on 2015-03-03 09:49:50.

Flavor Version Tinstall Tcheck Ttotal Status Flags
r-devel-linux-x86_64-debian-clang 0.9-8 0.55 9.40 9.94 NOTE
r-devel-linux-x86_64-debian-gcc 0.9-8 0.54 8.63 9.17 NOTE
r-devel-linux-x86_64-fedora-clang 0.9-8 18.56 NOTE
r-devel-linux-x86_64-fedora-gcc 0.9-8 17.44 NOTE
r-devel-osx-x86_64-clang 0.9-8 22.44 NOTE
r-devel-windows-ix86+x86_64 0.9-8 4.00 20.00 24.00 NOTE
r-patched-linux-x86_64 0.9-8 0.90 10.42 11.32 OK
r-patched-solaris-sparc 0.9-8 122.90 OK
r-patched-solaris-x86 0.9-8 34.70 OK
r-release-linux-ix86 0.9-8 1.00 20.36 21.36 OK
r-release-linux-x86_64 0.9-8 0.76 10.58 11.33 OK
r-release-osx-x86_64-mavericks 0.9-8 OK
r-release-osx-x86_64-snowleopard 0.9-8 OK
r-release-windows-ix86+x86_64 0.9-8 6.00 26.00 32.00 OK
r-oldrel-windows-ix86+x86_64 0.9-8 4.00 22.00 26.00 OK

Check Details

Version: 0.9-8
Check: DESCRIPTION meta-information
Result: NOTE
    Malformed Description field: should contain one or more complete sentences.
Flavors: r-devel-linux-x86_64-debian-clang, r-devel-linux-x86_64-debian-gcc, r-devel-linux-x86_64-fedora-clang, r-devel-linux-x86_64-fedora-gcc, r-devel-osx-x86_64-clang, r-devel-windows-ix86+x86_64