CRAN Package Check Results for Package svTools

Last updated on 2014-04-25 09:52:25.

Flavor Version Tinstall Tcheck Ttotal Status Flags
r-devel-linux-x86_64-debian-clang 0.9-4 0.80 15.45 16.25 OK
r-devel-linux-x86_64-debian-gcc 0.9-4 0.84 15.32 16.16 OK
r-devel-linux-x86_64-fedora-clang 0.9-4 33.01 OK
r-devel-linux-x86_64-fedora-gcc 0.9-4 30.87 OK
r-devel-osx-x86_64-clang 0.9-4 34.71 OK
r-devel-osx-x86_64-gcc 0.9-4 OK
r-devel-windows-ix86+x86_64 0.9-4 3.00 24.00 27.00 OK
r-patched-linux-x86_64 0.9-4 0.86 15.44 16.29 OK
r-patched-solaris-sparc 0.9-4 181.50 OK
r-patched-solaris-x86 0.9-4 45.30 OK
r-release-linux-ix86 0.9-4 1.00 31.00 32.00 OK
r-release-linux-x86_64 0.9-4 0.81 15.49 16.30 OK
r-release-osx-x86_64-mavericks 0.9-4 WARN
r-release-osx-x86_64-snowleopard 0.9-4 OK
r-release-windows-ix86+x86_64 0.9-4 5.00 27.00 32.00 OK
r-oldrel-windows-ix86+x86_64 0.9-4 3.00 25.00 28.00 OK

Check Details

Version: 0.9-4
Check: PDF version of manual
Result: WARNING
    LaTeX errors when creating PDF version.
    This typically indicates Rd problems.
    LaTeX errors found:
    ! LaTeX Error: File `upquote.sty' not found.
    
    Type X to quit or <RETURN> to proceed,
    or enter new name. (Default extension: sty)
    
    1e7fe79/Rd2.tex:8: ==> Fatal error occurred, no output PDF file produced!
Flavor: r-release-osx-x86_64-mavericks