CRAN Package Check Results for Package svTools

Last updated on 2015-08-29 20:48:20.

Flavor Version Tinstall Tcheck Ttotal Status Flags
r-devel-linux-x86_64-debian-clang 0.9-4 0.62 13.76 14.39 NOTE
r-devel-linux-x86_64-debian-gcc 0.9-4 0.62 13.11 13.72 NOTE
r-devel-linux-x86_64-fedora-clang 0.9-4 27.43 NOTE
r-devel-linux-x86_64-fedora-gcc 0.9-4 24.89 NOTE
r-devel-osx-x86_64-clang 0.9-4 28.44 NOTE
r-devel-windows-ix86+x86_64 0.9-4 6.00 31.00 37.00 NOTE
r-patched-linux-x86_64 0.9-4 0.68 13.62 14.30 NOTE
r-patched-solaris-sparc 0.9-4 176.80 NOTE
r-patched-solaris-x86 0.9-4 43.70 NOTE
r-release-linux-x86_64 0.9-4 0.71 13.87 14.58 NOTE
r-release-osx-x86_64-mavericks 0.9-4 NOTE
r-release-windows-ix86+x86_64 0.9-4 5.00 24.00 29.00 NOTE
r-oldrel-windows-ix86+x86_64 0.9-4 6.00 26.00 32.00 OK

Check Details

Version: 0.9-4
Check: DESCRIPTION meta-information
Result: NOTE
    Malformed Description field: should contain one or more complete sentences.
Flavors: r-devel-linux-x86_64-debian-clang, r-devel-linux-x86_64-debian-gcc, r-devel-linux-x86_64-fedora-clang, r-devel-linux-x86_64-fedora-gcc, r-devel-osx-x86_64-clang, r-devel-windows-ix86+x86_64, r-patched-linux-x86_64, r-patched-solaris-sparc, r-patched-solaris-x86, r-release-linux-x86_64, r-release-osx-x86_64-mavericks, r-release-windows-ix86+x86_64

Version: 0.9-4
Check: R code for possible problems
Result: NOTE
    completeCol: no visible global function definition for ‘colors’
    completeCol: no visible global function definition for ‘col2rgb’
    completeCol: no visible global function definition for ‘palette’
    Undefined global functions or variables:
     col2rgb colors palette
    Consider adding
     importFrom("grDevices", "col2rgb", "colors", "palette")
    to your NAMESPACE.
Flavors: r-devel-linux-x86_64-debian-clang, r-devel-linux-x86_64-debian-gcc, r-devel-linux-x86_64-fedora-clang, r-devel-linux-x86_64-fedora-gcc, r-devel-windows-ix86+x86_64