CRAN Package Check Results for Package svTools

Last updated on 2015-07-06 06:47:03.

Flavor Version Tinstall Tcheck Ttotal Status Flags
r-devel-linux-x86_64-debian-clang 0.9-4 0.65 13.47 14.12 NOTE
r-devel-linux-x86_64-debian-gcc 0.9-4 0.64 13.24 13.88 NOTE
r-devel-linux-x86_64-fedora-clang 0.9-4 26.61 NOTE
r-devel-linux-x86_64-fedora-gcc 0.9-4 26.97 NOTE
r-devel-osx-x86_64-clang 0.9-4 24.28 NOTE
r-devel-windows-ix86+x86_64 0.9-4 3.00 24.00 27.00 NOTE
r-patched-linux-x86_64 0.9-4 0.71 13.95 14.66 NOTE
r-patched-solaris-sparc 0.9-4 204.70 NOTE
r-patched-solaris-x86 0.9-4 42.10 NOTE
r-release-linux-x86_64 0.9-4 0.67 13.77 14.44 NOTE
r-release-osx-x86_64-mavericks 0.9-4 NOTE
r-release-windows-ix86+x86_64 0.9-4 4.00 22.00 26.00 NOTE
r-oldrel-windows-ix86+x86_64 0.9-4 4.00 28.00 32.00 OK

Check Details

Version: 0.9-4
Check: DESCRIPTION meta-information
Result: NOTE
    Malformed Description field: should contain one or more complete sentences.
Flavors: r-devel-linux-x86_64-debian-clang, r-devel-linux-x86_64-debian-gcc, r-devel-linux-x86_64-fedora-clang, r-devel-linux-x86_64-fedora-gcc, r-devel-osx-x86_64-clang, r-devel-windows-ix86+x86_64, r-patched-linux-x86_64, r-patched-solaris-sparc, r-patched-solaris-x86, r-release-linux-x86_64, r-release-osx-x86_64-mavericks, r-release-windows-ix86+x86_64

Version: 0.9-4
Check: R code for possible problems
Result: NOTE
    completeCol: no visible global function definition for ‘colors’
    completeCol: no visible global function definition for ‘col2rgb’
    completeCol: no visible global function definition for ‘palette’
    Undefined global functions or variables:
     col2rgb colors palette
Flavors: r-devel-linux-x86_64-debian-clang, r-devel-linux-x86_64-debian-gcc, r-devel-linux-x86_64-fedora-clang, r-devel-linux-x86_64-fedora-gcc, r-devel-windows-ix86+x86_64