CRAN Package Check Results for Package svTools

Last updated on 2017-10-23 01:47:05.

Flavor Version Tinstall Tcheck Ttotal Status Flags
r-devel-linux-x86_64-debian-clang 0.9-4 0.74 16.64 17.37 NOTE
r-devel-linux-x86_64-debian-gcc 0.9-4 0.60 17.63 18.23 NOTE
r-devel-linux-x86_64-fedora-clang 0.9-4 33.40 NOTE
r-devel-linux-x86_64-fedora-gcc 0.9-4 29.82 NOTE
r-devel-windows-ix86+x86_64 0.9-4 3.00 43.00 46.00 NOTE
r-patched-linux-x86_64 0.9-4 0.71 16.83 17.55 NOTE
r-patched-solaris-x86 0.9-4 41.60 NOTE
r-release-linux-x86_64 0.9-4 0.73 16.87 17.60 NOTE
r-release-windows-ix86+x86_64 0.9-4 4.00 44.00 48.00 NOTE
r-release-osx-x86_64 0.9-4 NOTE
r-oldrel-windows-ix86+x86_64 0.9-4 5.00 47.00 52.00 NOTE
r-oldrel-osx-x86_64 0.9-4 NOTE

Check Details

Version: 0.9-4
Check: DESCRIPTION meta-information
Result: NOTE
    Malformed Description field: should contain one or more complete sentences.
Flavors: r-devel-linux-x86_64-debian-clang, r-devel-linux-x86_64-debian-gcc, r-devel-linux-x86_64-fedora-clang, r-devel-linux-x86_64-fedora-gcc, r-devel-windows-ix86+x86_64, r-patched-linux-x86_64, r-patched-solaris-x86, r-release-linux-x86_64, r-release-windows-ix86+x86_64, r-release-osx-x86_64, r-oldrel-windows-ix86+x86_64, r-oldrel-osx-x86_64

Version: 0.9-4
Check: R code for possible problems
Result: NOTE
    completeCol: no visible global function definition for ‘colors’
    completeCol: no visible global function definition for ‘col2rgb’
    completeCol: no visible global function definition for ‘palette’
    Undefined global functions or variables:
     col2rgb colors palette
    Consider adding
     importFrom("grDevices", "col2rgb", "colors", "palette")
    to your NAMESPACE file.
Flavors: r-devel-linux-x86_64-debian-clang, r-devel-linux-x86_64-debian-gcc, r-devel-linux-x86_64-fedora-clang, r-devel-linux-x86_64-fedora-gcc, r-devel-windows-ix86+x86_64, r-patched-linux-x86_64, r-patched-solaris-x86, r-release-linux-x86_64, r-release-windows-ix86+x86_64, r-release-osx-x86_64, r-oldrel-windows-ix86+x86_64, r-oldrel-osx-x86_64