CRAN Package Check Results for Package svTools

Last updated on 2016-09-30 15:47:34.

Flavor Version Tinstall Tcheck Ttotal Status Flags
r-devel-linux-x86_64-debian-clang 0.9-4 0.84 16.23 17.06 NOTE
r-devel-linux-x86_64-debian-gcc 0.9-4 0.76 15.62 16.38 NOTE
r-devel-linux-x86_64-fedora-clang 0.9-4 28.39 NOTE
r-devel-linux-x86_64-fedora-gcc 0.9-4 25.49 NOTE
r-devel-macos-x86_64-clang 0.9-4 22.19 NOTE
r-devel-windows-ix86+x86_64 0.9-4 4.00 74.00 78.00 NOTE
r-patched-linux-x86_64 0.9-4 0.68 14.39 15.07 NOTE
r-patched-solaris-sparc 0.9-4 164.30 NOTE
r-patched-solaris-x86 0.9-4 36.20 NOTE
r-release-linux-x86_64 0.9-4 0.67 14.59 15.26 NOTE
r-release-osx-x86_64-mavericks 0.9-4 NOTE
r-release-windows-ix86+x86_64 0.9-4 3.00 33.00 36.00 NOTE
r-oldrel-windows-ix86+x86_64 0.9-4 3.00 29.00 32.00 NOTE

Check Details

Version: 0.9-4
Check: DESCRIPTION meta-information
Result: NOTE
    Malformed Description field: should contain one or more complete sentences.
Flavors: r-devel-linux-x86_64-debian-clang, r-devel-linux-x86_64-debian-gcc, r-devel-linux-x86_64-fedora-clang, r-devel-linux-x86_64-fedora-gcc, r-devel-macos-x86_64-clang, r-devel-windows-ix86+x86_64, r-patched-linux-x86_64, r-patched-solaris-sparc, r-patched-solaris-x86, r-release-linux-x86_64, r-release-osx-x86_64-mavericks, r-release-windows-ix86+x86_64, r-oldrel-windows-ix86+x86_64

Version: 0.9-4
Check: R code for possible problems
Result: NOTE
    completeCol: no visible global function definition for ‘colors’
    completeCol: no visible global function definition for ‘col2rgb’
    completeCol: no visible global function definition for ‘palette’
    Undefined global functions or variables:
     col2rgb colors palette
    Consider adding
     importFrom("grDevices", "col2rgb", "colors", "palette")
    to your NAMESPACE file.
Flavors: r-devel-linux-x86_64-debian-clang, r-devel-linux-x86_64-debian-gcc, r-devel-linux-x86_64-fedora-clang, r-devel-linux-x86_64-fedora-gcc, r-devel-macos-x86_64-clang, r-devel-windows-ix86+x86_64, r-patched-linux-x86_64, r-patched-solaris-sparc, r-patched-solaris-x86, r-release-linux-x86_64, r-release-osx-x86_64-mavericks, r-release-windows-ix86+x86_64