CRAN Package Check Results for Package svTools

Last updated on 2017-03-25 17:50:00.

Flavor Version Tinstall Tcheck Ttotal Status Flags
r-devel-linux-x86_64-debian-clang 0.9-4 0.70 17.89 18.59 NOTE
r-devel-linux-x86_64-debian-gcc 0.9-4 0.68 16.35 17.04 NOTE
r-devel-linux-x86_64-fedora-clang 0.9-4 29.05 NOTE --no-stop-on-test-error
r-devel-linux-x86_64-fedora-gcc 0.9-4 28.57 NOTE --no-stop-on-test-error
r-devel-macos-x86_64-clang 0.9-4 25.36 NOTE --no-stop-on-test-error
r-devel-windows-ix86+x86_64 0.9-4 3.00 34.00 37.00 NOTE
r-patched-linux-x86_64 0.9-4 0.81 16.54 17.35 NOTE
r-patched-solaris-sparc 0.9-4 173.70 NOTE
r-patched-solaris-x86 0.9-4 40.70 NOTE
r-release-linux-x86_64 0.9-4 0.73 14.31 15.03 NOTE
r-release-osx-x86_64-mavericks 0.9-4 NOTE
r-release-windows-ix86+x86_64 0.9-4 6.00 34.00 40.00 NOTE
r-oldrel-windows-ix86+x86_64 0.9-4 4.00 88.00 92.00 NOTE

Check Details

Version: 0.9-4
Check: DESCRIPTION meta-information
Result: NOTE
    Malformed Description field: should contain one or more complete sentences.
Flavors: r-devel-linux-x86_64-debian-clang, r-devel-linux-x86_64-debian-gcc, r-devel-windows-ix86+x86_64, r-patched-linux-x86_64, r-patched-solaris-sparc, r-patched-solaris-x86, r-release-linux-x86_64, r-release-osx-x86_64-mavericks, r-release-windows-ix86+x86_64, r-oldrel-windows-ix86+x86_64

Version: 0.9-4
Check: R code for possible problems
Result: NOTE
    completeCol: no visible global function definition for ‘colors’
    completeCol: no visible global function definition for ‘col2rgb’
    completeCol: no visible global function definition for ‘palette’
    Undefined global functions or variables:
     col2rgb colors palette
    Consider adding
     importFrom("grDevices", "col2rgb", "colors", "palette")
    to your NAMESPACE file.
Flavors: r-devel-linux-x86_64-debian-clang, r-devel-linux-x86_64-debian-gcc, r-devel-windows-ix86+x86_64, r-patched-linux-x86_64, r-patched-solaris-sparc, r-patched-solaris-x86, r-release-linux-x86_64, r-release-osx-x86_64-mavericks, r-release-windows-ix86+x86_64

Version: 0.9-4
Flags: --no-stop-on-test-error
Check: DESCRIPTION meta-information
Result: NOTE
    Malformed Description field: should contain one or more complete sentences.
Flavors: r-devel-linux-x86_64-fedora-clang, r-devel-linux-x86_64-fedora-gcc, r-devel-macos-x86_64-clang

Version: 0.9-4
Flags: --no-stop-on-test-error
Check: R code for possible problems
Result: NOTE
    completeCol: no visible global function definition for ‘colors’
    completeCol: no visible global function definition for ‘col2rgb’
    completeCol: no visible global function definition for ‘palette’
    Undefined global functions or variables:
     col2rgb colors palette
    Consider adding
     importFrom("grDevices", "col2rgb", "colors", "palette")
    to your NAMESPACE file.
Flavors: r-devel-linux-x86_64-fedora-clang, r-devel-linux-x86_64-fedora-gcc, r-devel-macos-x86_64-clang