CRAN Package Check Results for Package svTools

Last updated on 2015-03-28 14:49:04.

Flavor Version Tinstall Tcheck Ttotal Status Flags
r-devel-linux-x86_64-debian-clang 0.9-4 0.69 13.71 14.40 NOTE
r-devel-linux-x86_64-debian-gcc 0.9-4 0.94 14.35 15.29 NOTE
r-devel-linux-x86_64-fedora-clang 0.9-4 29.08 NOTE
r-devel-linux-x86_64-fedora-gcc 0.9-4 27.47 NOTE
r-devel-osx-x86_64-clang 0.9-4 33.74 NOTE
r-prerel-windows-ix86+x86_64 0.9-4 3.00 24.00 27.00 NOTE
r-prerel-linux-x86_64 0.9-4 0.68 13.59 14.26 NOTE
r-prerel-solaris-sparc 0.9-4 174.40 NOTE
r-prerel-solaris-x86 0.9-4 39.70 NOTE
r-release-linux-x86_64 0.9-4 1.09 15.42 16.51 OK
r-release-osx-x86_64-mavericks 0.9-4 OK
r-release-osx-x86_64-snowleopard 0.9-4 OK
r-release-windows-ix86+x86_64 0.9-4 4.00 26.00 30.00 OK
r-oldrel-windows-ix86+x86_64 0.9-4 4.00 28.00 32.00 OK

Check Details

Version: 0.9-4
Check: DESCRIPTION meta-information
Result: NOTE
    Malformed Description field: should contain one or more complete sentences.
Flavors: r-devel-linux-x86_64-debian-clang, r-devel-linux-x86_64-debian-gcc, r-devel-linux-x86_64-fedora-clang, r-devel-linux-x86_64-fedora-gcc, r-devel-osx-x86_64-clang, r-prerel-windows-ix86+x86_64, r-prerel-linux-x86_64, r-prerel-solaris-sparc, r-prerel-solaris-x86