CRAN Package Check Results for Package svTools

Last updated on 2015-05-29 07:48:14.

Flavor Version Tinstall Tcheck Ttotal Status Flags
r-devel-linux-x86_64-debian-clang 0.9-4 0.68 13.85 14.54 NOTE
r-devel-linux-x86_64-debian-gcc 0.9-4 0.68 13.76 14.44 NOTE
r-devel-linux-x86_64-fedora-clang 0.9-4 28.31 NOTE
r-devel-linux-x86_64-fedora-gcc 0.9-4 25.93 NOTE
r-devel-osx-x86_64-clang 0.9-4 30.06 NOTE
r-devel-windows-ix86+x86_64 0.9-4 4.00 22.00 26.00 NOTE
r-patched-linux-x86_64 0.9-4 0.64 13.56 14.21 NOTE
r-patched-solaris-sparc 0.9-4 204.70 NOTE
r-patched-solaris-x86 0.9-4 42.30 NOTE
r-release-linux-x86_64 0.9-4 0.76 14.07 14.83 NOTE
r-release-osx-x86_64-mavericks 0.9-4 NOTE
r-release-osx-x86_64-snowleopard 0.9-4 NOTE
r-release-windows-ix86+x86_64 0.9-4 3.00 24.00 27.00 NOTE
r-oldrel-windows-ix86+x86_64 0.9-4 4.00 26.00 30.00 OK

Check Details

Version: 0.9-4
Check: DESCRIPTION meta-information
Result: NOTE
    Malformed Description field: should contain one or more complete sentences.
Flavors: r-devel-linux-x86_64-debian-clang, r-devel-linux-x86_64-debian-gcc, r-devel-linux-x86_64-fedora-clang, r-devel-linux-x86_64-fedora-gcc, r-devel-osx-x86_64-clang, r-devel-windows-ix86+x86_64, r-patched-linux-x86_64, r-patched-solaris-sparc, r-patched-solaris-x86, r-release-linux-x86_64, r-release-osx-x86_64-mavericks, r-release-osx-x86_64-snowleopard, r-release-windows-ix86+x86_64