CRAN Package Check Results for Package svTools

Last updated on 2015-04-26 23:47:03.

Flavor Version Tinstall Tcheck Ttotal Status Flags
r-devel-linux-x86_64-debian-clang 0.9-4 0.67 13.80 14.47 NOTE
r-devel-linux-x86_64-debian-gcc 0.9-4 0.67 13.66 14.32 NOTE
r-devel-linux-x86_64-fedora-clang 0.9-4 28.93 NOTE
r-devel-linux-x86_64-fedora-gcc 0.9-4 26.70 NOTE
r-devel-osx-x86_64-clang 0.9-4 30.41 NOTE
r-devel-windows-ix86+x86_64 0.9-4 3.00 24.00 27.00 NOTE
r-patched-linux-x86_64 0.9-4 0.68 13.79 14.46 NOTE
r-patched-solaris-sparc 0.9-4 174.40 NOTE
r-patched-solaris-x86 0.9-4 40.30 NOTE
r-release-linux-x86_64 0.9-4 0.69 13.72 14.40 NOTE
r-release-osx-x86_64-mavericks 0.9-4 NOTE
r-release-osx-x86_64-snowleopard 0.9-4 NOTE
r-release-windows-ix86+x86_64 0.9-4 3.00 24.00 27.00 NOTE
r-oldrel-windows-ix86+x86_64 0.9-4 4.00 26.00 30.00 OK

Check Details

Version: 0.9-4
Check: DESCRIPTION meta-information
Result: NOTE
    Malformed Description field: should contain one or more complete sentences.
Flavors: r-devel-linux-x86_64-debian-clang, r-devel-linux-x86_64-fedora-clang, r-devel-linux-x86_64-fedora-gcc, r-devel-osx-x86_64-clang, r-devel-windows-ix86+x86_64, r-patched-solaris-sparc, r-patched-solaris-x86, r-release-osx-x86_64-mavericks, r-release-osx-x86_64-snowleopard, r-release-windows-ix86+x86_64