CRAN Package Check Results for Package svTools

Last updated on 2018-05-23 23:48:48 CEST.

Flavor Version Tinstall Tcheck Ttotal Status Flags
r-devel-linux-x86_64-debian-clang 0.9-4 2.17 26.00 28.17 NOTE
r-devel-linux-x86_64-debian-gcc 0.9-4 1.94 20.63 22.57 NOTE
r-devel-linux-x86_64-fedora-clang 0.9-4 33.70 NOTE
r-devel-linux-x86_64-fedora-gcc 0.9-4 32.47 NOTE
r-devel-windows-ix86+x86_64 0.9-4 6.00 49.00 55.00 NOTE
r-patched-linux-x86_64 0.9-4 2.02 24.99 27.01 NOTE
r-patched-solaris-x86 0.9-4 50.70 NOTE
r-release-linux-x86_64 0.9-4 2.16 24.92 27.08 NOTE
r-release-windows-ix86+x86_64 0.9-4 8.00 49.00 57.00 NOTE
r-release-osx-x86_64 0.9-4 NOTE
r-oldrel-windows-ix86+x86_64 0.9-4 5.00 34.00 39.00 NOTE
r-oldrel-osx-x86_64 0.9-4 NOTE

Check Details

Version: 0.9-4
Check: DESCRIPTION meta-information
Result: NOTE
    Malformed Description field: should contain one or more complete sentences.
Flavors: r-devel-linux-x86_64-debian-clang, r-devel-linux-x86_64-debian-gcc, r-devel-linux-x86_64-fedora-clang, r-devel-linux-x86_64-fedora-gcc, r-devel-windows-ix86+x86_64, r-patched-linux-x86_64, r-patched-solaris-x86, r-release-linux-x86_64, r-release-windows-ix86+x86_64, r-release-osx-x86_64, r-oldrel-windows-ix86+x86_64, r-oldrel-osx-x86_64

Version: 0.9-4
Check: R code for possible problems
Result: NOTE
    completeCol: no visible global function definition for ‘colors’
    completeCol: no visible global function definition for ‘col2rgb’
    completeCol: no visible global function definition for ‘palette’
    Undefined global functions or variables:
     col2rgb colors palette
    Consider adding
     importFrom("grDevices", "col2rgb", "colors", "palette")
    to your NAMESPACE file.
Flavors: r-devel-linux-x86_64-debian-clang, r-devel-linux-x86_64-debian-gcc, r-devel-linux-x86_64-fedora-clang, r-devel-linux-x86_64-fedora-gcc, r-devel-windows-ix86+x86_64, r-patched-linux-x86_64, r-patched-solaris-x86, r-release-linux-x86_64, r-release-windows-ix86+x86_64, r-release-osx-x86_64, r-oldrel-windows-ix86+x86_64, r-oldrel-osx-x86_64