CRAN Package Check Results for Package svTools

Last updated on 2016-02-12 23:48:15.

Flavor Version Tinstall Tcheck Ttotal Status Flags
r-devel-linux-x86_64-debian-gcc 0.9-4 0.78 13.09 13.87 NOTE
r-devel-linux-x86_64-fedora-clang 0.9-4 24.89 NOTE
r-devel-linux-x86_64-fedora-gcc 0.9-4 23.14 NOTE
r-devel-osx-x86_64-clang 0.9-4 29.59 NOTE
r-devel-windows-ix86+x86_64 0.9-4 4.00 34.00 38.00 NOTE
r-patched-linux-x86_64 0.9-4 0.70 13.45 14.14 NOTE
r-patched-solaris-sparc 0.9-4 162.60 NOTE
r-patched-solaris-x86 0.9-4 38.50 NOTE
r-release-linux-x86_64 0.9-4 0.85 13.24 14.09 NOTE
r-release-osx-x86_64-mavericks 0.9-4 NOTE
r-release-windows-ix86+x86_64 0.9-4 4.00 45.00 49.00 NOTE
r-oldrel-windows-ix86+x86_64 0.9-4 5.00 45.00 50.00 OK

Check Details

Version: 0.9-4
Check: DESCRIPTION meta-information
Result: NOTE
    Malformed Description field: should contain one or more complete sentences.
Flavors: r-devel-linux-x86_64-debian-gcc, r-devel-linux-x86_64-fedora-clang, r-devel-linux-x86_64-fedora-gcc, r-devel-osx-x86_64-clang, r-devel-windows-ix86+x86_64, r-patched-linux-x86_64, r-patched-solaris-sparc, r-patched-solaris-x86, r-release-linux-x86_64, r-release-osx-x86_64-mavericks, r-release-windows-ix86+x86_64

Version: 0.9-4
Check: R code for possible problems
Result: NOTE
    completeCol: no visible global function definition for ‘colors’
    completeCol: no visible global function definition for ‘col2rgb’
    completeCol: no visible global function definition for ‘palette’
    Undefined global functions or variables:
     col2rgb colors palette
    Consider adding
     importFrom("grDevices", "col2rgb", "colors", "palette")
    to your NAMESPACE file.
Flavors: r-devel-linux-x86_64-debian-gcc, r-devel-linux-x86_64-fedora-clang, r-devel-linux-x86_64-fedora-gcc, r-devel-osx-x86_64-clang, r-devel-windows-ix86+x86_64