CRAN Package Check Results for Package svTools

Last updated on 2016-05-27 19:49:26.

Flavor Version Tinstall Tcheck Ttotal Status Flags
r-devel-linux-x86_64-debian-gcc 0.9-4 0.66 14.00 14.67 NOTE
r-devel-linux-x86_64-fedora-clang 0.9-4 26.07 NOTE
r-devel-linux-x86_64-fedora-gcc 0.9-4 23.18 NOTE
r-devel-osx-x86_64-clang 0.9-4 30.15 NOTE
r-devel-windows-ix86+x86_64 0.9-4 3.00 32.00 35.00 NOTE
r-patched-linux-x86_64 0.9-4 0.66 14.00 14.65 NOTE
r-patched-solaris-sparc 0.9-4 163.10 NOTE
r-patched-solaris-x86 0.9-4 37.70 NOTE
r-release-linux-x86_64 0.9-4 0.64 13.73 14.37 NOTE
r-release-osx-x86_64-mavericks 0.9-4 NOTE
r-release-windows-ix86+x86_64 0.9-4 4.00 40.00 44.00 NOTE

Check Details

Version: 0.9-4
Check: DESCRIPTION meta-information
Result: NOTE
    Malformed Description field: should contain one or more complete sentences.
Flavors: r-devel-linux-x86_64-debian-gcc, r-devel-linux-x86_64-fedora-clang, r-devel-linux-x86_64-fedora-gcc, r-devel-osx-x86_64-clang, r-devel-windows-ix86+x86_64, r-patched-linux-x86_64, r-patched-solaris-sparc, r-patched-solaris-x86, r-release-linux-x86_64, r-release-osx-x86_64-mavericks, r-release-windows-ix86+x86_64, r-oldrel-windows-ix86+x86_64

Version: 0.9-4
Check: R code for possible problems
Result: NOTE
    completeCol: no visible global function definition for ‘colors’
    completeCol: no visible global function definition for ‘col2rgb’
    completeCol: no visible global function definition for ‘palette’
    Undefined global functions or variables:
     col2rgb colors palette
    Consider adding
     importFrom("grDevices", "col2rgb", "colors", "palette")
    to your NAMESPACE file.
Flavors: r-devel-linux-x86_64-debian-gcc, r-devel-linux-x86_64-fedora-clang, r-devel-linux-x86_64-fedora-gcc, r-devel-osx-x86_64-clang, r-devel-windows-ix86+x86_64, r-patched-linux-x86_64, r-patched-solaris-sparc, r-patched-solaris-x86, r-release-linux-x86_64, r-release-osx-x86_64-mavericks, r-release-windows-ix86+x86_64