CRAN Package Check Results for Package svTools

Last updated on 2016-04-30 06:47:44.

Flavor Version Tinstall Tcheck Ttotal Status Flags
r-devel-linux-x86_64-debian-gcc 0.9-4 0.69 14.15 14.84 NOTE
r-devel-linux-x86_64-fedora-clang 0.9-4 25.52 NOTE
r-devel-linux-x86_64-fedora-gcc 0.9-4 23.05 NOTE
r-devel-osx-x86_64-clang 0.9-4 30.21 NOTE
r-devel-windows-ix86+x86_64 0.9-4 3.00 31.00 34.00 NOTE
r-patched-linux-x86_64 0.9-4 0.66 13.83 14.48 NOTE
r-patched-solaris-sparc 0.9-4 162.00 NOTE
r-patched-solaris-x86 0.9-4 37.00 NOTE
r-release-linux-x86_64 0.9-4 0.72 14.42 15.14 NOTE
r-release-osx-x86_64-mavericks 0.9-4 NOTE
r-release-windows-ix86+x86_64 0.9-4 3.00 29.00 32.00 NOTE
r-oldrel-windows-ix86+x86_64 0.9-4 6.00 43.00 49.00 OK

Check Details

Version: 0.9-4
Check: DESCRIPTION meta-information
Result: NOTE
    Malformed Description field: should contain one or more complete sentences.
Flavors: r-devel-linux-x86_64-debian-gcc, r-devel-linux-x86_64-fedora-clang, r-devel-linux-x86_64-fedora-gcc, r-devel-osx-x86_64-clang, r-devel-windows-ix86+x86_64, r-patched-linux-x86_64, r-patched-solaris-sparc, r-patched-solaris-x86, r-release-linux-x86_64, r-release-osx-x86_64-mavericks, r-release-windows-ix86+x86_64

Version: 0.9-4
Check: R code for possible problems
Result: NOTE
    completeCol: no visible global function definition for ‘colors’
    completeCol: no visible global function definition for ‘col2rgb’
    completeCol: no visible global function definition for ‘palette’
    Undefined global functions or variables:
     col2rgb colors palette
    Consider adding
     importFrom("grDevices", "col2rgb", "colors", "palette")
    to your NAMESPACE file.
Flavors: r-devel-linux-x86_64-debian-gcc, r-devel-linux-x86_64-fedora-clang, r-devel-linux-x86_64-fedora-gcc, r-devel-osx-x86_64-clang, r-devel-windows-ix86+x86_64, r-patched-linux-x86_64, r-patched-solaris-sparc, r-patched-solaris-x86