CRAN Package Check Results for Package svTools

Last updated on 2016-07-30 06:47:58.

Flavor Version Tinstall Tcheck Ttotal Status Flags
r-devel-linux-x86_64-debian-clang 0.9-4 0.63 14.11 14.75 NOTE
r-devel-linux-x86_64-debian-gcc 0.9-4 0.73 13.86 14.59 NOTE
r-devel-linux-x86_64-fedora-clang 0.9-4 24.79 NOTE
r-devel-linux-x86_64-fedora-gcc 0.9-4 23.78 NOTE
r-devel-osx-x86_64-clang 0.9-4 22.61 NOTE
r-devel-windows-ix86+x86_64 0.9-4 3.00 32.00 35.00 NOTE
r-patched-linux-x86_64 0.9-4 0.73 16.25 16.98 NOTE
r-patched-solaris-sparc 0.9-4 164.30 NOTE
r-patched-solaris-x86 0.9-4 35.70 NOTE
r-release-linux-x86_64 0.9-4 0.89 16.65 17.54 NOTE
r-release-osx-x86_64-mavericks 0.9-4 NOTE
r-release-windows-ix86+x86_64 0.9-4 4.00 40.00 44.00 NOTE
r-oldrel-windows-ix86+x86_64 0.9-4 3.00 29.00 32.00 NOTE

Check Details

Version: 0.9-4
Check: DESCRIPTION meta-information
Result: NOTE
    Malformed Description field: should contain one or more complete sentences.
Flavors: r-devel-linux-x86_64-debian-clang, r-devel-linux-x86_64-debian-gcc, r-devel-linux-x86_64-fedora-clang, r-devel-linux-x86_64-fedora-gcc, r-devel-osx-x86_64-clang, r-devel-windows-ix86+x86_64, r-patched-linux-x86_64, r-patched-solaris-sparc, r-patched-solaris-x86, r-release-linux-x86_64, r-release-osx-x86_64-mavericks, r-release-windows-ix86+x86_64, r-oldrel-windows-ix86+x86_64

Version: 0.9-4
Check: R code for possible problems
Result: NOTE
    completeCol: no visible global function definition for ‘colors’
    completeCol: no visible global function definition for ‘col2rgb’
    completeCol: no visible global function definition for ‘palette’
    Undefined global functions or variables:
     col2rgb colors palette
    Consider adding
     importFrom("grDevices", "col2rgb", "colors", "palette")
    to your NAMESPACE file.
Flavors: r-devel-linux-x86_64-debian-clang, r-devel-linux-x86_64-debian-gcc, r-devel-linux-x86_64-fedora-clang, r-devel-linux-x86_64-fedora-gcc, r-devel-osx-x86_64-clang, r-devel-windows-ix86+x86_64, r-patched-linux-x86_64, r-patched-solaris-sparc, r-patched-solaris-x86, r-release-linux-x86_64, r-release-osx-x86_64-mavericks, r-release-windows-ix86+x86_64