CRAN Package Check Results for Package svTools

Last updated on 2017-06-26 08:48:14.

Flavor Version Tinstall Tcheck Ttotal Status Flags
r-devel-linux-x86_64-debian-clang 0.9-4 0.82 16.53 17.35 NOTE
r-devel-linux-x86_64-debian-gcc 0.9-4 0.79 18.69 19.48 NOTE
r-devel-linux-x86_64-fedora-clang 0.9-4 29.89 NOTE
r-devel-linux-x86_64-fedora-gcc 0.9-4 28.57 NOTE
r-devel-windows-ix86+x86_64 0.9-4 3.00 35.00 38.00 NOTE
r-patched-linux-x86_64 0.9-4 0.75 16.37 17.12 NOTE
r-patched-solaris-sparc 0.9-4 173.70 NOTE
r-patched-solaris-x86 0.9-4 40.30 NOTE
r-release-linux-x86_64 0.9-4 0.72 16.61 17.33 NOTE
r-release-windows-ix86+x86_64 0.9-4 3.00 44.00 47.00 NOTE
r-release-osx-x86_64 0.9-4 NOTE
r-oldrel-windows-ix86+x86_64 0.9-4 5.00 47.00 52.00 NOTE
r-oldrel-osx-x86_64 0.9-4 NOTE

Check Details

Version: 0.9-4
Check: DESCRIPTION meta-information
Result: NOTE
    Malformed Description field: should contain one or more complete sentences.
Flavors: r-devel-linux-x86_64-debian-clang, r-devel-linux-x86_64-debian-gcc, r-devel-linux-x86_64-fedora-clang, r-devel-linux-x86_64-fedora-gcc, r-devel-windows-ix86+x86_64, r-patched-linux-x86_64, r-patched-solaris-sparc, r-patched-solaris-x86, r-release-linux-x86_64, r-release-windows-ix86+x86_64, r-release-osx-x86_64, r-oldrel-windows-ix86+x86_64, r-oldrel-osx-x86_64

Version: 0.9-4
Check: R code for possible problems
Result: NOTE
    completeCol: no visible global function definition for ‘colors’
    completeCol: no visible global function definition for ‘col2rgb’
    completeCol: no visible global function definition for ‘palette’
    Undefined global functions or variables:
     col2rgb colors palette
    Consider adding
     importFrom("grDevices", "col2rgb", "colors", "palette")
    to your NAMESPACE file.
Flavors: r-devel-linux-x86_64-debian-clang, r-devel-linux-x86_64-debian-gcc, r-devel-linux-x86_64-fedora-clang, r-devel-linux-x86_64-fedora-gcc, r-devel-windows-ix86+x86_64, r-patched-linux-x86_64, r-patched-solaris-sparc, r-patched-solaris-x86, r-release-linux-x86_64, r-release-windows-ix86+x86_64, r-release-osx-x86_64, r-oldrel-windows-ix86+x86_64, r-oldrel-osx-x86_64