CRAN Package Check Results for Package svUnit

Last updated on 2015-04-19 10:52:05.

Flavor Version Tinstall Tcheck Ttotal Status Flags
r-devel-linux-x86_64-debian-clang 0.7-12 0.77 16.41 17.18 NOTE
r-devel-linux-x86_64-debian-gcc 0.7-12 0.69 16.18 16.87 NOTE
r-devel-linux-x86_64-fedora-clang 0.7-12 34.58 NOTE
r-devel-linux-x86_64-fedora-gcc 0.7-12 31.11 NOTE
r-devel-osx-x86_64-clang 0.7-12 36.06 NOTE
r-devel-windows-ix86+x86_64 0.7-12 5.00 36.00 41.00 NOTE
r-patched-linux-x86_64 0.7-12 0.72 16.14 16.86 NOTE
r-patched-solaris-sparc 0.7-12 194.00 NOTE
r-patched-solaris-x86 0.7-12 42.90 NOTE
r-release-linux-x86_64 0.7-12 0.70 14.97 15.67 NOTE
r-release-osx-x86_64-mavericks 0.7-12 NOTE
r-release-osx-x86_64-snowleopard 0.7-12 NOTE
r-release-windows-ix86+x86_64 0.7-12 2.00 30.00 32.00 NOTE
r-oldrel-windows-ix86+x86_64 0.7-12 3.00 33.00 36.00 NOTE

Check Details

Version: 0.7-12
Check: DESCRIPTION meta-information
Result: NOTE
    Malformed Description field: should contain one or more complete sentences.
Flavors: r-devel-linux-x86_64-debian-clang, r-devel-linux-x86_64-debian-gcc, r-devel-linux-x86_64-fedora-clang, r-devel-linux-x86_64-fedora-gcc, r-devel-osx-x86_64-clang, r-devel-windows-ix86+x86_64, r-patched-linux-x86_64, r-patched-solaris-sparc, r-patched-solaris-x86, r-release-linux-x86_64, r-release-osx-x86_64-mavericks, r-release-osx-x86_64-snowleopard, r-release-windows-ix86+x86_64

Version: 0.7-12
Check: dependencies in R code
Result: NOTE
    'library' or 'require' call to ‘XML’ in package code.
     Please use :: or requireNamespace() instead.
     See section 'Suggested packages' in the 'Writing R Extensions' manual.
Flavors: r-devel-linux-x86_64-debian-clang, r-devel-linux-x86_64-debian-gcc, r-devel-linux-x86_64-fedora-clang, r-devel-linux-x86_64-fedora-gcc, r-devel-osx-x86_64-clang, r-devel-windows-ix86+x86_64, r-patched-linux-x86_64, r-patched-solaris-sparc, r-patched-solaris-x86, r-release-linux-x86_64, r-release-osx-x86_64-mavericks, r-release-osx-x86_64-snowleopard, r-release-windows-ix86+x86_64, r-oldrel-windows-ix86+x86_64

Version: 0.7-12
Check: R code for possible problems
Result: NOTE
    protocol_junit.svSuiteData: no visible global function definition for
     ‘xmlNode’
    protocol_junit.svSuiteData: no visible global function definition for
     ‘addChildren’
    protocol_junit.svSuiteData: no visible global function definition for
     ‘saveXML’
    protocol_junit.svTestData: no visible global function definition for
     ‘xmlNode’
    protocol_junit.svTestData: no visible global function definition for
     ‘addChildren’
Flavors: r-devel-linux-x86_64-debian-clang, r-devel-linux-x86_64-debian-gcc, r-devel-linux-x86_64-fedora-clang, r-devel-linux-x86_64-fedora-gcc, r-devel-osx-x86_64-clang, r-devel-windows-ix86+x86_64, r-patched-linux-x86_64, r-patched-solaris-sparc, r-patched-solaris-x86, r-release-linux-x86_64, r-release-osx-x86_64-mavericks, r-release-osx-x86_64-snowleopard, r-release-windows-ix86+x86_64, r-oldrel-windows-ix86+x86_64

Version: 0.7-12
Check: package dependencies
Result: NOTE
    Package suggested but not available for checking: ‘XML’
Flavor: r-release-osx-x86_64-snowleopard