CRAN Package Check Results for Package svUnit

Last updated on 2015-03-02 05:47:54.

Flavor Version Tinstall Tcheck Ttotal Status Flags
r-devel-linux-x86_64-debian-clang 0.7-12 0.72 16.13 16.86 NOTE
r-devel-linux-x86_64-debian-gcc 0.7-12 0.70 16.07 16.77 NOTE
r-devel-linux-x86_64-fedora-clang 0.7-12 33.10 NOTE
r-devel-linux-x86_64-fedora-gcc 0.7-12 31.56 NOTE
r-devel-osx-x86_64-clang 0.7-12 37.52 NOTE
r-devel-windows-ix86+x86_64 0.7-12 3.00 29.00 32.00 NOTE
r-patched-linux-x86_64 0.7-12 0.78 18.09 18.87 NOTE
r-patched-solaris-sparc 0.7-12 219.80 NOTE
r-patched-solaris-x86 0.7-12 49.50 NOTE
r-release-linux-ix86 0.7-12 1.12 33.91 35.03 NOTE
r-release-linux-x86_64 0.7-12 0.74 17.26 17.99 NOTE
r-release-osx-x86_64-mavericks 0.7-12 NOTE
r-release-osx-x86_64-snowleopard 0.7-12 OK
r-release-windows-ix86+x86_64 0.7-12 3.00 28.00 31.00 NOTE
r-oldrel-windows-ix86+x86_64 0.7-12 3.00 28.00 31.00 OK

Check Details

Version: 0.7-12
Check: DESCRIPTION meta-information
Result: NOTE
    Malformed Description field: should contain one or more complete sentences.
Flavors: r-devel-linux-x86_64-debian-clang, r-devel-linux-x86_64-debian-gcc, r-devel-linux-x86_64-fedora-clang, r-devel-linux-x86_64-fedora-gcc, r-devel-osx-x86_64-clang, r-devel-windows-ix86+x86_64

Version: 0.7-12
Check: dependencies in R code
Result: NOTE
    'library' or 'require' call to ‘XML’ in package code.
     Please use :: or requireNamespace() instead.
     See section 'Suggested packages' in the 'Writing R Extensions' manual.
Flavors: r-devel-linux-x86_64-debian-clang, r-devel-linux-x86_64-debian-gcc, r-devel-linux-x86_64-fedora-clang, r-devel-linux-x86_64-fedora-gcc, r-devel-osx-x86_64-clang, r-devel-windows-ix86+x86_64, r-patched-linux-x86_64, r-patched-solaris-sparc, r-patched-solaris-x86

Version: 0.7-12
Check: R code for possible problems
Result: NOTE
    protocol_junit.svSuiteData: no visible global function definition for
     ‘xmlNode’
    protocol_junit.svSuiteData: no visible global function definition for
     ‘addChildren’
    protocol_junit.svSuiteData: no visible global function definition for
     ‘saveXML’
    protocol_junit.svTestData: no visible global function definition for
     ‘xmlNode’
    protocol_junit.svTestData: no visible global function definition for
     ‘addChildren’
Flavors: r-devel-linux-x86_64-debian-clang, r-devel-linux-x86_64-debian-gcc, r-devel-linux-x86_64-fedora-clang, r-devel-linux-x86_64-fedora-gcc, r-devel-osx-x86_64-clang, r-devel-windows-ix86+x86_64, r-patched-linux-x86_64, r-patched-solaris-sparc, r-patched-solaris-x86, r-release-linux-ix86, r-release-linux-x86_64, r-release-osx-x86_64-mavericks, r-release-windows-ix86+x86_64