CRAN Package Check Results for Package svUnit

Last updated on 2015-01-30 03:49:16.

Flavor Version Tinstall Tcheck Ttotal Status Flags
r-devel-linux-x86_64-debian-clang 0.7-12 0.75 16.56 17.31 NOTE
r-devel-linux-x86_64-debian-gcc 0.7-12 0.70 16.21 16.92 NOTE
r-devel-linux-x86_64-fedora-clang 0.7-12 35.99 NOTE
r-devel-linux-x86_64-fedora-gcc 0.7-12 32.89 NOTE
r-devel-osx-x86_64-clang 0.7-12 38.55 NOTE
r-devel-windows-ix86+x86_64 0.7-12 4.00 28.00 32.00 NOTE
r-patched-linux-x86_64 0.7-12 0.76 17.09 17.84 NOTE
r-patched-solaris-sparc 0.7-12 191.60 NOTE
r-patched-solaris-x86 0.7-12 49.40 NOTE
r-release-linux-ix86 0.7-12 1.04 23.36 24.40 NOTE
r-release-linux-x86_64 0.7-12 0.76 16.94 17.70 NOTE
r-release-osx-x86_64-mavericks 0.7-12 NOTE
r-release-osx-x86_64-snowleopard 0.7-12 OK
r-release-windows-ix86+x86_64 0.7-12 3.00 28.00 31.00 NOTE
r-oldrel-windows-ix86+x86_64 0.7-12 3.00 28.00 31.00 OK

Check Details

Version: 0.7-12
Check: dependencies in R code
Result: NOTE
    'library' or 'require' call to ‘XML’ in package code.
     Please use :: or requireNamespace() instead.
     See section 'Suggested packages' in the 'Writing R Extensions' manual.
Flavors: r-devel-linux-x86_64-debian-clang, r-devel-linux-x86_64-debian-gcc, r-devel-linux-x86_64-fedora-clang, r-devel-linux-x86_64-fedora-gcc, r-devel-osx-x86_64-clang, r-devel-windows-ix86+x86_64

Version: 0.7-12
Check: R code for possible problems
Result: NOTE
    protocol_junit.svSuiteData: no visible global function definition for
     ‘xmlNode’
    protocol_junit.svSuiteData: no visible global function definition for
     ‘addChildren’
    protocol_junit.svSuiteData: no visible global function definition for
     ‘saveXML’
    protocol_junit.svTestData: no visible global function definition for
     ‘xmlNode’
    protocol_junit.svTestData: no visible global function definition for
     ‘addChildren’
Flavors: r-devel-linux-x86_64-debian-clang, r-devel-linux-x86_64-debian-gcc, r-devel-linux-x86_64-fedora-clang, r-devel-linux-x86_64-fedora-gcc, r-devel-osx-x86_64-clang, r-devel-windows-ix86+x86_64, r-patched-linux-x86_64, r-patched-solaris-sparc, r-patched-solaris-x86, r-release-linux-ix86, r-release-linux-x86_64, r-release-osx-x86_64-mavericks, r-release-windows-ix86+x86_64