CRAN Package Check Results for Package svUnit

Last updated on 2014-04-24 23:48:14.

Flavor Version Tinstall Tcheck Ttotal Status Flags
r-devel-linux-x86_64-debian-clang 0.7-12 0.80 16.01 16.80 OK
r-devel-linux-x86_64-debian-gcc 0.7-12 0.80 16.08 16.88 OK
r-devel-linux-x86_64-fedora-clang 0.7-12 38.82 OK
r-devel-linux-x86_64-fedora-gcc 0.7-12 37.36 OK
r-devel-osx-x86_64-clang 0.7-12 36.82 OK
r-devel-osx-x86_64-gcc 0.7-12 NOTE
r-devel-windows-ix86+x86_64 0.7-12 3.00 29.00 32.00 OK
r-patched-linux-x86_64 0.7-12 0.80 16.13 16.92 OK
r-patched-solaris-sparc 0.7-12 192.20 OK
r-patched-solaris-x86 0.7-12 47.90 OK
r-release-linux-ix86 0.7-12 2.00 34.00 36.00 OK
r-release-linux-x86_64 0.7-12 0.80 16.01 16.82 OK
r-release-osx-x86_64-mavericks 0.7-12 WARN
r-release-osx-x86_64-snowleopard 0.7-12 OK
r-release-windows-ix86+x86_64 0.7-12 5.00 31.00 36.00 OK
r-oldrel-windows-ix86+x86_64 0.7-12 2.00 30.00 32.00 OK

Check Details

Version: 0.7-12
Check: package dependencies
Result: NOTE
    Package suggested but not available for checking: ‘XML’
Flavor: r-devel-osx-x86_64-gcc

Version: 0.7-12
Check: R code for possible problems
Result: NOTE
    protocol_junit.svSuiteData: no visible global function definition for
     ‘xmlNode’
    protocol_junit.svSuiteData: no visible global function definition for
     ‘addChildren’
    protocol_junit.svSuiteData: no visible global function definition for
     ‘saveXML’
    protocol_junit.svTestData: no visible global function definition for
     ‘xmlNode’
    protocol_junit.svTestData: no visible global function definition for
     ‘addChildren’
Flavor: r-devel-osx-x86_64-gcc

Version: 0.7-12
Check: re-building of vignette outputs
Result: NOTE
    Error in re-building vignettes:
     ...
    Error in texi2dvi(file = file, pdf = TRUE, clean = clean, quiet = quiet, :
     Running 'texi2dvi' on 'svUnit.tex' failed.
    LaTeX errors:
    ! LaTeX Error: File `utf8x.def' not found.
    
    Type X to quit or <RETURN> to proceed,
    or enter new name. (Default extension: def)
    Calls: buildVignettes -> texi2pdf -> texi2dvi
    Execution halted
Flavor: r-release-osx-x86_64-mavericks

Version: 0.7-12
Check: PDF version of manual
Result: WARNING
    LaTeX errors when creating PDF version.
    This typically indicates Rd problems.
    LaTeX errors found:
    ! LaTeX Error: File `upquote.sty' not found.
    
    Type X to quit or <RETURN> to proceed,
    or enter new name. (Default extension: sty)
    
    2887afa5/Rd2.tex:8: ==> Fatal error occurred, no output PDF file produced!
Flavor: r-release-osx-x86_64-mavericks