CRAN Package Check Results for Package svUnit

Last updated on 2015-08-03 14:47:45.

Flavor Version Tinstall Tcheck Ttotal Status Flags
r-devel-linux-x86_64-debian-clang 0.7-12 0.72 16.38 17.10 NOTE
r-devel-linux-x86_64-debian-gcc 0.7-12 0.66 16.00 16.66 NOTE
r-devel-linux-x86_64-fedora-clang 0.7-12 32.36 NOTE
r-devel-linux-x86_64-fedora-gcc 0.7-12 30.23 NOTE
r-devel-osx-x86_64-clang 0.7-12 32.88 NOTE
r-devel-windows-ix86+x86_64 0.7-12 3.00 29.00 32.00 NOTE
r-patched-linux-x86_64 0.7-12 0.71 16.28 16.99 NOTE
r-patched-solaris-sparc 0.7-12 184.80 NOTE
r-patched-solaris-x86 0.7-12 45.20 NOTE
r-release-linux-x86_64 0.7-12 0.89 16.17 17.06 NOTE
r-release-osx-x86_64-mavericks 0.7-12 NOTE
r-release-windows-ix86+x86_64 0.7-12 3.00 27.00 30.00 NOTE
r-oldrel-windows-ix86+x86_64 0.7-12 4.00 31.00 35.00 NOTE

Check Details

Version: 0.7-12
Check: DESCRIPTION meta-information
Result: NOTE
    Malformed Description field: should contain one or more complete sentences.
Flavors: r-devel-linux-x86_64-debian-clang, r-devel-linux-x86_64-debian-gcc, r-devel-linux-x86_64-fedora-clang, r-devel-linux-x86_64-fedora-gcc, r-devel-osx-x86_64-clang, r-devel-windows-ix86+x86_64, r-patched-linux-x86_64, r-patched-solaris-sparc, r-patched-solaris-x86, r-release-linux-x86_64, r-release-osx-x86_64-mavericks, r-release-windows-ix86+x86_64

Version: 0.7-12
Check: dependencies in R code
Result: NOTE
    'library' or 'require' call to ‘XML’ in package code.
     Please use :: or requireNamespace() instead.
     See section 'Suggested packages' in the 'Writing R Extensions' manual.
Flavors: r-devel-linux-x86_64-debian-clang, r-devel-linux-x86_64-debian-gcc, r-devel-linux-x86_64-fedora-clang, r-devel-linux-x86_64-fedora-gcc, r-devel-osx-x86_64-clang, r-devel-windows-ix86+x86_64, r-patched-linux-x86_64, r-patched-solaris-sparc, r-patched-solaris-x86, r-release-linux-x86_64, r-release-osx-x86_64-mavericks, r-release-windows-ix86+x86_64, r-oldrel-windows-ix86+x86_64

Version: 0.7-12
Check: R code for possible problems
Result: NOTE
    .formatResult : capture.str: no visible global function definition for
     ‘str’
    createLog: no visible global function definition for ‘sessionInfo’
    protocol_junit.svSuiteData: no visible global function definition for
     ‘xmlNode’
    protocol_junit.svSuiteData: no visible global function definition for
     ‘addChildren’
    protocol_junit.svSuiteData: no visible global function definition for
     ‘saveXML’
    protocol_junit.svTestData: no visible global function definition for
     ‘xmlNode’
    protocol_junit.svTestData: no visible global function definition for
     ‘addChildren’
    Undefined global functions or variables:
     addChildren saveXML sessionInfo str xmlNode
    Consider adding
     importFrom("utils", "sessionInfo", "str")
    to your NAMESPACE.
Flavors: r-devel-linux-x86_64-debian-clang, r-devel-linux-x86_64-debian-gcc, r-devel-linux-x86_64-fedora-clang, r-devel-linux-x86_64-fedora-gcc, r-devel-windows-ix86+x86_64

Version: 0.7-12
Check: R code for possible problems
Result: NOTE
    protocol_junit.svSuiteData: no visible global function definition for
     ‘xmlNode’
    protocol_junit.svSuiteData: no visible global function definition for
     ‘addChildren’
    protocol_junit.svSuiteData: no visible global function definition for
     ‘saveXML’
    protocol_junit.svTestData: no visible global function definition for
     ‘xmlNode’
    protocol_junit.svTestData: no visible global function definition for
     ‘addChildren’
    Undefined global functions or variables:
     addChildren saveXML xmlNode
Flavor: r-devel-osx-x86_64-clang

Version: 0.7-12
Check: R code for possible problems
Result: NOTE
    protocol_junit.svSuiteData: no visible global function definition for
     ‘xmlNode’
    protocol_junit.svSuiteData: no visible global function definition for
     ‘addChildren’
    protocol_junit.svSuiteData: no visible global function definition for
     ‘saveXML’
    protocol_junit.svTestData: no visible global function definition for
     ‘xmlNode’
    protocol_junit.svTestData: no visible global function definition for
     ‘addChildren’
Flavors: r-patched-linux-x86_64, r-patched-solaris-sparc, r-patched-solaris-x86, r-release-linux-x86_64, r-release-osx-x86_64-mavericks, r-release-windows-ix86+x86_64, r-oldrel-windows-ix86+x86_64