CRAN Package Check Results for Package svUnit

Last updated on 2014-07-30 17:49:01.

Flavor Version Tinstall Tcheck Ttotal Status Flags
r-devel-linux-x86_64-debian-clang 0.7-12 0.76 16.06 16.81 OK
r-devel-linux-x86_64-debian-gcc 0.7-12 0.74 15.64 16.38 OK
r-devel-linux-x86_64-fedora-clang 0.7-12 38.12 OK
r-devel-linux-x86_64-fedora-gcc 0.7-12 35.91 OK
r-devel-osx-x86_64-clang 0.7-12 35.79 OK
r-devel-windows-ix86+x86_64 0.7-12 2.00 30.00 32.00 OK
r-patched-linux-x86_64 0.7-12 0.79 15.40 16.19 OK
r-patched-solaris-sparc 0.7-12 195.30 OK
r-patched-solaris-x86 0.7-12 51.80 OK
r-release-linux-ix86 0.7-12 1.12 23.88 25.00 OK
r-release-linux-x86_64 0.7-12 0.76 15.79 16.55 OK
r-release-osx-x86_64-mavericks 0.7-12 NOTE
r-release-osx-x86_64-snowleopard 0.7-12 OK
r-release-windows-ix86+x86_64 0.7-12 3.00 28.00 31.00 OK
r-oldrel-windows-ix86+x86_64 0.7-12 3.00 27.00 30.00 OK

Check Details

Version: 0.7-12
Check: re-building of vignette outputs
Result: NOTE
    Error in re-building vignettes:
     ...
    Error in texi2dvi(file = file, pdf = TRUE, clean = clean, quiet = quiet, :
     Running 'texi2dvi' on 'svUnit.tex' failed.
    LaTeX errors:
    ! LaTeX Error: File `utf8x.def' not found.
    
    Type X to quit or <RETURN> to proceed,
    or enter new name. (Default extension: def)
    Calls: buildVignettes -> texi2pdf -> texi2dvi
    Execution halted
Flavor: r-release-osx-x86_64-mavericks