CRAN Package Check Results for Package svUnit

Last updated on 2014-08-30 11:51:38.

Flavor Version Tinstall Tcheck Ttotal Status Flags
r-devel-linux-x86_64-debian-clang 0.7-12 0.78 15.12 15.90 NOTE
r-devel-linux-x86_64-debian-gcc 0.7-12 0.72 14.50 15.22 NOTE
r-devel-linux-x86_64-fedora-clang 0.7-12 37.88 NOTE
r-devel-linux-x86_64-fedora-gcc 0.7-12 34.87 NOTE
r-devel-osx-x86_64-clang 0.7-12 34.36 NOTE
r-devel-windows-ix86+x86_64 0.7-12 3.00 30.00 33.00 NOTE
r-patched-linux-x86_64 0.7-12 0.75 16.04 16.80 OK
r-patched-solaris-sparc 0.7-12 195.30 OK
r-patched-solaris-x86 0.7-12 52.30 OK
r-release-linux-ix86 0.7-12 1.17 24.26 25.43 OK
r-release-linux-x86_64 0.7-12 0.76 15.66 16.42 OK
r-release-osx-x86_64-mavericks 0.7-12 NOTE
r-release-osx-x86_64-snowleopard 0.7-12 OK
r-release-windows-ix86+x86_64 0.7-12 3.00 38.00 41.00 OK
r-oldrel-windows-ix86+x86_64 0.7-12 4.00 37.00 41.00 OK

Check Details

Version: 0.7-12
Check: R code for possible problems
Result: NOTE
    protocol_junit.svSuiteData: no visible global function definition for
     ‘xmlNode’
    protocol_junit.svSuiteData: no visible global function definition for
     ‘addChildren’
    protocol_junit.svSuiteData: no visible global function definition for
     ‘saveXML’
    protocol_junit.svTestData: no visible global function definition for
     ‘xmlNode’
    protocol_junit.svTestData: no visible global function definition for
     ‘addChildren’
Flavors: r-devel-linux-x86_64-debian-clang, r-devel-linux-x86_64-debian-gcc, r-devel-linux-x86_64-fedora-clang, r-devel-linux-x86_64-fedora-gcc, r-devel-osx-x86_64-clang, r-devel-windows-ix86+x86_64

Version: 0.7-12
Check: re-building of vignette outputs
Result: NOTE
    Error in re-building vignettes:
     ...
    Error in texi2dvi(file = file, pdf = TRUE, clean = clean, quiet = quiet, :
     Running 'texi2dvi' on 'svUnit.tex' failed.
    LaTeX errors:
    ! LaTeX Error: File `utf8x.def' not found.
    
    Type X to quit or <RETURN> to proceed,
    or enter new name. (Default extension: def)
    Calls: buildVignettes -> texi2pdf -> texi2dvi
    Execution halted
Flavor: r-release-osx-x86_64-mavericks