CRAN Package Check Results for Package svUnit

Last updated on 2017-04-29 23:50:52.

Flavor Version Tinstall Tcheck Ttotal Status Flags
r-devel-linux-x86_64-debian-clang 0.7-12 0.82 19.55 20.37 NOTE
r-devel-linux-x86_64-debian-gcc 0.7-12 0.82 19.79 20.61 NOTE
r-devel-linux-x86_64-fedora-clang 0.7-12 31.29 NOTE --no-stop-on-test-error
r-devel-linux-x86_64-fedora-gcc 0.7-12 34.89 NOTE --no-stop-on-test-error
r-devel-windows-ix86+x86_64 0.7-12 4.00 49.00 53.00 NOTE
r-patched-linux-x86_64 0.7-12 0.79 19.75 20.54 NOTE
r-patched-solaris-sparc 0.7-12 204.60 NOTE
r-patched-solaris-x86 0.7-12 43.50 NOTE
r-release-linux-x86_64 0.7-12 0.76 19.81 20.57 NOTE
r-release-windows-ix86+x86_64 0.7-12 3.00 44.00 47.00 NOTE
r-release-osx-x86_64 0.7-12 NOTE
r-oldrel-windows-ix86+x86_64 0.7-12 9.00 52.00 61.00 NOTE
r-oldrel-osx-x86_64 0.7-12 NOTE

Check Details

Version: 0.7-12
Check: DESCRIPTION meta-information
Result: NOTE
    Malformed Description field: should contain one or more complete sentences.
Flavors: r-devel-linux-x86_64-debian-clang, r-devel-linux-x86_64-debian-gcc, r-devel-windows-ix86+x86_64, r-patched-linux-x86_64, r-patched-solaris-sparc, r-patched-solaris-x86, r-release-linux-x86_64, r-release-windows-ix86+x86_64, r-release-osx-x86_64, r-oldrel-windows-ix86+x86_64, r-oldrel-osx-x86_64

Version: 0.7-12
Check: dependencies in R code
Result: NOTE
    'library' or 'require' call to ‘XML’ in package code.
     Please use :: or requireNamespace() instead.
     See section 'Suggested packages' in the 'Writing R Extensions' manual.
Flavors: r-devel-linux-x86_64-debian-clang, r-devel-linux-x86_64-debian-gcc, r-devel-windows-ix86+x86_64, r-patched-linux-x86_64, r-patched-solaris-sparc, r-patched-solaris-x86, r-release-linux-x86_64, r-release-windows-ix86+x86_64, r-release-osx-x86_64, r-oldrel-windows-ix86+x86_64, r-oldrel-osx-x86_64

Version: 0.7-12
Check: R code for possible problems
Result: NOTE
    .formatResult : capture.str: no visible global function definition for
     ‘str’
    createLog: no visible global function definition for ‘sessionInfo’
    protocol_junit.svSuiteData: no visible global function definition for
     ‘xmlNode’
    protocol_junit.svSuiteData: no visible global function definition for
     ‘addChildren’
    protocol_junit.svSuiteData: no visible global function definition for
     ‘saveXML’
    protocol_junit.svTestData: no visible global function definition for
     ‘xmlNode’
    protocol_junit.svTestData: no visible global function definition for
     ‘addChildren’
    Undefined global functions or variables:
     addChildren saveXML sessionInfo str xmlNode
    Consider adding
     importFrom("utils", "sessionInfo", "str")
    to your NAMESPACE file.
Flavors: r-devel-linux-x86_64-debian-clang, r-devel-linux-x86_64-debian-gcc, r-devel-windows-ix86+x86_64, r-patched-linux-x86_64, r-patched-solaris-sparc, r-patched-solaris-x86, r-release-linux-x86_64, r-release-windows-ix86+x86_64, r-release-osx-x86_64, r-oldrel-windows-ix86+x86_64, r-oldrel-osx-x86_64

Version: 0.7-12
Flags: --no-stop-on-test-error
Check: DESCRIPTION meta-information
Result: NOTE
    Malformed Description field: should contain one or more complete sentences.
Flavors: r-devel-linux-x86_64-fedora-clang, r-devel-linux-x86_64-fedora-gcc

Version: 0.7-12
Flags: --no-stop-on-test-error
Check: dependencies in R code
Result: NOTE
    'library' or 'require' call to ‘XML’ in package code.
     Please use :: or requireNamespace() instead.
     See section 'Suggested packages' in the 'Writing R Extensions' manual.
Flavors: r-devel-linux-x86_64-fedora-clang, r-devel-linux-x86_64-fedora-gcc

Version: 0.7-12
Flags: --no-stop-on-test-error
Check: R code for possible problems
Result: NOTE
    .formatResult : capture.str: no visible global function definition for
     ‘str’
    createLog: no visible global function definition for ‘sessionInfo’
    protocol_junit.svSuiteData: no visible global function definition for
     ‘xmlNode’
    protocol_junit.svSuiteData: no visible global function definition for
     ‘addChildren’
    protocol_junit.svSuiteData: no visible global function definition for
     ‘saveXML’
    protocol_junit.svTestData: no visible global function definition for
     ‘xmlNode’
    protocol_junit.svTestData: no visible global function definition for
     ‘addChildren’
    Undefined global functions or variables:
     addChildren saveXML sessionInfo str xmlNode
    Consider adding
     importFrom("utils", "sessionInfo", "str")
    to your NAMESPACE file.
Flavors: r-devel-linux-x86_64-fedora-clang, r-devel-linux-x86_64-fedora-gcc

Version: 0.7-12
Check: re-building of vignette outputs
Result: NOTE
    Error in re-building vignettes:
     ...
    Error in texi2dvi(file = file, pdf = TRUE, clean = clean, quiet = quiet, :
     Running 'texi2dvi' on 'svUnit.tex' failed.
    LaTeX errors:
    ! LaTeX Error: File `utf8x.def' not found.
    
    Type X to quit or <RETURN> to proceed,
    or enter new name. (Default extension: def)
    
    ! Emergency stop.
    <read *>
    
    l.158 \endinput
     ^^M
    ! ==> Fatal error occurred, no output PDF file produced!
    Calls: buildVignettes -> texi2pdf -> texi2dvi
    Execution halted
Flavor: r-release-osx-x86_64