CRAN Package Check Results for Package svWidgets

Last updated on 2014-04-24 09:49:12.

Flavor Version Tinstall Tcheck Ttotal Status Flags
r-devel-linux-x86_64-debian-clang 0.9-44 0.87 13.98 14.85 OK
r-devel-linux-x86_64-debian-gcc 0.9-44 0.86 13.74 14.60 OK
r-devel-linux-x86_64-fedora-clang 0.9-44 27.66 OK
r-devel-linux-x86_64-fedora-gcc 0.9-44 27.08 OK
r-devel-osx-x86_64-clang 0.9-44 31.96 OK
r-devel-osx-x86_64-gcc 0.9-44 OK
r-devel-windows-ix86+x86_64 0.9-44 4.00 23.00 27.00 OK
r-patched-linux-x86_64 0.9-44 0.85 13.43 14.28 OK
r-patched-solaris-sparc 0.9-44 171.60 OK
r-patched-solaris-x86 0.9-44 58.40 OK
r-release-linux-ix86 0.9-44 1.00 29.00 30.00 OK
r-release-linux-x86_64 0.9-44 1.06 13.77 14.83 OK
r-release-osx-x86_64-mavericks 0.9-44 WARN
r-release-osx-x86_64-snowleopard 0.9-44 OK
r-release-windows-ix86+x86_64 0.9-44 7.00 25.00 32.00 OK
r-oldrel-windows-ix86+x86_64 0.9-44 3.00 23.00 26.00 OK

Check Details

Version: 0.9-44
Check: PDF version of manual
Result: WARNING
    LaTeX errors when creating PDF version.
    This typically indicates Rd problems.
    LaTeX errors found:
    ! LaTeX Error: File `upquote.sty' not found.
    
    Type X to quit or <RETURN> to proceed,
    or enter new name. (Default extension: sty)
    
    b199d98/Rd2.tex:8: ==> Fatal error occurred, no output PDF file produced!
Flavor: r-release-osx-x86_64-mavericks