CRAN Package Check Results for Package svWidgets

Last updated on 2017-10-20 00:53:01.

Flavor Version Tinstall Tcheck Ttotal Status Flags
r-devel-linux-x86_64-debian-clang 0.9-44 0.95 15.95 16.90 OK
r-devel-linux-x86_64-debian-gcc 0.9-44 1.03 16.81 17.84 OK
r-devel-linux-x86_64-fedora-clang 0.9-44 29.58 OK
r-devel-linux-x86_64-fedora-gcc 0.9-44 26.96 OK
r-devel-windows-ix86+x86_64 0.9-44 4.00 41.00 45.00 OK
r-patched-linux-x86_64 0.9-44 0.88 16.43 17.30 OK
r-patched-solaris-x86 0.9-44 42.10 OK
r-release-linux-x86_64 0.9-44 0.85 16.28 17.13 OK
r-release-windows-ix86+x86_64 0.9-44 5.00 42.00 47.00 OK
r-release-osx-x86_64 0.9-44 OK
r-oldrel-windows-ix86+x86_64 0.9-44 5.00 46.00 51.00 OK
r-oldrel-osx-x86_64 0.9-44 WARN

Check Details

Version: 0.9-44
Check: dependencies in R code
Result: NOTE
    Invalid MIT-MAGIC-COOKIE-1 key
Flavor: r-oldrel-osx-x86_64

Version: 0.9-44
Check: S3 generic/method consistency
Result: WARN
    Invalid MIT-MAGIC-COOKIE-1 key
    See section ‘Generic functions and methods’ in the ‘Writing R
    Extensions’ manual.
Flavor: r-oldrel-osx-x86_64

Version: 0.9-44
Check: replacement functions
Result: WARN
    Invalid MIT-MAGIC-COOKIE-1 key
    The argument of a replacement function which corresponds to the right
    hand side must be named ‘value’.
Flavor: r-oldrel-osx-x86_64

Version: 0.9-44
Check: foreign function calls
Result: NOTE
    Invalid MIT-MAGIC-COOKIE-1 key
    See chapter ‘System and foreign language interfaces’ in the ‘Writing R
    Extensions’ manual.
Flavor: r-oldrel-osx-x86_64

Version: 0.9-44
Check: R code for possible problems
Result: NOTE
    Invalid MIT-MAGIC-COOKIE-1 key
Flavor: r-oldrel-osx-x86_64

Version: 0.9-44
Check: for missing documentation entries
Result: WARN
    Invalid MIT-MAGIC-COOKIE-1 key
    All user-level objects in a package should have documentation entries.
    See chapter ‘Writing R documentation files’ in the ‘Writing R
    Extensions’ manual.
Flavor: r-oldrel-osx-x86_64

Version: 0.9-44
Check: for code/documentation mismatches
Result: WARN
    Invalid MIT-MAGIC-COOKIE-1 key
    Invalid MIT-MAGIC-COOKIE-1 key
    Invalid MIT-MAGIC-COOKIE-1 key
Flavor: r-oldrel-osx-x86_64

Version: 0.9-44
Check: Rd \usage sections
Result: NOTE
    Invalid MIT-MAGIC-COOKIE-1 key
    The \usage entries for S3 methods should use the \method markup and not
    their full name.
    See chapter ‘Writing R documentation files’ in the ‘Writing R
    Extensions’ manual.
Flavor: r-oldrel-osx-x86_64