CRAN Package Check Results for Package svWidgets

Last updated on 2016-12-10 07:47:51.

Flavor Version Tinstall Tcheck Ttotal Status Flags
r-devel-linux-x86_64-debian-clang 0.9-44 0.90 15.29 16.19 OK
r-devel-linux-x86_64-debian-gcc 0.9-44 0.84 15.26 16.10 OK
r-devel-linux-x86_64-fedora-clang 0.9-44 27.38 OK --no-stop-on-test-error
r-devel-linux-x86_64-fedora-gcc 0.9-44 25.68 OK --no-stop-on-test-error
r-devel-macos-x86_64-clang 0.9-44 25.06 OK --no-stop-on-test-error
r-devel-windows-ix86+x86_64 0.9-44 7.00 31.00 38.00 OK
r-patched-linux-x86_64 0.9-44 0.80 13.31 14.12 OK
r-patched-solaris-sparc 0.9-44 159.30 OK
r-patched-solaris-x86 0.9-44 36.50 OK
r-release-linux-x86_64 0.9-44 0.80 13.56 14.36 OK
r-release-osx-x86_64-mavericks 0.9-44 WARN
r-release-windows-ix86+x86_64 0.9-44 6.00 33.00 39.00 OK
r-oldrel-windows-ix86+x86_64 0.9-44 5.00 82.00 87.00 OK

Check Details

Version: 0.9-44
Check: dependencies in R code
Result: NOTE
    Invalid MIT-MAGIC-COOKIE-1 key
Flavor: r-release-osx-x86_64-mavericks

Version: 0.9-44
Check: S3 generic/method consistency
Result: WARN
    Invalid MIT-MAGIC-COOKIE-1 key
    See section ‘Generic functions and methods’ in the ‘Writing R
    Extensions’ manual.
Flavor: r-release-osx-x86_64-mavericks

Version: 0.9-44
Check: replacement functions
Result: WARN
    Invalid MIT-MAGIC-COOKIE-1 key
    The argument of a replacement function which corresponds to the right
    hand side must be named ‘value’.
Flavor: r-release-osx-x86_64-mavericks

Version: 0.9-44
Check: foreign function calls
Result: NOTE
    Invalid MIT-MAGIC-COOKIE-1 key
    See chapter ‘System and foreign language interfaces’ in the ‘Writing R
    Extensions’ manual.
Flavor: r-release-osx-x86_64-mavericks

Version: 0.9-44
Check: R code for possible problems
Result: NOTE
    Invalid MIT-MAGIC-COOKIE-1 key
Flavor: r-release-osx-x86_64-mavericks

Version: 0.9-44
Check: for missing documentation entries
Result: WARN
    Invalid MIT-MAGIC-COOKIE-1 key
    All user-level objects in a package should have documentation entries.
    See chapter ‘Writing R documentation files’ in the ‘Writing R
    Extensions’ manual.
Flavor: r-release-osx-x86_64-mavericks

Version: 0.9-44
Check: for code/documentation mismatches
Result: WARN
    Invalid MIT-MAGIC-COOKIE-1 key
    Invalid MIT-MAGIC-COOKIE-1 key
    Invalid MIT-MAGIC-COOKIE-1 key
Flavor: r-release-osx-x86_64-mavericks

Version: 0.9-44
Check: Rd \usage sections
Result: NOTE
    Invalid MIT-MAGIC-COOKIE-1 key
    The \usage entries for S3 methods should use the \method markup and not
    their full name.
    See chapter ‘Writing R documentation files’ in the ‘Writing R
    Extensions’ manual.
Flavor: r-release-osx-x86_64-mavericks